The Swift Package Index logo.Swift Package Index

Build Information

Failed to build devicecheckkit, reference main (a5ccca), with Swift 6.1 for macOS (SPM) on 30 Sep 2026 09:51:22 UTC.

Build Command

env DEVELOPER_DIR=/Applications/Xcode-16.3.0.app xcrun swift build --arch arm64

Build Log

========================================
RunAll
========================================
Builder version: 5.1.1
Interrupt handler set up.
========================================
Checkout
========================================
Clone URL: https://github.com/zunda-pixel/devicecheckkit.git
Reference: main
Initialized empty Git repository in /Users/admin/builder/spi-builder-workspace/.git/
From https://github.com/zunda-pixel/devicecheckkit
 * branch            main       -> FETCH_HEAD
 * [new branch]      main       -> origin/main
HEAD is now at a5ccca8 Bump github.com/vapor/jwt-kit from 5.7.0 to 5.7.1 (#34)
Cloned https://github.com/zunda-pixel/devicecheckkit.git
Revision (git rev-parse @):
a5ccca8909ff0f03982cfd75da8868508c45cfc4
SUCCESS checkout https://github.com/zunda-pixel/devicecheckkit.git at main
========================================
Build
========================================
Selected platform:         macosSpm
Swift version:             6.1
Building package at path:  $PWD
https://github.com/zunda-pixel/devicecheckkit.git
https://github.com/zunda-pixel/devicecheckkit.git
{
  "dependencies" : [
    {
      "identity" : "jwt-kit",
      "requirement" : {
        "range" : [
          {
            "lower_bound" : "5.1.1",
            "upper_bound" : "6.0.0"
          }
        ]
      },
      "type" : "sourceControl",
      "url" : "https://github.com/vapor/jwt-kit"
    },
    {
      "identity" : "swift-http-types",
      "requirement" : {
        "range" : [
          {
            "lower_bound" : "1.3.1",
            "upper_bound" : "2.0.0"
          }
        ]
      },
      "type" : "sourceControl",
      "url" : "https://github.com/apple/swift-http-types"
    },
    {
      "identity" : "http-client",
      "requirement" : {
        "range" : [
          {
            "lower_bound" : "0.3.0",
            "upper_bound" : "1.0.0"
          }
        ]
      },
      "type" : "sourceControl",
      "url" : "https://github.com/zunda-pixel/http-client"
    }
  ],
  "manifest_display_name" : "devicecheckkit",
  "name" : "devicecheckkit",
  "path" : "/Users/admin/builder/spi-builder-workspace",
  "platforms" : [
    {
      "name" : "macos",
      "version" : "13.0"
    },
    {
      "name" : "maccatalyst",
      "version" : "16.0"
    },
    {
      "name" : "ios",
      "version" : "16.0"
    },
    {
      "name" : "tvos",
      "version" : "16.0"
    },
    {
      "name" : "watchos",
      "version" : "9.0"
    },
    {
      "name" : "visionos",
      "version" : "1.0"
    }
  ],
  "products" : [
    {
      "name" : "DeviceCheckKit",
      "targets" : [
        "DeviceCheckKit"
      ],
      "type" : {
        "library" : [
          "automatic"
        ]
      }
    }
  ],
  "targets" : [
    {
      "c99name" : "DeviceCheckKit",
      "module_type" : "SwiftTarget",
      "name" : "DeviceCheckKit",
      "path" : "Sources/DeviceCheckKit",
      "product_dependencies" : [
        "JWTKit",
        "HTTPTypes",
        "HTTPClient"
      ],
      "product_memberships" : [
        "DeviceCheckKit"
      ],
      "sources" : [
        "Body.swift",
        "DeviceCheck+Execute.swift",
        "DeviceCheck.swift",
        "DeviceCheckError.swift",
        "Environment.swift",
        "Payload.swift",
        "TwoBits.swift"
      ],
      "type" : "library"
    }
  ],
  "tools_version" : "6.0"
}
Running build ...
env DEVELOPER_DIR=/Applications/Xcode-16.3.0.app xcrun swift build --arch arm64 -Xswiftc -Xfrontend -Xswiftc -stats-output-dir -Xswiftc -Xfrontend -Xswiftc .stats
Building for debugging...
[0/840] Write sources
[0/840] Copying PrivacyInfo.xcprivacy
[0/840] Write sources
[0/840] Copying PrivacyInfo.xcprivacy
[4/840] Write sources
[9/840] Copying PrivacyInfo.xcprivacy
[11/840] Write sources
[11/840] Copying PrivacyInfo.xcprivacy
[15/840] Write sources
[44/840] Compiling CNIOWindows WSAStartup.c
[44/840] Compiling CNIOWASI CNIOWASI.c
[46/840] Compiling CNIOWindows shim.c
[47/840] Compiling CNIOLinux liburing_shims.c
[48/840] Compiling CNIOOpenBSD shim.c
[49/840] Compiling CNIOLinux shim.c
[50/840] Compiling _NumericsShims _NumericsShims.c
[51/840] Write swift-version-2F0A5646E1D333AE.txt
[52/840] Compiling CNIOFreeBSD shim.c
[53/840] Compiling _AtomicsShims.c
[54/840] Compiling CNIOPosix event_loop_id.c
[55/844] Compiling CNIOLLHTTP c_nio_http.c
[56/866] Compiling CNIOLLHTTP c_nio_api.c
[57/866] Compiling CNIOExtrasZlib trees.c
[58/866] Compiling CNIOExtrasZlib inflate.c
[59/866] Compiling CNIOExtrasZlib inftrees.c
[60/869] Compiling CNIOLLHTTP c_nio_llhttp.c
[61/920] Compiling CNIOExtrasZlib zutil.c
[63/920] Emitting module _NIOBase64
[64/920] Compiling _NIOBase64 Base64.swift
[65/920] Compiling _CertificateInternals _TinyArray.swift
[66/920] Emitting module _CertificateInternals
[66/920] Compiling CNIOExtrasZlib inffast.c
[67/920] Compiling CNIOExtrasZlib deflate.c
[68/929] Compiling CNIOExtrasZlib crc32.c
[69/1007] Compiling CNIOExtrasZlib adler32.c
[71/1007] Emitting module ServiceContextModule
[72/1007] Compiling ServiceContextModule ServiceContextKey.swift
[73/1007] Compiling ServiceContextModule ServiceContext.swift
[74/1007] Compiling Logging LoggingSystem.swift
[75/1008] Compiling RealModule Float80+Real.swift
[76/1008] Compiling RealModule RealFunctions.swift
[77/1008] Compiling RealModule Real.swift
[78/1008] Compiling RealModule Float16+Real.swift
[78/1009] Compiling fiat_p256_adx_sqr.S
[80/1009] Compiling RealModule Float+Real.swift
[81/1009] Compiling RealModule ElementaryFunctions.swift
[82/1009] Emitting module RealModule
[83/1009] Compiling Crypto AES-GCM.swift
[84/1009] Compiling Crypto AES-GCM_boring.swift
[85/1009] Compiling RealModule AugmentedArithmetic.swift
[86/1009] Compiling RealModule Double+Real.swift
[87/1009] Compiling RealModule RelaxedArithmetic.swift
[87/1009] Compiling fiat_p256_adx_mul.S
[88/1015] Compiling fiat_curve25519_adx_square.S
[89/1015] Compiling fiat_curve25519_adx_mul.S
[91/1015] Compiling Crypto ANSIx963.swift
[92/1015] Compiling Crypto HKDF.swift
[93/1015] Compiling Crypto Ed25519_boring.swift
[94/1015] Compiling Crypto NISTCurvesKeys_boring.swift
[95/1015] Compiling Crypto ASN1.swift
[96/1015] Compiling Crypto ASN1Any.swift
[97/1015] Compiling Crypto Cipher.swift
[98/1015] Compiling Crypto Nonces.swift
[99/1015] Compiling Crypto AESWrap.swift
[100/1015] Compiling Crypto AESWrap_boring.swift
[101/1015] Emitting module InternalCollectionsUtilities
[102/1015] Compiling Crypto ASN1BitString.swift
[103/1015] Compiling Crypto ASN1Boolean.swift
[106/1015] Compiling Crypto ChaChaPoly_boring.swift
[107/1015] Compiling Crypto ChaChaPoly.swift
[108/1015] Compiling Crypto X25519Keys_boring.swift
[109/1015] Compiling Crypto Curve25519.swift
[110/1016] Compiling _NIODataStructures PriorityQueue.swift
[111/1016] Compiling _NIODataStructures _TinyArray.swift
[112/1016] Compiling InternalCollectionsUtilities _UniqueCollection.swift
[112/1016] Compiling CNIODarwin shim.c
[114/1016] Compiling Logging Logger+With.swift
unable to find node: pound
unable to find node: pound
[115/1016] Compiling Logging Logger+Attributes.swift
[116/1016] Compiling Logging LogHandler.swift
[117/1016] Compiling Logging LogEvent.swift
[118/1016] Compiling Logging Logger.swift
[119/1016] Compiling Logging SwiftLogNoOpLogHandler.swift
[120/1016] Compiling Logging Locks.swift
[121/1016] Compiling Logging MetadataProvider.swift
[122/1016] Compiling _NIODataStructures Heap.swift
[123/1016] Emitting module _NIODataStructures
[124/1049] Compiling Instrumentation MultiplexInstrument.swift
[125/1049] Compiling Instrumentation NoOpInstrument.swift
[126/1049] Compiling Instrumentation Instrument.swift
[127/1049] Compiling Instrumentation InstrumentationSystem.swift
[128/1049] Emitting module Instrumentation
[129/1049] Compiling Instrumentation Locks.swift
[130/1053] Emitting module Logging
unable to find node: pound
unable to find node: pound
[131/1053] Compiling ContainersPreview BorrowingIteratorProtocol.swift
[132/1053] Compiling ContainersPreview BorrowingSequence+Algorithms.swift
[135/1053] Compiling ContainersPreview BorrowingSequence+Standard Conformances.swift
[136/1053] Compiling ContainersPreview BorrowingSequence+Utilities.swift
[137/1056] Compiling ContainersPreview Producer+Collect.swift
[138/1056] Compiling ContainersPreview Producer+Filter.swift
[139/1056] Compiling ContainersPreview Producer+Map.swift
[140/1056] Compiling ContainersPreview Producer+Reduce.swift
[141/1056] Compiling ContainersPreview BorrowingIteratorProtocol+Filter.swift
[142/1056] Compiling ContainersPreview BorrowingIteratorProtocol+Map.swift
[143/1056] Compiling ContainersPreview BorrowingIteratorProtocol+Reduce.swift
[144/1056] Compiling ContainersPreview BorrowingIteratorProtocol+SpanwiseZip.swift
[145/1056] Compiling ContainersPreview Container.swift
[146/1056] Compiling ContainersPreview ContainerIterator.swift
[147/1056] Compiling ContainersPreview DynamicContainer.swift
[148/1056] Compiling ContainersPreview MutableContainer.swift
[149/1056] Compiling ContainersPreview BorrowingSequence.swift
[150/1056] Compiling ContainersPreview BidirectionalContainer.swift
[151/1056] Compiling ContainersPreview Container+Filter.swift
[152/1056] Compiling ContainersPreview Container+SpanwiseZip.swift
[153/1056] Emitting module ContainersPreview
[153/1056] Compiling CNIOBoringSSLShims shims.c
[155/1056] Compiling ContainersPreview PermutableContainer.swift
[156/1056] Compiling ContainersPreview RandomAccessContainer.swift
[157/1056] Compiling ContainersPreview RangeExpression2.swift
[158/1056] Compiling ContainersPreview RangeReplaceableContainer.swift
[159/1056] Compiling ContainersPreview Producer.swift
[160/1056] Compiling ContainersPreview InputSpan.swift
[161/1056] Compiling ContainersPreview MutableRef.swift
[162/1056] Compiling ContainersPreview Ref.swift
[163/1056] Compiling ContainersPreview OutputSpan+Extras.swift
[164/1056] Compiling ContainersPreview TemporaryAllocation.swift
[165/1056] Compiling ContainersPreview BorrowingIteratorProtocol+Copy.swift
[166/1056] Compiling ContainersPreview BorrowingIteratorProtocol+ElementsEqual.swift
[167/1056] Compiling ContainersPreview Strideable+Limits.swift
[168/1056] Compiling ContainersPreview Drain+Map.swift
[169/1056] Compiling ContainersPreview Drain+Reduce.swift
[170/1056] Compiling ContainersPreview Drain.swift
[171/1063] Compiling ContainersPreview Shared.swift
[172/1063] Compiling ContainersPreview SpanIterator.swift
[173/1063] Compiling ContainersPreview UniqueBox.swift
[174/1065] Compiling Tracing WithTracer.swift
[175/1065] Compiling Tracing TracingTime.swift
[176/1065] Compiling Tracing TracerProtocol.swift
[177/1065] Compiling Tracing Tracer.swift
[178/1065] Compiling Tracing TracerProtocol+Legacy.swift
[179/1065] Compiling Tracing InstrumentationSystem+Tracing.swift
[180/1065] Compiling Tracing NoOpTracer.swift
[181/1065] Compiling Tracing SpanProtocol.swift
[182/1065] Emitting module Tracing
[182/1107] Compiling tls_method.cc
[183/1107] Compiling tls13_server.cc
[183/1107] Compiling tls13_client.cc
[185/1107] Compiling tls13_enc.cc
[187/1107] Compiling DequeModule RigidDeque+Replacements.swift
[188/1107] Compiling DequeModule RigidDeque+Testing.swift
[189/1107] Compiling DequeModule RigidDeque.swift
[190/1107] Compiling DequeModule UniqueDeque+Append.swift
[190/1111] Compiling tls_record.cc
[192/1111] Compiling DequeModule UniqueDeque+Consumption.swift
[193/1111] Compiling DequeModule UniqueDeque+Container.swift
[194/1111] Compiling DequeModule UniqueDeque+Deprecated.swift
[195/1111] Compiling DequeModule UniqueDeque+Descriptions.swift
[195/1111] Compiling tls13_both.cc
[197/1111] Compiling DequeModule RigidDeque+Consumption.swift
[198/1111] Compiling DequeModule RigidDeque+Container.swift
[199/1111] Compiling DequeModule RigidDeque+Descriptions.swift
[200/1111] Compiling DequeModule RigidDeque+Equatable.swift
[201/1111] Compiling DequeModule RigidDeque+Experimental.swift
[202/1111] Compiling DequeModule RigidDeque+Hashable.swift
[203/1111] Compiling DequeModule RigidDeque+Initializers.swift
[204/1111] Compiling DequeModule RigidDeque+Insertions.swift
[205/1111] Compiling DequeModule RigidDeque+Prepend.swift
[206/1111] Compiling DequeModule RigidDeque+Removals.swift
[207/1111] Compiling DequeModule Deque+ExpressibleByArrayLiteral.swift
[208/1111] Compiling DequeModule Deque+Extras.swift
[209/1111] Compiling DequeModule Deque+Hashable.swift
[210/1111] Compiling DequeModule Deque+Testing.swift
[211/1111] Compiling DequeModule Deque._Storage.swift
[212/1111] Compiling DequeModule UniqueDeque+Insertions.swift
[213/1111] Compiling DequeModule UniqueDeque+Prepend.swift
[214/1111] Compiling DequeModule UniqueDeque+Removals.swift
[215/1111] Compiling DequeModule UniqueDeque+Replacements.swift
[216/1111] Compiling DequeModule UniqueDeque+Equatable.swift
[217/1111] Compiling DequeModule UniqueDeque+Experimental.swift
[218/1111] Compiling DequeModule UniqueDeque+Hashable.swift
[219/1111] Compiling DequeModule UniqueDeque+Initializers.swift
[220/1111] Compiling DequeModule Deque._UnsafeHandle.swift
[221/1111] Compiling DequeModule Deque.swift
[222/1111] Compiling DequeModule _DequeBuffer.swift
[223/1111] Compiling DequeModule _DequeBufferHeader.swift
[224/1111] Compiling DequeModule RigidDeque+Append.swift
[225/1111] Compiling DequeModule Deque+Codable.swift
[226/1111] Compiling DequeModule Deque+Collection.swift
[227/1111] Compiling DequeModule Deque+CustomReflectable.swift
[228/1111] Compiling DequeModule Deque+Descriptions.swift
[229/1111] Compiling DequeModule Deque+Equatable.swift
[230/1111] Compiling SwiftASN1 DER.swift
[233/1112] Compiling SwiftASN1 Errors.swift
[233/1112] Compiling ssl_transcript.cc
[234/1112] Compiling ssl_stat.cc
[235/1112] Compiling ssl_versions.cc
[236/1112] Compiling t1_enc.cc
[237/1112] Compiling ssl_x509.cc
[238/1112] Compiling ssl_session.cc
[240/1112] Emitting module DequeModule
[241/1112] Compiling DequeModule UniqueDeque.swift
[242/1112] Compiling DequeModule _DequeSlot.swift
[243/1112] Compiling DequeModule _UnsafeDequeHandle.swift
[244/1112] Compiling DequeModule _UnsafeDequeSegments.swift
[244/1112] Compiling ssl_file.cc
[256/1112] Emitting module SwiftASN1
[261/1112] Compiling HTTPTypes HTTPFields.swift
[262/1112] Compiling HTTPTypes HTTPParsedFields.swift
[263/1112] Compiling HTTPTypes HTTPFieldValue.swift
[264/1112] Compiling HTTPTypes HTTPFieldName.swift
[265/1112] Compiling HTTPTypes HTTPRequest.swift
[266/1112] Compiling HTTPTypes HTTP2ErrorCode.swift
[267/1112] Compiling HTTPTypes HTTPField.swift
[268/1112] Emitting module HTTPTypes
[269/1112] Compiling HTTPTypes HTTP3ErrorCode.swift
[270/1112] Compiling HTTPTypes HTTPRequest+URL.swift
[299/1122] Compiling ssl_key_share.cc
[300/1122] Compiling ssl_privkey.cc
[302/1122] Emitting module Crypto
[313/1122] Compiling Crypto HPKE-NIST-EC-KEMs.swift
[314/1122] Compiling Crypto HPKE-KEM.swift
[315/1122] Compiling Crypto HPKE-Errors.swift
[316/1122] Compiling Crypto HPKE.swift
[317/1122] Compiling Crypto HPKE-Context.swift
[318/1122] Compiling Crypto HPKE-KeySchedule.swift
[319/1122] Compiling Crypto HPKE-Modes.swift
[320/1122] Compiling Crypto Insecure.swift
[321/1122] Compiling Crypto Insecure_HashFunctions.swift
[322/1122] Compiling Crypto MLKEM_boring.swift
[323/1122] Compiling Crypto MLKEM_wrapper.swift
[324/1122] Compiling Crypto XWing_boring.swift
[325/1122] Compiling Crypto KEM-Errors.swift
[326/1122] Compiling Crypto KEM.swift
[327/1122] Compiling Crypto MLKEM.swift
[328/1122] Compiling Crypto XWing.swift
[329/1122] Compiling Crypto ECDH_boring.swift
[330/1122] Compiling Crypto DH.swift
[331/1122] Compiling Crypto ECDH.swift
[332/1122] Compiling Crypto PKCS8PrivateKey.swift
[333/1122] Compiling Crypto SEC1PrivateKey.swift
[334/1122] Compiling Crypto SubjectPublicKeyInfo.swift
[335/1122] Compiling Crypto CryptoError_boring.swift
[336/1122] Compiling Crypto CryptoKitErrors.swift
[337/1122] Compiling Crypto Digest_boring.swift
[338/1122] Compiling Crypto Digest.swift
[339/1122] Compiling Crypto Digests.swift
[340/1122] Compiling Crypto HashFunctions.swift
[341/1122] Compiling Crypto HashFunctions_SHA2.swift
[348/1122] Compiling Crypto AES.swift
[349/1122] Compiling Crypto ECDSASignature_boring.swift
[350/1122] Compiling Crypto ECDSA_boring.swift
[351/1122] Compiling Crypto EdDSA_boring.swift
[352/1122] Compiling Crypto MLDSA_boring.swift
[353/1122] Compiling Crypto MLDSA_wrapper.swift
[354/1122] Compiling Crypto ECDSA.swift
[355/1122] Compiling Crypto Ed25519.swift
[356/1122] Compiling Crypto MLDSA.swift
[357/1122] Compiling Crypto Signature.swift
[358/1122] Compiling Crypto CryptoKitErrors_boring.swift
[359/1122] Compiling Crypto Optional+withUnsafeBytes_boring.swift
[359/1122] Compiling ssl_credential.cc
[360/1122] Compiling ssl_cipher.cc
[361/1122] Compiling ssl_lib.cc
[362/1122] Compiling ssl_cert.cc
[364/1122] Compiling HTTPTypes HTTPResponse.swift
[365/1122] Compiling Crypto RNG_boring.swift
[366/1122] Compiling Crypto SafeCompare_boring.swift
[367/1122] Compiling Crypto Zeroization_boring.swift
[368/1122] Compiling Crypto _CryptoModuleAnchor.swift
[369/1122] Compiling Crypto PrettyBytes.swift
[370/1122] Compiling Crypto SafeCompare.swift
[371/1122] Compiling Crypto SecureBytes.swift
[372/1122] Compiling Crypto Zeroization.swift
[373/1122] Compiling Crypto resource_bundle_accessor.swift
[373/1122] Compiling ssl_buffer.cc
[374/1122] Compiling ssl_aead_ctx.cc
[375/1122] Compiling ssl_asn1.cc
[376/1122] Compiling s3_pkt.cc
[377/1128] Compiling s3_lib.cc
[378/1128] Compiling s3_both.cc
[379/1128] Compiling handshake_server.cc
[380/1128] Compiling handshake_client.cc
[382/1128] Compiling HTTPTypesFoundation URLRequest+HTTPTypes.swift
[383/1128] Compiling HTTPTypesFoundation URLResponse+HTTPTypes.swift
[384/1128] Compiling HTTPTypesFoundation HTTPTypes+ISOLatin1.swift
[385/1128] Compiling HTTPTypesFoundation HTTPTypesFoundation.swift
[386/1128] Emitting module HTTPTypesFoundation
[387/1128] Compiling HTTPTypesFoundation URLSession+HTTPTypes.swift
[387/1128] Compiling handshake.cc
[388/1128] Compiling handoff.cc
[389/1128] Compiling md5-x86_64-linux.S
[390/1128] Compiling dtls_record.cc
[391/1128] Compiling md5-x86_64-apple.S
[392/1128] Compiling encrypted_client_hello.cc
[393/1128] Compiling md5-586-linux.S
[394/1128] Compiling md5-586-apple.S
[395/1128] Compiling dtls_method.cc
[396/1128] Compiling chacha20_poly1305_x86_64-linux.S
[397/1128] Compiling d1_srtp.cc
[398/1128] Compiling chacha20_poly1305_x86_64-apple.S
[399/1128] Compiling extensions.cc
[400/1128] Compiling chacha20_poly1305_armv8-win.S
[401/1128] Compiling chacha20_poly1305_armv8-linux.S
[402/1128] Compiling chacha-x86_64-linux.S
[403/1128] Compiling chacha-x86_64-apple.S
[404/1128] Compiling chacha20_poly1305_armv8-apple.S
[405/1128] Compiling chacha-x86-linux.S
[406/1128] Compiling chacha-x86-apple.S
[407/1128] Compiling d1_pkt.cc
[408/1128] Compiling chacha-armv8-linux.S
[409/1128] Compiling chacha-armv8-win.S
[410/1128] Compiling chacha-armv4-linux.S
[411/1128] Compiling aes128gcmsiv-x86_64-linux.S
[412/1128] Compiling aes128gcmsiv-x86_64-apple.S
[413/1128] Compiling d1_lib.cc
[414/1128] Compiling chacha-armv8-apple.S
[415/1128] Compiling x86_64-mont5-linux.S
[416/1128] Compiling x86_64-mont5-apple.S
[417/1128] Compiling x86_64-mont-linux.S
[418/1128] Compiling x86-mont-linux.S
[419/1128] Compiling x86-mont-apple.S
[419/1128] Compiling x86_64-mont-apple.S
[421/1128] Compiling vpaes-x86_64-linux.S
[422/1128] Compiling bio_ssl.cc
[423/1128] Compiling err_data.cc
[424/1128] Compiling vpaes-x86_64-apple.S
[425/1128] Compiling vpaes-x86-linux.S
[426/1128] Compiling vpaes-x86-apple.S
[427/1128] Compiling vpaes-armv8-win.S
[428/1128] Compiling vpaes-armv8-linux.S
[429/1128] Compiling vpaes-armv7-linux.S
[430/1128] Compiling vpaes-armv8-apple.S
[431/1128] Compiling sha512-x86_64-linux.S
[432/1128] Compiling sha512-x86_64-apple.S
[433/1128] Compiling sha512-armv8-linux.S
[434/1128] Compiling sha512-armv8-win.S
[435/1128] Compiling sha512-armv4-linux.S
[436/1128] Compiling sha512-armv8-apple.S
[436/1128] Compiling sha512-586-apple.S
[436/1128] Compiling sha512-586-linux.S
[439/1128] Compiling sha256-x86_64-linux.S
[440/1128] Compiling sha256-x86_64-apple.S
[441/1128] Compiling sha256-armv8-win.S
[442/1128] Compiling sha256-armv8-linux.S
[443/1128] Compiling sha256-armv8-apple.S
[444/1128] Compiling sha256-armv4-linux.S
[445/1128] Compiling sha256-586-apple.S
[445/1128] Compiling sha256-586-linux.S
[447/1128] Compiling sha1-x86_64-linux.S
[447/1128] Compiling sha1-x86_64-apple.S
[449/1128] Compiling sha1-armv8-win.S
[450/1128] Compiling sha1-armv8-linux.S
[450/1128] Compiling d1_both.cc
[452/1128] Compiling sha1-armv4-large-linux.S
[453/1128] Compiling sha1-armv8-apple.S
[454/1128] Compiling sha1-586-linux.S
[455/1128] Compiling rsaz-avx2-linux.S
[455/1128] Compiling sha1-586-apple.S
[457/1128] Compiling rsaz-avx2-apple.S
[458/1128] Compiling rdrand-x86_64-linux.S
[459/1128] Compiling rdrand-x86_64-apple.S
[460/1128] Compiling p256_beeu-x86_64-asm-linux.S
[460/1128] Compiling p256_beeu-x86_64-asm-apple.S
[462/1128] Compiling p256_beeu-armv8-asm-win.S
[463/1128] Compiling p256_beeu-armv8-asm-linux.S
[464/1128] Compiling p256_beeu-armv8-asm-apple.S
[464/1128] Compiling p256-x86_64-asm-linux.S
[466/1128] Compiling p256-x86_64-asm-apple.S
[466/1128] Compiling p256-armv8-asm-win.S
[468/1128] Compiling p256-armv8-asm-linux.S
[469/1128] Compiling ghashv8-armv8-win.S
[470/1128] Compiling ghashv8-armv8-linux.S
[471/1128] Compiling p256-armv8-asm-apple.S
[472/1128] Compiling ghashv8-armv8-apple.S
[473/1128] Compiling ghash-x86_64-linux.S
[473/1128] Compiling ghashv8-armv7-linux.S
[475/1128] Compiling ghash-x86_64-apple.S
[476/1128] Compiling ghash-x86-apple.S
[477/1128] Compiling ghash-x86-linux.S
[478/1128] Compiling ghash-ssse3-x86_64-linux.S
[479/1128] Compiling ghash-ssse3-x86_64-apple.S
[480/1128] Compiling ghash-ssse3-x86-apple.S
[481/1128] Compiling ghash-ssse3-x86-linux.S
[482/1128] Compiling ghash-neon-armv8-win.S
[483/1128] Compiling ghash-neon-armv8-linux.S
[484/1128] Compiling ghash-armv4-linux.S
[484/1128] Compiling co-586-linux.S
[484/1128] Compiling co-586-apple.S
[486/1128] Compiling ghash-neon-armv8-apple.S
[488/1128] Compiling bsaes-armv7-linux.S
[489/1128] Compiling bn-armv8-win.S
[490/1128] Compiling bn-armv8-linux.S
[491/1128] Compiling bn-armv8-apple.S
[492/1128] Compiling bn-586-linux.S
[493/1128] Compiling bn-586-apple.S
[494/1128] Compiling armv8-mont-linux.S
[495/1128] Compiling armv8-mont-win.S
[496/1128] Compiling armv4-mont-linux.S
[497/1128] Compiling aesv8-gcm-armv8-win.S
[498/1128] Compiling armv8-mont-apple.S
[499/1128] Compiling aesv8-gcm-armv8-linux.S
[500/1128] Compiling aesv8-armv8-win.S
[501/1128] Compiling aesv8-gcm-armv8-apple.S
[502/1128] Compiling aesv8-armv8-linux.S
[503/1128] Compiling aesv8-armv8-apple.S
[504/1128] Compiling aesv8-armv7-linux.S
[505/1128] Compiling aesni-x86_64-apple.S
[506/1128] Compiling aesni-x86_64-linux.S
[506/1128] Compiling aesni-x86-linux.S
[508/1128] Compiling aesni-x86-apple.S
[509/1128] Compiling aesni-gcm-x86_64-linux.S
[510/1128] Compiling aesni-gcm-x86_64-apple.S
[511/1128] Compiling aes-gcm-avx2-x86_64-linux.S
[512/1128] Compiling aes-gcm-avx2-x86_64-apple.S
[513/1128] Compiling aes-gcm-avx10-x86_64-linux.S
[514/1128] Compiling aes-gcm-avx10-x86_64-apple.S
[515/1128] Compiling x_val.cc
[516/1128] Compiling x_x509a.cc
[517/1128] Compiling x_sig.cc
[518/1128] Compiling x_spki.cc
[519/1128] Compiling x_req.cc
[520/1128] Compiling x_x509.cc
[521/1128] Compiling x_pubkey.cc
[522/1128] Compiling x_name.cc
[523/1128] Compiling x_exten.cc
[524/1128] Compiling x_crl.cc
[525/1128] Compiling x_attrib.cc
[525/1128] Compiling x509spki.cc
[527/1128] Compiling x_algor.cc
[528/1128] Compiling x_all.cc
[529/1128] Compiling x509rset.cc
[530/1128] Compiling x509name.cc
[531/1128] Compiling x509cset.cc
[532/1128] Compiling x509_vpm.cc
[533/1128] Compiling x509_v3.cc
[534/1128] Compiling x509_vfy.cc
[535/1128] Compiling x509_txt.cc
[536/1128] Compiling x509_trs.cc
[537/1128] Compiling x509_set.cc
[538/1128] Compiling x509_def.cc
[539/1128] Compiling x509_req.cc
[540/1128] Compiling x509_obj.cc
[541/1128] Compiling x509_d2.cc
[542/1128] Compiling x509_ext.cc
[543/1128] Compiling x509_lu.cc
[544/1128] Compiling x509_cmp.cc
[545/1128] Compiling x509_att.cc
[546/1128] Compiling x509.cc
[547/1128] Compiling v3_prn.cc
[548/1128] Compiling v3_skey.cc
[549/1128] Compiling v3_purp.cc
[550/1128] Compiling v3_ocsp.cc
[551/1128] Compiling v3_utl.cc
[552/1128] Compiling v3_pmaps.cc
[553/1128] Compiling v3_pcons.cc
[554/1128] Compiling v3_ncons.cc
[555/1128] Compiling v3_int.cc
[556/1128] Compiling v3_lib.cc
[557/1128] Compiling v3_info.cc
[558/1128] Compiling v3_ia5.cc
[559/1128] Compiling v3_genn.cc
[560/1128] Compiling v3_extku.cc
[561/1128] Compiling v3_enum.cc
[562/1128] Compiling v3_conf.cc
[563/1128] Compiling v3_cpols.cc
[564/1128] Compiling v3_crld.cc
[565/1128] Compiling v3_bitst.cc
[566/1128] Compiling v3_bcons.cc
[567/1128] Compiling v3_akeya.cc
[568/1128] Compiling v3_alt.cc
[569/1128] Compiling v3_akey.cc
[570/1128] Compiling t_x509.cc
[571/1128] Compiling t_x509a.cc
[572/1128] Compiling t_crl.cc
[573/1128] Compiling t_req.cc
[574/1128] Compiling rsa_pss.cc
[575/1128] Compiling i2d_pr.cc
[576/1128] Compiling name_print.cc
[577/1128] Compiling policy.cc
[578/1128] Compiling by_file.cc
[579/1128] Compiling algorithm.cc
[580/1128] Compiling by_dir.cc
[580/1128] Compiling asn1_gen.cc
[582/1128] Compiling a_verify.cc
[583/1128] Compiling a_sign.cc
[583/1128] Compiling a_digest.cc
[585/1128] Compiling voprf.cc
[586/1128] Compiling trust_token.cc
[587/1128] Compiling thread_win.cc
[588/1128] Compiling thread.cc
[589/1128] Compiling thread_pthread.cc
[590/1128] Compiling thread_none.cc
[591/1128] Compiling pmbtoken.cc
[592/1128] Compiling stack.cc
[593/1128] Compiling slhdsa.cc
[594/1128] Compiling spake2plus.cc
[595/1128] Compiling siphash.cc
[596/1128] Compiling sha512.cc
[597/1128] Compiling sha256.cc
[598/1128] Compiling sha1.cc
[599/1128] Compiling rsa_extra.cc
[600/1128] Compiling rsa_print.cc
[601/1128] Compiling rsa_crypt.cc
[602/1128] Compiling refcount.cc
[603/1128] Compiling rsa_asn1.cc
[604/1128] Compiling rc4.cc
[605/1128] Compiling windows.cc
[606/1128] Compiling urandom.cc
[607/1128] Compiling trusty.cc
[608/1128] Compiling rand.cc
[609/1128] Compiling ios.cc
[610/1128] Compiling poly1305_arm_asm.S
[611/1128] Compiling passive.cc
[612/1128] Compiling getentropy.cc
[613/1128] Compiling forkunsafe.cc
[614/1128] Compiling deterministic.cc
[615/1128] Compiling fork_detect.cc
[616/1128] Compiling poly1305_vec.cc
[617/1128] Compiling poly1305_arm.cc
[618/1128] Compiling poly1305.cc
[619/1128] Compiling pool.cc
[620/1128] Compiling pkcs7.cc
[621/1128] Compiling pkcs8.cc
[622/1128] Compiling pkcs8_x509.cc
[623/1128] Compiling p5_pbev2.cc
[624/1128] Compiling pkcs7_x509.cc
[625/1128] Compiling pem_xaux.cc
[626/1128] Compiling pem_x509.cc
[627/1128] Compiling pem_pkey.cc
[628/1128] Compiling pem_pk8.cc
[629/1128] Compiling pem_oth.cc
[630/1128] Compiling mlkem.cc
[631/1128] Compiling obj_xref.cc
[632/1128] Compiling pem_info.cc
[633/1128] Compiling pem_lib.cc
[634/1128] Compiling mldsa.cc
[635/1128] Compiling pem_all.cc
[636/1128] Compiling obj.cc
[637/1128] Compiling poly_rq_mul.S
[638/1128] Compiling mem.cc
[639/1128] Compiling fips_shared_support.cc
[640/1128] Compiling md5.cc
[641/1128] Compiling md4.cc
[642/1128] Compiling lhash.cc
[643/1128] Compiling kyber.cc
[644/1128] Compiling ex_data.cc
[645/1128] Compiling sign.cc
[646/1128] Compiling scrypt.cc
[647/1128] Compiling pbkdf.cc
[648/1128] Compiling hpke.cc
[649/1128] Compiling print.cc
[650/1128] Compiling hrss.cc
[651/1128] Compiling p_x25519_asn1.cc
[652/1128] Compiling p_x25519.cc
[653/1128] Compiling p_ed25519.cc
[654/1128] Compiling p_rsa_asn1.cc
[655/1128] Compiling p_hkdf.cc
[656/1128] Compiling p_rsa.cc
[657/1128] Compiling p_ec.cc
[658/1128] Compiling p_ed25519_asn1.cc
[659/1128] Compiling p_ec_asn1.cc
[660/1128] Compiling p_dh_asn1.cc
[661/1128] Compiling p_dsa_asn1.cc
[662/1128] Compiling p_dh.cc
[663/1128] Compiling evp_ctx.cc
[664/1128] Compiling evp.cc
[665/1128] Compiling err.cc
[666/1128] Compiling engine.cc
[667/1128] Compiling evp_asn1.cc
[668/1128] Compiling ecdsa_asn1.cc
[669/1128] Compiling ecdh.cc
[670/1128] Compiling hash_to_curve.cc
[671/1128] Compiling ec_derive.cc
[672/1128] Compiling dsa.cc
[673/1128] Compiling ec_asn1.cc
[674/1128] Compiling dsa_asn1.cc
[675/1128] Compiling bcm.cc
[676/1128] Compiling params.cc
[677/1128] Compiling x25519-asm-arm.S
[678/1128] Compiling digest_extra.cc
[679/1128] Compiling des.cc
[680/1128] Compiling dh_asn1.cc
[681/1128] Compiling curve25519_64_adx.cc
[682/1128] Compiling spake25519.cc
[683/1128] Compiling cpu_intel.cc
[684/1128] Compiling crypto.cc
[685/1128] Compiling cpu_arm_linux.cc
[686/1128] Compiling cpu_aarch64_win.cc
[687/1128] Compiling cpu_arm_freebsd.cc
[688/1128] Compiling curve25519.cc
[689/1128] Compiling cpu_aarch64_sysreg.cc
[689/1128] Compiling cpu_aarch64_openbsd.cc
[691/1128] Compiling cpu_aarch64_linux.cc
[692/1128] Compiling cpu_aarch64_fuchsia.cc
[693/1128] Compiling cpu_aarch64_apple.cc
[694/1128] Compiling tls_cbc.cc
[695/1128] Compiling conf.cc
[696/1128] Compiling get_cipher.cc
[697/1128] Compiling e_rc4.cc
[698/1128] Compiling e_tls.cc
[699/1128] Compiling e_null.cc
[700/1128] Compiling e_rc2.cc
[701/1128] Compiling e_des.cc
[702/1128] Compiling e_chacha20poly1305.cc
[703/1128] Compiling e_aesgcmsiv.cc
[704/1128] Compiling derive_key.cc
[705/1128] Compiling chacha.cc
[706/1128] Compiling e_aesctrhmac.cc
[707/1128] Compiling unicode.cc
[708/1128] Compiling cbs.cc
[709/1128] Compiling ber.cc
[710/1128] Compiling cbb.cc
[711/1128] Compiling asn1_compat.cc
[712/1128] Compiling buf.cc
[713/1128] Compiling blake2.cc
[714/1128] Compiling socket_helper.cc
[715/1128] Compiling bn_asn1.cc
[716/1128] Compiling convert.cc
[717/1128] Compiling socket.cc
[718/1128] Compiling printf.cc
[719/1128] Compiling pair.cc
[720/1128] Compiling hexdump.cc
[721/1128] Compiling file.cc
[722/1128] Compiling fd.cc
[723/1128] Compiling errno.cc
[724/1128] Compiling connect.cc
[725/1128] Compiling bio_mem.cc
[726/1128] Compiling base64.cc
[727/1128] Compiling bio.cc
[728/1128] Compiling tasn_typ.cc
[729/1128] Compiling tasn_fre.cc
[730/1128] Compiling tasn_utl.cc
[731/1128] Compiling tasn_enc.cc
[732/1128] Compiling tasn_new.cc
[733/1128] Compiling posix_time.cc
[734/1128] Compiling f_string.cc
[735/1128] Compiling f_int.cc
[736/1128] Compiling asn_pack.cc
[737/1128] Compiling tasn_dec.cc
[738/1128] Compiling asn1_par.cc
[739/1128] Compiling asn1_lib.cc
[740/1128] Compiling a_utctm.cc
[741/1128] Compiling a_type.cc
[742/1128] Compiling a_octet.cc
[743/1128] Compiling a_time.cc
[744/1128] Compiling a_strnid.cc
[745/1128] Compiling a_strex.cc
[746/1128] Compiling a_object.cc
[747/1128] Compiling a_mbstr.cc
[748/1128] Compiling a_int.cc
[749/1128] Compiling fiat_p256_adx_sqr.S
[750/1128] Compiling a_i2d_fp.cc
[751/1128] Compiling a_dup.cc
[752/1128] Compiling fiat_p256_adx_mul.S
[753/1128] Compiling fiat_curve25519_adx_square.S
[754/1128] Compiling a_d2i_fp.cc
[755/1128] Compiling fiat_curve25519_adx_mul.S
[756/1128] Compiling md5-x86_64-linux.S
[757/1128] Compiling a_gentm.cc
[758/1128] Compiling md5-x86_64-apple.S
[759/1128] Compiling md5-586-linux.S
[760/1128] Compiling md5-586-apple.S
[761/1128] Compiling a_bitstr.cc
[762/1128] Compiling chacha20_poly1305_x86_64-apple.S
[763/1128] Compiling chacha20_poly1305_x86_64-linux.S
[764/1128] Compiling chacha20_poly1305_armv8-win.S
[765/1128] Compiling a_bool.cc
[766/1128] Compiling chacha20_poly1305_armv8-linux.S
[767/1128] Compiling chacha-x86_64-apple.S
[768/1128] Compiling chacha-x86_64-linux.S
[769/1128] Compiling chacha-x86-apple.S
[769/1128] Compiling chacha-x86-linux.S
[771/1128] Compiling chacha-armv8-win.S
[772/1128] Compiling chacha20_poly1305_armv8-apple.S
[773/1128] Compiling chacha-armv8-linux.S
[774/1128] Compiling chacha-armv4-linux.S
[775/1128] Compiling aes128gcmsiv-x86_64-linux.S
[776/1128] Compiling aes128gcmsiv-x86_64-apple.S
[777/1128] Compiling chacha-armv8-apple.S
[778/1128] Compiling x86_64-mont5-linux.S
[779/1128] Compiling x86_64-mont5-apple.S
[780/1128] Compiling x86_64-mont-apple.S
[781/1128] Compiling x86-mont-linux.S
[781/1128] Compiling x86_64-mont-linux.S
[783/1128] Compiling vpaes-x86_64-linux.S
[784/1128] Compiling x86-mont-apple.S
[785/1128] Compiling vpaes-x86_64-apple.S
[786/1128] Compiling vpaes-armv8-win.S
[787/1128] Compiling vpaes-x86-apple.S
[787/1128] Compiling vpaes-x86-linux.S
[789/1128] Compiling vpaes-armv8-linux.S
[790/1128] Compiling vpaes-armv8-apple.S
[791/1128] Compiling CCryptoBoringSSLShims shims.c
[792/1128] Compiling err_data.cc
[793/1128] Compiling vpaes-armv7-linux.S
[794/1128] Compiling sha512-x86_64-apple.S
[795/1128] Compiling sha512-x86_64-linux.S
[795/1128] Compiling sha512-armv8-win.S
[797/1128] Compiling sha512-armv8-linux.S
[798/1128] Compiling sha512-armv4-linux.S
[799/1128] Compiling sha512-armv8-apple.S
[800/1128] Compiling sha512-586-linux.S
[801/1128] Compiling sha512-586-apple.S
[802/1128] Compiling sha256-x86_64-linux.S
[803/1128] Compiling sha256-x86_64-apple.S
[804/1128] Compiling sha256-armv8-linux.S
[805/1128] Compiling sha256-armv8-win.S
[806/1128] Compiling sha256-armv4-linux.S
[807/1128] Compiling sha256-armv8-apple.S
[808/1128] Compiling sha256-586-linux.S
[809/1128] Compiling sha256-586-apple.S
[810/1128] Compiling sha1-armv8-win.S
[811/1128] Compiling sha1-x86_64-linux.S
[811/1128] Compiling sha1-x86_64-apple.S
[813/1128] Compiling sha1-armv8-linux.S
[814/1128] Compiling sha1-armv4-large-linux.S
[815/1128] Compiling sha1-586-linux.S
[816/1128] Compiling sha1-armv8-apple.S
[817/1128] Compiling sha1-586-apple.S
[818/1128] Compiling rsaz-avx2-linux.S
[819/1128] Compiling rsaz-avx2-apple.S
[819/1128] Compiling rdrand-x86_64-linux.S
[819/1128] Compiling rdrand-x86_64-apple.S
[822/1128] Compiling p256_beeu-x86_64-asm-linux.S
[823/1128] Compiling p256_beeu-x86_64-asm-apple.S
[824/1128] Compiling p256_beeu-armv8-asm-win.S
[825/1128] Compiling p256_beeu-armv8-asm-linux.S
[826/1128] Compiling p256_beeu-armv8-asm-apple.S
[827/1128] Compiling p256-x86_64-asm-apple.S
[828/1128] Compiling p256-armv8-asm-win.S
[828/1128] Compiling p256-x86_64-asm-linux.S
[830/1128] Compiling p256-armv8-asm-linux.S
[831/1128] Compiling ghashv8-armv8-win.S
[832/1128] Compiling p256-armv8-asm-apple.S
[833/1128] Compiling ghashv8-armv8-linux.S
[834/1128] Compiling ghashv8-armv8-apple.S
[835/1128] Compiling ghashv8-armv7-linux.S
[836/1128] Compiling ghash-x86_64-apple.S
[836/1128] Compiling ghash-x86_64-linux.S
[838/1128] Compiling ghash-x86-linux.S
[839/1128] Compiling ghash-ssse3-x86_64-linux.S
[840/1128] Compiling ghash-x86-apple.S
[841/1128] Compiling ghash-ssse3-x86_64-apple.S
[842/1128] Compiling ghash-ssse3-x86-linux.S
[843/1128] Compiling ghash-ssse3-x86-apple.S
[844/1128] Compiling ghash-neon-armv8-win.S
[844/1128] Compiling ghash-neon-armv8-linux.S
[846/1128] Compiling ghash-neon-armv8-apple.S
[847/1128] Compiling ghash-armv4-linux.S
[848/1128] Compiling co-586-linux.S
[849/1128] Compiling co-586-apple.S
[850/1128] Compiling bsaes-armv7-linux.S
[851/1128] Compiling bn-armv8-linux.S
[852/1128] Compiling bn-armv8-win.S
[853/1128] Compiling bn-armv8-apple.S
[854/1128] Compiling bn-586-linux.S
[855/1128] Compiling bn-586-apple.S
[856/1128] Compiling armv8-mont-win.S
[856/1128] Compiling armv8-mont-linux.S
[858/1128] Compiling armv8-mont-apple.S
[859/1128] Compiling aesv8-gcm-armv8-win.S
[860/1128] Compiling armv4-mont-linux.S
[860/1128] Compiling aesv8-gcm-armv8-linux.S
[862/1128] Compiling aesv8-armv8-linux.S
[863/1128] Compiling aesv8-gcm-armv8-apple.S
[864/1128] Compiling aesv8-armv8-win.S
[865/1128] Compiling aesv8-armv8-apple.S
[866/1128] Compiling aesv8-armv7-linux.S
[867/1128] Compiling aesni-x86_64-apple.S
[867/1128] Compiling aesni-x86-linux.S
[867/1128] Compiling aesni-x86_64-linux.S
[870/1128] Compiling aesni-gcm-x86_64-linux.S
[871/1128] Compiling aesni-x86-apple.S
[872/1128] Compiling aes-gcm-avx512-x86_64-linux.S
[873/1128] Compiling aesni-gcm-x86_64-apple.S
[874/1128] Compiling aes-gcm-avx512-x86_64-apple.S
[874/1128] Compiling aes-gcm-avx2-x86_64-apple.S
[876/1128] Compiling aes-gcm-avx2-x86_64-linux.S
[877/1128] Compiling c-nioatomics.c
[878/1128] Compiling xwing.cc
[879/1128] Compiling c-atomics.c
[880/1128] Compiling x_x509a.cc
[881/1128] Compiling x_sig.cc
[882/1128] Compiling x_spki.cc
[883/1128] Compiling x_req.cc
[884/1128] Compiling x_x509.cc
[884/1128] Compiling x_name.cc
[886/1128] Compiling x_pubkey.cc
[887/1128] Compiling x_exten.cc
[888/1135] Compiling x_crl.cc
[889/1135] Compiling x_attrib.cc
[890/1135] Compiling x509spki.cc
[892/1135] Compiling NIOConcurrencyHelpers lock.swift
[892/1135] Compiling x_all.cc
[893/1135] Compiling x_algor.cc
[894/1135] Compiling x509rset.cc
[895/1135] Compiling x509name.cc
[896/1135] Compiling x509cset.cc
[897/1135] Compiling x509_vpm.cc
[899/1135] Compiling NIOConcurrencyHelpers NIOThreadPoolWorkAvailable.swift
[900/1135] Compiling NIOConcurrencyHelpers NIOLockedValueBox.swift
[901/1135] Emitting module NIOConcurrencyHelpers
[902/1135] Compiling NIOConcurrencyHelpers NIOLock.swift
[903/1135] Compiling NIOConcurrencyHelpers NIOAtomic.swift
[904/1135] Compiling NIOConcurrencyHelpers atomics.swift
[904/1135] Compiling x509_vfy.cc
[905/1135] Compiling x509_v3.cc
[906/1135] Compiling x509_txt.cc
[907/1135] Compiling x509_set.cc
[908/1135] Compiling x509_trs.cc
[909/1135] Compiling x509_req.cc
[910/1135] Compiling x509_obj.cc
[911/1135] Compiling x509_lu.cc
[912/1135] Compiling x509_ext.cc
[913/1135] Compiling x509_def.cc
[914/1135] Compiling x509_d2.cc
[915/1135] Compiling x509_att.cc
[915/1135] Compiling x509_cmp.cc
[917/1135] Compiling x509.cc
[918/1135] Compiling v3_skey.cc
[919/1135] Compiling v3_prn.cc
[920/1135] Compiling v3_purp.cc
[921/1135] Compiling v3_utl.cc
[922/1135] Compiling v3_pmaps.cc
[923/1135] Compiling v3_pcons.cc
[924/1135] Compiling v3_ocsp.cc
[925/1135] Compiling v3_lib.cc
[926/1135] Compiling v3_ncons.cc
[927/1135] Compiling v3_int.cc
[928/1135] Compiling v3_ia5.cc
[929/1135] Compiling v3_genn.cc
[930/1135] Compiling v3_info.cc
[930/1135] Compiling v3_extku.cc
[932/1135] Compiling v3_enum.cc
[933/1135] Compiling v3_crld.cc
[934/1135] Compiling v3_cpols.cc
[935/1135] Compiling v3_bitst.cc
[936/1135] Compiling v3_conf.cc
[937/1135] Compiling v3_bcons.cc
[938/1135] Compiling v3_alt.cc
[939/1135] Compiling t_x509a.cc
[940/1135] Compiling v3_akeya.cc
[941/1135] Compiling v3_akey.cc
[942/1135] Compiling t_x509.cc
[943/1135] Compiling t_req.cc
[944/1135] Compiling t_crl.cc
[945/1135] Compiling i2d_pr.cc
[946/1135] Compiling rsa_pss.cc
[947/1135] Compiling name_print.cc
[948/1135] Compiling policy.cc
[949/1135] Compiling by_file.cc
[950/1135] Compiling by_dir.cc
[951/1135] Compiling asn1_gen.cc
[952/1135] Compiling algorithm.cc
[953/1135] Compiling a_verify.cc
[954/1135] Compiling a_sign.cc
[955/1135] Compiling thread_win.cc
[956/1135] Compiling a_digest.cc
[957/1135] Compiling thread.cc
[958/1135] Compiling thread_pthread.cc
[959/1135] Compiling voprf.cc
[960/1135] Compiling thread_none.cc
[961/1135] Compiling trust_token.cc
[962/1135] Compiling pmbtoken.cc
[963/1135] Compiling stack.cc
[964/1135] Compiling sha512.cc
[965/1135] Compiling siphash.cc
[966/1135] Compiling sha256.cc
[967/1135] Compiling sha1.cc
[968/1135] Compiling rsa_print.cc
[969/1135] Compiling rsa_extra.cc
[970/1135] Compiling slhdsa.cc
[971/1135] Compiling rsa_crypt.cc
[972/1135] Compiling spake2plus.cc
[973/1135] Compiling rc4.cc
[974/1135] Compiling windows.cc
[975/1135] Compiling refcount.cc
[976/1135] Compiling trusty.cc
[977/1135] Compiling urandom.cc
[978/1135] Compiling rsa_asn1.cc
[979/1135] Compiling rand.cc
[980/1135] Compiling poly1305_arm_asm.S
[981/1135] Compiling passive.cc
[982/1135] Compiling ios.cc
[983/1135] Compiling getentropy.cc
[984/1135] Compiling deterministic.cc
[985/1135] Compiling fork_detect.cc
[986/1135] Compiling forkunsafe.cc
[987/1135] Compiling poly1305_vec.cc
[988/1135] Compiling poly1305_arm.cc
[989/1135] Compiling poly1305.cc
[990/1135] Compiling pool.cc
[991/1135] Compiling pkcs8_x509.cc
[992/1135] Compiling p5_pbev2.cc
[993/1135] Compiling pkcs8.cc
[994/1135] Compiling pkcs7.cc
[995/1135] Compiling pem_xaux.cc
[996/1135] Compiling pem_pkey.cc
[996/1135] Compiling pem_x509.cc
[998/1135] Compiling pkcs7_x509.cc
[999/1135] Compiling pem_pk8.cc
[1000/1135] Compiling pem_oth.cc
[1001/1135] Compiling mlkem.cc
[1002/1135] Compiling pem_info.cc
[1003/1135] Compiling pem_lib.cc
[1004/1135] Compiling mldsa.cc
[1005/1135] Compiling obj_xref.cc
[1006/1135] Compiling pem_all.cc
[1007/1135] Compiling mem.cc
[1008/1135] Compiling poly_rq_mul.S
[1009/1135] Compiling fips_shared_support.cc
[1010/1135] Compiling obj.cc
[1011/1135] Compiling md5.cc
[1012/1135] Compiling md4.cc
[1013/1135] Compiling lhash.cc
[1014/1135] Compiling fuzzer_mode.cc
[1015/1135] Compiling ex_data.cc
[1016/1135] Compiling kyber.cc
[1017/1135] Compiling hpke.cc
[1018/1135] Compiling scrypt.cc
[1019/1135] Compiling hrss.cc
[1020/1135] Compiling print.cc
[1021/1135] Compiling sign.cc
[1022/1135] Compiling pbkdf.cc
[1023/1135] Compiling p_x25519_asn1.cc
[1024/1135] Compiling p_x25519.cc
[1025/1135] Compiling p_rsa_asn1.cc
[1026/1135] Compiling p_hkdf.cc
[1027/1135] Compiling p_ed25519_asn1.cc
[1028/1135] Compiling p_rsa.cc
[1029/1135] Compiling p_ed25519.cc
[1030/1135] Compiling p_ec_asn1.cc
[1031/1135] Compiling p_ec.cc
[1032/1135] Compiling p_dsa_asn1.cc
[1033/1135] Compiling p_dh_asn1.cc
[1034/1135] Compiling p_dh.cc
[1034/1135] Compiling err.cc
[1036/1135] Compiling evp.cc
[1037/1135] Compiling engine.cc
[1038/1135] Compiling evp_ctx.cc
[1039/1135] Compiling ecdsa_p1363.cc
[1040/1135] Compiling evp_asn1.cc
[1041/1135] Compiling ecdh.cc
[1042/1135] Compiling ec_derive.cc
[1043/1135] Compiling ecdsa_asn1.cc
[1044/1135] Compiling dsa.cc
[1045/1135] Compiling hash_to_curve.cc
[1046/1135] Compiling dsa_asn1.cc
[1047/1135] Compiling x25519-asm-arm.S
[1048/1135] Compiling digest_extra.cc
[1049/1135] Compiling ec_asn1.cc
[1050/1135] Compiling params.cc
[1051/1135] Compiling dh_asn1.cc
[1052/1135] Compiling des.cc
[1053/1135] Compiling curve25519_64_adx.cc
[1054/1135] Compiling spake25519.cc
[1055/1135] Compiling cpu_intel.cc
[1056/1135] Compiling cpu_arm_freebsd.cc
[1057/1135] Compiling curve25519.cc
[1058/1135] Compiling cpu_arm_linux.cc
[1059/1135] Compiling crypto.cc
[1060/1135] Compiling cpu_aarch64_win.cc
[1061/1135] Compiling cpu_aarch64_openbsd.cc
[1062/1135] Compiling cpu_aarch64_sysreg.cc
[1063/1135] Compiling cpu_aarch64_linux.cc
[1064/1135] Compiling cpu_aarch64_fuchsia.cc
[1065/1135] Compiling cpu_aarch64_apple.cc
[1066/1135] Compiling tls_cbc.cc
[1067/1135] Compiling conf.cc
[1068/1135] Compiling get_cipher.cc
[1069/1135] Compiling e_rc4.cc
[1070/1135] Compiling e_tls.cc
[1071/1135] Compiling cms.cc
[1072/1135] Compiling e_rc2.cc
[1073/1135] Compiling e_null.cc
[1074/1135] Compiling e_des.cc
[1075/1135] Compiling e_chacha20poly1305.cc
[1076/1135] Compiling e_aesgcmsiv.cc
[1077/1135] Compiling derive_key.cc
[1078/1135] Compiling e_aeseax.cc
[1079/1135] Compiling e_aesctrhmac.cc
[1080/1135] Compiling chacha.cc
[1081/1135] Compiling unicode.cc
[1082/1135] Compiling cbs.cc
[1083/1135] Compiling cbb.cc
[1084/1135] Compiling ber.cc
[1085/1135] Compiling sqrt.cc
[1086/1135] Compiling asn1_compat.cc
[1087/1135] Compiling buf.cc
[1088/1135] Compiling exponentiation.cc
[1089/1135] Compiling div.cc
[1090/1135] Compiling blake2.cc
[1091/1135] Compiling printf.cc
[1092/1135] Compiling pair.cc
[1093/1135] Compiling hexdump.cc
[1094/1135] Compiling convert.cc
[1095/1135] Compiling file.cc
[1096/1135] Compiling bn_asn1.cc
[1097/1135] Compiling fd.cc
[1098/1135] Compiling errno.cc
[1099/1135] Compiling bio_mem.cc
[1100/1135] Compiling base64.cc
[1101/1135] Compiling tasn_fre.cc
[1102/1135] Compiling bio.cc
[1103/1135] Compiling tasn_typ.cc
[1104/1135] Compiling tasn_enc.cc
[1105/1135] Compiling tasn_utl.cc
[1106/1135] Compiling tasn_new.cc
[1107/1135] Compiling tasn_dec.cc
[1108/1135] Compiling posix_time.cc
[1109/1135] Compiling bcm.cc
[1110/1135] Compiling f_string.cc
[1111/1135] Compiling f_int.cc
[1112/1135] Compiling asn1_par.cc
[1113/1135] Compiling asn_pack.cc
[1114/1135] Compiling asn1_lib.cc
[1115/1135] Compiling a_utctm.cc
[1116/1135] Compiling a_type.cc
[1117/1135] Compiling a_time.cc
[1118/1135] Compiling a_octet.cc
[1119/1135] Compiling a_strnid.cc
[1120/1135] Compiling a_strex.cc
[1121/1135] Compiling a_mbstr.cc
[1122/1135] Compiling a_object.cc
[1123/1135] Write sources
[1125/1135] Compiling a_int.cc
[1126/1135] Write sources
[1127/1135] Compiling a_i2d_fp.cc
[1128/1135] Compiling CAsyncHTTPClient CAsyncHTTPClient.c
[1129/1135] Compiling a_dup.cc
[1130/1135] Compiling a_d2i_fp.cc
[1131/1135] Compiling a_gentm.cc
[1132/1160] Compiling aes.cc
[1133/1171] Compiling a_bool.cc
[1134/1180] Compiling a_bitstr.cc
[1136/1180] Compiling Algorithms Suffix.swift
[1137/1180] Compiling Algorithms Trim.swift
[1138/1191] Compiling Algorithms EitherSequence.swift
[1139/1191] Compiling Algorithms FirstNonNil.swift
[1140/1191] Compiling Algorithms Chunked.swift
[1141/1191] Compiling Algorithms Combinations.swift
[1142/1192] Compiling Algorithms Intersperse.swift
[1143/1192] Compiling Algorithms Partition.swift
[1144/1192] Compiling Algorithms AdjacentPairs.swift
[1145/1192] Compiling Algorithms Chain.swift
[1146/1192] Compiling Algorithms FlattenCollection.swift
[1147/1192] Compiling Algorithms Joined.swift
[1148/1192] Compiling Atomics Unmanaged extensions.swift
[1149/1192] Compiling Algorithms Grouped.swift
[1150/1192] Compiling Algorithms Indexed.swift
[1151/1192] Compiling Algorithms Unique.swift
[1152/1192] Compiling Algorithms Windows.swift
[1154/1192] Compiling Algorithms Compacted.swift
[1155/1192] Compiling Algorithms Cycle.swift
[1156/1192] Compiling Algorithms Split.swift
[1157/1192] Compiling Algorithms Stride.swift
[1158/1192] Compiling Algorithms RandomSample.swift
[1159/1192] Compiling Algorithms Reductions.swift
[1160/1192] Compiling Algorithms Rotate.swift
[1165/1192] Compiling Algorithms Keyed.swift
[1166/1192] Compiling Algorithms MinMax.swift
[1171/1192] Compiling Algorithms Permutations.swift
[1172/1192] Compiling Algorithms Product.swift
[1182/1192] Compiling CryptoBoringWrapper RandomBytes.swift
[1183/1192] Compiling CryptoBoringWrapper resource_bundle_accessor.swift
[1184/1192] Compiling CryptoBoringWrapper FiniteFieldArithmeticContext.swift
[1185/1192] Compiling CryptoBoringWrapper EllipticCurvePoint.swift
[1186/1192] Compiling CryptoBoringWrapper EllipticCurve.swift
[1187/1192] Compiling CryptoBoringWrapper CryptoKitErrors_boring.swift
[1188/1192] Compiling CryptoBoringWrapper ArbitraryPrecisionInteger.swift
[1189/1192] Compiling CryptoBoringWrapper BoringSSLAEAD.swift
[1190/1192] Emitting module CryptoBoringWrapper
[1191/1192] Emitting module Atomics
[1192/1321] Emitting module Algorithms
[1193/1321] Compiling NIOCore SingleStepByteToMessageDecoder.swift
[1194/1321] Compiling NIOCore MarkedCircularBuffer.swift
[1195/1321] Compiling NIOCore MulticastChannel.swift
[1196/1321] Compiling NIOCore NIOAny.swift
[1197/1321] Compiling NIOCore NIOCloseOnErrorHandler.swift
[1198/1321] Compiling NIOCore NIOCoreSendableMetatype.swift
[1199/1321] Compiling NIOCore NIODecodedAsyncSequence.swift
[1200/1328] Emitting module CryptoExtras
[1207/1328] Compiling CryptoExtras ThreadSpecific.swift
[1208/1335] Compiling NIOCore NIOPooledRecvBufferAllocator.swift
[1209/1335] Compiling NIOCore NIOScheduledCallback.swift
[1210/1335] Compiling NIOCore NIOSendable.swift
[1211/1335] Compiling NIOCore NIOSplitLinesMessageDecoder.swift
[1212/1335] Compiling NIOCore NIOTransportAccessibleChannelCore.swift
[1213/1335] Compiling NIOCore RecvByteBufferAllocator.swift
[1216/1335] Compiling NIOCore SocketAddresses.swift
[1217/1335] Compiling NIOCore SocketOptionProvider.swift
[1218/1335] Compiling NIOCore SystemCallHelpers.swift
[1219/1335] Compiling NIOCore TimeAmount+Duration.swift
[1220/1335] Compiling NIOCore TypeAssistedChannelHandler.swift
[1221/1335] Compiling NIOCore UniversalBootstrapSupport.swift
[1222/1335] Compiling NIOCore ConvenienceOptionSupport.swift
[1223/1335] Compiling NIOCore DeadChannel.swift
[1224/1335] Compiling NIOCore DispatchQueue+WithFuture.swift
[1225/1335] Compiling NIOCore EventLoop+Deprecated.swift
[1226/1335] Compiling NIOCore EventLoop+SerialExecutor.swift
[1227/1335] Compiling NIOCore EventLoop.swift
[1228/1335] Compiling NIOCore EventLoopFuture+AssumeIsolated.swift
[1229/1335] Compiling NIOCore IO.swift
[1230/1335] Compiling NIOCore IOData.swift
[1231/1335] Compiling NIOCore IPProtocol.swift
[1232/1335] Compiling NIOCore IntegerBitPacking.swift
[1233/1335] Compiling NIOCore IntegerTypes.swift
[1234/1335] Compiling NIOCore Interfaces.swift
[1235/1335] Compiling NIOCore Linux.swift
[1236/1335] Compiling NIOCore AddressedEnvelope.swift
[1237/1335] Compiling NIOCore AsyncAwaitSupport.swift
[1238/1335] Compiling NIOCore AsyncChannel.swift
[1239/1335] Compiling NIOCore AsyncChannelHandler.swift
[1240/1335] Compiling NIOCore AsyncChannelInboundStream.swift
[1241/1335] Compiling NIOCore AsyncChannelOutboundWriter.swift
[1242/1335] Compiling NIOCore NIOAsyncSequenceProducer.swift
[1243/1335] Compiling NIOCore NIOAsyncSequenceProducerStrategies.swift
[1245/1335] Compiling NIOCore EventLoopFuture+Deprecated.swift
[1246/1335] Compiling NIOCore EventLoopFuture+WithEventLoop.swift
[1247/1335] Compiling NIOCore EventLoopFuture.swift
[1248/1335] Compiling NIOCore FileDescriptor.swift
[1249/1335] Compiling NIOCore FileHandle.swift
[1250/1335] Compiling NIOCore FileRegion.swift
[1258/1335] Compiling NIOCore GlobalSingletons.swift
[1259/1335] Compiling NIOCore NIOAsyncWriter.swift
[1260/1335] Compiling NIOCore NIOThrowingAsyncSequenceProducer.swift
[1261/1335] Compiling NIOCore BSDSocketAPI.swift
[1262/1335] Compiling NIOCore ByteBuffer-aux.swift
[1263/1335] Compiling NIOCore ByteBuffer-binaryEncodedLengthPrefix.swift
[1264/1335] Compiling NIOCore ByteBuffer-conversions.swift
[1272/1335] Compiling NIOCore ByteBuffer-core.swift
[1273/1335] Compiling NIOCore ByteBuffer-hex.swift
[1274/1335] Compiling NIOCore ByteBuffer-int.swift
[1275/1335] Compiling NIOCore ByteBuffer-lengthPrefix.swift
[1276/1335] Compiling NIOCore ByteBuffer-multi-int.swift
[1277/1335] Compiling NIOCore ByteBuffer-quicBinaryEncodingStrategy.swift
[1278/1335] Compiling NIOCore ByteBuffer-views.swift
[1279/1335] Compiling NIOCore Codec.swift
[1286/1335] Compiling NIOCore Channel.swift
[1287/1335] Compiling NIOCore ChannelHandler.swift
[1288/1335] Compiling NIOCore ChannelHandlers.swift
[1289/1335] Compiling NIOCore ChannelInvoker.swift
[1290/1335] Compiling NIOCore ChannelOption.swift
[1291/1335] Compiling NIOCore ChannelPipeline.swift
[1292/1335] Compiling NIOCore CircularBuffer.swift
[1306/1335] Compiling NIOCore Utilities.swift
[1314/1337] Emitting module _CryptoExtras
[1315/1337] Compiling _CryptoExtras Exports.swift
[1323/1435] Compiling X509 AllOfPolicies.swift
[1324/1435] Compiling X509 AnyPolicy.swift
[1325/1435] Compiling X509 CertificateStore.swift
[1326/1435] Compiling X509 CustomCertificateStore.swift
[1327/1435] Compiling X509 OneOfPolicies.swift
[1328/1435] Compiling X509 PolicyBuilder.swift
[1329/1435] Compiling X509 BasicConstraintsPolicy.swift
[1330/1435] Compiling X509 DNSNames.swift
[1331/1435] Compiling X509 ExpiryPolicy.swift
[1332/1435] Compiling X509 IPConstraints.swift
[1333/1445] Compiling X509 StateOrProvinceName.swift
[1334/1445] Compiling X509 StreetAddress.swift
[1335/1445] Compiling X509 Error.swift
[1336/1445] Compiling X509 AuthorityInformationAccess.swift
[1337/1445] Compiling X509 AuthorityKeyIdentifier.swift
[1338/1445] Compiling X509 BasicConstraints.swift
[1339/1445] Compiling X509 ExtendedKeyUsage.swift
[1340/1445] Compiling X509 ExtensionIdentifiers.swift
[1341/1445] Compiling X509 KeyUsage.swift
[1342/1445] Compiling X509 NameConstraints.swift
[1343/1445] Compiling X509 SubjectAlternativeName.swift
[1344/1445] Compiling X509 CustomPrivateKey.swift
[1345/1445] Compiling X509 Digests.swift
[1346/1445] Compiling X509 DistinguishedName.swift
[1347/1445] Compiling X509 SubjectKeyIdentifier.swift
[1348/1445] Compiling X509 Extension.swift
[1349/1445] Compiling X509 Extensions.swift
[1350/1445] Compiling X509 ExtensionsBuilder.swift
[1351/1445] Compiling X509 GeneralName.swift
[1352/1445] Compiling X509 Lock.swift
[1353/1445] Compiling X509 LockedValueBox.swift
[1354/1445] Compiling X509 BasicOCSPResponse.swift
[1355/1445] Compiling X509 DirectoryString.swift
[1356/1445] Compiling X509 OCSPCertID.swift
[1357/1445] Compiling X509 OCSPCertStatus.swift
[1361/1445] Compiling X509 CommonName.swift
[1362/1445] Compiling X509 CountryName.swift
[1363/1445] Compiling X509 DNBuilder.swift
[1364/1445] Compiling X509 DomainComponent.swift
[1365/1445] Compiling X509 EmailAddress.swift
[1366/1445] Compiling X509 LocalityName.swift
[1367/1445] Compiling X509 OrganizationName.swift
[1368/1445] Compiling X509 OrganizationalUnitName.swift
[1369/1445] Compiling X509 OCSPExtensionID.swift
[1370/1445] Compiling X509 OCSPNonce.swift
[1371/1445] Compiling X509 OCSPPolicy.swift
[1372/1445] Compiling X509 OCSPRequest.swift
[1373/1445] Compiling X509 OCSPResponse.swift
[1374/1445] Compiling X509 OCSPResponseBytes.swift
[1375/1445] Compiling X509 OCSPResponseData.swift
[1376/1445] Compiling X509 OCSPResponseStatus.swift
[1377/1445] Compiling X509 OCSPSignature.swift
[1378/1445] Compiling X509 OCSPSingleRequest.swift
[1379/1445] Compiling X509 OCSPSingleResponse.swift
[1391/1445] Emitting module NIOCore
[1392/1505] Compiling X509 OCSPTBSRequest.swift
[1393/1505] Compiling X509 OCSPVersion.swift
[1394/1505] Compiling X509 PKCS8PrivateKey.swift
[1395/1505] Compiling X509 PromiseAndFuture.swift
[1396/1505] Compiling X509 RDNAttribute.swift
[1397/1505] Compiling X509 RandomNumberGenerator+bytes.swift
[1398/1505] Compiling X509 RelativeDistinguishedName.swift
[1399/1505] Compiling X509 SEC1PrivateKey.swift
[1400/1505] Compiling X509 SecKeyWrapper.swift
[1401/1505] Compiling X509 Signature.swift
[1402/1505] Compiling X509 SignatureAlgorithm.swift
[1403/1505] Compiling X509 CMSAttribute.swift
[1404/1505] Compiling X509 CMSContentInfo.swift
[1405/1505] Compiling X509 CMSEncapsulatedContentInfo.swift
[1406/1505] Compiling X509 CMSIssuerAndSerialNumber.swift
[1407/1505] Compiling X509 CMSOperations.swift
[1408/1505] Compiling X509 CMSSignature.swift
[1409/1505] Compiling X509 CMSSignedData.swift
[1410/1505] Compiling X509 CMSSignerIdentifier.swift
[1411/1505] Compiling X509 CMSSignerInfo.swift
[1412/1505] Compiling X509 CMSVersion.swift
[1413/1505] Compiling X509 Curve25519+DER.swift
[1414/1505] Compiling X509 NameConstraintsPolicy.swift
[1415/1505] Compiling X509 RFC5280Policy.swift
[1416/1505] Compiling X509 URIConstraints.swift
[1417/1505] Compiling X509 VersionPolicy.swift
[1418/1505] Compiling X509 ServerIdentityPolicy.swift
[1419/1505] Compiling X509 TrustRootLoading.swift
[1420/1505] Compiling X509 UnverifiedChain.swift
[1421/1505] Compiling X509 ValidatedCertificateChain.swift
[1422/1505] Compiling X509 VerificationDiagnostic.swift
[1423/1505] Compiling X509 Verifier.swift
[1424/1505] Compiling X509 VerifierPolicy.swift
[1425/1505] Compiling X509 AlgorithmIdentifier.swift
[1426/1505] Compiling X509 ECDSASignature.swift
[1427/1505] Compiling X509 RSAPKCS1PublicKey.swift
[1428/1505] Compiling X509 SubjectPublicKeyInfo.swift
[1429/1505] Compiling X509 TBSCertificate.swift
[1430/1505] Compiling X509 Time.swift
[1431/1505] Compiling X509 TimeCalculations.swift
[1432/1505] Compiling X509 Validity.swift
[1433/1505] Compiling X509 X509SendableMetatype.swift
[1434/1505] Emitting module NIOFoundationEssentialsCompat
[1435/1505] Compiling NIOFoundationEssentialsCompat Codable+ByteBuffer.swift
[1436/1505] Compiling NIOFoundationEssentialsCompat ByteBuffer-foundation.swift
[1437/1505] Compiling NIOPosix FileDescriptor.swift
[1438/1505] Compiling NIOPosix GetaddrinfoResolver.swift
[1439/1505] Compiling NIOPosix HappyEyeballs.swift
[1440/1505] Compiling NIOPosix IO.swift
[1441/1505] Compiling NIOPosix IntegerBitPacking.swift
[1442/1505] Compiling NIOPosix IntegerTypes.swift
[1443/1505] Compiling NIOPosix BSDSocketAPICommon.swift
[1444/1505] Compiling NIOPosix BSDSocketAPIPosix.swift
[1445/1505] Compiling NIOPosix BSDSocketAPIWindows.swift
[1446/1505] Compiling NIOPosix BaseSocket.swift
[1447/1505] Compiling NIOPosix BaseSocketChannel+AccessibleTransport.swift
[1448/1505] Emitting module X509
[1449/1505] Compiling NIOEmbedded Embedded.swift
[1450/1505] Compiling NIOEmbedded AsyncTestingChannel.swift
[1451/1505] Emitting module NIOEmbedded
[1452/1505] Compiling NIOEmbedded AsyncTestingEventLoop.swift
[1453/1505] Compiling NIOPosix Linux.swift
[1454/1505] Compiling NIOPosix LinuxCPUSet.swift
[1455/1505] Compiling NIOPosix LinuxUring.swift
[1456/1505] Compiling NIOPosix MultiThreadedEventLoopGroup.swift
[1457/1505] Compiling NIOPosix NIOPosixSendableMetatype.swift
[1458/1505] Compiling NIOPosix NIORandomizedDNSResolver.swift
[1459/1511] Compiling NIOPosix StructuredConcurrencyHelpers.swift
[1460/1511] Compiling NIOPosix System.swift
[1461/1511] Compiling NIOPosix Thread.swift
[1462/1511] Compiling NIOPosix ThreadPosix.swift
[1463/1511] Compiling NIOPosix ThreadWindows.swift
[1464/1578] Compiling JWTKit UnsecuredNoneSigner.swift
[1465/1578] Compiling JWTKit JWTKeyCollection+RSA.swift
[1466/1578] Compiling JWTKit ECDSACurveType.swift
[1467/1578] Compiling JWTKit ECDSAError.swift
[1468/1578] Compiling JWTKit ECDSAKeyTypes.swift
[1469/1578] Compiling JWTKit JWTAlgorithm.swift
[1470/1578] Compiling JWTKit JWTError.swift
[1471/1578] Compiling JWTKit JWTHeader+CommonFields.swift
[1472/1578] Compiling JWTKit JWTHeader.swift
[1473/1578] Compiling JWTKit JWTHeaderField.swift
[1474/1578] Emitting module NIOPosix
[1475/1578] Compiling JWTKit BoolClaim.swift
[1476/1578] Compiling JWTKit ExpirationClaim.swift
[1477/1578] Compiling JWTKit GoogleHostedDomainClaim.swift
[1478/1578] Compiling JWTKit IDClaim.swift
[1479/1578] Compiling JWTKit IssuedAtClaim.swift
[1480/1578] Compiling JWTKit IssuerClaim.swift
[1481/1578] Compiling JWTKit JWTClaim.swift
[1482/1578] Compiling JWTKit MLDSAError.swift
[1483/1578] Compiling JWTKit MLDSAKey.swift
[1484/1578] Compiling JWTKit MLDSASigner.swift
[1485/1578] Compiling JWTKit MLDSAType.swift
[1486/1578] Compiling JWTKit JWTKeyCollection+UnsecuredNone.swift
[1487/1578] Compiling JWTKit JWTKeyCollection+MLDSA.swift
[1488/1578] Compiling JWTKit MLDSA.swift
[1489/1578] Compiling JWTKit MLDSA65+MLDSAKey.swift
[1490/1578] Compiling JWTKit MLDSA87+MLDSAKey.swift
[1491/1578] Compiling JWTKit RSA.swift
[1492/1578] Compiling JWTKit RSAError.swift
[1493/1578] Compiling JWTKit JWKSigner.swift
[1494/1578] Compiling JWTKit P521+CurveType.swift
[1495/1578] Compiling JWTKit EdDSA.swift
[1496/1578] Compiling JWTKit EdDSACurve.swift
[1497/1578] Compiling JWTKit EdDSAError.swift
[1498/1578] Compiling JWTKit EdDSASigner.swift
[1499/1578] Compiling JWTKit HMACSigner.swift
[1500/1578] Compiling JWTKit JWTKeyCollection+HMAC.swift
[1501/1578] Compiling JWTKit Insecure.swift
[1502/1578] Compiling JWTKit JWK.swift
[1503/1578] Compiling JWTKit JWKIdentifier.swift
[1504/1578] Compiling JWTKit JWKS.swift
[1505/1578] Compiling JWTKit JWTKeyCollection+EdDSA.swift
[1506/1578] Compiling JWTKit HMAC.swift
[1507/1578] Compiling JWTKit HMACError.swift
[1508/1578] Compiling JWTKit JWTPayload.swift
[1509/1578] Compiling JWTKit JWTSerializer.swift
[1510/1578] Compiling JWTKit JWTSigner.swift
[1511/1580] Emitting module NIO
[1512/1580] Compiling NIO Exports.swift
[1513/1620] Compiling NIOTLS TLSEvents.swift
[1514/1620] Compiling NIOTLS ApplicationProtocolNegotiationHandler.swift
[1515/1620] Emitting module NIOTLS
[1516/1620] Compiling NIOSOCKS Errors.swift
[1517/1621] Compiling NIOSOCKS SOCKSResponse.swift
[1518/1621] Emitting module NIOFoundationCompat
[1519/1621] Compiling NIOFoundationCompat JSONSerialization+ByteBuffer.swift
[1520/1621] Compiling NIOHTTP1 HTTPEncoder.swift
[1521/1621] Compiling NIOFoundationCompat Exports.swift
[1522/1621] Compiling NIOHTTP1 HTTPHeaderValidator.swift
[1523/1621] Compiling NIOFoundationCompat WaitSpinningRunLoop.swift
[1524/1621] Compiling NIOSOCKS ClientStateMachine.swift
[1525/1621] Compiling NIOSOCKS SelectedAuthenticationMethod.swift
[1526/1621] Compiling NIOSOCKS Messages.swift
[1527/1621] Compiling NIOSOCKS Helpers.swift
[1528/1621] Compiling NIOSOCKS SOCKSRequest.swift
[1529/1621] Compiling NIOTLS NIOTypedApplicationProtocolNegotiationHandler.swift
[1530/1621] Compiling NIOTLS ProtocolNegotiationHandlerStateMachine.swift
[1531/1621] Compiling NIOTLS SNIHandler.swift
[1532/1621] Emitting module NIOSOCKS
[1533/1621] Compiling NIOHTTP1 ByteCollectionUtils.swift
[1534/1621] Compiling NIOHTTP1 HTTPDecoder.swift
[1535/1621] Compiling NIOSOCKS ServerStateMachine.swift
[1536/1621] Compiling NIOHTTP1 NIOTypedHTTPServerUpgradeHandler.swift
[1537/1667] Compiling NIOSSL IdentityVerification.swift
[1538/1667] Compiling NIOSSL LinuxCABundle.swift
[1539/1667] Compiling NIOSSL NIOSSLClientHandler.swift
[1540/1667] Compiling NIOSSL NIOSSLHandler+Configuration.swift
[1541/1676] Compiling NIOSSL AndroidCABundle.swift
[1542/1676] Compiling NIOSSL ByteBufferBIO.swift
[1543/1676] Compiling NIOSSL CustomPrivateKey.swift
[1544/1676] Compiling NIOSSL FreeBSDCABundle.swift
[1545/1676] Compiling NIOSSL ObjectIdentifier.swift
[1546/1676] Compiling NIOSSL PosixPort.swift
[1547/1676] Compiling NIOHTTP1 NIOTypedHTTPServerUpgraderStateMachine.swift
[1548/1676] Emitting module NIOHTTP1
[1549/1676] Compiling NIOSSL NIOSSLHandler.swift
[1550/1676] Compiling NIOSSL NIOSSLServerHandler.swift
[1551/1676] Compiling NIOSSL SSLCallbacks.swift
[1552/1676] Compiling NIOSSL SSLCertificate.swift
[1553/1676] Compiling NIOSSL SSLCertificateExtensions.swift
[1554/1676] Compiling NIOSSL SSLCertificateName.swift
[1555/1693] Emitting module NIOTransportServices
[1556/1695] Compiling NIOHTTPCompression HTTPDecompressor.swift
[1557/1695] Compiling NIOHPACK IndexedHeaderTable.swift
[1558/1695] Compiling NIOHPACK IntegerCoding.swift
[1559/1696] Compiling NIOTransportServices TCPOptions+SocketChannelOption.swift
[1560/1696] Compiling NIOTransportServices UDPOptions+SocketChannelOption.swift
[1561/1696] Compiling NIOHPACK HuffmanTables.swift
[1562/1696] Compiling NIOHPACK HeaderTables.swift
[1563/1696] Compiling NIOHPACK HuffmanCoding.swift
[1564/1696] Compiling NIOHTTPCompression HTTPRequestCompressor.swift
[1565/1696] Compiling NIOHTTPCompression HTTPDecompression.swift
[1566/1696] Compiling NIOHTTPCompression HTTPCompression.swift
[1567/1696] Emitting module NIOHTTPCompression
[1568/1696] Compiling NIOHTTPCompression HTTPResponseCompressor.swift
[1569/1696] Compiling NIOHPACK StaticHeaderTable.swift
[1570/1696] Compiling NIOSSL SSLContext.swift
[1571/1696] Compiling NIOSSL SSLErrors.swift
[1573/1696] Compiling NIOSSL SSLConnection.swift
[1584/1696] Compiling NIOHPACK DynamicHeaderTable.swift
[1585/1696] Compiling NIOHPACK HPACKDecoder.swift
[1589/1696] Compiling NIOSSL SSLInit.swift
[1590/1696] Compiling NIOSSL SSLPKCS12Bundle.swift
[1591/1696] Compiling NIOHPACK HPACKErrors.swift
[1592/1696] Compiling NIOHPACK HPACKEncoder.swift
[1595/1696] Emitting module NIOHPACK
[1596/1696] Compiling NIOHPACK HPACKHeader.swift
/Users/admin/builder/spi-builder-workspace/.build/checkouts/jwt-kit/Sources/JWTKit/MLDSA/MLDSA65+MLDSAKey.swift:5:11: error: cannot find type 'MLDSA65' in scope
 3 | @_spi(PostQuantum)
 4 | @available(iOS 26.0, macOS 26.0, watchOS 26.0, tvOS 26.0, *)
 5 | extension MLDSA65.PublicKey: MLDSAPublicKey {
   |           `- error: cannot find type 'MLDSA65' in scope
 6 |     public typealias MLDSAType = MLDSA65
 7 | }
/Users/admin/builder/spi-builder-workspace/.build/checkouts/jwt-kit/Sources/JWTKit/MLDSA/MLDSA65+MLDSAKey.swift:11:11: error: cannot find type 'MLDSA65' in scope
 9 | @_spi(PostQuantum)
10 | @available(iOS 26.0, macOS 26.0, watchOS 26.0, tvOS 26.0, *)
11 | extension MLDSA65.PrivateKey: MLDSAPrivateKey {
   |           `- error: cannot find type 'MLDSA65' in scope
12 |     public typealias MLDSAType = MLDSA65
13 | }
/Users/admin/builder/spi-builder-workspace/.build/checkouts/jwt-kit/Sources/JWTKit/MLDSA/MLDSA65+MLDSAKey.swift:17:53: error: cannot find type 'MLDSA65' in scope
15 | @_spi(PostQuantum)
16 | @available(iOS 26.0, macOS 26.0, watchOS 26.0, tvOS 26.0, *)
17 | public typealias MLDSA65PublicKey = MLDSA.PublicKey<MLDSA65>
   |                                                     `- error: cannot find type 'MLDSA65' in scope
18 |
19 | @_spi(PostQuantum)
/Users/admin/builder/spi-builder-workspace/.build/checkouts/jwt-kit/Sources/JWTKit/MLDSA/MLDSA65+MLDSAKey.swift:21:55: error: cannot find type 'MLDSA65' in scope
19 | @_spi(PostQuantum)
20 | @available(iOS 26.0, macOS 26.0, watchOS 26.0, tvOS 26.0, *)
21 | public typealias MLDSA65PrivateKey = MLDSA.PrivateKey<MLDSA65>
   |                                                       `- error: cannot find type 'MLDSA65' in scope
22 |
/Users/admin/builder/spi-builder-workspace/.build/checkouts/jwt-kit/Sources/JWTKit/MLDSA/MLDSA87+MLDSAKey.swift:5:11: error: cannot find type 'MLDSA87' in scope
 3 | @_spi(PostQuantum)
 4 | @available(iOS 26.0, macOS 26.0, watchOS 26.0, tvOS 26.0, *)
 5 | extension MLDSA87.PublicKey: MLDSAPublicKey {
   |           `- error: cannot find type 'MLDSA87' in scope
 6 |     public typealias MLDSAType = MLDSA87
 7 | }
/Users/admin/builder/spi-builder-workspace/.build/checkouts/jwt-kit/Sources/JWTKit/MLDSA/MLDSA87+MLDSAKey.swift:11:11: error: cannot find type 'MLDSA87' in scope
 9 | @_spi(PostQuantum)
10 | @available(iOS 26.0, macOS 26.0, watchOS 26.0, tvOS 26.0, *)
11 | extension MLDSA87.PrivateKey: MLDSAPrivateKey {
   |           `- error: cannot find type 'MLDSA87' in scope
12 |     public typealias MLDSAType = MLDSA87
13 | }
/Users/admin/builder/spi-builder-workspace/.build/checkouts/jwt-kit/Sources/JWTKit/MLDSA/MLDSA87+MLDSAKey.swift:17:53: error: cannot find type 'MLDSA87' in scope
15 | @_spi(PostQuantum)
16 | @available(iOS 26.0, macOS 26.0, watchOS 26.0, tvOS 26.0, *)
17 | public typealias MLDSA87PublicKey = MLDSA.PublicKey<MLDSA87>
   |                                                     `- error: cannot find type 'MLDSA87' in scope
18 |
19 | @_spi(PostQuantum)
/Users/admin/builder/spi-builder-workspace/.build/checkouts/jwt-kit/Sources/JWTKit/MLDSA/MLDSA87+MLDSAKey.swift:21:55: error: cannot find type 'MLDSA87' in scope
19 | @_spi(PostQuantum)
20 | @available(iOS 26.0, macOS 26.0, watchOS 26.0, tvOS 26.0, *)
21 | public typealias MLDSA87PrivateKey = MLDSA.PrivateKey<MLDSA87>
   |                                                       `- error: cannot find type 'MLDSA87' in scope
22 |
/Users/admin/builder/spi-builder-workspace/.build/checkouts/jwt-kit/Sources/JWTKit/MLDSA/MLDSA65+MLDSAKey.swift:6:34: error: cannot find type 'MLDSA65' in scope
 4 | @available(iOS 26.0, macOS 26.0, watchOS 26.0, tvOS 26.0, *)
 5 | extension MLDSA65.PublicKey: MLDSAPublicKey {
 6 |     public typealias MLDSAType = MLDSA65
   |                                  `- error: cannot find type 'MLDSA65' in scope
 7 | }
 8 |
/Users/admin/builder/spi-builder-workspace/.build/checkouts/jwt-kit/Sources/JWTKit/MLDSA/MLDSA65+MLDSAKey.swift:12:34: error: cannot find type 'MLDSA65' in scope
10 | @available(iOS 26.0, macOS 26.0, watchOS 26.0, tvOS 26.0, *)
11 | extension MLDSA65.PrivateKey: MLDSAPrivateKey {
12 |     public typealias MLDSAType = MLDSA65
   |                                  `- error: cannot find type 'MLDSA65' in scope
13 | }
14 |
/Users/admin/builder/spi-builder-workspace/.build/checkouts/jwt-kit/Sources/JWTKit/MLDSA/MLDSA87+MLDSAKey.swift:6:34: error: cannot find type 'MLDSA87' in scope
 4 | @available(iOS 26.0, macOS 26.0, watchOS 26.0, tvOS 26.0, *)
 5 | extension MLDSA87.PublicKey: MLDSAPublicKey {
 6 |     public typealias MLDSAType = MLDSA87
   |                                  `- error: cannot find type 'MLDSA87' in scope
 7 | }
 8 |
/Users/admin/builder/spi-builder-workspace/.build/checkouts/jwt-kit/Sources/JWTKit/MLDSA/MLDSA87+MLDSAKey.swift:12:34: error: cannot find type 'MLDSA87' in scope
10 | @available(iOS 26.0, macOS 26.0, watchOS 26.0, tvOS 26.0, *)
11 | extension MLDSA87.PrivateKey: MLDSAPrivateKey {
12 |     public typealias MLDSAType = MLDSA87
   |                                  `- error: cannot find type 'MLDSA87' in scope
13 | }
14 |
/Users/admin/builder/spi-builder-workspace/.build/checkouts/jwt-kit/Sources/JWTKit/MLDSA/MLDSA65+MLDSAKey.swift:5:11: error: cannot find type 'MLDSA65' in scope
 3 | @_spi(PostQuantum)
 4 | @available(iOS 26.0, macOS 26.0, watchOS 26.0, tvOS 26.0, *)
 5 | extension MLDSA65.PublicKey: MLDSAPublicKey {
   |           `- error: cannot find type 'MLDSA65' in scope
 6 |     public typealias MLDSAType = MLDSA65
 7 | }
/Users/admin/builder/spi-builder-workspace/.build/checkouts/jwt-kit/Sources/JWTKit/MLDSA/MLDSA65+MLDSAKey.swift:11:11: error: cannot find type 'MLDSA65' in scope
 9 | @_spi(PostQuantum)
10 | @available(iOS 26.0, macOS 26.0, watchOS 26.0, tvOS 26.0, *)
11 | extension MLDSA65.PrivateKey: MLDSAPrivateKey {
   |           `- error: cannot find type 'MLDSA65' in scope
12 |     public typealias MLDSAType = MLDSA65
13 | }
/Users/admin/builder/spi-builder-workspace/.build/checkouts/jwt-kit/Sources/JWTKit/MLDSA/MLDSA65+MLDSAKey.swift:17:53: error: cannot find type 'MLDSA65' in scope
15 | @_spi(PostQuantum)
16 | @available(iOS 26.0, macOS 26.0, watchOS 26.0, tvOS 26.0, *)
17 | public typealias MLDSA65PublicKey = MLDSA.PublicKey<MLDSA65>
   |                                                     `- error: cannot find type 'MLDSA65' in scope
18 |
19 | @_spi(PostQuantum)
/Users/admin/builder/spi-builder-workspace/.build/checkouts/jwt-kit/Sources/JWTKit/MLDSA/MLDSA65+MLDSAKey.swift:21:55: error: cannot find type 'MLDSA65' in scope
19 | @_spi(PostQuantum)
20 | @available(iOS 26.0, macOS 26.0, watchOS 26.0, tvOS 26.0, *)
21 | public typealias MLDSA65PrivateKey = MLDSA.PrivateKey<MLDSA65>
   |                                                       `- error: cannot find type 'MLDSA65' in scope
22 |
/Users/admin/builder/spi-builder-workspace/.build/checkouts/jwt-kit/Sources/JWTKit/MLDSA/MLDSA87+MLDSAKey.swift:5:11: error: cannot find type 'MLDSA87' in scope
 3 | @_spi(PostQuantum)
 4 | @available(iOS 26.0, macOS 26.0, watchOS 26.0, tvOS 26.0, *)
 5 | extension MLDSA87.PublicKey: MLDSAPublicKey {
   |           `- error: cannot find type 'MLDSA87' in scope
 6 |     public typealias MLDSAType = MLDSA87
 7 | }
/Users/admin/builder/spi-builder-workspace/.build/checkouts/jwt-kit/Sources/JWTKit/MLDSA/MLDSA87+MLDSAKey.swift:11:11: error: cannot find type 'MLDSA87' in scope
 9 | @_spi(PostQuantum)
10 | @available(iOS 26.0, macOS 26.0, watchOS 26.0, tvOS 26.0, *)
11 | extension MLDSA87.PrivateKey: MLDSAPrivateKey {
   |           `- error: cannot find type 'MLDSA87' in scope
12 |     public typealias MLDSAType = MLDSA87
13 | }
/Users/admin/builder/spi-builder-workspace/.build/checkouts/jwt-kit/Sources/JWTKit/MLDSA/MLDSA87+MLDSAKey.swift:17:53: error: cannot find type 'MLDSA87' in scope
15 | @_spi(PostQuantum)
16 | @available(iOS 26.0, macOS 26.0, watchOS 26.0, tvOS 26.0, *)
17 | public typealias MLDSA87PublicKey = MLDSA.PublicKey<MLDSA87>
   |                                                     `- error: cannot find type 'MLDSA87' in scope
18 |
19 | @_spi(PostQuantum)
/Users/admin/builder/spi-builder-workspace/.build/checkouts/jwt-kit/Sources/JWTKit/MLDSA/MLDSA87+MLDSAKey.swift:21:55: error: cannot find type 'MLDSA87' in scope
19 | @_spi(PostQuantum)
20 | @available(iOS 26.0, macOS 26.0, watchOS 26.0, tvOS 26.0, *)
21 | public typealias MLDSA87PrivateKey = MLDSA.PrivateKey<MLDSA87>
   |                                                       `- error: cannot find type 'MLDSA87' in scope
22 |
/Users/admin/builder/spi-builder-workspace/.build/checkouts/jwt-kit/Sources/JWTKit/MLDSA/MLDSA65+MLDSAKey.swift:6:34: error: cannot find type 'MLDSA65' in scope
 4 | @available(iOS 26.0, macOS 26.0, watchOS 26.0, tvOS 26.0, *)
 5 | extension MLDSA65.PublicKey: MLDSAPublicKey {
 6 |     public typealias MLDSAType = MLDSA65
   |                                  `- error: cannot find type 'MLDSA65' in scope
 7 | }
 8 |
/Users/admin/builder/spi-builder-workspace/.build/checkouts/jwt-kit/Sources/JWTKit/MLDSA/MLDSA65+MLDSAKey.swift:12:34: error: cannot find type 'MLDSA65' in scope
10 | @available(iOS 26.0, macOS 26.0, watchOS 26.0, tvOS 26.0, *)
11 | extension MLDSA65.PrivateKey: MLDSAPrivateKey {
12 |     public typealias MLDSAType = MLDSA65
   |                                  `- error: cannot find type 'MLDSA65' in scope
13 | }
14 |
/Users/admin/builder/spi-builder-workspace/.build/checkouts/jwt-kit/Sources/JWTKit/MLDSA/MLDSA87+MLDSAKey.swift:6:34: error: cannot find type 'MLDSA87' in scope
 4 | @available(iOS 26.0, macOS 26.0, watchOS 26.0, tvOS 26.0, *)
 5 | extension MLDSA87.PublicKey: MLDSAPublicKey {
 6 |     public typealias MLDSAType = MLDSA87
   |                                  `- error: cannot find type 'MLDSA87' in scope
 7 | }
 8 |
/Users/admin/builder/spi-builder-workspace/.build/checkouts/jwt-kit/Sources/JWTKit/MLDSA/MLDSA87+MLDSAKey.swift:12:34: error: cannot find type 'MLDSA87' in scope
10 | @available(iOS 26.0, macOS 26.0, watchOS 26.0, tvOS 26.0, *)
11 | extension MLDSA87.PrivateKey: MLDSAPrivateKey {
12 |     public typealias MLDSAType = MLDSA87
   |                                  `- error: cannot find type 'MLDSA87' in scope
13 | }
14 |
/Users/admin/builder/spi-builder-workspace/.build/checkouts/jwt-kit/Sources/JWTKit/MLDSA/MLDSA65+MLDSAKey.swift:5:11: error: cannot find type 'MLDSA65' in scope
 3 | @_spi(PostQuantum)
 4 | @available(iOS 26.0, macOS 26.0, watchOS 26.0, tvOS 26.0, *)
 5 | extension MLDSA65.PublicKey: MLDSAPublicKey {
   |           `- error: cannot find type 'MLDSA65' in scope
 6 |     public typealias MLDSAType = MLDSA65
 7 | }
/Users/admin/builder/spi-builder-workspace/.build/checkouts/jwt-kit/Sources/JWTKit/MLDSA/MLDSA65+MLDSAKey.swift:11:11: error: cannot find type 'MLDSA65' in scope
 9 | @_spi(PostQuantum)
10 | @available(iOS 26.0, macOS 26.0, watchOS 26.0, tvOS 26.0, *)
11 | extension MLDSA65.PrivateKey: MLDSAPrivateKey {
   |           `- error: cannot find type 'MLDSA65' in scope
12 |     public typealias MLDSAType = MLDSA65
13 | }
/Users/admin/builder/spi-builder-workspace/.build/checkouts/jwt-kit/Sources/JWTKit/MLDSA/MLDSA65+MLDSAKey.swift:17:53: error: cannot find type 'MLDSA65' in scope
15 | @_spi(PostQuantum)
16 | @available(iOS 26.0, macOS 26.0, watchOS 26.0, tvOS 26.0, *)
17 | public typealias MLDSA65PublicKey = MLDSA.PublicKey<MLDSA65>
   |                                                     `- error: cannot find type 'MLDSA65' in scope
18 |
19 | @_spi(PostQuantum)
/Users/admin/builder/spi-builder-workspace/.build/checkouts/jwt-kit/Sources/JWTKit/MLDSA/MLDSA65+MLDSAKey.swift:21:55: error: cannot find type 'MLDSA65' in scope
19 | @_spi(PostQuantum)
20 | @available(iOS 26.0, macOS 26.0, watchOS 26.0, tvOS 26.0, *)
21 | public typealias MLDSA65PrivateKey = MLDSA.PrivateKey<MLDSA65>
   |                                                       `- error: cannot find type 'MLDSA65' in scope
22 |
/Users/admin/builder/spi-builder-workspace/.build/checkouts/jwt-kit/Sources/JWTKit/MLDSA/MLDSA87+MLDSAKey.swift:5:11: error: cannot find type 'MLDSA87' in scope
 3 | @_spi(PostQuantum)
 4 | @available(iOS 26.0, macOS 26.0, watchOS 26.0, tvOS 26.0, *)
 5 | extension MLDSA87.PublicKey: MLDSAPublicKey {
   |           `- error: cannot find type 'MLDSA87' in scope
 6 |     public typealias MLDSAType = MLDSA87
 7 | }
/Users/admin/builder/spi-builder-workspace/.build/checkouts/jwt-kit/Sources/JWTKit/MLDSA/MLDSA87+MLDSAKey.swift:11:11: error: cannot find type 'MLDSA87' in scope
 9 | @_spi(PostQuantum)
10 | @available(iOS 26.0, macOS 26.0, watchOS 26.0, tvOS 26.0, *)
11 | extension MLDSA87.PrivateKey: MLDSAPrivateKey {
   |           `- error: cannot find type 'MLDSA87' in scope
12 |     public typealias MLDSAType = MLDSA87
13 | }
/Users/admin/builder/spi-builder-workspace/.build/checkouts/jwt-kit/Sources/JWTKit/MLDSA/MLDSA87+MLDSAKey.swift:17:53: error: cannot find type 'MLDSA87' in scope
15 | @_spi(PostQuantum)
16 | @available(iOS 26.0, macOS 26.0, watchOS 26.0, tvOS 26.0, *)
17 | public typealias MLDSA87PublicKey = MLDSA.PublicKey<MLDSA87>
   |                                                     `- error: cannot find type 'MLDSA87' in scope
18 |
19 | @_spi(PostQuantum)
/Users/admin/builder/spi-builder-workspace/.build/checkouts/jwt-kit/Sources/JWTKit/MLDSA/MLDSA87+MLDSAKey.swift:21:55: error: cannot find type 'MLDSA87' in scope
19 | @_spi(PostQuantum)
20 | @available(iOS 26.0, macOS 26.0, watchOS 26.0, tvOS 26.0, *)
21 | public typealias MLDSA87PrivateKey = MLDSA.PrivateKey<MLDSA87>
   |                                                       `- error: cannot find type 'MLDSA87' in scope
22 |
/Users/admin/builder/spi-builder-workspace/.build/checkouts/jwt-kit/Sources/JWTKit/MLDSA/MLDSA65+MLDSAKey.swift:6:34: error: cannot find type 'MLDSA65' in scope
 4 | @available(iOS 26.0, macOS 26.0, watchOS 26.0, tvOS 26.0, *)
 5 | extension MLDSA65.PublicKey: MLDSAPublicKey {
 6 |     public typealias MLDSAType = MLDSA65
   |                                  `- error: cannot find type 'MLDSA65' in scope
 7 | }
 8 |
/Users/admin/builder/spi-builder-workspace/.build/checkouts/jwt-kit/Sources/JWTKit/MLDSA/MLDSA65+MLDSAKey.swift:12:34: error: cannot find type 'MLDSA65' in scope
10 | @available(iOS 26.0, macOS 26.0, watchOS 26.0, tvOS 26.0, *)
11 | extension MLDSA65.PrivateKey: MLDSAPrivateKey {
12 |     public typealias MLDSAType = MLDSA65
   |                                  `- error: cannot find type 'MLDSA65' in scope
13 | }
14 |
/Users/admin/builder/spi-builder-workspace/.build/checkouts/jwt-kit/Sources/JWTKit/MLDSA/MLDSA87+MLDSAKey.swift:6:34: error: cannot find type 'MLDSA87' in scope
 4 | @available(iOS 26.0, macOS 26.0, watchOS 26.0, tvOS 26.0, *)
 5 | extension MLDSA87.PublicKey: MLDSAPublicKey {
 6 |     public typealias MLDSAType = MLDSA87
   |                                  `- error: cannot find type 'MLDSA87' in scope
 7 | }
 8 |
/Users/admin/builder/spi-builder-workspace/.build/checkouts/jwt-kit/Sources/JWTKit/MLDSA/MLDSA87+MLDSAKey.swift:12:34: error: cannot find type 'MLDSA87' in scope
10 | @available(iOS 26.0, macOS 26.0, watchOS 26.0, tvOS 26.0, *)
11 | extension MLDSA87.PrivateKey: MLDSAPrivateKey {
12 |     public typealias MLDSAType = MLDSA87
   |                                  `- error: cannot find type 'MLDSA87' in scope
13 | }
14 |
/Users/admin/builder/spi-builder-workspace/.build/checkouts/jwt-kit/Sources/JWTKit/MLDSA/MLDSA65+MLDSAKey.swift:5:11: error: cannot find type 'MLDSA65' in scope
 3 | @_spi(PostQuantum)
 4 | @available(iOS 26.0, macOS 26.0, watchOS 26.0, tvOS 26.0, *)
 5 | extension MLDSA65.PublicKey: MLDSAPublicKey {
   |           `- error: cannot find type 'MLDSA65' in scope
 6 |     public typealias MLDSAType = MLDSA65
 7 | }
/Users/admin/builder/spi-builder-workspace/.build/checkouts/jwt-kit/Sources/JWTKit/MLDSA/MLDSA65+MLDSAKey.swift:11:11: error: cannot find type 'MLDSA65' in scope
 9 | @_spi(PostQuantum)
10 | @available(iOS 26.0, macOS 26.0, watchOS 26.0, tvOS 26.0, *)
11 | extension MLDSA65.PrivateKey: MLDSAPrivateKey {
   |           `- error: cannot find type 'MLDSA65' in scope
12 |     public typealias MLDSAType = MLDSA65
13 | }
/Users/admin/builder/spi-builder-workspace/.build/checkouts/jwt-kit/Sources/JWTKit/MLDSA/MLDSA65+MLDSAKey.swift:17:53: error: cannot find type 'MLDSA65' in scope
15 | @_spi(PostQuantum)
16 | @available(iOS 26.0, macOS 26.0, watchOS 26.0, tvOS 26.0, *)
17 | public typealias MLDSA65PublicKey = MLDSA.PublicKey<MLDSA65>
   |                                                     `- error: cannot find type 'MLDSA65' in scope
18 |
19 | @_spi(PostQuantum)
/Users/admin/builder/spi-builder-workspace/.build/checkouts/jwt-kit/Sources/JWTKit/MLDSA/MLDSA65+MLDSAKey.swift:21:55: error: cannot find type 'MLDSA65' in scope
19 | @_spi(PostQuantum)
20 | @available(iOS 26.0, macOS 26.0, watchOS 26.0, tvOS 26.0, *)
21 | public typealias MLDSA65PrivateKey = MLDSA.PrivateKey<MLDSA65>
   |                                                       `- error: cannot find type 'MLDSA65' in scope
22 |
/Users/admin/builder/spi-builder-workspace/.build/checkouts/jwt-kit/Sources/JWTKit/MLDSA/MLDSA87+MLDSAKey.swift:5:11: error: cannot find type 'MLDSA87' in scope
 3 | @_spi(PostQuantum)
 4 | @available(iOS 26.0, macOS 26.0, watchOS 26.0, tvOS 26.0, *)
 5 | extension MLDSA87.PublicKey: MLDSAPublicKey {
   |           `- error: cannot find type 'MLDSA87' in scope
 6 |     public typealias MLDSAType = MLDSA87
 7 | }
/Users/admin/builder/spi-builder-workspace/.build/checkouts/jwt-kit/Sources/JWTKit/MLDSA/MLDSA87+MLDSAKey.swift:11:11: error: cannot find type 'MLDSA87' in scope
 9 | @_spi(PostQuantum)
10 | @available(iOS 26.0, macOS 26.0, watchOS 26.0, tvOS 26.0, *)
11 | extension MLDSA87.PrivateKey: MLDSAPrivateKey {
   |           `- error: cannot find type 'MLDSA87' in scope
12 |     public typealias MLDSAType = MLDSA87
13 | }
/Users/admin/builder/spi-builder-workspace/.build/checkouts/jwt-kit/Sources/JWTKit/MLDSA/MLDSA87+MLDSAKey.swift:17:53: error: cannot find type 'MLDSA87' in scope
15 | @_spi(PostQuantum)
16 | @available(iOS 26.0, macOS 26.0, watchOS 26.0, tvOS 26.0, *)
17 | public typealias MLDSA87PublicKey = MLDSA.PublicKey<MLDSA87>
   |                                                     `- error: cannot find type 'MLDSA87' in scope
18 |
19 | @_spi(PostQuantum)
/Users/admin/builder/spi-builder-workspace/.build/checkouts/jwt-kit/Sources/JWTKit/MLDSA/MLDSA87+MLDSAKey.swift:21:55: error: cannot find type 'MLDSA87' in scope
19 | @_spi(PostQuantum)
20 | @available(iOS 26.0, macOS 26.0, watchOS 26.0, tvOS 26.0, *)
21 | public typealias MLDSA87PrivateKey = MLDSA.PrivateKey<MLDSA87>
   |                                                       `- error: cannot find type 'MLDSA87' in scope
22 |
/Users/admin/builder/spi-builder-workspace/.build/checkouts/jwt-kit/Sources/JWTKit/MLDSA/MLDSA65+MLDSAKey.swift:6:34: error: cannot find type 'MLDSA65' in scope
 4 | @available(iOS 26.0, macOS 26.0, watchOS 26.0, tvOS 26.0, *)
 5 | extension MLDSA65.PublicKey: MLDSAPublicKey {
 6 |     public typealias MLDSAType = MLDSA65
   |                                  `- error: cannot find type 'MLDSA65' in scope
 7 | }
 8 |
/Users/admin/builder/spi-builder-workspace/.build/checkouts/jwt-kit/Sources/JWTKit/MLDSA/MLDSA65+MLDSAKey.swift:12:34: error: cannot find type 'MLDSA65' in scope
10 | @available(iOS 26.0, macOS 26.0, watchOS 26.0, tvOS 26.0, *)
11 | extension MLDSA65.PrivateKey: MLDSAPrivateKey {
12 |     public typealias MLDSAType = MLDSA65
   |                                  `- error: cannot find type 'MLDSA65' in scope
13 | }
14 |
/Users/admin/builder/spi-builder-workspace/.build/checkouts/jwt-kit/Sources/JWTKit/MLDSA/MLDSA87+MLDSAKey.swift:6:34: error: cannot find type 'MLDSA87' in scope
 4 | @available(iOS 26.0, macOS 26.0, watchOS 26.0, tvOS 26.0, *)
 5 | extension MLDSA87.PublicKey: MLDSAPublicKey {
 6 |     public typealias MLDSAType = MLDSA87
   |                                  `- error: cannot find type 'MLDSA87' in scope
 7 | }
 8 |
/Users/admin/builder/spi-builder-workspace/.build/checkouts/jwt-kit/Sources/JWTKit/MLDSA/MLDSA87+MLDSAKey.swift:12:34: error: cannot find type 'MLDSA87' in scope
10 | @available(iOS 26.0, macOS 26.0, watchOS 26.0, tvOS 26.0, *)
11 | extension MLDSA87.PrivateKey: MLDSAPrivateKey {
12 |     public typealias MLDSAType = MLDSA87
   |                                  `- error: cannot find type 'MLDSA87' in scope
13 | }
14 |
/Users/admin/builder/spi-builder-workspace/.build/checkouts/jwt-kit/Sources/JWTKit/MLDSA/MLDSA65+MLDSAKey.swift:5:11: error: cannot find type 'MLDSA65' in scope
 3 | @_spi(PostQuantum)
 4 | @available(iOS 26.0, macOS 26.0, watchOS 26.0, tvOS 26.0, *)
 5 | extension MLDSA65.PublicKey: MLDSAPublicKey {
   |           `- error: cannot find type 'MLDSA65' in scope
 6 |     public typealias MLDSAType = MLDSA65
 7 | }
/Users/admin/builder/spi-builder-workspace/.build/checkouts/jwt-kit/Sources/JWTKit/MLDSA/MLDSA65+MLDSAKey.swift:11:11: error: cannot find type 'MLDSA65' in scope
 9 | @_spi(PostQuantum)
10 | @available(iOS 26.0, macOS 26.0, watchOS 26.0, tvOS 26.0, *)
11 | extension MLDSA65.PrivateKey: MLDSAPrivateKey {
   |           `- error: cannot find type 'MLDSA65' in scope
12 |     public typealias MLDSAType = MLDSA65
13 | }
/Users/admin/builder/spi-builder-workspace/.build/checkouts/jwt-kit/Sources/JWTKit/MLDSA/MLDSA65+MLDSAKey.swift:17:53: error: cannot find type 'MLDSA65' in scope
15 | @_spi(PostQuantum)
16 | @available(iOS 26.0, macOS 26.0, watchOS 26.0, tvOS 26.0, *)
17 | public typealias MLDSA65PublicKey = MLDSA.PublicKey<MLDSA65>
   |                                                     `- error: cannot find type 'MLDSA65' in scope
18 |
19 | @_spi(PostQuantum)
/Users/admin/builder/spi-builder-workspace/.build/checkouts/jwt-kit/Sources/JWTKit/MLDSA/MLDSA65+MLDSAKey.swift:21:55: error: cannot find type 'MLDSA65' in scope
19 | @_spi(PostQuantum)
20 | @available(iOS 26.0, macOS 26.0, watchOS 26.0, tvOS 26.0, *)
21 | public typealias MLDSA65PrivateKey = MLDSA.PrivateKey<MLDSA65>
   |                                                       `- error: cannot find type 'MLDSA65' in scope
22 |
/Users/admin/builder/spi-builder-workspace/.build/checkouts/jwt-kit/Sources/JWTKit/MLDSA/MLDSA87+MLDSAKey.swift:5:11: error: cannot find type 'MLDSA87' in scope
 3 | @_spi(PostQuantum)
 4 | @available(iOS 26.0, macOS 26.0, watchOS 26.0, tvOS 26.0, *)
 5 | extension MLDSA87.PublicKey: MLDSAPublicKey {
   |           `- error: cannot find type 'MLDSA87' in scope
 6 |     public typealias MLDSAType = MLDSA87
 7 | }
/Users/admin/builder/spi-builder-workspace/.build/checkouts/jwt-kit/Sources/JWTKit/MLDSA/MLDSA87+MLDSAKey.swift:11:11: error: cannot find type 'MLDSA87' in scope
 9 | @_spi(PostQuantum)
10 | @available(iOS 26.0, macOS 26.0, watchOS 26.0, tvOS 26.0, *)
11 | extension MLDSA87.PrivateKey: MLDSAPrivateKey {
   |           `- error: cannot find type 'MLDSA87' in scope
12 |     public typealias MLDSAType = MLDSA87
13 | }
/Users/admin/builder/spi-builder-workspace/.build/checkouts/jwt-kit/Sources/JWTKit/MLDSA/MLDSA87+MLDSAKey.swift:17:53: error: cannot find type 'MLDSA87' in scope
15 | @_spi(PostQuantum)
16 | @available(iOS 26.0, macOS 26.0, watchOS 26.0, tvOS 26.0, *)
17 | public typealias MLDSA87PublicKey = MLDSA.PublicKey<MLDSA87>
   |                                                     `- error: cannot find type 'MLDSA87' in scope
18 |
19 | @_spi(PostQuantum)
/Users/admin/builder/spi-builder-workspace/.build/checkouts/jwt-kit/Sources/JWTKit/MLDSA/MLDSA87+MLDSAKey.swift:21:55: error: cannot find type 'MLDSA87' in scope
19 | @_spi(PostQuantum)
20 | @available(iOS 26.0, macOS 26.0, watchOS 26.0, tvOS 26.0, *)
21 | public typealias MLDSA87PrivateKey = MLDSA.PrivateKey<MLDSA87>
   |                                                       `- error: cannot find type 'MLDSA87' in scope
22 |
/Users/admin/builder/spi-builder-workspace/.build/checkouts/jwt-kit/Sources/JWTKit/MLDSA/MLDSA65+MLDSAKey.swift:6:34: error: cannot find type 'MLDSA65' in scope
 4 | @available(iOS 26.0, macOS 26.0, watchOS 26.0, tvOS 26.0, *)
 5 | extension MLDSA65.PublicKey: MLDSAPublicKey {
 6 |     public typealias MLDSAType = MLDSA65
   |                                  `- error: cannot find type 'MLDSA65' in scope
 7 | }
 8 |
/Users/admin/builder/spi-builder-workspace/.build/checkouts/jwt-kit/Sources/JWTKit/MLDSA/MLDSA65+MLDSAKey.swift:12:34: error: cannot find type 'MLDSA65' in scope
10 | @available(iOS 26.0, macOS 26.0, watchOS 26.0, tvOS 26.0, *)
11 | extension MLDSA65.PrivateKey: MLDSAPrivateKey {
12 |     public typealias MLDSAType = MLDSA65
   |                                  `- error: cannot find type 'MLDSA65' in scope
13 | }
14 |
/Users/admin/builder/spi-builder-workspace/.build/checkouts/jwt-kit/Sources/JWTKit/MLDSA/MLDSA87+MLDSAKey.swift:6:34: error: cannot find type 'MLDSA87' in scope
 4 | @available(iOS 26.0, macOS 26.0, watchOS 26.0, tvOS 26.0, *)
 5 | extension MLDSA87.PublicKey: MLDSAPublicKey {
 6 |     public typealias MLDSAType = MLDSA87
   |                                  `- error: cannot find type 'MLDSA87' in scope
 7 | }
 8 |
/Users/admin/builder/spi-builder-workspace/.build/checkouts/jwt-kit/Sources/JWTKit/MLDSA/MLDSA87+MLDSAKey.swift:12:34: error: cannot find type 'MLDSA87' in scope
10 | @available(iOS 26.0, macOS 26.0, watchOS 26.0, tvOS 26.0, *)
11 | extension MLDSA87.PrivateKey: MLDSAPrivateKey {
12 |     public typealias MLDSAType = MLDSA87
   |                                  `- error: cannot find type 'MLDSA87' in scope
13 | }
14 |
/Users/admin/builder/spi-builder-workspace/.build/checkouts/jwt-kit/Sources/JWTKit/MLDSA/MLDSA65+MLDSAKey.swift:5:11: error: cannot find type 'MLDSA65' in scope
 3 | @_spi(PostQuantum)
 4 | @available(iOS 26.0, macOS 26.0, watchOS 26.0, tvOS 26.0, *)
 5 | extension MLDSA65.PublicKey: MLDSAPublicKey {
   |           `- error: cannot find type 'MLDSA65' in scope
 6 |     public typealias MLDSAType = MLDSA65
 7 | }
/Users/admin/builder/spi-builder-workspace/.build/checkouts/jwt-kit/Sources/JWTKit/MLDSA/MLDSA65+MLDSAKey.swift:11:11: error: cannot find type 'MLDSA65' in scope
 9 | @_spi(PostQuantum)
10 | @available(iOS 26.0, macOS 26.0, watchOS 26.0, tvOS 26.0, *)
11 | extension MLDSA65.PrivateKey: MLDSAPrivateKey {
   |           `- error: cannot find type 'MLDSA65' in scope
12 |     public typealias MLDSAType = MLDSA65
13 | }
/Users/admin/builder/spi-builder-workspace/.build/checkouts/jwt-kit/Sources/JWTKit/MLDSA/MLDSA65+MLDSAKey.swift:17:53: error: cannot find type 'MLDSA65' in scope
15 | @_spi(PostQuantum)
16 | @available(iOS 26.0, macOS 26.0, watchOS 26.0, tvOS 26.0, *)
17 | public typealias MLDSA65PublicKey = MLDSA.PublicKey<MLDSA65>
   |                                                     `- error: cannot find type 'MLDSA65' in scope
18 |
19 | @_spi(PostQuantum)
/Users/admin/builder/spi-builder-workspace/.build/checkouts/jwt-kit/Sources/JWTKit/MLDSA/MLDSA65+MLDSAKey.swift:21:55: error: cannot find type 'MLDSA65' in scope
19 | @_spi(PostQuantum)
20 | @available(iOS 26.0, macOS 26.0, watchOS 26.0, tvOS 26.0, *)
21 | public typealias MLDSA65PrivateKey = MLDSA.PrivateKey<MLDSA65>
   |                                                       `- error: cannot find type 'MLDSA65' in scope
22 |
/Users/admin/builder/spi-builder-workspace/.build/checkouts/jwt-kit/Sources/JWTKit/MLDSA/MLDSA87+MLDSAKey.swift:5:11: error: cannot find type 'MLDSA87' in scope
 3 | @_spi(PostQuantum)
 4 | @available(iOS 26.0, macOS 26.0, watchOS 26.0, tvOS 26.0, *)
 5 | extension MLDSA87.PublicKey: MLDSAPublicKey {
   |           `- error: cannot find type 'MLDSA87' in scope
 6 |     public typealias MLDSAType = MLDSA87
 7 | }
/Users/admin/builder/spi-builder-workspace/.build/checkouts/jwt-kit/Sources/JWTKit/MLDSA/MLDSA87+MLDSAKey.swift:11:11: error: cannot find type 'MLDSA87' in scope
 9 | @_spi(PostQuantum)
10 | @available(iOS 26.0, macOS 26.0, watchOS 26.0, tvOS 26.0, *)
11 | extension MLDSA87.PrivateKey: MLDSAPrivateKey {
   |           `- error: cannot find type 'MLDSA87' in scope
12 |     public typealias MLDSAType = MLDSA87
13 | }
/Users/admin/builder/spi-builder-workspace/.build/checkouts/jwt-kit/Sources/JWTKit/MLDSA/MLDSA87+MLDSAKey.swift:17:53: error: cannot find type 'MLDSA87' in scope
15 | @_spi(PostQuantum)
16 | @available(iOS 26.0, macOS 26.0, watchOS 26.0, tvOS 26.0, *)
17 | public typealias MLDSA87PublicKey = MLDSA.PublicKey<MLDSA87>
   |                                                     `- error: cannot find type 'MLDSA87' in scope
18 |
19 | @_spi(PostQuantum)
/Users/admin/builder/spi-builder-workspace/.build/checkouts/jwt-kit/Sources/JWTKit/MLDSA/MLDSA87+MLDSAKey.swift:21:55: error: cannot find type 'MLDSA87' in scope
19 | @_spi(PostQuantum)
20 | @available(iOS 26.0, macOS 26.0, watchOS 26.0, tvOS 26.0, *)
21 | public typealias MLDSA87PrivateKey = MLDSA.PrivateKey<MLDSA87>
   |                                                       `- error: cannot find type 'MLDSA87' in scope
22 |
/Users/admin/builder/spi-builder-workspace/.build/checkouts/jwt-kit/Sources/JWTKit/MLDSA/MLDSA65+MLDSAKey.swift:6:34: error: cannot find type 'MLDSA65' in scope
 4 | @available(iOS 26.0, macOS 26.0, watchOS 26.0, tvOS 26.0, *)
 5 | extension MLDSA65.PublicKey: MLDSAPublicKey {
 6 |     public typealias MLDSAType = MLDSA65
   |                                  `- error: cannot find type 'MLDSA65' in scope
 7 | }
 8 |
/Users/admin/builder/spi-builder-workspace/.build/checkouts/jwt-kit/Sources/JWTKit/MLDSA/MLDSA65+MLDSAKey.swift:12:34: error: cannot find type 'MLDSA65' in scope
10 | @available(iOS 26.0, macOS 26.0, watchOS 26.0, tvOS 26.0, *)
11 | extension MLDSA65.PrivateKey: MLDSAPrivateKey {
12 |     public typealias MLDSAType = MLDSA65
   |                                  `- error: cannot find type 'MLDSA65' in scope
13 | }
14 |
/Users/admin/builder/spi-builder-workspace/.build/checkouts/jwt-kit/Sources/JWTKit/MLDSA/MLDSA87+MLDSAKey.swift:6:34: error: cannot find type 'MLDSA87' in scope
 4 | @available(iOS 26.0, macOS 26.0, watchOS 26.0, tvOS 26.0, *)
 5 | extension MLDSA87.PublicKey: MLDSAPublicKey {
 6 |     public typealias MLDSAType = MLDSA87
   |                                  `- error: cannot find type 'MLDSA87' in scope
 7 | }
 8 |
/Users/admin/builder/spi-builder-workspace/.build/checkouts/jwt-kit/Sources/JWTKit/MLDSA/MLDSA87+MLDSAKey.swift:12:34: error: cannot find type 'MLDSA87' in scope
10 | @available(iOS 26.0, macOS 26.0, watchOS 26.0, tvOS 26.0, *)
11 | extension MLDSA87.PrivateKey: MLDSAPrivateKey {
12 |     public typealias MLDSAType = MLDSA87
   |                                  `- error: cannot find type 'MLDSA87' in scope
13 | }
14 |
/Users/admin/builder/spi-builder-workspace/.build/checkouts/jwt-kit/Sources/JWTKit/MLDSA/MLDSA65+MLDSAKey.swift:5:11: error: cannot find type 'MLDSA65' in scope
 3 | @_spi(PostQuantum)
 4 | @available(iOS 26.0, macOS 26.0, watchOS 26.0, tvOS 26.0, *)
 5 | extension MLDSA65.PublicKey: MLDSAPublicKey {
   |           `- error: cannot find type 'MLDSA65' in scope
 6 |     public typealias MLDSAType = MLDSA65
 7 | }
/Users/admin/builder/spi-builder-workspace/.build/checkouts/jwt-kit/Sources/JWTKit/MLDSA/MLDSA65+MLDSAKey.swift:11:11: error: cannot find type 'MLDSA65' in scope
 9 | @_spi(PostQuantum)
10 | @available(iOS 26.0, macOS 26.0, watchOS 26.0, tvOS 26.0, *)
11 | extension MLDSA65.PrivateKey: MLDSAPrivateKey {
   |           `- error: cannot find type 'MLDSA65' in scope
12 |     public typealias MLDSAType = MLDSA65
13 | }
/Users/admin/builder/spi-builder-workspace/.build/checkouts/jwt-kit/Sources/JWTKit/MLDSA/MLDSA65+MLDSAKey.swift:17:53: error: cannot find type 'MLDSA65' in scope
15 | @_spi(PostQuantum)
16 | @available(iOS 26.0, macOS 26.0, watchOS 26.0, tvOS 26.0, *)
17 | public typealias MLDSA65PublicKey = MLDSA.PublicKey<MLDSA65>
   |                                                     `- error: cannot find type 'MLDSA65' in scope
18 |
19 | @_spi(PostQuantum)
/Users/admin/builder/spi-builder-workspace/.build/checkouts/jwt-kit/Sources/JWTKit/MLDSA/MLDSA65+MLDSAKey.swift:21:55: error: cannot find type 'MLDSA65' in scope
19 | @_spi(PostQuantum)
20 | @available(iOS 26.0, macOS 26.0, watchOS 26.0, tvOS 26.0, *)
21 | public typealias MLDSA65PrivateKey = MLDSA.PrivateKey<MLDSA65>
   |                                                       `- error: cannot find type 'MLDSA65' in scope
22 |
/Users/admin/builder/spi-builder-workspace/.build/checkouts/jwt-kit/Sources/JWTKit/MLDSA/MLDSA87+MLDSAKey.swift:5:11: error: cannot find type 'MLDSA87' in scope
 3 | @_spi(PostQuantum)
 4 | @available(iOS 26.0, macOS 26.0, watchOS 26.0, tvOS 26.0, *)
 5 | extension MLDSA87.PublicKey: MLDSAPublicKey {
   |           `- error: cannot find type 'MLDSA87' in scope
 6 |     public typealias MLDSAType = MLDSA87
 7 | }
/Users/admin/builder/spi-builder-workspace/.build/checkouts/jwt-kit/Sources/JWTKit/MLDSA/MLDSA87+MLDSAKey.swift:11:11: error: cannot find type 'MLDSA87' in scope
 9 | @_spi(PostQuantum)
10 | @available(iOS 26.0, macOS 26.0, watchOS 26.0, tvOS 26.0, *)
11 | extension MLDSA87.PrivateKey: MLDSAPrivateKey {
   |           `- error: cannot find type 'MLDSA87' in scope
12 |     public typealias MLDSAType = MLDSA87
13 | }
/Users/admin/builder/spi-builder-workspace/.build/checkouts/jwt-kit/Sources/JWTKit/MLDSA/MLDSA87+MLDSAKey.swift:17:53: error: cannot find type 'MLDSA87' in scope
15 | @_spi(PostQuantum)
16 | @available(iOS 26.0, macOS 26.0, watchOS 26.0, tvOS 26.0, *)
17 | public typealias MLDSA87PublicKey = MLDSA.PublicKey<MLDSA87>
   |                                                     `- error: cannot find type 'MLDSA87' in scope
18 |
19 | @_spi(PostQuantum)
/Users/admin/builder/spi-builder-workspace/.build/checkouts/jwt-kit/Sources/JWTKit/MLDSA/MLDSA87+MLDSAKey.swift:21:55: error: cannot find type 'MLDSA87' in scope
19 | @_spi(PostQuantum)
20 | @available(iOS 26.0, macOS 26.0, watchOS 26.0, tvOS 26.0, *)
21 | public typealias MLDSA87PrivateKey = MLDSA.PrivateKey<MLDSA87>
   |                                                       `- error: cannot find type 'MLDSA87' in scope
22 |
/Users/admin/builder/spi-builder-workspace/.build/checkouts/jwt-kit/Sources/JWTKit/MLDSA/MLDSA65+MLDSAKey.swift:6:34: error: cannot find type 'MLDSA65' in scope
 4 | @available(iOS 26.0, macOS 26.0, watchOS 26.0, tvOS 26.0, *)
 5 | extension MLDSA65.PublicKey: MLDSAPublicKey {
 6 |     public typealias MLDSAType = MLDSA65
   |                                  `- error: cannot find type 'MLDSA65' in scope
 7 | }
 8 |
/Users/admin/builder/spi-builder-workspace/.build/checkouts/jwt-kit/Sources/JWTKit/MLDSA/MLDSA65+MLDSAKey.swift:12:34: error: cannot find type 'MLDSA65' in scope
10 | @available(iOS 26.0, macOS 26.0, watchOS 26.0, tvOS 26.0, *)
11 | extension MLDSA65.PrivateKey: MLDSAPrivateKey {
12 |     public typealias MLDSAType = MLDSA65
   |                                  `- error: cannot find type 'MLDSA65' in scope
13 | }
14 |
/Users/admin/builder/spi-builder-workspace/.build/checkouts/jwt-kit/Sources/JWTKit/MLDSA/MLDSA87+MLDSAKey.swift:6:34: error: cannot find type 'MLDSA87' in scope
 4 | @available(iOS 26.0, macOS 26.0, watchOS 26.0, tvOS 26.0, *)
 5 | extension MLDSA87.PublicKey: MLDSAPublicKey {
 6 |     public typealias MLDSAType = MLDSA87
   |                                  `- error: cannot find type 'MLDSA87' in scope
 7 | }
 8 |
/Users/admin/builder/spi-builder-workspace/.build/checkouts/jwt-kit/Sources/JWTKit/MLDSA/MLDSA87+MLDSAKey.swift:12:34: error: cannot find type 'MLDSA87' in scope
10 | @available(iOS 26.0, macOS 26.0, watchOS 26.0, tvOS 26.0, *)
11 | extension MLDSA87.PrivateKey: MLDSAPrivateKey {
12 |     public typealias MLDSAType = MLDSA87
   |                                  `- error: cannot find type 'MLDSA87' in scope
13 | }
14 |
error: emit-module command failed with exit code 1 (use -v to see invocation)
[1612/1703] Emitting module JWTKit
/Users/admin/builder/spi-builder-workspace/.build/checkouts/jwt-kit/Sources/JWTKit/MLDSA/MLDSA65+MLDSAKey.swift:5:11: error: cannot find type 'MLDSA65' in scope
 3 | @_spi(PostQuantum)
 4 | @available(iOS 26.0, macOS 26.0, watchOS 26.0, tvOS 26.0, *)
 5 | extension MLDSA65.PublicKey: MLDSAPublicKey {
   |           `- error: cannot find type 'MLDSA65' in scope
 6 |     public typealias MLDSAType = MLDSA65
 7 | }
/Users/admin/builder/spi-builder-workspace/.build/checkouts/jwt-kit/Sources/JWTKit/MLDSA/MLDSA65+MLDSAKey.swift:11:11: error: cannot find type 'MLDSA65' in scope
 9 | @_spi(PostQuantum)
10 | @available(iOS 26.0, macOS 26.0, watchOS 26.0, tvOS 26.0, *)
11 | extension MLDSA65.PrivateKey: MLDSAPrivateKey {
   |           `- error: cannot find type 'MLDSA65' in scope
12 |     public typealias MLDSAType = MLDSA65
13 | }
/Users/admin/builder/spi-builder-workspace/.build/checkouts/jwt-kit/Sources/JWTKit/MLDSA/MLDSA65+MLDSAKey.swift:17:53: error: cannot find type 'MLDSA65' in scope
15 | @_spi(PostQuantum)
16 | @available(iOS 26.0, macOS 26.0, watchOS 26.0, tvOS 26.0, *)
17 | public typealias MLDSA65PublicKey = MLDSA.PublicKey<MLDSA65>
   |                                                     `- error: cannot find type 'MLDSA65' in scope
18 |
19 | @_spi(PostQuantum)
/Users/admin/builder/spi-builder-workspace/.build/checkouts/jwt-kit/Sources/JWTKit/MLDSA/MLDSA65+MLDSAKey.swift:21:55: error: cannot find type 'MLDSA65' in scope
19 | @_spi(PostQuantum)
20 | @available(iOS 26.0, macOS 26.0, watchOS 26.0, tvOS 26.0, *)
21 | public typealias MLDSA65PrivateKey = MLDSA.PrivateKey<MLDSA65>
   |                                                       `- error: cannot find type 'MLDSA65' in scope
22 |
/Users/admin/builder/spi-builder-workspace/.build/checkouts/jwt-kit/Sources/JWTKit/MLDSA/MLDSA87+MLDSAKey.swift:5:11: error: cannot find type 'MLDSA87' in scope
 3 | @_spi(PostQuantum)
 4 | @available(iOS 26.0, macOS 26.0, watchOS 26.0, tvOS 26.0, *)
 5 | extension MLDSA87.PublicKey: MLDSAPublicKey {
   |           `- error: cannot find type 'MLDSA87' in scope
 6 |     public typealias MLDSAType = MLDSA87
 7 | }
/Users/admin/builder/spi-builder-workspace/.build/checkouts/jwt-kit/Sources/JWTKit/MLDSA/MLDSA87+MLDSAKey.swift:11:11: error: cannot find type 'MLDSA87' in scope
 9 | @_spi(PostQuantum)
10 | @available(iOS 26.0, macOS 26.0, watchOS 26.0, tvOS 26.0, *)
11 | extension MLDSA87.PrivateKey: MLDSAPrivateKey {
   |           `- error: cannot find type 'MLDSA87' in scope
12 |     public typealias MLDSAType = MLDSA87
13 | }
/Users/admin/builder/spi-builder-workspace/.build/checkouts/jwt-kit/Sources/JWTKit/MLDSA/MLDSA87+MLDSAKey.swift:17:53: error: cannot find type 'MLDSA87' in scope
15 | @_spi(PostQuantum)
16 | @available(iOS 26.0, macOS 26.0, watchOS 26.0, tvOS 26.0, *)
17 | public typealias MLDSA87PublicKey = MLDSA.PublicKey<MLDSA87>
   |                                                     `- error: cannot find type 'MLDSA87' in scope
18 |
19 | @_spi(PostQuantum)
/Users/admin/builder/spi-builder-workspace/.build/checkouts/jwt-kit/Sources/JWTKit/MLDSA/MLDSA87+MLDSAKey.swift:21:55: error: cannot find type 'MLDSA87' in scope
19 | @_spi(PostQuantum)
20 | @available(iOS 26.0, macOS 26.0, watchOS 26.0, tvOS 26.0, *)
21 | public typealias MLDSA87PrivateKey = MLDSA.PrivateKey<MLDSA87>
   |                                                       `- error: cannot find type 'MLDSA87' in scope
22 |
/Users/admin/builder/spi-builder-workspace/.build/checkouts/jwt-kit/Sources/JWTKit/MLDSA/MLDSAType.swift:13:11: error: cannot find type 'MLDSA65' in scope
11 | @_spi(PostQuantum)
12 | @available(iOS 26.0, macOS 26.0, watchOS 26.0, tvOS 26.0, *)
13 | extension MLDSA65: MLDSAType {
   |           `- error: cannot find type 'MLDSA65' in scope
14 |     public static var name: String { "ML-DSA-65" }
15 | }
/Users/admin/builder/spi-builder-workspace/.build/checkouts/jwt-kit/Sources/JWTKit/MLDSA/MLDSAType.swift:19:11: error: cannot find type 'MLDSA87' in scope
17 | @_spi(PostQuantum)
18 | @available(iOS 26.0, macOS 26.0, watchOS 26.0, tvOS 26.0, *)
19 | extension MLDSA87: MLDSAType {
   |           `- error: cannot find type 'MLDSA87' in scope
20 |     public static var name: String { "ML-DSA-87" }
21 | }
[1613/1703] Compiling JWTKit JWTMultiValueClaim.swift
[1614/1703] Compiling JWTKit JWTUnixEpochClaim.swift
[1615/1703] Compiling JWTKit LocaleClaim.swift
[1616/1703] Compiling JWTKit NotBeforeClaim.swift
[1617/1703] Compiling JWTKit SubjectClaim.swift
[1618/1703] Compiling JWTKit TenantIDClaim.swift
[1619/1703] Compiling JWTKit ECDSA.swift
[1620/1703] Compiling JWTKit ECDSACurve.swift
[1621/1703] Emitting module NIOSSL
[1622/1770] Compiling NIOHTTP2 HasLocalSettings.swift
[1623/1770] Compiling NIOHTTP2 HasRemoteSettings.swift
[1624/1770] Compiling NIOHTTP2 HTTP2Stream.swift
[1625/1770] Compiling NIOHTTP2 Error+Any.swift
[1626/1770] Compiling NIOHTTP2 ConcurrentStreamBuffer.swift
[1627/1770] Compiling NIOHTTP2 ControlFrameBuffer.swift
[1628/1770] Compiling NIOHTTP2 OutboundFlowControlBuffer.swift
[1629/1770] Compiling NIOHTTP2 OutboundFrameBuffer.swift
[1630/1770] Compiling NIOHTTP2 GlitchesMonitor.swift
[1631/1770] Compiling NIOHTTP2 HPACKHeaders+Validation.swift
[1632/1770] Compiling NIOHTTP2 HTTP2UserEvents.swift
[1633/1770] Compiling NIOHTTP2 InboundEventBuffer.swift
[1634/1770] Compiling NIOHTTP2 InboundWindowManager.swift
[1635/1770] Compiling NIOHTTP2 HTTP2StreamChannel+OutboundStreamMultiplexer.swift
[1636/1770] Compiling NIOHTTP2 HTTP2StreamChannel.swift
[1637/1770] Compiling NIOHTTP2 HTTP2StreamDelegate.swift
[1638/1770] Compiling NIOHTTP2 HTTP2StreamID.swift
[1639/1770] Compiling NIOHTTP2 HTTP2StreamMultiplexer.swift
[1640/1770] Compiling NIOHTTP2 HTTP2ToHTTP1Codec.swift
[1641/1770] Compiling NIOHTTP2 HTTP2FrameEncoder.swift
[1642/1770] Compiling NIOHTTP2 HTTP2FrameParser.swift
[1643/1770] Compiling NIOHTTP2 HTTP2PingData.swift
[1644/1770] Compiling NIOHTTP2 HTTP2PipelineHelpers.swift
[1645/1770] Compiling NIOHTTP2 HTTP2Settings.swift
[1646/1770] Compiling NIOHTTP2 ReceivingRstStreamState.swift
[1647/1770] Compiling NIOHTTP2 ReceivingWindowUpdateState.swift
[1648/1770] Compiling NIOHTTP2 MaySendFrames.swift
[1651/1770] Compiling NIOHTTP2 MultiplexerAbstractChannel.swift
[1652/1770] Compiling NIOHTTP2 NIOHTTP2FrameDelegate.swift
[1653/1770] Compiling NIOHTTP2 NIOHTTP2ServerConnectionManagementHandler+StateMachine.swift
[1654/1770] Compiling NIOHTTP2 NIOHTTP2ServerConnectionManagementHandler.swift
[1655/1770] Compiling NIOHTTP2 LocallyQuiescingState.swift
[1656/1770] Compiling NIOHTTP2 QuiescingState.swift
[1664/1770] Compiling NIOHTTP2 SendingDataState.swift
[1665/1770] Compiling NIOHTTP2 SendingGoawayState.swift
[1666/1770] Compiling NIOHTTP2 SendingHeadersState.swift
[1667/1770] Compiling NIOHTTP2 SendingPushPromiseState.swift
[1668/1770] Compiling NIOHTTP2 HTTP2ChannelHandler+InboundStreamMultiplexer.swift
[1669/1770] Compiling NIOHTTP2 HTTP2ChannelHandler+InlineStreamMultiplexer.swift
[1670/1770] Compiling NIOHTTP2 HTTP2ChannelHandler.swift
[1671/1770] Compiling NIOHTTP2 RemotelyQuiescingState.swift
/Users/admin/builder/spi-builder-workspace/.build/checkouts/jwt-kit/Sources/JWTKit/MLDSA/MLDSAType.swift:13:11: error: cannot find type 'MLDSA65' in scope
11 | @_spi(PostQuantum)
12 | @available(iOS 26.0, macOS 26.0, watchOS 26.0, tvOS 26.0, *)
13 | extension MLDSA65: MLDSAType {
   |           `- error: cannot find type 'MLDSA65' in scope
14 |     public static var name: String { "ML-DSA-65" }
15 | }
/Users/admin/builder/spi-builder-workspace/.build/checkouts/jwt-kit/Sources/JWTKit/MLDSA/MLDSAType.swift:19:11: error: cannot find type 'MLDSA87' in scope
17 | @_spi(PostQuantum)
18 | @available(iOS 26.0, macOS 26.0, watchOS 26.0, tvOS 26.0, *)
19 | extension MLDSA87: MLDSAType {
   |           `- error: cannot find type 'MLDSA87' in scope
20 |     public static var name: String { "ML-DSA-87" }
21 | }
[1672/1770] Compiling NIOHTTP2 SendAndReceiveGoawayState.swift
/Users/admin/builder/spi-builder-workspace/.build/checkouts/jwt-kit/Sources/JWTKit/MLDSA/MLDSAType.swift:13:11: error: cannot find type 'MLDSA65' in scope
11 | @_spi(PostQuantum)
12 | @available(iOS 26.0, macOS 26.0, watchOS 26.0, tvOS 26.0, *)
13 | extension MLDSA65: MLDSAType {
   |           `- error: cannot find type 'MLDSA65' in scope
14 |     public static var name: String { "ML-DSA-65" }
15 | }
/Users/admin/builder/spi-builder-workspace/.build/checkouts/jwt-kit/Sources/JWTKit/MLDSA/MLDSAType.swift:19:11: error: cannot find type 'MLDSA87' in scope
17 | @_spi(PostQuantum)
18 | @available(iOS 26.0, macOS 26.0, watchOS 26.0, tvOS 26.0, *)
19 | extension MLDSA87: MLDSAType {
   |           `- error: cannot find type 'MLDSA87' in scope
20 |     public static var name: String { "ML-DSA-87" }
21 | }
[1673/1770] Compiling NIOHTTP2 StateMachineResult.swift
/Users/admin/builder/spi-builder-workspace/.build/checkouts/jwt-kit/Sources/JWTKit/MLDSA/MLDSAType.swift:13:11: error: cannot find type 'MLDSA65' in scope
11 | @_spi(PostQuantum)
12 | @available(iOS 26.0, macOS 26.0, watchOS 26.0, tvOS 26.0, *)
13 | extension MLDSA65: MLDSAType {
   |           `- error: cannot find type 'MLDSA65' in scope
14 |     public static var name: String { "ML-DSA-65" }
15 | }
/Users/admin/builder/spi-builder-workspace/.build/checkouts/jwt-kit/Sources/JWTKit/MLDSA/MLDSAType.swift:19:11: error: cannot find type 'MLDSA87' in scope
17 | @_spi(PostQuantum)
18 | @available(iOS 26.0, macOS 26.0, watchOS 26.0, tvOS 26.0, *)
19 | extension MLDSA87: MLDSAType {
   |           `- error: cannot find type 'MLDSA87' in scope
20 |     public static var name: String { "ML-DSA-87" }
21 | }
[1674/1770] Compiling NIOHTTP2 ContentLengthVerifier.swift
/Users/admin/builder/spi-builder-workspace/.build/checkouts/jwt-kit/Sources/JWTKit/MLDSA/MLDSAType.swift:13:11: error: cannot find type 'MLDSA65' in scope
11 | @_spi(PostQuantum)
12 | @available(iOS 26.0, macOS 26.0, watchOS 26.0, tvOS 26.0, *)
13 | extension MLDSA65: MLDSAType {
   |           `- error: cannot find type 'MLDSA65' in scope
14 |     public static var name: String { "ML-DSA-65" }
15 | }
/Users/admin/builder/spi-builder-workspace/.build/checkouts/jwt-kit/Sources/JWTKit/MLDSA/MLDSAType.swift:19:11: error: cannot find type 'MLDSA87' in scope
17 | @_spi(PostQuantum)
18 | @available(iOS 26.0, macOS 26.0, watchOS 26.0, tvOS 26.0, *)
19 | extension MLDSA87: MLDSAType {
   |           `- error: cannot find type 'MLDSA87' in scope
20 |     public static var name: String { "ML-DSA-87" }
21 | }
[1675/1770] Compiling NIOHTTP2 DOSHeuristics.swift
/Users/admin/builder/spi-builder-workspace/.build/checkouts/jwt-kit/Sources/JWTKit/MLDSA/MLDSAType.swift:13:11: error: cannot find type 'MLDSA65' in scope
11 | @_spi(PostQuantum)
12 | @available(iOS 26.0, macOS 26.0, watchOS 26.0, tvOS 26.0, *)
13 | extension MLDSA65: MLDSAType {
   |           `- error: cannot find type 'MLDSA65' in scope
14 |     public static var name: String { "ML-DSA-65" }
15 | }
/Users/admin/builder/spi-builder-workspace/.build/checkouts/jwt-kit/Sources/JWTKit/MLDSA/MLDSAType.swift:19:11: error: cannot find type 'MLDSA87' in scope
17 | @_spi(PostQuantum)
18 | @available(iOS 26.0, macOS 26.0, watchOS 26.0, tvOS 26.0, *)
19 | extension MLDSA87: MLDSAType {
   |           `- error: cannot find type 'MLDSA87' in scope
20 |     public static var name: String { "ML-DSA-87" }
21 | }
[1676/1770] Compiling NIOHTTP2 HTTP2FlowControlWindow.swift
/Users/admin/builder/spi-builder-workspace/.build/checkouts/jwt-kit/Sources/JWTKit/MLDSA/MLDSAType.swift:13:11: error: cannot find type 'MLDSA65' in scope
11 | @_spi(PostQuantum)
12 | @available(iOS 26.0, macOS 26.0, watchOS 26.0, tvOS 26.0, *)
13 | extension MLDSA65: MLDSAType {
   |           `- error: cannot find type 'MLDSA65' in scope
14 |     public static var name: String { "ML-DSA-65" }
15 | }
/Users/admin/builder/spi-builder-workspace/.build/checkouts/jwt-kit/Sources/JWTKit/MLDSA/MLDSAType.swift:19:11: error: cannot find type 'MLDSA87' in scope
17 | @_spi(PostQuantum)
18 | @available(iOS 26.0, macOS 26.0, watchOS 26.0, tvOS 26.0, *)
19 | extension MLDSA87: MLDSAType {
   |           `- error: cannot find type 'MLDSA87' in scope
20 |     public static var name: String { "ML-DSA-87" }
21 | }
[1677/1770] Compiling NIOHTTP2 HTTP2Frame.swift
/Users/admin/builder/spi-builder-workspace/.build/checkouts/jwt-kit/Sources/JWTKit/MLDSA/MLDSAType.swift:13:11: error: cannot find type 'MLDSA65' in scope
11 | @_spi(PostQuantum)
12 | @available(iOS 26.0, macOS 26.0, watchOS 26.0, tvOS 26.0, *)
13 | extension MLDSA65: MLDSAType {
   |           `- error: cannot find type 'MLDSA65' in scope
14 |     public static var name: String { "ML-DSA-65" }
15 | }
/Users/admin/builder/spi-builder-workspace/.build/checkouts/jwt-kit/Sources/JWTKit/MLDSA/MLDSAType.swift:19:11: error: cannot find type 'MLDSA87' in scope
17 | @_spi(PostQuantum)
18 | @available(iOS 26.0, macOS 26.0, watchOS 26.0, tvOS 26.0, *)
19 | extension MLDSA87: MLDSAType {
   |           `- error: cannot find type 'MLDSA87' in scope
20 |     public static var name: String { "ML-DSA-87" }
21 | }
[1681/1770] Compiling NIOHTTP2 ConnectionStateMachine.swift
[1689/1770] Compiling NIOHTTP2 ConnectionStreamsState.swift
[1690/1770] Compiling NIOHTTP2 MayReceiveFrames.swift
[1691/1770] Compiling NIOHTTP2 ReceivingDataState.swift
[1692/1770] Compiling NIOHTTP2 ReceivingGoAwayState.swift
[1693/1770] Compiling NIOHTTP2 HTTP2SettingsState.swift
[1694/1770] Compiling NIOHTTP2 HasExtendedConnectSettings.swift
[1695/1770] Compiling NIOHTTP2 HasFlowControlWindows.swift
[1696/1770] Compiling NIOHTTP2 ReceivingHeadersState.swift
[1697/1770] Compiling NIOHTTP2 ReceivingPushPromiseState.swift
[1698/1770] Compiling NIOHTTP2 SendingRstStreamState.swift
[1699/1770] Compiling NIOHTTP2 SendingWindowUpdateState.swift
[1700/1770] Compiling JWTKit AppleIdentityToken.swift
[1701/1770] Compiling JWTKit FirebaseAuthIdentityToken.swift
[1702/1770] Compiling JWTKit GoogleIdentityToken.swift
[1703/1770] Compiling JWTKit MicrosoftIdentityToken.swift
[1704/1770] Compiling JWTKit EmptyPolicy.swift
[1705/1770] Compiling JWTKit ValidationTimePayload.swift
[1706/1770] Compiling JWTKit X5CVerifier.swift
[1707/1770] Emitting module NIOHTTP2
Fetching https://github.com/zunda-pixel/http-client
Fetching https://github.com/vapor/jwt-kit
Fetching https://github.com/apple/swift-http-types from cache
[1/235] Fetching http-client
[236/10489] Fetching http-client, jwt-kit
Fetched https://github.com/vapor/jwt-kit from cache (1.82s)
Fetched https://github.com/zunda-pixel/http-client from cache (1.82s)
Fetched https://github.com/apple/swift-http-types from cache (1.84s)
Computing version for https://github.com/zunda-pixel/http-client
Computed https://github.com/zunda-pixel/http-client at 0.4.0 (2.34s)
Fetching https://github.com/swift-server/async-http-client.git from cache
Fetched https://github.com/swift-server/async-http-client.git from cache (1.53s)
Computing version for https://github.com/apple/swift-http-types
Computed https://github.com/apple/swift-http-types at 1.8.0 (2.10s)
Computing version for https://github.com/swift-server/async-http-client.git
Computed https://github.com/swift-server/async-http-client.git at 1.36.2 (0.49s)
Fetching https://github.com/apple/swift-log.git from cache
Fetching https://github.com/apple/swift-atomics.git from cache
Fetching https://github.com/apple/swift-algorithms.git from cache
Fetching https://github.com/apple/swift-distributed-tracing.git
Fetching https://github.com/apple/swift-nio-http2.git from cache
Fetching https://github.com/apple/swift-nio-transport-services.git from cache
Fetching https://github.com/apple/swift-nio-extras.git from cache
[1/6426] Fetching swift-distributed-tracing
Fetched https://github.com/apple/swift-nio-extras.git from cache (1.26s)
Fetching https://github.com/apple/swift-nio-ssl.git from cache
Fetched https://github.com/apple/swift-atomics.git from cache (1.30s)
Fetched https://github.com/apple/swift-algorithms.git from cache (1.31s)
Fetching https://github.com/apple/swift-nio.git from cache
Fetched https://github.com/apple/swift-log.git from cache (1.34s)
Fetched https://github.com/apple/swift-distributed-tracing.git from cache (1.41s)
Fetched https://github.com/apple/swift-nio-transport-services.git from cache (1.43s)
Fetched https://github.com/apple/swift-nio-http2.git from cache (1.43s)
Fetched https://github.com/apple/swift-nio-ssl.git from cache (1.48s)
Fetched https://github.com/apple/swift-nio.git from cache (3.09s)
Computing version for https://github.com/apple/swift-algorithms.git
Computed https://github.com/apple/swift-algorithms.git at 1.2.1 (7.91s)
Fetching https://github.com/apple/swift-numerics.git from cache
Fetched https://github.com/apple/swift-numerics.git from cache (1.18s)
Computing version for https://github.com/apple/swift-distributed-tracing.git
Computed https://github.com/apple/swift-distributed-tracing.git at 1.5.0 (1.73s)
Fetching https://github.com/apple/swift-service-context.git
[1/1405] Fetching swift-service-context
Fetched https://github.com/apple/swift-service-context.git from cache (1.46s)
Computing version for https://github.com/apple/swift-service-context.git
Computed https://github.com/apple/swift-service-context.git at 1.3.0 (1.99s)
Computing version for https://github.com/apple/swift-atomics.git
Computed https://github.com/apple/swift-atomics.git at 1.3.1 (0.50s)
Computing version for https://github.com/apple/swift-numerics.git
Computed https://github.com/apple/swift-numerics.git at 1.1.1 (0.51s)
Computing version for https://github.com/apple/swift-nio-transport-services.git
Computed https://github.com/apple/swift-nio-transport-services.git at 1.28.0 (0.51s)
Computing version for https://github.com/apple/swift-nio.git
Computed https://github.com/apple/swift-nio.git at 2.103.0 (0.70s)
Fetching https://github.com/apple/swift-collections.git from cache
Fetching https://github.com/apple/swift-system.git from cache
Fetched https://github.com/apple/swift-system.git from cache (1.34s)
Fetched https://github.com/apple/swift-collections.git from cache (2.17s)
Computing version for https://github.com/vapor/jwt-kit
Computed https://github.com/vapor/jwt-kit at 5.6.0 (0.47s)
Fetching https://github.com/apple/swift-certificates.git
Fetching https://github.com/apple/swift-crypto.git from cache
[1/7598] Fetching swift-certificates
Fetched https://github.com/apple/swift-certificates.git from cache (2.60s)
Fetched https://github.com/apple/swift-crypto.git from cache (2.64s)
Computing version for https://github.com/apple/swift-crypto.git
Computed https://github.com/apple/swift-crypto.git at 4.5.2 (5.70s)
Fetching https://github.com/apple/swift-asn1.git from cache
Fetched https://github.com/apple/swift-asn1.git from cache (0.94s)
Computing version for https://github.com/apple/swift-nio-http2.git
Computed https://github.com/apple/swift-nio-http2.git at 1.46.0 (1.46s)
Computing version for https://github.com/apple/swift-asn1.git
Computed https://github.com/apple/swift-asn1.git at 1.7.3 (0.57s)
Computing version for https://github.com/apple/swift-certificates.git
Computed https://github.com/apple/swift-certificates.git at 1.21.0 (0.61s)
Computing version for https://github.com/apple/swift-log.git
Computed https://github.com/apple/swift-log.git at 1.15.1 (0.48s)
Computing version for https://github.com/apple/swift-nio-ssl.git
Computed https://github.com/apple/swift-nio-ssl.git at 2.37.5 (0.51s)
Computing version for https://github.com/apple/swift-collections.git
Computed https://github.com/apple/swift-collections.git at 1.6.0 (0.54s)
Computing version for https://github.com/apple/swift-nio-extras.git
Computed https://github.com/apple/swift-nio-extras.git at 1.35.1 (0.66s)
Fetching https://github.com/swift-server/swift-service-lifecycle.git
Fetching https://github.com/apple/swift-http-structured-headers.git from cache
Fetching https://github.com/apple/swift-async-algorithms.git
[1/2849] Fetching swift-service-lifecycle
[2/9641] Fetching swift-service-lifecycle, swift-async-algorithms
Fetched https://github.com/swift-server/swift-service-lifecycle.git from cache (1.39s)
Fetched https://github.com/apple/swift-async-algorithms.git from cache (1.39s)
Fetched https://github.com/apple/swift-http-structured-headers.git from cache (1.40s)
Computing version for https://github.com/swift-server/swift-service-lifecycle.git
Computed https://github.com/swift-server/swift-service-lifecycle.git at 2.12.0 (1.92s)
Computing version for https://github.com/apple/swift-async-algorithms.git
Computed https://github.com/apple/swift-async-algorithms.git at 1.1.6 (0.54s)
Computing version for https://github.com/apple/swift-http-structured-headers.git
Computed https://github.com/apple/swift-http-structured-headers.git at 1.7.0 (0.48s)
Computing version for https://github.com/apple/swift-system.git
Computed https://github.com/apple/swift-system.git at 1.8.1 (0.53s)
Creating working copy for https://github.com/swift-server/async-http-client.git
Working copy of https://github.com/swift-server/async-http-client.git resolved at 1.36.2
Creating working copy for https://github.com/swift-server/swift-service-lifecycle.git
Working copy of https://github.com/swift-server/swift-service-lifecycle.git resolved at 2.12.0
Creating working copy for https://github.com/zunda-pixel/http-client
Working copy of https://github.com/zunda-pixel/http-client resolved at 0.4.0
Creating working copy for https://github.com/apple/swift-collections.git
Working copy of https://github.com/apple/swift-collections.git resolved at 1.6.0
Creating working copy for https://github.com/apple/swift-http-types
Working copy of https://github.com/apple/swift-http-types resolved at 1.8.0
Creating working copy for https://github.com/apple/swift-log.git
Working copy of https://github.com/apple/swift-log.git resolved at 1.15.1
Creating working copy for https://github.com/apple/swift-atomics.git
Working copy of https://github.com/apple/swift-atomics.git resolved at 1.3.1
Creating working copy for https://github.com/apple/swift-nio-extras.git
Working copy of https://github.com/apple/swift-nio-extras.git resolved at 1.35.1
Creating working copy for https://github.com/apple/swift-algorithms.git
Working copy of https://github.com/apple/swift-algorithms.git resolved at 1.2.1
Creating working copy for https://github.com/apple/swift-nio-http2.git
Working copy of https://github.com/apple/swift-nio-http2.git resolved at 1.46.0
Creating working copy for https://github.com/apple/swift-certificates.git
Working copy of https://github.com/apple/swift-certificates.git resolved at 1.21.0
Creating working copy for https://github.com/apple/swift-nio-transport-services.git
Working copy of https://github.com/apple/swift-nio-transport-services.git resolved at 1.28.0
Creating working copy for https://github.com/apple/swift-service-context.git
Working copy of https://github.com/apple/swift-service-context.git resolved at 1.3.0
Creating working copy for https://github.com/apple/swift-distributed-tracing.git
Working copy of https://github.com/apple/swift-distributed-tracing.git resolved at 1.5.0
Creating working copy for https://github.com/apple/swift-numerics.git
Working copy of https://github.com/apple/swift-numerics.git resolved at 1.1.1
Creating working copy for https://github.com/apple/swift-crypto.git
Working copy of https://github.com/apple/swift-crypto.git resolved at 4.5.2
Creating working copy for https://github.com/apple/swift-nio.git
Working copy of https://github.com/apple/swift-nio.git resolved at 2.103.0
Creating working copy for https://github.com/vapor/jwt-kit
Working copy of https://github.com/vapor/jwt-kit resolved at 5.6.0
Creating working copy for https://github.com/apple/swift-http-structured-headers.git
Working copy of https://github.com/apple/swift-http-structured-headers.git resolved at 1.7.0
Creating working copy for https://github.com/apple/swift-asn1.git
Working copy of https://github.com/apple/swift-asn1.git resolved at 1.7.3
Creating working copy for https://github.com/apple/swift-async-algorithms.git
Working copy of https://github.com/apple/swift-async-algorithms.git resolved at 1.1.6
Creating working copy for https://github.com/apple/swift-system.git
Working copy of https://github.com/apple/swift-system.git resolved at 1.8.1
Creating working copy for https://github.com/apple/swift-nio-ssl.git
Working copy of https://github.com/apple/swift-nio-ssl.git resolved at 2.37.5
Running build ...
env DEVELOPER_DIR=/Applications/Xcode-16.3.0.app xcrun swift build --arch arm64
[0/1] Planning build
Building for debugging...
[0/1] Write swift-version-2F0A5646E1D333AE.txt
[2/88] Compiling InternalCollectionsUtilities UnsafeRawBufferPointer+Extras.swift
[3/88] Compiling InternalCollectionsUtilities _SortedCollection.swift
[4/89] Compiling RealModule RealFunctions.swift
[5/90] Compiling ServiceContextModule ServiceContextKey.swift
[6/90] Compiling SwiftASN1 ASN1Integer.swift
[7/90] Compiling SwiftASN1 ASN1Null.swift
[8/90] Compiling ServiceContextModule ServiceContext.swift
[9/90] Emitting module ServiceContextModule
[10/90] Compiling RealModule Float80+Real.swift
[11/90] Compiling RealModule Real.swift
[12/90] Compiling SwiftASN1 ASN1.swift
[13/90] Compiling SwiftASN1 BER.swift
[14/90] Compiling SwiftASN1 ASN1Boolean.swift
[15/90] Compiling SwiftASN1 ASN1Identifier.swift
[16/90] Compiling InternalCollectionsUtilities _UniqueCollection.swift
[17/90] Compiling RealModule Float16+Real.swift
[18/90] Compiling RealModule RelaxedArithmetic.swift
[19/90] Compiling Logging LoggingSystem.swift
[20/91] Compiling RealModule ElementaryFunctions.swift
[21/91] Compiling RealModule Float+Real.swift
[22/91] Compiling Logging LogEvent.swift
[23/91] Compiling NIOConcurrencyHelpers NIOLock.swift
[24/91] Compiling SwiftASN1 TimeUtilities.swift
[25/91] Compiling SwiftASN1 UTCTime.swift
[26/91] Compiling RealModule AugmentedArithmetic.swift
[27/91] Compiling RealModule Double+Real.swift
[28/91] Compiling NIOConcurrencyHelpers NIOLockedValueBox.swift
[31/91] Compiling SwiftASN1 ASN1Any.swift
[32/91] Compiling SwiftASN1 ASN1BitString.swift
[33/91] Emitting module _CertificateInternals
[34/91] Compiling _CertificateInternals _TinyArray.swift
[35/91] Compiling HTTPTypes HTTP2ErrorCode.swift
[36/101] Emitting module _NIOBase64
[37/101] Compiling _NIOBase64 Base64.swift
[38/101] Compiling Logging SwiftLogNoOpLogHandler.swift
[39/101] Compiling Logging Locks.swift
[40/101] Compiling NIOConcurrencyHelpers NIOAtomic.swift
[41/101] Emitting module RealModule
[42/101] Compiling NIOConcurrencyHelpers lock.swift
[43/101] Compiling Logging MetadataProvider.swift
[44/101] Compiling _NIODataStructures Heap.swift
[45/101] Compiling _NIODataStructures PriorityQueue.swift
[46/101] Compiling _NIODataStructures _TinyArray.swift
[47/101] Compiling Logging LogHandler.swift
[48/107] Emitting module _NIODataStructures
[49/107] Compiling NIOConcurrencyHelpers NIOThreadPoolWorkAvailable.swift
[50/107] Compiling NIOConcurrencyHelpers atomics.swift
[51/107] Compiling HTTPTypes HTTP3ErrorCode.swift
[52/107] Compiling HTTPTypes HTTPField.swift
[53/107] Compiling Logging Logger+With.swift
unable to find node: pound
unable to find node: pound
[54/107] Compiling Logging Logger+Attributes.swift
[55/107] Compiling Logging Logger.swift
[56/107] Compiling SwiftASN1 ObjectIdentifier.swift
[57/107] Compiling SwiftASN1 PEMDocument.swift
[62/108] Compiling SwiftASN1 ASN1OctetString.swift
[63/108] Compiling SwiftASN1 ASN1Strings.swift
[64/108] Compiling SwiftASN1 ArraySliceBigint.swift
[65/108] Compiling SwiftASN1 GeneralizedTime.swift
[66/108] Emitting module NIOConcurrencyHelpers
[67/214] Compiling HTTPTypes HTTPFieldName.swift
[68/214] Emitting module Logging
unable to find node: pound
unable to find node: pound
[69/214] Compiling HTTPTypes HTTPParsedFields.swift
[70/240] Compiling Instrumentation NoOpInstrument.swift
[71/240] Compiling Instrumentation MultiplexInstrument.swift
[72/240] Compiling Instrumentation Instrument.swift
[73/240] Emitting module Instrumentation
[74/240] Compiling Instrumentation InstrumentationSystem.swift
[75/240] Compiling Instrumentation Locks.swift
[76/240] Compiling HTTPTypes HTTPRequest+URL.swift
[77/240] Compiling HTTPTypes HTTPRequest.swift
[78/240] Emitting module InternalCollectionsUtilities
[79/240] Compiling Algorithms MinMax.swift
[80/240] Compiling Algorithms Combinations.swift
[81/240] Compiling HTTPTypes HTTPFieldValue.swift
[82/240] Compiling HTTPTypes HTTPFields.swift
[83/240] Compiling SwiftASN1 DER.swift
[84/240] Compiling CryptoBoringWrapper resource_bundle_accessor.swift
[85/240] Compiling Algorithms FirstNonNil.swift
[86/240] Compiling Algorithms FlattenCollection.swift
[87/249] Compiling Crypto HashFunctions_SHA3.swift
[88/249] Compiling Crypto Digest_xkcp.swift
[89/249] Compiling Crypto HPKE-AEAD.swift
[90/249] Compiling Crypto HPKE-Ciphersuite.swift
[91/249] Compiling Crypto HPKE-KDF.swift
[92/249] Compiling Crypto HPKE-KexKeyDerivation.swift
[93/249] Compiling Crypto HPKE-LabeledExtract.swift
[94/249] Compiling Crypto HPKE-Utils.swift
[95/249] Compiling Crypto DHKEM.swift
[96/249] Compiling Crypto HPKE-KEM-Curve25519.swift
[97/258] Compiling Algorithms Split.swift
[98/258] Compiling Algorithms Stride.swift
[99/258] Compiling Algorithms Joined.swift
[100/258] Compiling Algorithms Keyed.swift
[103/258] Compiling Algorithms Compacted.swift
[104/258] Compiling Algorithms Cycle.swift
[105/258] Compiling Algorithms Suffix.swift
[106/258] Compiling Algorithms Trim.swift
[107/258] Compiling Crypto PKCS8PrivateKey.swift
[108/258] Compiling Crypto SEC1PrivateKey.swift
[109/258] Compiling Crypto SubjectPublicKeyInfo.swift
[110/258] Compiling Crypto CryptoError_boring.swift
[111/258] Compiling Crypto CryptoKitErrors.swift
[112/258] Compiling Crypto Digest_boring.swift
[113/258] Compiling Crypto Digest.swift
[114/258] Compiling Crypto Digests.swift
[115/258] Compiling Crypto HashFunctions.swift
[116/258] Compiling Crypto HashFunctions_SHA2.swift
[121/258] Compiling Crypto ASN1Identifier.swift
[122/258] Compiling Crypto ASN1Integer.swift
[123/258] Compiling Crypto ASN1Null.swift
[124/258] Compiling Crypto ASN1OctetString.swift
[125/258] Compiling Crypto ASN1Strings.swift
[126/258] Compiling Crypto ArraySliceBigint.swift
[127/258] Compiling Crypto GeneralizedTime.swift
[128/258] Compiling Crypto ObjectIdentifier.swift
[129/258] Compiling Crypto ECDSASignature.swift
[130/258] Compiling Crypto PEMDocument.swift
[131/258] Compiling Crypto ANSIx963.swift
[132/258] Compiling Crypto HKDF.swift
[133/258] Compiling Crypto AESWrap.swift
[134/258] Compiling Crypto AESWrap_boring.swift
[135/258] Compiling Crypto Ed25519_boring.swift
[136/258] Compiling Crypto NISTCurvesKeys_boring.swift
[137/258] Compiling Crypto X25519Keys_boring.swift
[138/258] Compiling Crypto Curve25519.swift
[139/258] Compiling Crypto Ed25519Keys.swift
[140/258] Compiling Crypto NISTCurvesKeys.swift
[141/258] Compiling Crypto X25519Keys.swift
[142/258] Compiling Crypto SymmetricKeys.swift
[143/258] Compiling Crypto HMAC.swift
[144/258] Compiling Crypto MACFunctions.swift
[145/258] Compiling Crypto MessageAuthenticationCode.swift
[146/258] Compiling Crypto AES.swift
[147/258] Compiling Crypto ECDSASignature_boring.swift
[148/258] Compiling Crypto ECDSA_boring.swift
[149/258] Compiling Crypto HPKE-NIST-EC-KEMs.swift
[150/258] Compiling Crypto HPKE-KEM.swift
[151/258] Compiling Crypto HPKE-Errors.swift
[152/258] Compiling Crypto HPKE.swift
[153/258] Compiling Crypto HPKE-Context.swift
[154/258] Compiling Crypto HPKE-KeySchedule.swift
[155/258] Compiling Crypto HPKE-Modes.swift
[156/258] Compiling Crypto Insecure.swift
[157/258] Compiling Crypto Insecure_HashFunctions.swift
[158/258] Compiling Crypto MLKEM_boring.swift
[159/258] Compiling CryptoBoringWrapper FiniteFieldArithmeticContext.swift
[160/258] Compiling SwiftASN1 Errors.swift
[161/295] Compiling ContainersPreview BorrowingSequence.swift
[162/295] Compiling ContainersPreview BidirectionalContainer.swift
[163/295] Compiling ContainersPreview Container+Filter.swift
[164/295] Compiling ContainersPreview Container+SpanwiseZip.swift
[165/295] Compiling ContainersPreview BorrowingIteratorProtocol.swift
[166/295] Compiling ContainersPreview BorrowingSequence+Algorithms.swift
[167/295] Compiling ContainersPreview BorrowingSequence+Standard Conformances.swift
[168/295] Compiling ContainersPreview BorrowingSequence+Utilities.swift
[169/295] Compiling ContainersPreview BorrowingIteratorProtocol+Filter.swift
[170/295] Compiling ContainersPreview BorrowingIteratorProtocol+Map.swift
[171/295] Compiling ContainersPreview BorrowingIteratorProtocol+Reduce.swift
[172/295] Compiling ContainersPreview BorrowingIteratorProtocol+SpanwiseZip.swift
[173/295] Compiling ContainersPreview Container.swift
[174/295] Compiling ContainersPreview ContainerIterator.swift
[175/295] Compiling ContainersPreview DynamicContainer.swift
[176/295] Compiling ContainersPreview MutableContainer.swift
[187/298] Compiling ContainersPreview PermutableContainer.swift
[188/298] Compiling ContainersPreview RandomAccessContainer.swift
[189/298] Compiling ContainersPreview RangeExpression2.swift
[190/298] Compiling ContainersPreview RangeReplaceableContainer.swift
[191/298] Compiling ContainersPreview Producer+Collect.swift
[192/298] Compiling ContainersPreview Producer+Filter.swift
[193/298] Compiling ContainersPreview Producer+Map.swift
[194/298] Compiling ContainersPreview Producer+Reduce.swift
[195/298] Compiling ContainersPreview Producer.swift
[196/298] Compiling ContainersPreview InputSpan.swift
[197/298] Compiling ContainersPreview MutableRef.swift
[198/298] Compiling ContainersPreview Ref.swift
[207/298] Compiling ContainersPreview Strideable+Limits.swift
[208/298] Compiling ContainersPreview Drain+Map.swift
[209/298] Compiling ContainersPreview Drain+Reduce.swift
[210/298] Compiling ContainersPreview Drain.swift
[215/298] Compiling ContainersPreview OutputSpan+Extras.swift
[216/298] Compiling ContainersPreview TemporaryAllocation.swift
[217/298] Compiling ContainersPreview BorrowingIteratorProtocol+Copy.swift
[218/298] Compiling ContainersPreview BorrowingIteratorProtocol+ElementsEqual.swift
[219/298] Emitting module Crypto
[222/298] Emitting module ContainersPreview
[223/298] Compiling ContainersPreview Shared.swift
[224/298] Compiling ContainersPreview SpanIterator.swift
[225/298] Compiling ContainersPreview UniqueBox.swift
[226/298] Compiling HTTPTypes HTTPResponse.swift
[227/298] Emitting module HTTPTypes
[234/299] Compiling Tracing WithTracer.swift
[235/299] Compiling Tracing TracingTime.swift
[236/299] Compiling Tracing TracerProtocol.swift
[237/299] Compiling CryptoBoringWrapper RandomBytes.swift
[238/299] Compiling CryptoBoringWrapper BoringSSLAEAD.swift
[239/299] Compiling CryptoBoringWrapper EllipticCurvePoint.swift
[240/299] Compiling CryptoBoringWrapper CryptoKitErrors_boring.swift
[241/299] Compiling CryptoBoringWrapper EllipticCurve.swift
[242/299] Compiling CryptoBoringWrapper ArbitraryPrecisionInteger.swift
[243/299] Emitting module CryptoBoringWrapper
[244/299] Compiling Atomics Unmanaged extensions.swift
[245/299] Compiling Tracing TracerProtocol+Legacy.swift
[246/347] Compiling DequeModule RigidDeque+Consumption.swift
[247/347] Compiling DequeModule RigidDeque+Container.swift
[248/347] Compiling DequeModule RigidDeque+Descriptions.swift
[249/347] Compiling DequeModule RigidDeque+Equatable.swift
[250/347] Compiling DequeModule RigidDeque+Experimental.swift
[251/351] Compiling DequeModule UniqueDeque+Insertions.swift
[252/351] Compiling DequeModule UniqueDeque+Prepend.swift
[253/351] Compiling DequeModule UniqueDeque+Removals.swift
[254/351] Compiling DequeModule UniqueDeque+Replacements.swift
[255/351] Compiling DequeModule RigidDeque+Replacements.swift
[256/351] Compiling DequeModule RigidDeque+Testing.swift
[257/351] Compiling DequeModule RigidDeque.swift
[258/351] Compiling DequeModule UniqueDeque+Append.swift
[259/351] Compiling DequeModule UniqueDeque+Equatable.swift
[260/351] Compiling DequeModule UniqueDeque+Experimental.swift
[261/351] Compiling DequeModule UniqueDeque+Hashable.swift
[262/351] Compiling DequeModule UniqueDeque+Initializers.swift
[263/351] Compiling DequeModule UniqueDeque+Consumption.swift
[264/351] Compiling DequeModule UniqueDeque+Container.swift
[265/351] Compiling DequeModule UniqueDeque+Deprecated.swift
[266/351] Compiling DequeModule UniqueDeque+Descriptions.swift
[267/351] Compiling DequeModule Deque+ExpressibleByArrayLiteral.swift
[268/351] Compiling DequeModule Deque+Extras.swift
[269/351] Compiling DequeModule Deque+Collection.swift
[270/351] Compiling DequeModule Deque+CustomReflectable.swift
[271/351] Compiling Tracing NoOpTracer.swift
[272/351] Compiling Tracing Tracer.swift
[273/351] Emitting module Tracing
[274/351] Compiling Tracing InstrumentationSystem+Tracing.swift
[275/351] Compiling Tracing SpanProtocol.swift
[276/351] Compiling DequeModule RigidDeque+Insertions.swift
[277/351] Compiling DequeModule RigidDeque+Prepend.swift
[278/351] Compiling DequeModule RigidDeque+Removals.swift
[279/351] Compiling DequeModule Deque+Descriptions.swift
[280/351] Compiling DequeModule Deque+Equatable.swift
[281/351] Compiling DequeModule RigidDeque+Hashable.swift
[282/351] Compiling DequeModule RigidDeque+Initializers.swift
[283/351] Compiling DequeModule Deque+Codable.swift
[286/353] Compiling HTTPTypesFoundation URLSession+HTTPTypes.swift
[287/353] Compiling Crypto RNG_boring.swift
[288/353] Compiling Crypto SafeCompare_boring.swift
[289/353] Compiling Crypto Zeroization_boring.swift
[290/353] Compiling Crypto _CryptoModuleAnchor.swift
[291/353] Compiling Crypto PrettyBytes.swift
[292/353] Compiling Crypto SafeCompare.swift
[293/353] Compiling Crypto SecureBytes.swift
[294/353] Compiling Crypto Zeroization.swift
[295/353] Compiling Crypto resource_bundle_accessor.swift
[296/353] Compiling HTTPTypesFoundation URLResponse+HTTPTypes.swift
[297/353] Compiling HTTPTypesFoundation HTTPTypesFoundation.swift
[298/353] Emitting module HTTPTypesFoundation
[299/353] Compiling HTTPTypesFoundation HTTPTypes+ISOLatin1.swift
[300/353] Compiling HTTPTypesFoundation URLRequest+HTTPTypes.swift
[303/353] Compiling DequeModule Deque+Hashable.swift
[304/353] Compiling DequeModule RigidDeque+Append.swift
[307/353] Compiling DequeModule Deque.swift
[308/353] Compiling DequeModule _DequeBuffer.swift
[309/353] Compiling DequeModule _DequeBufferHeader.swift
[310/353] Compiling DequeModule Deque+Testing.swift
[311/353] Compiling DequeModule Deque._Storage.swift
[312/353] Compiling DequeModule Deque._UnsafeHandle.swift
[344/353] Compiling Algorithms Unique.swift
[345/353] Compiling Algorithms Windows.swift
[346/353] Emitting module SwiftASN1
[347/353] Compiling DequeModule UniqueDeque.swift
[348/353] Compiling DequeModule _DequeSlot.swift
[349/353] Compiling DequeModule _UnsafeDequeHandle.swift
[350/353] Compiling DequeModule _UnsafeDequeSegments.swift
[351/353] Emitting module Atomics
[352/417] Emitting module DequeModule
[353/417] Emitting module Algorithms
[354/417] Compiling CryptoExtras Reexport.swift
[355/417] Compiling CryptoExtras Zeroization_boring.swift
[356/417] Compiling CryptoExtras BoringSSLHelpers.swift
[357/417] Compiling CryptoExtras CryptoKitErrors_boring.swift
[358/417] Compiling CryptoExtras Data+Extensions.swift
[359/417] Compiling CryptoExtras DigestType.swift
[360/417] Compiling CryptoExtras Error.swift
[361/417] Compiling CryptoExtras BoringSSLSHA512256Context.swift
[362/417] Compiling CryptoExtras BoringSSLSHA512256HashFunction.swift
[363/417] Compiling CryptoExtras SHA512256.swift
[364/417] Compiling CryptoExtras SHA512256Digest.swift
[365/417] Compiling CryptoExtras Curve25519+PEM.swift
[366/417] Compiling CryptoExtras ObjectIdentifier.swift
[367/417] Compiling CryptoExtras PKCS8DERRepresentation.swift
[368/442] Compiling CryptoExtras PKCS8PrivateKey.swift
[369/442] Compiling CryptoExtras RFC8410AlgorithmIdentifier.swift
[370/442] Compiling CryptoExtras ECToolbox_boring.swift
[371/442] Compiling CryptoExtras ECToolbox.swift
[372/442] Compiling CryptoExtras HashToField.swift
[373/442] Compiling CryptoExtras KDF.swift
[374/442] Compiling CryptoExtras PBKDF2_boring.swift
[375/489] Compiling NIOCore GlobalSingletons.swift
[376/489] Compiling NIOCore NIOAsyncWriter.swift
[377/489] Compiling NIOCore NIOThrowingAsyncSequenceProducer.swift
[378/489] Compiling NIOCore BSDSocketAPI.swift
[379/489] Compiling NIOCore ByteBuffer-aux.swift
[380/489] Compiling NIOCore ByteBuffer-binaryEncodedLengthPrefix.swift
[381/489] Compiling NIOCore ByteBuffer-conversions.swift
[382/489] Compiling NIOCore AddressedEnvelope.swift
[383/489] Compiling NIOCore AsyncAwaitSupport.swift
[384/489] Compiling NIOCore AsyncChannel.swift
[385/489] Compiling NIOCore AsyncChannelHandler.swift
[386/489] Compiling NIOCore AsyncChannelInboundStream.swift
[387/489] Compiling NIOCore AsyncChannelOutboundWriter.swift
[388/489] Compiling NIOCore NIOAsyncSequenceProducer.swift
[389/489] Emitting module CryptoExtras
[390/489] Compiling NIOCore ChannelHandler.swift
[391/489] Compiling NIOCore ChannelHandlers.swift
[392/489] Compiling NIOCore ChannelInvoker.swift
[393/489] Compiling NIOCore ChannelOption.swift
[394/489] Compiling NIOCore ChannelPipeline.swift
[395/489] Compiling NIOCore CircularBuffer.swift
[396/489] Compiling NIOCore Codec.swift
[397/489] Compiling NIOCore NIOLoopBound.swift
[398/489] Compiling CryptoExtras ThreadWindows.swift
[399/489] Compiling CryptoExtras DLEQ.swift
[400/489] Compiling CryptoExtras Prover.swift
[401/489] Compiling CryptoExtras Verifier.swift
[402/489] Compiling CryptoExtras ZKPToolbox.swift
[403/489] Compiling CryptoExtras resource_bundle_accessor.swift
[404/489] Compiling NIOCore SingleStepByteToMessageDecoder.swift
[405/489] Compiling NIOCore ConvenienceOptionSupport.swift
[406/489] Compiling NIOCore DeadChannel.swift
[407/489] Compiling NIOCore DispatchQueue+WithFuture.swift
[408/489] Compiling NIOCore EventLoop+Deprecated.swift
[409/489] Compiling NIOCore EventLoop+SerialExecutor.swift
[410/489] Compiling NIOCore EventLoop.swift
[411/489] Compiling NIOCore MarkedCircularBuffer.swift
[412/489] Compiling NIOCore MulticastChannel.swift
[413/489] Compiling NIOCore NIOAny.swift
[414/489] Compiling NIOCore NIOCloseOnErrorHandler.swift
[415/489] Compiling NIOCore NIOCoreSendableMetatype.swift
[416/489] Compiling NIOCore NIODecodedAsyncSequence.swift
[418/496] Compiling NIOCore IO.swift
[419/496] Compiling NIOCore IOData.swift
[420/496] Compiling NIOCore IPProtocol.swift
[421/496] Compiling NIOCore IntegerBitPacking.swift
[422/496] Compiling NIOCore IntegerTypes.swift
[423/496] Compiling NIOCore Interfaces.swift
[424/496] Compiling NIOCore Linux.swift
[432/496] Compiling NIOCore NIOAsyncSequenceProducerStrategies.swift
[433/496] Compiling NIOCore EventLoopFuture+AssumeIsolated.swift
[434/496] Compiling NIOCore EventLoopFuture+Deprecated.swift
[435/496] Compiling NIOCore EventLoopFuture+WithEventLoop.swift
[436/496] Compiling NIOCore EventLoopFuture.swift
[437/496] Compiling NIOCore FileDescriptor.swift
[438/496] Compiling NIOCore FileHandle.swift
[439/496] Compiling NIOCore FileRegion.swift
[440/496] Compiling NIOCore NIOPooledRecvBufferAllocator.swift
[441/496] Compiling NIOCore NIOScheduledCallback.swift
[442/496] Compiling NIOCore NIOSendable.swift
[443/496] Compiling NIOCore NIOSplitLinesMessageDecoder.swift
[444/496] Compiling NIOCore NIOTransportAccessibleChannelCore.swift
[445/496] Compiling NIOCore RecvByteBufferAllocator.swift
[454/496] Compiling NIOCore ByteBuffer-hex.swift
[455/496] Compiling NIOCore ByteBuffer-int.swift
[456/496] Compiling NIOCore ByteBuffer-lengthPrefix.swift
[457/496] Compiling NIOCore ByteBuffer-multi-int.swift
[458/496] Compiling NIOCore ByteBuffer-quicBinaryEncodingStrategy.swift
[459/496] Compiling NIOCore ByteBuffer-views.swift
[460/496] Compiling NIOCore Channel.swift
[461/498] Compiling NIOCore SocketAddresses.swift
[462/498] Compiling NIOCore SocketOptionProvider.swift
[463/498] Compiling NIOCore SystemCallHelpers.swift
[464/498] Compiling NIOCore TimeAmount+Duration.swift
[465/498] Compiling NIOCore TypeAssistedChannelHandler.swift
[466/498] Compiling NIOCore UniversalBootstrapSupport.swift
[467/498] Compiling NIOCore Utilities.swift
[468/498] Emitting module _CryptoExtras
[469/498] Compiling _CryptoExtras Exports.swift
[483/498] Compiling NIOCore ByteBuffer-core.swift
[484/596] Compiling X509 CustomPrivateKey.swift
[485/596] Compiling X509 Digests.swift
[486/596] Compiling X509 DistinguishedName.swift
[487/596] Compiling X509 CommonName.swift
[488/596] Compiling X509 CountryName.swift
[489/596] Compiling X509 DNBuilder.swift
[490/596] Compiling X509 DomainComponent.swift
[491/596] Compiling X509 EmailAddress.swift
[492/596] Compiling X509 LocalityName.swift
[493/596] Compiling X509 OrganizationName.swift
[494/596] Compiling X509 OrganizationalUnitName.swift
[495/606] Compiling X509 CertificatePrivateKey.swift
[496/606] Compiling X509 CertificatePublicKey.swift
[497/606] Compiling X509 CertificateSerialNumber.swift
[498/606] Compiling X509 CertificateVersion.swift
[499/606] Compiling X509 CMSAttribute.swift
[500/606] Compiling X509 CMSContentInfo.swift
[501/606] Compiling X509 CMSEncapsulatedContentInfo.swift
[502/606] Compiling X509 CSRAttribute.swift
[503/606] Compiling X509 CSRAttributes.swift
[504/606] Compiling X509 CSRVersion.swift
[505/606] Compiling X509 CertificateSigningRequest.swift
[506/606] Compiling X509 CertificationRequestInfo.swift
[507/606] Compiling X509 ExtensionRequest.swift
[508/606] Compiling X509 Certificate.swift
[509/606] Compiling X509 SubjectKeyIdentifier.swift
[510/606] Compiling X509 Extension.swift
[511/606] Compiling X509 Extensions.swift
[512/606] Compiling X509 ExtensionsBuilder.swift
[513/606] Compiling X509 GeneralName.swift
[514/606] Compiling X509 Lock.swift
[515/606] Compiling X509 LockedValueBox.swift
[516/606] Compiling X509 BasicOCSPResponse.swift
[517/606] Compiling X509 DirectoryString.swift
[518/606] Compiling X509 OCSPCertID.swift
[519/606] Compiling X509 OCSPCertStatus.swift
[523/606] Compiling X509 CMSIssuerAndSerialNumber.swift
[524/606] Compiling X509 CMSOperations.swift
[525/606] Compiling X509 CMSSignature.swift
[526/606] Compiling X509 CMSSignedData.swift
[527/606] Compiling X509 CMSSignerIdentifier.swift
[528/606] Compiling X509 CMSSignerInfo.swift
[529/606] Compiling X509 CMSVersion.swift
[530/606] Compiling X509 Curve25519+DER.swift
[531/606] Compiling X509 OCSPExtensionID.swift
[532/606] Compiling X509 OCSPNonce.swift
[533/606] Compiling X509 OCSPPolicy.swift
[534/606] Compiling X509 OCSPRequest.swift
[535/606] Compiling X509 OCSPResponse.swift
[536/606] Compiling X509 OCSPResponseBytes.swift
[537/606] Compiling X509 OCSPResponseData.swift
[538/606] Compiling X509 OCSPResponseStatus.swift
[539/606] Compiling X509 OCSPSignature.swift
[540/606] Compiling X509 OCSPSingleRequest.swift
[541/606] Compiling X509 OCSPSingleResponse.swift
[553/606] Compiling X509 OCSPTBSRequest.swift
[554/606] Compiling X509 OCSPVersion.swift
[555/606] Compiling X509 PKCS8PrivateKey.swift
[556/606] Compiling X509 PromiseAndFuture.swift
[557/606] Compiling X509 RDNAttribute.swift
[558/606] Compiling X509 RandomNumberGenerator+bytes.swift
[559/606] Compiling X509 RelativeDistinguishedName.swift
[560/606] Compiling X509 SEC1PrivateKey.swift
[561/606] Compiling X509 SecKeyWrapper.swift
[562/606] Compiling X509 Signature.swift
[563/606] Compiling X509 SignatureAlgorithm.swift
[564/606] Compiling X509 StateOrProvinceName.swift
[565/606] Compiling X509 StreetAddress.swift
[566/606] Compiling X509 Error.swift
[567/606] Compiling X509 AuthorityInformationAccess.swift
[568/606] Compiling X509 AuthorityKeyIdentifier.swift
[569/606] Compiling X509 BasicConstraints.swift
[570/606] Compiling X509 ExtendedKeyUsage.swift
[571/606] Compiling X509 ExtensionIdentifiers.swift
[572/606] Compiling X509 KeyUsage.swift
[573/606] Compiling X509 NameConstraints.swift
[574/606] Compiling X509 SubjectAlternativeName.swift
[575/606] Compiling X509 AllOfPolicies.swift
[576/606] Compiling X509 AnyPolicy.swift
[577/606] Compiling X509 CertificateStore.swift
[578/606] Compiling X509 CustomCertificateStore.swift
[579/606] Compiling X509 OneOfPolicies.swift
[580/606] Compiling X509 PolicyBuilder.swift
[581/606] Compiling X509 BasicConstraintsPolicy.swift
[582/606] Compiling X509 DNSNames.swift
[583/606] Compiling X509 ExpiryPolicy.swift
[584/606] Compiling X509 IPConstraints.swift
[585/606] Compiling X509 NameConstraintsPolicy.swift
[586/606] Compiling X509 RFC5280Policy.swift
[587/606] Compiling X509 URIConstraints.swift
[588/606] Compiling X509 VersionPolicy.swift
[589/606] Compiling X509 ServerIdentityPolicy.swift
[590/606] Compiling X509 TrustRootLoading.swift
[591/606] Compiling X509 UnverifiedChain.swift
[592/606] Compiling X509 ValidatedCertificateChain.swift
[593/606] Compiling X509 VerificationDiagnostic.swift
[594/606] Compiling X509 Verifier.swift
[595/606] Compiling X509 VerifierPolicy.swift
[596/606] Compiling X509 AlgorithmIdentifier.swift
[597/606] Compiling X509 ECDSASignature.swift
[598/606] Compiling X509 RSAPKCS1PublicKey.swift
[599/606] Compiling X509 SubjectPublicKeyInfo.swift
[600/606] Compiling X509 TBSCertificate.swift
[601/606] Compiling X509 Time.swift
[602/606] Compiling X509 TimeCalculations.swift
[603/606] Compiling X509 Validity.swift
[604/606] Compiling X509 X509SendableMetatype.swift
[605/606] Emitting module NIOCore
[606/613] Emitting module X509
[607/666] Compiling NIOFoundationEssentialsCompat Codable+ByteBuffer.swift
[608/734] Emitting module NIOFoundationEssentialsCompat
[609/734] Compiling NIOFoundationEssentialsCompat ByteBuffer-foundation.swift
[610/734] Compiling NIOEmbedded AsyncTestingEventLoop.swift
[611/734] Compiling NIOEmbedded AsyncTestingChannel.swift
[612/734] Emitting module NIOEmbedded
[613/734] Compiling NIOEmbedded Embedded.swift
[614/734] Compiling JWTKit AudienceClaim.swift
[615/734] Compiling JWTKit BoolClaim.swift
[616/734] Compiling JWTKit ExpirationClaim.swift
[617/734] Compiling JWTKit GoogleHostedDomainClaim.swift
[618/734] Compiling JWTKit IDClaim.swift
[619/734] Compiling JWTKit IssuedAtClaim.swift
[620/734] Compiling JWTKit IssuerClaim.swift
[621/734] Compiling JWTKit JWTClaim.swift
[622/734] Compiling JWTKit JWTPayload.swift
/Users/admin/builder/spi-builder-workspace/.build/checkouts/jwt-kit/Sources/JWTKit/MLDSA/MLDSA65+MLDSAKey.swift:5:11: error: cannot find type 'MLDSA65' in scope
 3 | @_spi(PostQuantum)
 4 | @available(iOS 26.0, macOS 26.0, watchOS 26.0, tvOS 26.0, *)
 5 | extension MLDSA65.PublicKey: MLDSAPublicKey {
   |           `- error: cannot find type 'MLDSA65' in scope
 6 |     public typealias MLDSAType = MLDSA65
 7 | }
/Users/admin/builder/spi-builder-workspace/.build/checkouts/jwt-kit/Sources/JWTKit/MLDSA/MLDSA65+MLDSAKey.swift:11:11: error: cannot find type 'MLDSA65' in scope
 9 | @_spi(PostQuantum)
10 | @available(iOS 26.0, macOS 26.0, watchOS 26.0, tvOS 26.0, *)
11 | extension MLDSA65.PrivateKey: MLDSAPrivateKey {
   |           `- error: cannot find type 'MLDSA65' in scope
12 |     public typealias MLDSAType = MLDSA65
13 | }
/Users/admin/builder/spi-builder-workspace/.build/checkouts/jwt-kit/Sources/JWTKit/MLDSA/MLDSA65+MLDSAKey.swift:17:53: error: cannot find type 'MLDSA65' in scope
15 | @_spi(PostQuantum)
16 | @available(iOS 26.0, macOS 26.0, watchOS 26.0, tvOS 26.0, *)
17 | public typealias MLDSA65PublicKey = MLDSA.PublicKey<MLDSA65>
   |                                                     `- error: cannot find type 'MLDSA65' in scope
18 |
19 | @_spi(PostQuantum)
/Users/admin/builder/spi-builder-workspace/.build/checkouts/jwt-kit/Sources/JWTKit/MLDSA/MLDSA65+MLDSAKey.swift:21:55: error: cannot find type 'MLDSA65' in scope
19 | @_spi(PostQuantum)
20 | @available(iOS 26.0, macOS 26.0, watchOS 26.0, tvOS 26.0, *)
21 | public typealias MLDSA65PrivateKey = MLDSA.PrivateKey<MLDSA65>
   |                                                       `- error: cannot find type 'MLDSA65' in scope
22 |
/Users/admin/builder/spi-builder-workspace/.build/checkouts/jwt-kit/Sources/JWTKit/MLDSA/MLDSA87+MLDSAKey.swift:5:11: error: cannot find type 'MLDSA87' in scope
 3 | @_spi(PostQuantum)
 4 | @available(iOS 26.0, macOS 26.0, watchOS 26.0, tvOS 26.0, *)
 5 | extension MLDSA87.PublicKey: MLDSAPublicKey {
   |           `- error: cannot find type 'MLDSA87' in scope
 6 |     public typealias MLDSAType = MLDSA87
 7 | }
/Users/admin/builder/spi-builder-workspace/.build/checkouts/jwt-kit/Sources/JWTKit/MLDSA/MLDSA87+MLDSAKey.swift:11:11: error: cannot find type 'MLDSA87' in scope
 9 | @_spi(PostQuantum)
10 | @available(iOS 26.0, macOS 26.0, watchOS 26.0, tvOS 26.0, *)
11 | extension MLDSA87.PrivateKey: MLDSAPrivateKey {
   |           `- error: cannot find type 'MLDSA87' in scope
12 |     public typealias MLDSAType = MLDSA87
13 | }
/Users/admin/builder/spi-builder-workspace/.build/checkouts/jwt-kit/Sources/JWTKit/MLDSA/MLDSA87+MLDSAKey.swift:17:53: error: cannot find type 'MLDSA87' in scope
15 | @_spi(PostQuantum)
16 | @available(iOS 26.0, macOS 26.0, watchOS 26.0, tvOS 26.0, *)
17 | public typealias MLDSA87PublicKey = MLDSA.PublicKey<MLDSA87>
   |                                                     `- error: cannot find type 'MLDSA87' in scope
18 |
19 | @_spi(PostQuantum)
/Users/admin/builder/spi-builder-workspace/.build/checkouts/jwt-kit/Sources/JWTKit/MLDSA/MLDSA87+MLDSAKey.swift:21:55: error: cannot find type 'MLDSA87' in scope
19 | @_spi(PostQuantum)
20 | @available(iOS 26.0, macOS 26.0, watchOS 26.0, tvOS 26.0, *)
21 | public typealias MLDSA87PrivateKey = MLDSA.PrivateKey<MLDSA87>
   |                                                       `- error: cannot find type 'MLDSA87' in scope
22 |
/Users/admin/builder/spi-builder-workspace/.build/checkouts/jwt-kit/Sources/JWTKit/MLDSA/MLDSA65+MLDSAKey.swift:6:34: error: cannot find type 'MLDSA65' in scope
 4 | @available(iOS 26.0, macOS 26.0, watchOS 26.0, tvOS 26.0, *)
 5 | extension MLDSA65.PublicKey: MLDSAPublicKey {
 6 |     public typealias MLDSAType = MLDSA65
   |                                  `- error: cannot find type 'MLDSA65' in scope
 7 | }
 8 |
/Users/admin/builder/spi-builder-workspace/.build/checkouts/jwt-kit/Sources/JWTKit/MLDSA/MLDSA65+MLDSAKey.swift:12:34: error: cannot find type 'MLDSA65' in scope
10 | @available(iOS 26.0, macOS 26.0, watchOS 26.0, tvOS 26.0, *)
11 | extension MLDSA65.PrivateKey: MLDSAPrivateKey {
12 |     public typealias MLDSAType = MLDSA65
   |                                  `- error: cannot find type 'MLDSA65' in scope
13 | }
14 |
/Users/admin/builder/spi-builder-workspace/.build/checkouts/jwt-kit/Sources/JWTKit/MLDSA/MLDSA87+MLDSAKey.swift:6:34: error: cannot find type 'MLDSA87' in scope
 4 | @available(iOS 26.0, macOS 26.0, watchOS 26.0, tvOS 26.0, *)
 5 | extension MLDSA87.PublicKey: MLDSAPublicKey {
 6 |     public typealias MLDSAType = MLDSA87
   |                                  `- error: cannot find type 'MLDSA87' in scope
 7 | }
 8 |
/Users/admin/builder/spi-builder-workspace/.build/checkouts/jwt-kit/Sources/JWTKit/MLDSA/MLDSA87+MLDSAKey.swift:12:34: error: cannot find type 'MLDSA87' in scope
10 | @available(iOS 26.0, macOS 26.0, watchOS 26.0, tvOS 26.0, *)
11 | extension MLDSA87.PrivateKey: MLDSAPrivateKey {
12 |     public typealias MLDSAType = MLDSA87
   |                                  `- error: cannot find type 'MLDSA87' in scope
13 | }
14 |
[623/734] Compiling JWTKit JWTSerializer.swift
/Users/admin/builder/spi-builder-workspace/.build/checkouts/jwt-kit/Sources/JWTKit/MLDSA/MLDSA65+MLDSAKey.swift:5:11: error: cannot find type 'MLDSA65' in scope
 3 | @_spi(PostQuantum)
 4 | @available(iOS 26.0, macOS 26.0, watchOS 26.0, tvOS 26.0, *)
 5 | extension MLDSA65.PublicKey: MLDSAPublicKey {
   |           `- error: cannot find type 'MLDSA65' in scope
 6 |     public typealias MLDSAType = MLDSA65
 7 | }
/Users/admin/builder/spi-builder-workspace/.build/checkouts/jwt-kit/Sources/JWTKit/MLDSA/MLDSA65+MLDSAKey.swift:11:11: error: cannot find type 'MLDSA65' in scope
 9 | @_spi(PostQuantum)
10 | @available(iOS 26.0, macOS 26.0, watchOS 26.0, tvOS 26.0, *)
11 | extension MLDSA65.PrivateKey: MLDSAPrivateKey {
   |           `- error: cannot find type 'MLDSA65' in scope
12 |     public typealias MLDSAType = MLDSA65
13 | }
/Users/admin/builder/spi-builder-workspace/.build/checkouts/jwt-kit/Sources/JWTKit/MLDSA/MLDSA65+MLDSAKey.swift:17:53: error: cannot find type 'MLDSA65' in scope
15 | @_spi(PostQuantum)
16 | @available(iOS 26.0, macOS 26.0, watchOS 26.0, tvOS 26.0, *)
17 | public typealias MLDSA65PublicKey = MLDSA.PublicKey<MLDSA65>
   |                                                     `- error: cannot find type 'MLDSA65' in scope
18 |
19 | @_spi(PostQuantum)
/Users/admin/builder/spi-builder-workspace/.build/checkouts/jwt-kit/Sources/JWTKit/MLDSA/MLDSA65+MLDSAKey.swift:21:55: error: cannot find type 'MLDSA65' in scope
19 | @_spi(PostQuantum)
20 | @available(iOS 26.0, macOS 26.0, watchOS 26.0, tvOS 26.0, *)
21 | public typealias MLDSA65PrivateKey = MLDSA.PrivateKey<MLDSA65>
   |                                                       `- error: cannot find type 'MLDSA65' in scope
22 |
/Users/admin/builder/spi-builder-workspace/.build/checkouts/jwt-kit/Sources/JWTKit/MLDSA/MLDSA87+MLDSAKey.swift:5:11: error: cannot find type 'MLDSA87' in scope
 3 | @_spi(PostQuantum)
 4 | @available(iOS 26.0, macOS 26.0, watchOS 26.0, tvOS 26.0, *)
 5 | extension MLDSA87.PublicKey: MLDSAPublicKey {
   |           `- error: cannot find type 'MLDSA87' in scope
 6 |     public typealias MLDSAType = MLDSA87
 7 | }
/Users/admin/builder/spi-builder-workspace/.build/checkouts/jwt-kit/Sources/JWTKit/MLDSA/MLDSA87+MLDSAKey.swift:11:11: error: cannot find type 'MLDSA87' in scope
 9 | @_spi(PostQuantum)
10 | @available(iOS 26.0, macOS 26.0, watchOS 26.0, tvOS 26.0, *)
11 | extension MLDSA87.PrivateKey: MLDSAPrivateKey {
   |           `- error: cannot find type 'MLDSA87' in scope
12 |     public typealias MLDSAType = MLDSA87
13 | }
/Users/admin/builder/spi-builder-workspace/.build/checkouts/jwt-kit/Sources/JWTKit/MLDSA/MLDSA87+MLDSAKey.swift:17:53: error: cannot find type 'MLDSA87' in scope
15 | @_spi(PostQuantum)
16 | @available(iOS 26.0, macOS 26.0, watchOS 26.0, tvOS 26.0, *)
17 | public typealias MLDSA87PublicKey = MLDSA.PublicKey<MLDSA87>
   |                                                     `- error: cannot find type 'MLDSA87' in scope
18 |
19 | @_spi(PostQuantum)
/Users/admin/builder/spi-builder-workspace/.build/checkouts/jwt-kit/Sources/JWTKit/MLDSA/MLDSA87+MLDSAKey.swift:21:55: error: cannot find type 'MLDSA87' in scope
19 | @_spi(PostQuantum)
20 | @available(iOS 26.0, macOS 26.0, watchOS 26.0, tvOS 26.0, *)
21 | public typealias MLDSA87PrivateKey = MLDSA.PrivateKey<MLDSA87>
   |                                                       `- error: cannot find type 'MLDSA87' in scope
22 |
/Users/admin/builder/spi-builder-workspace/.build/checkouts/jwt-kit/Sources/JWTKit/MLDSA/MLDSA65+MLDSAKey.swift:6:34: error: cannot find type 'MLDSA65' in scope
 4 | @available(iOS 26.0, macOS 26.0, watchOS 26.0, tvOS 26.0, *)
 5 | extension MLDSA65.PublicKey: MLDSAPublicKey {
 6 |     public typealias MLDSAType = MLDSA65
   |                                  `- error: cannot find type 'MLDSA65' in scope
 7 | }
 8 |
/Users/admin/builder/spi-builder-workspace/.build/checkouts/jwt-kit/Sources/JWTKit/MLDSA/MLDSA65+MLDSAKey.swift:12:34: error: cannot find type 'MLDSA65' in scope
10 | @available(iOS 26.0, macOS 26.0, watchOS 26.0, tvOS 26.0, *)
11 | extension MLDSA65.PrivateKey: MLDSAPrivateKey {
12 |     public typealias MLDSAType = MLDSA65
   |                                  `- error: cannot find type 'MLDSA65' in scope
13 | }
14 |
/Users/admin/builder/spi-builder-workspace/.build/checkouts/jwt-kit/Sources/JWTKit/MLDSA/MLDSA87+MLDSAKey.swift:6:34: error: cannot find type 'MLDSA87' in scope
 4 | @available(iOS 26.0, macOS 26.0, watchOS 26.0, tvOS 26.0, *)
 5 | extension MLDSA87.PublicKey: MLDSAPublicKey {
 6 |     public typealias MLDSAType = MLDSA87
   |                                  `- error: cannot find type 'MLDSA87' in scope
 7 | }
 8 |
/Users/admin/builder/spi-builder-workspace/.build/checkouts/jwt-kit/Sources/JWTKit/MLDSA/MLDSA87+MLDSAKey.swift:12:34: error: cannot find type 'MLDSA87' in scope
10 | @available(iOS 26.0, macOS 26.0, watchOS 26.0, tvOS 26.0, *)
11 | extension MLDSA87.PrivateKey: MLDSAPrivateKey {
12 |     public typealias MLDSAType = MLDSA87
   |                                  `- error: cannot find type 'MLDSA87' in scope
13 | }
14 |
[624/734] Compiling JWTKit JWTSigner.swift
/Users/admin/builder/spi-builder-workspace/.build/checkouts/jwt-kit/Sources/JWTKit/MLDSA/MLDSA65+MLDSAKey.swift:5:11: error: cannot find type 'MLDSA65' in scope
 3 | @_spi(PostQuantum)
 4 | @available(iOS 26.0, macOS 26.0, watchOS 26.0, tvOS 26.0, *)
 5 | extension MLDSA65.PublicKey: MLDSAPublicKey {
   |           `- error: cannot find type 'MLDSA65' in scope
 6 |     public typealias MLDSAType = MLDSA65
 7 | }
/Users/admin/builder/spi-builder-workspace/.build/checkouts/jwt-kit/Sources/JWTKit/MLDSA/MLDSA65+MLDSAKey.swift:11:11: error: cannot find type 'MLDSA65' in scope
 9 | @_spi(PostQuantum)
10 | @available(iOS 26.0, macOS 26.0, watchOS 26.0, tvOS 26.0, *)
11 | extension MLDSA65.PrivateKey: MLDSAPrivateKey {
   |           `- error: cannot find type 'MLDSA65' in scope
12 |     public typealias MLDSAType = MLDSA65
13 | }
/Users/admin/builder/spi-builder-workspace/.build/checkouts/jwt-kit/Sources/JWTKit/MLDSA/MLDSA65+MLDSAKey.swift:17:53: error: cannot find type 'MLDSA65' in scope
15 | @_spi(PostQuantum)
16 | @available(iOS 26.0, macOS 26.0, watchOS 26.0, tvOS 26.0, *)
17 | public typealias MLDSA65PublicKey = MLDSA.PublicKey<MLDSA65>
   |                                                     `- error: cannot find type 'MLDSA65' in scope
18 |
19 | @_spi(PostQuantum)
/Users/admin/builder/spi-builder-workspace/.build/checkouts/jwt-kit/Sources/JWTKit/MLDSA/MLDSA65+MLDSAKey.swift:21:55: error: cannot find type 'MLDSA65' in scope
19 | @_spi(PostQuantum)
20 | @available(iOS 26.0, macOS 26.0, watchOS 26.0, tvOS 26.0, *)
21 | public typealias MLDSA65PrivateKey = MLDSA.PrivateKey<MLDSA65>
   |                                                       `- error: cannot find type 'MLDSA65' in scope
22 |
/Users/admin/builder/spi-builder-workspace/.build/checkouts/jwt-kit/Sources/JWTKit/MLDSA/MLDSA87+MLDSAKey.swift:5:11: error: cannot find type 'MLDSA87' in scope
 3 | @_spi(PostQuantum)
 4 | @available(iOS 26.0, macOS 26.0, watchOS 26.0, tvOS 26.0, *)
 5 | extension MLDSA87.PublicKey: MLDSAPublicKey {
   |           `- error: cannot find type 'MLDSA87' in scope
 6 |     public typealias MLDSAType = MLDSA87
 7 | }
/Users/admin/builder/spi-builder-workspace/.build/checkouts/jwt-kit/Sources/JWTKit/MLDSA/MLDSA87+MLDSAKey.swift:11:11: error: cannot find type 'MLDSA87' in scope
 9 | @_spi(PostQuantum)
10 | @available(iOS 26.0, macOS 26.0, watchOS 26.0, tvOS 26.0, *)
11 | extension MLDSA87.PrivateKey: MLDSAPrivateKey {
   |           `- error: cannot find type 'MLDSA87' in scope
12 |     public typealias MLDSAType = MLDSA87
13 | }
/Users/admin/builder/spi-builder-workspace/.build/checkouts/jwt-kit/Sources/JWTKit/MLDSA/MLDSA87+MLDSAKey.swift:17:53: error: cannot find type 'MLDSA87' in scope
15 | @_spi(PostQuantum)
16 | @available(iOS 26.0, macOS 26.0, watchOS 26.0, tvOS 26.0, *)
17 | public typealias MLDSA87PublicKey = MLDSA.PublicKey<MLDSA87>
   |                                                     `- error: cannot find type 'MLDSA87' in scope
18 |
19 | @_spi(PostQuantum)
/Users/admin/builder/spi-builder-workspace/.build/checkouts/jwt-kit/Sources/JWTKit/MLDSA/MLDSA87+MLDSAKey.swift:21:55: error: cannot find type 'MLDSA87' in scope
19 | @_spi(PostQuantum)
20 | @available(iOS 26.0, macOS 26.0, watchOS 26.0, tvOS 26.0, *)
21 | public typealias MLDSA87PrivateKey = MLDSA.PrivateKey<MLDSA87>
   |                                                       `- error: cannot find type 'MLDSA87' in scope
22 |
/Users/admin/builder/spi-builder-workspace/.build/checkouts/jwt-kit/Sources/JWTKit/MLDSA/MLDSA65+MLDSAKey.swift:6:34: error: cannot find type 'MLDSA65' in scope
 4 | @available(iOS 26.0, macOS 26.0, watchOS 26.0, tvOS 26.0, *)
 5 | extension MLDSA65.PublicKey: MLDSAPublicKey {
 6 |     public typealias MLDSAType = MLDSA65
   |                                  `- error: cannot find type 'MLDSA65' in scope
 7 | }
 8 |
/Users/admin/builder/spi-builder-workspace/.build/checkouts/jwt-kit/Sources/JWTKit/MLDSA/MLDSA65+MLDSAKey.swift:12:34: error: cannot find type 'MLDSA65' in scope
10 | @available(iOS 26.0, macOS 26.0, watchOS 26.0, tvOS 26.0, *)
11 | extension MLDSA65.PrivateKey: MLDSAPrivateKey {
12 |     public typealias MLDSAType = MLDSA65
   |                                  `- error: cannot find type 'MLDSA65' in scope
13 | }
14 |
/Users/admin/builder/spi-builder-workspace/.build/checkouts/jwt-kit/Sources/JWTKit/MLDSA/MLDSA87+MLDSAKey.swift:6:34: error: cannot find type 'MLDSA87' in scope
 4 | @available(iOS 26.0, macOS 26.0, watchOS 26.0, tvOS 26.0, *)
 5 | extension MLDSA87.PublicKey: MLDSAPublicKey {
 6 |     public typealias MLDSAType = MLDSA87
   |                                  `- error: cannot find type 'MLDSA87' in scope
 7 | }
 8 |
/Users/admin/builder/spi-builder-workspace/.build/checkouts/jwt-kit/Sources/JWTKit/MLDSA/MLDSA87+MLDSAKey.swift:12:34: error: cannot find type 'MLDSA87' in scope
10 | @available(iOS 26.0, macOS 26.0, watchOS 26.0, tvOS 26.0, *)
11 | extension MLDSA87.PrivateKey: MLDSAPrivateKey {
12 |     public typealias MLDSAType = MLDSA87
   |                                  `- error: cannot find type 'MLDSA87' in scope
13 | }
14 |
[625/734] Compiling JWTKit JWTKeyCollection+MLDSA.swift
/Users/admin/builder/spi-builder-workspace/.build/checkouts/jwt-kit/Sources/JWTKit/MLDSA/MLDSA65+MLDSAKey.swift:5:11: error: cannot find type 'MLDSA65' in scope
 3 | @_spi(PostQuantum)
 4 | @available(iOS 26.0, macOS 26.0, watchOS 26.0, tvOS 26.0, *)
 5 | extension MLDSA65.PublicKey: MLDSAPublicKey {
   |           `- error: cannot find type 'MLDSA65' in scope
 6 |     public typealias MLDSAType = MLDSA65
 7 | }
/Users/admin/builder/spi-builder-workspace/.build/checkouts/jwt-kit/Sources/JWTKit/MLDSA/MLDSA65+MLDSAKey.swift:11:11: error: cannot find type 'MLDSA65' in scope
 9 | @_spi(PostQuantum)
10 | @available(iOS 26.0, macOS 26.0, watchOS 26.0, tvOS 26.0, *)
11 | extension MLDSA65.PrivateKey: MLDSAPrivateKey {
   |           `- error: cannot find type 'MLDSA65' in scope
12 |     public typealias MLDSAType = MLDSA65
13 | }
/Users/admin/builder/spi-builder-workspace/.build/checkouts/jwt-kit/Sources/JWTKit/MLDSA/MLDSA65+MLDSAKey.swift:17:53: error: cannot find type 'MLDSA65' in scope
15 | @_spi(PostQuantum)
16 | @available(iOS 26.0, macOS 26.0, watchOS 26.0, tvOS 26.0, *)
17 | public typealias MLDSA65PublicKey = MLDSA.PublicKey<MLDSA65>
   |                                                     `- error: cannot find type 'MLDSA65' in scope
18 |
19 | @_spi(PostQuantum)
/Users/admin/builder/spi-builder-workspace/.build/checkouts/jwt-kit/Sources/JWTKit/MLDSA/MLDSA65+MLDSAKey.swift:21:55: error: cannot find type 'MLDSA65' in scope
19 | @_spi(PostQuantum)
20 | @available(iOS 26.0, macOS 26.0, watchOS 26.0, tvOS 26.0, *)
21 | public typealias MLDSA65PrivateKey = MLDSA.PrivateKey<MLDSA65>
   |                                                       `- error: cannot find type 'MLDSA65' in scope
22 |
/Users/admin/builder/spi-builder-workspace/.build/checkouts/jwt-kit/Sources/JWTKit/MLDSA/MLDSA87+MLDSAKey.swift:5:11: error: cannot find type 'MLDSA87' in scope
 3 | @_spi(PostQuantum)
 4 | @available(iOS 26.0, macOS 26.0, watchOS 26.0, tvOS 26.0, *)
 5 | extension MLDSA87.PublicKey: MLDSAPublicKey {
   |           `- error: cannot find type 'MLDSA87' in scope
 6 |     public typealias MLDSAType = MLDSA87
 7 | }
/Users/admin/builder/spi-builder-workspace/.build/checkouts/jwt-kit/Sources/JWTKit/MLDSA/MLDSA87+MLDSAKey.swift:11:11: error: cannot find type 'MLDSA87' in scope
 9 | @_spi(PostQuantum)
10 | @available(iOS 26.0, macOS 26.0, watchOS 26.0, tvOS 26.0, *)
11 | extension MLDSA87.PrivateKey: MLDSAPrivateKey {
   |           `- error: cannot find type 'MLDSA87' in scope
12 |     public typealias MLDSAType = MLDSA87
13 | }
/Users/admin/builder/spi-builder-workspace/.build/checkouts/jwt-kit/Sources/JWTKit/MLDSA/MLDSA87+MLDSAKey.swift:17:53: error: cannot find type 'MLDSA87' in scope
15 | @_spi(PostQuantum)
16 | @available(iOS 26.0, macOS 26.0, watchOS 26.0, tvOS 26.0, *)
17 | public typealias MLDSA87PublicKey = MLDSA.PublicKey<MLDSA87>
   |                                                     `- error: cannot find type 'MLDSA87' in scope
18 |
19 | @_spi(PostQuantum)
/Users/admin/builder/spi-builder-workspace/.build/checkouts/jwt-kit/Sources/JWTKit/MLDSA/MLDSA87+MLDSAKey.swift:21:55: error: cannot find type 'MLDSA87' in scope
19 | @_spi(PostQuantum)
20 | @available(iOS 26.0, macOS 26.0, watchOS 26.0, tvOS 26.0, *)
21 | public typealias MLDSA87PrivateKey = MLDSA.PrivateKey<MLDSA87>
   |                                                       `- error: cannot find type 'MLDSA87' in scope
22 |
/Users/admin/builder/spi-builder-workspace/.build/checkouts/jwt-kit/Sources/JWTKit/MLDSA/MLDSA65+MLDSAKey.swift:6:34: error: cannot find type 'MLDSA65' in scope
 4 | @available(iOS 26.0, macOS 26.0, watchOS 26.0, tvOS 26.0, *)
 5 | extension MLDSA65.PublicKey: MLDSAPublicKey {
 6 |     public typealias MLDSAType = MLDSA65
   |                                  `- error: cannot find type 'MLDSA65' in scope
 7 | }
 8 |
/Users/admin/builder/spi-builder-workspace/.build/checkouts/jwt-kit/Sources/JWTKit/MLDSA/MLDSA65+MLDSAKey.swift:12:34: error: cannot find type 'MLDSA65' in scope
10 | @available(iOS 26.0, macOS 26.0, watchOS 26.0, tvOS 26.0, *)
11 | extension MLDSA65.PrivateKey: MLDSAPrivateKey {
12 |     public typealias MLDSAType = MLDSA65
   |                                  `- error: cannot find type 'MLDSA65' in scope
13 | }
14 |
/Users/admin/builder/spi-builder-workspace/.build/checkouts/jwt-kit/Sources/JWTKit/MLDSA/MLDSA87+MLDSAKey.swift:6:34: error: cannot find type 'MLDSA87' in scope
 4 | @available(iOS 26.0, macOS 26.0, watchOS 26.0, tvOS 26.0, *)
 5 | extension MLDSA87.PublicKey: MLDSAPublicKey {
 6 |     public typealias MLDSAType = MLDSA87
   |                                  `- error: cannot find type 'MLDSA87' in scope
 7 | }
 8 |
/Users/admin/builder/spi-builder-workspace/.build/checkouts/jwt-kit/Sources/JWTKit/MLDSA/MLDSA87+MLDSAKey.swift:12:34: error: cannot find type 'MLDSA87' in scope
10 | @available(iOS 26.0, macOS 26.0, watchOS 26.0, tvOS 26.0, *)
11 | extension MLDSA87.PrivateKey: MLDSAPrivateKey {
12 |     public typealias MLDSAType = MLDSA87
   |                                  `- error: cannot find type 'MLDSA87' in scope
13 | }
14 |
[626/734] Compiling JWTKit MLDSA.swift
/Users/admin/builder/spi-builder-workspace/.build/checkouts/jwt-kit/Sources/JWTKit/MLDSA/MLDSA65+MLDSAKey.swift:5:11: error: cannot find type 'MLDSA65' in scope
 3 | @_spi(PostQuantum)
 4 | @available(iOS 26.0, macOS 26.0, watchOS 26.0, tvOS 26.0, *)
 5 | extension MLDSA65.PublicKey: MLDSAPublicKey {
   |           `- error: cannot find type 'MLDSA65' in scope
 6 |     public typealias MLDSAType = MLDSA65
 7 | }
/Users/admin/builder/spi-builder-workspace/.build/checkouts/jwt-kit/Sources/JWTKit/MLDSA/MLDSA65+MLDSAKey.swift:11:11: error: cannot find type 'MLDSA65' in scope
 9 | @_spi(PostQuantum)
10 | @available(iOS 26.0, macOS 26.0, watchOS 26.0, tvOS 26.0, *)
11 | extension MLDSA65.PrivateKey: MLDSAPrivateKey {
   |           `- error: cannot find type 'MLDSA65' in scope
12 |     public typealias MLDSAType = MLDSA65
13 | }
/Users/admin/builder/spi-builder-workspace/.build/checkouts/jwt-kit/Sources/JWTKit/MLDSA/MLDSA65+MLDSAKey.swift:17:53: error: cannot find type 'MLDSA65' in scope
15 | @_spi(PostQuantum)
16 | @available(iOS 26.0, macOS 26.0, watchOS 26.0, tvOS 26.0, *)
17 | public typealias MLDSA65PublicKey = MLDSA.PublicKey<MLDSA65>
   |                                                     `- error: cannot find type 'MLDSA65' in scope
18 |
19 | @_spi(PostQuantum)
/Users/admin/builder/spi-builder-workspace/.build/checkouts/jwt-kit/Sources/JWTKit/MLDSA/MLDSA65+MLDSAKey.swift:21:55: error: cannot find type 'MLDSA65' in scope
19 | @_spi(PostQuantum)
20 | @available(iOS 26.0, macOS 26.0, watchOS 26.0, tvOS 26.0, *)
21 | public typealias MLDSA65PrivateKey = MLDSA.PrivateKey<MLDSA65>
   |                                                       `- error: cannot find type 'MLDSA65' in scope
22 |
/Users/admin/builder/spi-builder-workspace/.build/checkouts/jwt-kit/Sources/JWTKit/MLDSA/MLDSA87+MLDSAKey.swift:5:11: error: cannot find type 'MLDSA87' in scope
 3 | @_spi(PostQuantum)
 4 | @available(iOS 26.0, macOS 26.0, watchOS 26.0, tvOS 26.0, *)
 5 | extension MLDSA87.PublicKey: MLDSAPublicKey {
   |           `- error: cannot find type 'MLDSA87' in scope
 6 |     public typealias MLDSAType = MLDSA87
 7 | }
/Users/admin/builder/spi-builder-workspace/.build/checkouts/jwt-kit/Sources/JWTKit/MLDSA/MLDSA87+MLDSAKey.swift:11:11: error: cannot find type 'MLDSA87' in scope
 9 | @_spi(PostQuantum)
10 | @available(iOS 26.0, macOS 26.0, watchOS 26.0, tvOS 26.0, *)
11 | extension MLDSA87.PrivateKey: MLDSAPrivateKey {
   |           `- error: cannot find type 'MLDSA87' in scope
12 |     public typealias MLDSAType = MLDSA87
13 | }
/Users/admin/builder/spi-builder-workspace/.build/checkouts/jwt-kit/Sources/JWTKit/MLDSA/MLDSA87+MLDSAKey.swift:17:53: error: cannot find type 'MLDSA87' in scope
15 | @_spi(PostQuantum)
16 | @available(iOS 26.0, macOS 26.0, watchOS 26.0, tvOS 26.0, *)
17 | public typealias MLDSA87PublicKey = MLDSA.PublicKey<MLDSA87>
   |                                                     `- error: cannot find type 'MLDSA87' in scope
18 |
19 | @_spi(PostQuantum)
/Users/admin/builder/spi-builder-workspace/.build/checkouts/jwt-kit/Sources/JWTKit/MLDSA/MLDSA87+MLDSAKey.swift:21:55: error: cannot find type 'MLDSA87' in scope
19 | @_spi(PostQuantum)
20 | @available(iOS 26.0, macOS 26.0, watchOS 26.0, tvOS 26.0, *)
21 | public typealias MLDSA87PrivateKey = MLDSA.PrivateKey<MLDSA87>
   |                                                       `- error: cannot find type 'MLDSA87' in scope
22 |
/Users/admin/builder/spi-builder-workspace/.build/checkouts/jwt-kit/Sources/JWTKit/MLDSA/MLDSA65+MLDSAKey.swift:6:34: error: cannot find type 'MLDSA65' in scope
 4 | @available(iOS 26.0, macOS 26.0, watchOS 26.0, tvOS 26.0, *)
 5 | extension MLDSA65.PublicKey: MLDSAPublicKey {
 6 |     public typealias MLDSAType = MLDSA65
   |                                  `- error: cannot find type 'MLDSA65' in scope
 7 | }
 8 |
/Users/admin/builder/spi-builder-workspace/.build/checkouts/jwt-kit/Sources/JWTKit/MLDSA/MLDSA65+MLDSAKey.swift:12:34: error: cannot find type 'MLDSA65' in scope
10 | @available(iOS 26.0, macOS 26.0, watchOS 26.0, tvOS 26.0, *)
11 | extension MLDSA65.PrivateKey: MLDSAPrivateKey {
12 |     public typealias MLDSAType = MLDSA65
   |                                  `- error: cannot find type 'MLDSA65' in scope
13 | }
14 |
/Users/admin/builder/spi-builder-workspace/.build/checkouts/jwt-kit/Sources/JWTKit/MLDSA/MLDSA87+MLDSAKey.swift:6:34: error: cannot find type 'MLDSA87' in scope
 4 | @available(iOS 26.0, macOS 26.0, watchOS 26.0, tvOS 26.0, *)
 5 | extension MLDSA87.PublicKey: MLDSAPublicKey {
 6 |     public typealias MLDSAType = MLDSA87
   |                                  `- error: cannot find type 'MLDSA87' in scope
 7 | }
 8 |
/Users/admin/builder/spi-builder-workspace/.build/checkouts/jwt-kit/Sources/JWTKit/MLDSA/MLDSA87+MLDSAKey.swift:12:34: error: cannot find type 'MLDSA87' in scope
10 | @available(iOS 26.0, macOS 26.0, watchOS 26.0, tvOS 26.0, *)
11 | extension MLDSA87.PrivateKey: MLDSAPrivateKey {
12 |     public typealias MLDSAType = MLDSA87
   |                                  `- error: cannot find type 'MLDSA87' in scope
13 | }
14 |
[627/734] Compiling JWTKit MLDSA65+MLDSAKey.swift
/Users/admin/builder/spi-builder-workspace/.build/checkouts/jwt-kit/Sources/JWTKit/MLDSA/MLDSA65+MLDSAKey.swift:5:11: error: cannot find type 'MLDSA65' in scope
 3 | @_spi(PostQuantum)
 4 | @available(iOS 26.0, macOS 26.0, watchOS 26.0, tvOS 26.0, *)
 5 | extension MLDSA65.PublicKey: MLDSAPublicKey {
   |           `- error: cannot find type 'MLDSA65' in scope
 6 |     public typealias MLDSAType = MLDSA65
 7 | }
/Users/admin/builder/spi-builder-workspace/.build/checkouts/jwt-kit/Sources/JWTKit/MLDSA/MLDSA65+MLDSAKey.swift:11:11: error: cannot find type 'MLDSA65' in scope
 9 | @_spi(PostQuantum)
10 | @available(iOS 26.0, macOS 26.0, watchOS 26.0, tvOS 26.0, *)
11 | extension MLDSA65.PrivateKey: MLDSAPrivateKey {
   |           `- error: cannot find type 'MLDSA65' in scope
12 |     public typealias MLDSAType = MLDSA65
13 | }
/Users/admin/builder/spi-builder-workspace/.build/checkouts/jwt-kit/Sources/JWTKit/MLDSA/MLDSA65+MLDSAKey.swift:17:53: error: cannot find type 'MLDSA65' in scope
15 | @_spi(PostQuantum)
16 | @available(iOS 26.0, macOS 26.0, watchOS 26.0, tvOS 26.0, *)
17 | public typealias MLDSA65PublicKey = MLDSA.PublicKey<MLDSA65>
   |                                                     `- error: cannot find type 'MLDSA65' in scope
18 |
19 | @_spi(PostQuantum)
/Users/admin/builder/spi-builder-workspace/.build/checkouts/jwt-kit/Sources/JWTKit/MLDSA/MLDSA65+MLDSAKey.swift:21:55: error: cannot find type 'MLDSA65' in scope
19 | @_spi(PostQuantum)
20 | @available(iOS 26.0, macOS 26.0, watchOS 26.0, tvOS 26.0, *)
21 | public typealias MLDSA65PrivateKey = MLDSA.PrivateKey<MLDSA65>
   |                                                       `- error: cannot find type 'MLDSA65' in scope
22 |
/Users/admin/builder/spi-builder-workspace/.build/checkouts/jwt-kit/Sources/JWTKit/MLDSA/MLDSA87+MLDSAKey.swift:5:11: error: cannot find type 'MLDSA87' in scope
 3 | @_spi(PostQuantum)
 4 | @available(iOS 26.0, macOS 26.0, watchOS 26.0, tvOS 26.0, *)
 5 | extension MLDSA87.PublicKey: MLDSAPublicKey {
   |           `- error: cannot find type 'MLDSA87' in scope
 6 |     public typealias MLDSAType = MLDSA87
 7 | }
/Users/admin/builder/spi-builder-workspace/.build/checkouts/jwt-kit/Sources/JWTKit/MLDSA/MLDSA87+MLDSAKey.swift:11:11: error: cannot find type 'MLDSA87' in scope
 9 | @_spi(PostQuantum)
10 | @available(iOS 26.0, macOS 26.0, watchOS 26.0, tvOS 26.0, *)
11 | extension MLDSA87.PrivateKey: MLDSAPrivateKey {
   |           `- error: cannot find type 'MLDSA87' in scope
12 |     public typealias MLDSAType = MLDSA87
13 | }
/Users/admin/builder/spi-builder-workspace/.build/checkouts/jwt-kit/Sources/JWTKit/MLDSA/MLDSA87+MLDSAKey.swift:17:53: error: cannot find type 'MLDSA87' in scope
15 | @_spi(PostQuantum)
16 | @available(iOS 26.0, macOS 26.0, watchOS 26.0, tvOS 26.0, *)
17 | public typealias MLDSA87PublicKey = MLDSA.PublicKey<MLDSA87>
   |                                                     `- error: cannot find type 'MLDSA87' in scope
18 |
19 | @_spi(PostQuantum)
/Users/admin/builder/spi-builder-workspace/.build/checkouts/jwt-kit/Sources/JWTKit/MLDSA/MLDSA87+MLDSAKey.swift:21:55: error: cannot find type 'MLDSA87' in scope
19 | @_spi(PostQuantum)
20 | @available(iOS 26.0, macOS 26.0, watchOS 26.0, tvOS 26.0, *)
21 | public typealias MLDSA87PrivateKey = MLDSA.PrivateKey<MLDSA87>
   |                                                       `- error: cannot find type 'MLDSA87' in scope
22 |
/Users/admin/builder/spi-builder-workspace/.build/checkouts/jwt-kit/Sources/JWTKit/MLDSA/MLDSA65+MLDSAKey.swift:6:34: error: cannot find type 'MLDSA65' in scope
 4 | @available(iOS 26.0, macOS 26.0, watchOS 26.0, tvOS 26.0, *)
 5 | extension MLDSA65.PublicKey: MLDSAPublicKey {
 6 |     public typealias MLDSAType = MLDSA65
   |                                  `- error: cannot find type 'MLDSA65' in scope
 7 | }
 8 |
/Users/admin/builder/spi-builder-workspace/.build/checkouts/jwt-kit/Sources/JWTKit/MLDSA/MLDSA65+MLDSAKey.swift:12:34: error: cannot find type 'MLDSA65' in scope
10 | @available(iOS 26.0, macOS 26.0, watchOS 26.0, tvOS 26.0, *)
11 | extension MLDSA65.PrivateKey: MLDSAPrivateKey {
12 |     public typealias MLDSAType = MLDSA65
   |                                  `- error: cannot find type 'MLDSA65' in scope
13 | }
14 |
/Users/admin/builder/spi-builder-workspace/.build/checkouts/jwt-kit/Sources/JWTKit/MLDSA/MLDSA87+MLDSAKey.swift:6:34: error: cannot find type 'MLDSA87' in scope
 4 | @available(iOS 26.0, macOS 26.0, watchOS 26.0, tvOS 26.0, *)
 5 | extension MLDSA87.PublicKey: MLDSAPublicKey {
 6 |     public typealias MLDSAType = MLDSA87
   |                                  `- error: cannot find type 'MLDSA87' in scope
 7 | }
 8 |
/Users/admin/builder/spi-builder-workspace/.build/checkouts/jwt-kit/Sources/JWTKit/MLDSA/MLDSA87+MLDSAKey.swift:12:34: error: cannot find type 'MLDSA87' in scope
10 | @available(iOS 26.0, macOS 26.0, watchOS 26.0, tvOS 26.0, *)
11 | extension MLDSA87.PrivateKey: MLDSAPrivateKey {
12 |     public typealias MLDSAType = MLDSA87
   |                                  `- error: cannot find type 'MLDSA87' in scope
13 | }
14 |
[628/734] Compiling JWTKit MLDSA87+MLDSAKey.swift
/Users/admin/builder/spi-builder-workspace/.build/checkouts/jwt-kit/Sources/JWTKit/MLDSA/MLDSA65+MLDSAKey.swift:5:11: error: cannot find type 'MLDSA65' in scope
 3 | @_spi(PostQuantum)
 4 | @available(iOS 26.0, macOS 26.0, watchOS 26.0, tvOS 26.0, *)
 5 | extension MLDSA65.PublicKey: MLDSAPublicKey {
   |           `- error: cannot find type 'MLDSA65' in scope
 6 |     public typealias MLDSAType = MLDSA65
 7 | }
/Users/admin/builder/spi-builder-workspace/.build/checkouts/jwt-kit/Sources/JWTKit/MLDSA/MLDSA65+MLDSAKey.swift:11:11: error: cannot find type 'MLDSA65' in scope
 9 | @_spi(PostQuantum)
10 | @available(iOS 26.0, macOS 26.0, watchOS 26.0, tvOS 26.0, *)
11 | extension MLDSA65.PrivateKey: MLDSAPrivateKey {
   |           `- error: cannot find type 'MLDSA65' in scope
12 |     public typealias MLDSAType = MLDSA65
13 | }
/Users/admin/builder/spi-builder-workspace/.build/checkouts/jwt-kit/Sources/JWTKit/MLDSA/MLDSA65+MLDSAKey.swift:17:53: error: cannot find type 'MLDSA65' in scope
15 | @_spi(PostQuantum)
16 | @available(iOS 26.0, macOS 26.0, watchOS 26.0, tvOS 26.0, *)
17 | public typealias MLDSA65PublicKey = MLDSA.PublicKey<MLDSA65>
   |                                                     `- error: cannot find type 'MLDSA65' in scope
18 |
19 | @_spi(PostQuantum)
/Users/admin/builder/spi-builder-workspace/.build/checkouts/jwt-kit/Sources/JWTKit/MLDSA/MLDSA65+MLDSAKey.swift:21:55: error: cannot find type 'MLDSA65' in scope
19 | @_spi(PostQuantum)
20 | @available(iOS 26.0, macOS 26.0, watchOS 26.0, tvOS 26.0, *)
21 | public typealias MLDSA65PrivateKey = MLDSA.PrivateKey<MLDSA65>
   |                                                       `- error: cannot find type 'MLDSA65' in scope
22 |
/Users/admin/builder/spi-builder-workspace/.build/checkouts/jwt-kit/Sources/JWTKit/MLDSA/MLDSA87+MLDSAKey.swift:5:11: error: cannot find type 'MLDSA87' in scope
 3 | @_spi(PostQuantum)
 4 | @available(iOS 26.0, macOS 26.0, watchOS 26.0, tvOS 26.0, *)
 5 | extension MLDSA87.PublicKey: MLDSAPublicKey {
   |           `- error: cannot find type 'MLDSA87' in scope
 6 |     public typealias MLDSAType = MLDSA87
 7 | }
/Users/admin/builder/spi-builder-workspace/.build/checkouts/jwt-kit/Sources/JWTKit/MLDSA/MLDSA87+MLDSAKey.swift:11:11: error: cannot find type 'MLDSA87' in scope
 9 | @_spi(PostQuantum)
10 | @available(iOS 26.0, macOS 26.0, watchOS 26.0, tvOS 26.0, *)
11 | extension MLDSA87.PrivateKey: MLDSAPrivateKey {
   |           `- error: cannot find type 'MLDSA87' in scope
12 |     public typealias MLDSAType = MLDSA87
13 | }
/Users/admin/builder/spi-builder-workspace/.build/checkouts/jwt-kit/Sources/JWTKit/MLDSA/MLDSA87+MLDSAKey.swift:17:53: error: cannot find type 'MLDSA87' in scope
15 | @_spi(PostQuantum)
16 | @available(iOS 26.0, macOS 26.0, watchOS 26.0, tvOS 26.0, *)
17 | public typealias MLDSA87PublicKey = MLDSA.PublicKey<MLDSA87>
   |                                                     `- error: cannot find type 'MLDSA87' in scope
18 |
19 | @_spi(PostQuantum)
/Users/admin/builder/spi-builder-workspace/.build/checkouts/jwt-kit/Sources/JWTKit/MLDSA/MLDSA87+MLDSAKey.swift:21:55: error: cannot find type 'MLDSA87' in scope
19 | @_spi(PostQuantum)
20 | @available(iOS 26.0, macOS 26.0, watchOS 26.0, tvOS 26.0, *)
21 | public typealias MLDSA87PrivateKey = MLDSA.PrivateKey<MLDSA87>
   |                                                       `- error: cannot find type 'MLDSA87' in scope
22 |
/Users/admin/builder/spi-builder-workspace/.build/checkouts/jwt-kit/Sources/JWTKit/MLDSA/MLDSA65+MLDSAKey.swift:6:34: error: cannot find type 'MLDSA65' in scope
 4 | @available(iOS 26.0, macOS 26.0, watchOS 26.0, tvOS 26.0, *)
 5 | extension MLDSA65.PublicKey: MLDSAPublicKey {
 6 |     public typealias MLDSAType = MLDSA65
   |                                  `- error: cannot find type 'MLDSA65' in scope
 7 | }
 8 |
/Users/admin/builder/spi-builder-workspace/.build/checkouts/jwt-kit/Sources/JWTKit/MLDSA/MLDSA65+MLDSAKey.swift:12:34: error: cannot find type 'MLDSA65' in scope
10 | @available(iOS 26.0, macOS 26.0, watchOS 26.0, tvOS 26.0, *)
11 | extension MLDSA65.PrivateKey: MLDSAPrivateKey {
12 |     public typealias MLDSAType = MLDSA65
   |                                  `- error: cannot find type 'MLDSA65' in scope
13 | }
14 |
/Users/admin/builder/spi-builder-workspace/.build/checkouts/jwt-kit/Sources/JWTKit/MLDSA/MLDSA87+MLDSAKey.swift:6:34: error: cannot find type 'MLDSA87' in scope
 4 | @available(iOS 26.0, macOS 26.0, watchOS 26.0, tvOS 26.0, *)
 5 | extension MLDSA87.PublicKey: MLDSAPublicKey {
 6 |     public typealias MLDSAType = MLDSA87
   |                                  `- error: cannot find type 'MLDSA87' in scope
 7 | }
 8 |
/Users/admin/builder/spi-builder-workspace/.build/checkouts/jwt-kit/Sources/JWTKit/MLDSA/MLDSA87+MLDSAKey.swift:12:34: error: cannot find type 'MLDSA87' in scope
10 | @available(iOS 26.0, macOS 26.0, watchOS 26.0, tvOS 26.0, *)
11 | extension MLDSA87.PrivateKey: MLDSAPrivateKey {
12 |     public typealias MLDSAType = MLDSA87
   |                                  `- error: cannot find type 'MLDSA87' in scope
13 | }
14 |
[629/741] Compiling JWTKit JWTMultiValueClaim.swift
[630/741] Compiling JWTKit JWTUnixEpochClaim.swift
[631/741] Compiling JWTKit LocaleClaim.swift
[632/741] Compiling JWTKit NotBeforeClaim.swift
[633/741] Compiling JWTKit SubjectClaim.swift
[634/741] Compiling JWTKit TenantIDClaim.swift
[635/746] Compiling JWTKit MLDSAError.swift
/Users/admin/builder/spi-builder-workspace/.build/checkouts/jwt-kit/Sources/JWTKit/MLDSA/MLDSAType.swift:13:11: error: cannot find type 'MLDSA65' in scope
11 | @_spi(PostQuantum)
12 | @available(iOS 26.0, macOS 26.0, watchOS 26.0, tvOS 26.0, *)
13 | extension MLDSA65: MLDSAType {
   |           `- error: cannot find type 'MLDSA65' in scope
14 |     public static var name: String { "ML-DSA-65" }
15 | }
/Users/admin/builder/spi-builder-workspace/.build/checkouts/jwt-kit/Sources/JWTKit/MLDSA/MLDSAType.swift:19:11: error: cannot find type 'MLDSA87' in scope
17 | @_spi(PostQuantum)
18 | @available(iOS 26.0, macOS 26.0, watchOS 26.0, tvOS 26.0, *)
19 | extension MLDSA87: MLDSAType {
   |           `- error: cannot find type 'MLDSA87' in scope
20 |     public static var name: String { "ML-DSA-87" }
21 | }
[636/746] Compiling JWTKit MLDSAKey.swift
/Users/admin/builder/spi-builder-workspace/.build/checkouts/jwt-kit/Sources/JWTKit/MLDSA/MLDSAType.swift:13:11: error: cannot find type 'MLDSA65' in scope
11 | @_spi(PostQuantum)
12 | @available(iOS 26.0, macOS 26.0, watchOS 26.0, tvOS 26.0, *)
13 | extension MLDSA65: MLDSAType {
   |           `- error: cannot find type 'MLDSA65' in scope
14 |     public static var name: String { "ML-DSA-65" }
15 | }
/Users/admin/builder/spi-builder-workspace/.build/checkouts/jwt-kit/Sources/JWTKit/MLDSA/MLDSAType.swift:19:11: error: cannot find type 'MLDSA87' in scope
17 | @_spi(PostQuantum)
18 | @available(iOS 26.0, macOS 26.0, watchOS 26.0, tvOS 26.0, *)
19 | extension MLDSA87: MLDSAType {
   |           `- error: cannot find type 'MLDSA87' in scope
20 |     public static var name: String { "ML-DSA-87" }
21 | }
[637/746] Compiling JWTKit MLDSASigner.swift
/Users/admin/builder/spi-builder-workspace/.build/checkouts/jwt-kit/Sources/JWTKit/MLDSA/MLDSAType.swift:13:11: error: cannot find type 'MLDSA65' in scope
11 | @_spi(PostQuantum)
12 | @available(iOS 26.0, macOS 26.0, watchOS 26.0, tvOS 26.0, *)
13 | extension MLDSA65: MLDSAType {
   |           `- error: cannot find type 'MLDSA65' in scope
14 |     public static var name: String { "ML-DSA-65" }
15 | }
/Users/admin/builder/spi-builder-workspace/.build/checkouts/jwt-kit/Sources/JWTKit/MLDSA/MLDSAType.swift:19:11: error: cannot find type 'MLDSA87' in scope
17 | @_spi(PostQuantum)
18 | @available(iOS 26.0, macOS 26.0, watchOS 26.0, tvOS 26.0, *)
19 | extension MLDSA87: MLDSAType {
   |           `- error: cannot find type 'MLDSA87' in scope
20 |     public static var name: String { "ML-DSA-87" }
21 | }
[638/746] Compiling JWTKit MLDSAType.swift
/Users/admin/builder/spi-builder-workspace/.build/checkouts/jwt-kit/Sources/JWTKit/MLDSA/MLDSAType.swift:13:11: error: cannot find type 'MLDSA65' in scope
11 | @_spi(PostQuantum)
12 | @available(iOS 26.0, macOS 26.0, watchOS 26.0, tvOS 26.0, *)
13 | extension MLDSA65: MLDSAType {
   |           `- error: cannot find type 'MLDSA65' in scope
14 |     public static var name: String { "ML-DSA-65" }
15 | }
/Users/admin/builder/spi-builder-workspace/.build/checkouts/jwt-kit/Sources/JWTKit/MLDSA/MLDSAType.swift:19:11: error: cannot find type 'MLDSA87' in scope
17 | @_spi(PostQuantum)
18 | @available(iOS 26.0, macOS 26.0, watchOS 26.0, tvOS 26.0, *)
19 | extension MLDSA87: MLDSAType {
   |           `- error: cannot find type 'MLDSA87' in scope
20 |     public static var name: String { "ML-DSA-87" }
21 | }
[639/746] Compiling JWTKit JWTKeyCollection+UnsecuredNone.swift
/Users/admin/builder/spi-builder-workspace/.build/checkouts/jwt-kit/Sources/JWTKit/MLDSA/MLDSAType.swift:13:11: error: cannot find type 'MLDSA65' in scope
11 | @_spi(PostQuantum)
12 | @available(iOS 26.0, macOS 26.0, watchOS 26.0, tvOS 26.0, *)
13 | extension MLDSA65: MLDSAType {
   |           `- error: cannot find type 'MLDSA65' in scope
14 |     public static var name: String { "ML-DSA-65" }
15 | }
/Users/admin/builder/spi-builder-workspace/.build/checkouts/jwt-kit/Sources/JWTKit/MLDSA/MLDSAType.swift:19:11: error: cannot find type 'MLDSA87' in scope
17 | @_spi(PostQuantum)
18 | @available(iOS 26.0, macOS 26.0, watchOS 26.0, tvOS 26.0, *)
19 | extension MLDSA87: MLDSAType {
   |           `- error: cannot find type 'MLDSA87' in scope
20 |     public static var name: String { "ML-DSA-87" }
21 | }
[640/746] Compiling JWTKit UnsecuredNoneSigner.swift
/Users/admin/builder/spi-builder-workspace/.build/checkouts/jwt-kit/Sources/JWTKit/MLDSA/MLDSAType.swift:13:11: error: cannot find type 'MLDSA65' in scope
11 | @_spi(PostQuantum)
12 | @available(iOS 26.0, macOS 26.0, watchOS 26.0, tvOS 26.0, *)
13 | extension MLDSA65: MLDSAType {
   |           `- error: cannot find type 'MLDSA65' in scope
14 |     public static var name: String { "ML-DSA-65" }
15 | }
/Users/admin/builder/spi-builder-workspace/.build/checkouts/jwt-kit/Sources/JWTKit/MLDSA/MLDSAType.swift:19:11: error: cannot find type 'MLDSA87' in scope
17 | @_spi(PostQuantum)
18 | @available(iOS 26.0, macOS 26.0, watchOS 26.0, tvOS 26.0, *)
19 | extension MLDSA87: MLDSAType {
   |           `- error: cannot find type 'MLDSA87' in scope
20 |     public static var name: String { "ML-DSA-87" }
21 | }
[641/746] Compiling JWTKit JWTKeyCollection+RSA.swift
/Users/admin/builder/spi-builder-workspace/.build/checkouts/jwt-kit/Sources/JWTKit/MLDSA/MLDSAType.swift:13:11: error: cannot find type 'MLDSA65' in scope
11 | @_spi(PostQuantum)
12 | @available(iOS 26.0, macOS 26.0, watchOS 26.0, tvOS 26.0, *)
13 | extension MLDSA65: MLDSAType {
   |           `- error: cannot find type 'MLDSA65' in scope
14 |     public static var name: String { "ML-DSA-65" }
15 | }
/Users/admin/builder/spi-builder-workspace/.build/checkouts/jwt-kit/Sources/JWTKit/MLDSA/MLDSAType.swift:19:11: error: cannot find type 'MLDSA87' in scope
17 | @_spi(PostQuantum)
18 | @available(iOS 26.0, macOS 26.0, watchOS 26.0, tvOS 26.0, *)
19 | extension MLDSA87: MLDSAType {
   |           `- error: cannot find type 'MLDSA87' in scope
20 |     public static var name: String { "ML-DSA-87" }
21 | }
[642/746] Compiling JWTKit P521+CurveType.swift
[643/746] Compiling JWTKit EdDSA.swift
[644/746] Compiling JWTKit EdDSACurve.swift
[645/746] Compiling JWTKit EdDSAError.swift
[646/746] Compiling JWTKit EdDSASigner.swift
[647/746] Compiling JWTKit JWTKeyCollection+EdDSA.swift
[648/746] Compiling JWTKit HMAC.swift
[649/746] Compiling JWTKit HMACError.swift
[650/746] Compiling JWTKit ECDSACurveType.swift
[651/746] Compiling JWTKit ECDSAError.swift
[652/746] Compiling JWTKit ECDSAKeyTypes.swift
[653/746] Compiling JWTKit ECDSASigner.swift
[654/746] Compiling JWTKit ECDSASigningAlgorithm.swift
[655/746] Compiling JWTKit JWTKeyCollection+ECDSA.swift
[656/746] Compiling JWTKit P256+CurveType.swift
[657/746] Compiling JWTKit P384+CurveType.swift
[658/746] Compiling JWTKit HMACSigner.swift
[659/746] Compiling JWTKit JWTKeyCollection+HMAC.swift
[660/746] Compiling JWTKit Insecure.swift
[661/746] Compiling JWTKit JWK.swift
[662/746] Compiling JWTKit JWKIdentifier.swift
[663/746] Compiling JWTKit JWKS.swift
[664/746] Compiling JWTKit JWKSigner.swift
[676/746] Compiling NIOPosix Utilities.swift
[677/746] Compiling NIOPosix VsockAddress.swift
[678/746] Compiling NIOPosix VsockChannelEvents.swift
[679/746] Compiling NIOPosix Windows.swift
[680/746] Compiling NIOPosix resource_bundle_accessor.swift
error: emit-module command failed with exit code 1 (use -v to see invocation)
[681/746] Compiling JWTKit RSA.swift
[682/746] Compiling JWTKit RSAError.swift
[683/746] Compiling JWTKit RSASigner.swift
[684/746] Compiling JWTKit Base64URL.swift
[685/746] Compiling JWTKit CryptoSigner.swift
[686/746] Compiling JWTKit CustomizedJSONCoders.swift
[687/746] Compiling JWTKit Utilities.swift
[694/746] Compiling JWTKit ECDSA.swift
[695/746] Compiling JWTKit ECDSACurve.swift
[696/746] Compiling JWTKit JWTAlgorithm.swift
[697/746] Compiling JWTKit JWTError.swift
[698/746] Compiling JWTKit JWTHeader+CommonFields.swift
[699/746] Compiling JWTKit JWTHeader.swift
[700/746] Compiling JWTKit JWTHeaderField.swift
[701/746] Compiling JWTKit JWTKeyCollection.swift
[702/746] Compiling JWTKit JWTParser.swift
[703/746] Emitting module JWTKit
/Users/admin/builder/spi-builder-workspace/.build/checkouts/jwt-kit/Sources/JWTKit/MLDSA/MLDSA65+MLDSAKey.swift:5:11: error: cannot find type 'MLDSA65' in scope
 3 | @_spi(PostQuantum)
 4 | @available(iOS 26.0, macOS 26.0, watchOS 26.0, tvOS 26.0, *)
 5 | extension MLDSA65.PublicKey: MLDSAPublicKey {
   |           `- error: cannot find type 'MLDSA65' in scope
 6 |     public typealias MLDSAType = MLDSA65
 7 | }
/Users/admin/builder/spi-builder-workspace/.build/checkouts/jwt-kit/Sources/JWTKit/MLDSA/MLDSA65+MLDSAKey.swift:11:11: error: cannot find type 'MLDSA65' in scope
 9 | @_spi(PostQuantum)
10 | @available(iOS 26.0, macOS 26.0, watchOS 26.0, tvOS 26.0, *)
11 | extension MLDSA65.PrivateKey: MLDSAPrivateKey {
   |           `- error: cannot find type 'MLDSA65' in scope
12 |     public typealias MLDSAType = MLDSA65
13 | }
/Users/admin/builder/spi-builder-workspace/.build/checkouts/jwt-kit/Sources/JWTKit/MLDSA/MLDSA65+MLDSAKey.swift:17:53: error: cannot find type 'MLDSA65' in scope
15 | @_spi(PostQuantum)
16 | @available(iOS 26.0, macOS 26.0, watchOS 26.0, tvOS 26.0, *)
17 | public typealias MLDSA65PublicKey = MLDSA.PublicKey<MLDSA65>
   |                                                     `- error: cannot find type 'MLDSA65' in scope
18 |
19 | @_spi(PostQuantum)
/Users/admin/builder/spi-builder-workspace/.build/checkouts/jwt-kit/Sources/JWTKit/MLDSA/MLDSA65+MLDSAKey.swift:21:55: error: cannot find type 'MLDSA65' in scope
19 | @_spi(PostQuantum)
20 | @available(iOS 26.0, macOS 26.0, watchOS 26.0, tvOS 26.0, *)
21 | public typealias MLDSA65PrivateKey = MLDSA.PrivateKey<MLDSA65>
   |                                                       `- error: cannot find type 'MLDSA65' in scope
22 |
/Users/admin/builder/spi-builder-workspace/.build/checkouts/jwt-kit/Sources/JWTKit/MLDSA/MLDSA87+MLDSAKey.swift:5:11: error: cannot find type 'MLDSA87' in scope
 3 | @_spi(PostQuantum)
 4 | @available(iOS 26.0, macOS 26.0, watchOS 26.0, tvOS 26.0, *)
 5 | extension MLDSA87.PublicKey: MLDSAPublicKey {
   |           `- error: cannot find type 'MLDSA87' in scope
 6 |     public typealias MLDSAType = MLDSA87
 7 | }
/Users/admin/builder/spi-builder-workspace/.build/checkouts/jwt-kit/Sources/JWTKit/MLDSA/MLDSA87+MLDSAKey.swift:11:11: error: cannot find type 'MLDSA87' in scope
 9 | @_spi(PostQuantum)
10 | @available(iOS 26.0, macOS 26.0, watchOS 26.0, tvOS 26.0, *)
11 | extension MLDSA87.PrivateKey: MLDSAPrivateKey {
   |           `- error: cannot find type 'MLDSA87' in scope
12 |     public typealias MLDSAType = MLDSA87
13 | }
/Users/admin/builder/spi-builder-workspace/.build/checkouts/jwt-kit/Sources/JWTKit/MLDSA/MLDSA87+MLDSAKey.swift:17:53: error: cannot find type 'MLDSA87' in scope
15 | @_spi(PostQuantum)
16 | @available(iOS 26.0, macOS 26.0, watchOS 26.0, tvOS 26.0, *)
17 | public typealias MLDSA87PublicKey = MLDSA.PublicKey<MLDSA87>
   |                                                     `- error: cannot find type 'MLDSA87' in scope
18 |
19 | @_spi(PostQuantum)
/Users/admin/builder/spi-builder-workspace/.build/checkouts/jwt-kit/Sources/JWTKit/MLDSA/MLDSA87+MLDSAKey.swift:21:55: error: cannot find type 'MLDSA87' in scope
19 | @_spi(PostQuantum)
20 | @available(iOS 26.0, macOS 26.0, watchOS 26.0, tvOS 26.0, *)
21 | public typealias MLDSA87PrivateKey = MLDSA.PrivateKey<MLDSA87>
   |                                                       `- error: cannot find type 'MLDSA87' in scope
22 |
/Users/admin/builder/spi-builder-workspace/.build/checkouts/jwt-kit/Sources/JWTKit/MLDSA/MLDSAType.swift:13:11: error: cannot find type 'MLDSA65' in scope
11 | @_spi(PostQuantum)
12 | @available(iOS 26.0, macOS 26.0, watchOS 26.0, tvOS 26.0, *)
13 | extension MLDSA65: MLDSAType {
   |           `- error: cannot find type 'MLDSA65' in scope
14 |     public static var name: String { "ML-DSA-65" }
15 | }
/Users/admin/builder/spi-builder-workspace/.build/checkouts/jwt-kit/Sources/JWTKit/MLDSA/MLDSAType.swift:19:11: error: cannot find type 'MLDSA87' in scope
17 | @_spi(PostQuantum)
18 | @available(iOS 26.0, macOS 26.0, watchOS 26.0, tvOS 26.0, *)
19 | extension MLDSA87: MLDSAType {
   |           `- error: cannot find type 'MLDSA87' in scope
20 |     public static var name: String { "ML-DSA-87" }
21 | }
[715/746] Compiling JWTKit AppleIdentityToken.swift
[716/746] Compiling JWTKit FirebaseAuthIdentityToken.swift
[717/746] Compiling JWTKit GoogleIdentityToken.swift
[718/746] Compiling JWTKit MicrosoftIdentityToken.swift
[719/746] Compiling JWTKit EmptyPolicy.swift
[720/746] Compiling JWTKit ValidationTimePayload.swift
[721/746] Compiling JWTKit X5CVerifier.swift
[734/746] Emitting module NIOPosix
BUILD FAILURE 6.1 macosSpm