Build Information
Failed to build AdzerkSDK, reference master (1a7ffc), with Swift 6.4 for watchOS using Xcode 27.0 on 24 Sep 2026 08:17:08 UTC.
Build Command
env DEVELOPER_DIR=/Applications/Xcode-27.0.0-Release.Candidate.app xcrun xcodebuild -IDEClonedSourcePackagesDirPathOverride=$PWD/.dependencies -skipMacroValidation -skipPackagePluginValidation -derivedDataPath $PWD/.derivedData build -scheme AdzerkSDK-Package -destination generic/platform=watchOSBuild Log
========================================
RunAll
========================================
Builder version: 5.1.0
Interrupt handler set up.
========================================
Checkout
========================================
Clone URL: https://github.com/adzerk/adzerk-ios-sdk.git
Reference: master
Initialized empty Git repository in /Users/admin/builder/spi-builder-workspace/.git/
From https://github.com/adzerk/adzerk-ios-sdk
* branch master -> FETCH_HEAD
* [new branch] master -> origin/master
HEAD is now at 1a7ffc7 Merge pull request #59 from adzerk/jira-mgmt-291-add-segment-to-decision
Cloned https://github.com/adzerk/adzerk-ios-sdk.git
Revision (git rev-parse @):
1a7ffc77eec8b95ffeca0ee919a8aabbc7c9eddc
SUCCESS checkout https://github.com/adzerk/adzerk-ios-sdk.git at master
========================================
Build
========================================
Selected platform: watchOS
Swift version: 6.4
Building package at path: $PWD
https://github.com/adzerk/adzerk-ios-sdk.git
Command line invocation:
/Applications/Xcode-27.0.0-Release.Candidate.app/Contents/Developer/usr/bin/xcodebuild -IDEClonedSourcePackagesDirPathOverride=/Users/admin/builder/spi-builder-workspace/.dependencies -resolvePackageDependencies
resolved source packages:
{
"dependencies" : [
],
"manifest_display_name" : "AdzerkSDK",
"name" : "AdzerkSDK",
"path" : "/Users/admin/builder/spi-builder-workspace",
"platforms" : [
{
"name" : "ios",
"version" : "10.0"
},
{
"name" : "macos",
"version" : "10.12"
}
],
"products" : [
{
"name" : "AdzerkSDK",
"targets" : [
"AdzerkSDK"
],
"type" : {
"library" : [
"automatic"
]
}
}
],
"targets" : [
{
"c99name" : "AdzerkSDKTests",
"module_type" : "SwiftTarget",
"name" : "AdzerkSDKTests",
"path" : "Tests/AdzerkSDKTests",
"sources" : [
"AnyCodableTests.swift",
"DecisionSDKAsyncAwaitTests.swift",
"DecisionSDKTests.swift",
"FakeKeyStore.swift",
"LoggerTests.swift",
"PlacementRequestTests.swift",
"PlacementTests.swift",
"UserKeyStoreKeychainTests.swift",
"XCAssert+Adzerk.swift",
"XCTestManifests.swift"
],
"target_dependencies" : [
"AdzerkSDK"
],
"type" : "test"
},
{
"c99name" : "AdzerkSDK",
"module_type" : "SwiftTarget",
"name" : "AdzerkSDK",
"path" : "Sources/AdzerkSDK",
"product_memberships" : [
"AdzerkSDK"
],
"sources" : [
"AdzerkError.swift",
"Codable/AdzerkJSONDecoder.swift",
"Codable/AdzerkJSONEncoder.swift",
"Codable/AnyCodable.swift",
"Codable/Decoder+AnyCodable.swift",
"Codable/DynamicCodingKey.swift",
"Consent.swift",
"DecisionSDK-Version.swift",
"DecisionSDK.swift",
"Endpoint.swift",
"FirePixelResponse.swift",
"GeoPoint.swift",
"KeychainHelper.swift",
"Logger.swift",
"Networking/NetworkTransport.swift",
"Networking/NoRedirectSessionDelegate.swift",
"Networking/Transport.swift",
"Networking/URL+Query.swift",
"Placement.swift",
"PlacementContent.swift",
"PlacementDecision.swift",
"PlacementEvent.swift",
"PlacementRequest.swift",
"PlacementResponse.swift",
"User.swift",
"UserDB.swift",
"UserIdentifier.swift",
"UserKeyStore.swift",
"UserKeyStoreKeychain.swift"
],
"type" : "library"
}
],
"tools_version" : "5.3"
}
{
"project" : {
"configurations" : [
"Debug",
"Release"
],
"name" : "AdzerkSDK",
"schemes" : [
"AdzerkSDK-Package"
],
"targets" : [
"AdzerkSDK",
"AdzerkSDKPackageDescription",
"AdzerkSDKPackageTests",
"AdzerkSDKTests"
]
}
}
Running build ...
env DEVELOPER_DIR=/Applications/Xcode-27.0.0-Release.Candidate.app xcrun xcodebuild -IDEClonedSourcePackagesDirPathOverride=$PWD/.dependencies -skipMacroValidation -skipPackagePluginValidation -derivedDataPath $PWD/.derivedData build -scheme AdzerkSDK-Package -destination generic/platform=watchOS
Command line invocation:
/Applications/Xcode-27.0.0-Release.Candidate.app/Contents/Developer/usr/bin/xcodebuild -IDEClonedSourcePackagesDirPathOverride=/Users/admin/builder/spi-builder-workspace/.dependencies -skipMacroValidation -skipPackagePluginValidation -derivedDataPath /Users/admin/builder/spi-builder-workspace/.derivedData build -scheme AdzerkSDK-Package -destination generic/platform=watchOS
ComputePackagePrebuildTargetDependencyGraph
Prepare packages
CreateBuildRequest
SendProjectDescription
CreateBuildOperation
ComputeTargetDependencyGraph
note: Building targets in dependency order
note: Target dependency graph (1 target)
Target 'AdzerkSDK' in project 'AdzerkSDK' (no dependencies)
GatherProvisioningInputs
CreateBuildDescription
ExecuteExternalTool /Applications/Xcode-27.0.0-Release.Candidate.app/Contents/Developer/Toolchains/XcodeDefault.xctoolchain/usr/bin/clang -v -E -dM -isysroot /Applications/Xcode-27.0.0-Release.Candidate.app/Contents/Developer/Platforms/WatchOS.platform/Developer/SDKs/WatchOS27.0.sdk -x c -c /dev/null
ExecuteExternalTool /Applications/Xcode-27.0.0-Release.Candidate.app/Contents/Developer/Toolchains/XcodeDefault.xctoolchain/usr/bin/swiftc --version
ExecuteExternalTool /Applications/Xcode-27.0.0-Release.Candidate.app/Contents/Developer/Toolchains/XcodeDefault.xctoolchain/usr/bin/ld -version_details
Build description signature: de579ac229cca4fe0af82f182b80c6db
Build description path: /Users/admin/builder/spi-builder-workspace/.derivedData/Build/Intermediates.noindex/XCBuildData/de579ac229cca4fe0af82f182b80c6db.xcbuilddata
/Users/admin/builder/spi-builder-workspace/AdzerkSDK.xcodeproj: error: The watchOS deployment target 'WATCHOS_DEPLOYMENT_TARGET' is set to 2.0, but the range of supported deployment target versions is 9.0 to 27.0.x. (in target 'AdzerkSDK' from project 'AdzerkSDK')
error: The armv7k architecture is deprecated. You should update your ARCHS build setting to remove the armv7k architecture. (in target 'AdzerkSDK' from project 'AdzerkSDK')
** BUILD FAILED **
The following build commands failed:
Building project AdzerkSDK with scheme AdzerkSDK-Package
(1 failure)
Command line invocation:
/Applications/Xcode-27.0.0-Release.Candidate.app/Contents/Developer/usr/bin/xcodebuild -IDEClonedSourcePackagesDirPathOverride=/Users/admin/builder/spi-builder-workspace/.dependencies -resolvePackageDependencies
resolved source packages:
{
"dependencies" : [
],
"manifest_display_name" : "AdzerkSDK",
"name" : "AdzerkSDK",
"path" : "/Users/admin/builder/spi-builder-workspace",
"platforms" : [
{
"name" : "ios",
"version" : "10.0"
},
{
"name" : "macos",
"version" : "10.12"
}
],
"products" : [
{
"name" : "AdzerkSDK",
"targets" : [
"AdzerkSDK"
],
"type" : {
"library" : [
"automatic"
]
}
}
],
"targets" : [
{
"c99name" : "AdzerkSDKTests",
"module_type" : "SwiftTarget",
"name" : "AdzerkSDKTests",
"path" : "Tests/AdzerkSDKTests",
"sources" : [
"AnyCodableTests.swift",
"DecisionSDKAsyncAwaitTests.swift",
"DecisionSDKTests.swift",
"FakeKeyStore.swift",
"LoggerTests.swift",
"PlacementRequestTests.swift",
"PlacementTests.swift",
"UserKeyStoreKeychainTests.swift",
"XCAssert+Adzerk.swift",
"XCTestManifests.swift"
],
"target_dependencies" : [
"AdzerkSDK"
],
"type" : "test"
},
{
"c99name" : "AdzerkSDK",
"module_type" : "SwiftTarget",
"name" : "AdzerkSDK",
"path" : "Sources/AdzerkSDK",
"product_memberships" : [
"AdzerkSDK"
],
"sources" : [
"AdzerkError.swift",
"Codable/AdzerkJSONDecoder.swift",
"Codable/AdzerkJSONEncoder.swift",
"Codable/AnyCodable.swift",
"Codable/Decoder+AnyCodable.swift",
"Codable/DynamicCodingKey.swift",
"Consent.swift",
"DecisionSDK-Version.swift",
"DecisionSDK.swift",
"Endpoint.swift",
"FirePixelResponse.swift",
"GeoPoint.swift",
"KeychainHelper.swift",
"Logger.swift",
"Networking/NetworkTransport.swift",
"Networking/NoRedirectSessionDelegate.swift",
"Networking/Transport.swift",
"Networking/URL+Query.swift",
"Placement.swift",
"PlacementContent.swift",
"PlacementDecision.swift",
"PlacementEvent.swift",
"PlacementRequest.swift",
"PlacementResponse.swift",
"User.swift",
"UserDB.swift",
"UserIdentifier.swift",
"UserKeyStore.swift",
"UserKeyStoreKeychain.swift"
],
"type" : "library"
}
],
"tools_version" : "5.3"
}
{
"project" : {
"configurations" : [
"Debug",
"Release"
],
"name" : "AdzerkSDK",
"schemes" : [
"AdzerkSDK-Package"
],
"targets" : [
"AdzerkSDK",
"AdzerkSDKPackageDescription",
"AdzerkSDKPackageTests",
"AdzerkSDKTests"
]
}
}
Running build ...
env DEVELOPER_DIR=/Applications/Xcode-27.0.0-Release.Candidate.app xcrun xcodebuild -IDEClonedSourcePackagesDirPathOverride=$PWD/.dependencies -skipMacroValidation -skipPackagePluginValidation -derivedDataPath $PWD/.derivedData build -scheme AdzerkSDK-Package -destination generic/platform=watchOS
Command line invocation:
/Applications/Xcode-27.0.0-Release.Candidate.app/Contents/Developer/usr/bin/xcodebuild -IDEClonedSourcePackagesDirPathOverride=/Users/admin/builder/spi-builder-workspace/.dependencies -skipMacroValidation -skipPackagePluginValidation -derivedDataPath /Users/admin/builder/spi-builder-workspace/.derivedData build -scheme AdzerkSDK-Package -destination generic/platform=watchOS
ComputePackagePrebuildTargetDependencyGraph
Prepare packages
CreateBuildRequest
SendProjectDescription
CreateBuildOperation
ComputeTargetDependencyGraph
note: Building targets in dependency order
note: Target dependency graph (1 target)
Target 'AdzerkSDK' in project 'AdzerkSDK' (no dependencies)
GatherProvisioningInputs
CreateBuildDescription
error: The armv7k architecture is deprecated. You should update your ARCHS build setting to remove the armv7k architecture. (in target 'AdzerkSDK' from project 'AdzerkSDK')
/Users/admin/builder/spi-builder-workspace/AdzerkSDK.xcodeproj: error: The watchOS deployment target 'WATCHOS_DEPLOYMENT_TARGET' is set to 2.0, but the range of supported deployment target versions is 9.0 to 27.0.x. (in target 'AdzerkSDK' from project 'AdzerkSDK')
** BUILD FAILED **
The following build commands failed:
Building project AdzerkSDK with scheme AdzerkSDK-Package
(1 failure)
BUILD FAILURE 6.4 watchOS