Build Information
Failed to build AiBrowserKit, reference main (e5976e), with Swift 6.4 for watchOS using Xcode 27.0 on 9 Oct 2026 05:03:18 UTC.
Build Command
env DEVELOPER_DIR=/Applications/Xcode-27.0.0-Release.Candidate.app xcrun xcodebuild -IDEClonedSourcePackagesDirPathOverride=$PWD/.dependencies -skipMacroValidation -skipPackagePluginValidation -derivedDataPath $PWD/.derivedData build -scheme AiBrowserKit -destination generic/platform=watchOSBuild Log
========================================
RunAll
========================================
Builder version: 5.1.1
Interrupt handler set up.
========================================
Checkout
========================================
Clone URL: https://github.com/NerdSnipe-Inc/AiBrowserKit.git
Reference: main
Initialized empty Git repository in /Users/admin/builder/spi-builder-workspace/.git/
From https://github.com/NerdSnipe-Inc/AiBrowserKit
* branch main -> FETCH_HEAD
* [new branch] main -> origin/main
HEAD is now at e5976e7 docs: fix AiBrowserStorage location in the package layout section
Cloned https://github.com/NerdSnipe-Inc/AiBrowserKit.git
Revision (git rev-parse @):
e5976e76debb43b8f6a45f9a624a05fcbad5bf53
SPI manifest file found: $PWD/.spi.yml
SUCCESS checkout https://github.com/NerdSnipe-Inc/AiBrowserKit.git at main
========================================
Build
========================================
Selected platform: watchOS
Swift version: 6.4
Building package at path: $PWD
https://github.com/NerdSnipe-Inc/AiBrowserKit.git
Command line invocation:
/Applications/Xcode-27.0.0.app/Contents/Developer/usr/bin/xcodebuild -IDEClonedSourcePackagesDirPathOverride=/Users/admin/builder/spi-builder-workspace/.dependencies -resolvePackageDependencies
Resolve Package Graph
Resolve Package Graph
Resolved source packages:
AiBrowserKit: /Users/admin/builder/spi-builder-workspace
resolved source packages: AiBrowserKit
2026-10-09 01:02:37.679 xcodebuild[529:3027] [MT] IDERunDestination: Supported platforms for the buildables in the current scheme is empty.
{
"dependencies" : [
],
"manifest_display_name" : "AiBrowserKit",
"name" : "AiBrowserKit",
"path" : "/Users/admin/builder/spi-builder-workspace",
"platforms" : [
{
"name" : "macos",
"version" : "26.0"
},
{
"name" : "ios",
"version" : "17.0"
},
{
"name" : "visionos",
"version" : "1.0"
}
],
"products" : [
{
"name" : "AiBrowserKit",
"targets" : [
"AiBrowserKit"
],
"type" : {
"library" : [
"automatic"
]
}
}
],
"targets" : [
{
"c99name" : "AiBrowserKitTests",
"module_type" : "SwiftTarget",
"name" : "AiBrowserKitTests",
"path" : "Tests/AiBrowserKitTests",
"sources" : [
"BookmarkServiceTests.swift",
"BrowserURLResolverTests.swift",
"ConsoleAndViewModelTests.swift",
"FaviconServiceTests.swift",
"IntegrationTests.swift",
"ModelTests.swift",
"PinnedSiteStoreTests.swift",
"TestSupport.swift"
],
"target_dependencies" : [
"AiBrowserKit"
],
"type" : "test"
},
{
"c99name" : "AiBrowserKit",
"module_type" : "SwiftTarget",
"name" : "AiBrowserKit",
"path" : "Sources/AiBrowserKit",
"product_memberships" : [
"AiBrowserKit"
],
"sources" : [
"Environment/BrowserEnvironment.swift",
"Models/BrowserBookmark.swift",
"Models/BrowserTab.swift",
"Models/ConsoleEntry.swift",
"Models/PinnedSite.swift",
"Services/AiBrowserStorage.swift",
"Services/BookmarkService.swift",
"Services/FaviconService.swift",
"Services/PinnedSiteWebViewCache.swift",
"Utilities/BrowserURLResolver.swift",
"ViewModels/BrowserViewModel.swift",
"ViewModels/PinnedSiteStore.swift",
"Views/BookmarkBarView.swift",
"Views/BookmarksPanelView.swift",
"Views/BrowserNavigationBar.swift",
"Views/BrowserNewTabView.swift",
"Views/BrowserView.swift",
"Views/ConsoleLogView.swift",
"Views/ConsoleWindowManager.swift",
"Views/PinnedSiteEditorSheet.swift",
"Views/PinnedSiteView.swift",
"Views/SFSymbolPicker.swift",
"Views/ScreenshotSelectionOverlay.swift",
"WebKit/StealthScript.swift",
"WebKit/WebViewLayer.swift"
],
"type" : "library"
}
],
"tools_version" : "6.0"
}
{
"workspace" : {
"name" : "AiBrowserKit",
"schemes" : [
"AiBrowserKit"
]
}
}
2026-10-09 01:03:09.708 xcodebuild[626:3842] [MT] IDERunDestination: Supported platforms for the buildables in the current scheme is empty.
Running build ...
env DEVELOPER_DIR=/Applications/Xcode-27.0.0-Release.Candidate.app xcrun xcodebuild -IDEClonedSourcePackagesDirPathOverride=$PWD/.dependencies -skipMacroValidation -skipPackagePluginValidation -derivedDataPath $PWD/.derivedData build -scheme AiBrowserKit -destination generic/platform=watchOS
Command line invocation:
/Applications/Xcode-27.0.0.app/Contents/Developer/usr/bin/xcodebuild -IDEClonedSourcePackagesDirPathOverride=/Users/admin/builder/spi-builder-workspace/.dependencies -skipMacroValidation -skipPackagePluginValidation -derivedDataPath /Users/admin/builder/spi-builder-workspace/.derivedData build -scheme AiBrowserKit -destination generic/platform=watchOS
Resolve Package Graph
Resolved source packages:
AiBrowserKit: /Users/admin/builder/spi-builder-workspace
ComputePackagePrebuildTargetDependencyGraph
Prepare packages
CreateBuildRequest
SendProjectDescription
CreateBuildOperation
ComputeTargetDependencyGraph
note: Building targets in dependency order
note: Target dependency graph (2 targets)
Target 'AiBrowserKit-product' in project 'AiBrowserKit'
➜ Explicit dependency on target 'AiBrowserKit' in project 'AiBrowserKit'
Target 'AiBrowserKit' in project 'AiBrowserKit' (no dependencies)
GatherProvisioningInputs
CreateBuildDescription
ExecuteExternalTool /Applications/Xcode-27.0.0.app/Contents/Developer/Toolchains/XcodeDefault.xctoolchain/usr/bin/clang -v -E -dM -isysroot /Applications/Xcode-27.0.0.app/Contents/Developer/Platforms/WatchOS.platform/Developer/SDKs/WatchOS27.0.sdk -x c -c /dev/null
ExecuteExternalTool /Applications/Xcode-27.0.0.app/Contents/Developer/Toolchains/XcodeDefault.xctoolchain/usr/bin/swiftc --version
ExecuteExternalTool /Applications/Xcode-27.0.0.app/Contents/Developer/Toolchains/XcodeDefault.xctoolchain/usr/bin/ld -version_details
Build description signature: e2a1125c88c3f5c44ee880bc61ec397b
Build description path: /Users/admin/builder/spi-builder-workspace/.derivedData/Build/Intermediates.noindex/XCBuildData/e2a1125c88c3f5c44ee880bc61ec397b.xcbuilddata
CreateBuildDirectory /Users/admin/builder/spi-builder-workspace/.derivedData/SDKExplicitPrecompiledModules
cd /Users/admin/builder/spi-builder-workspace/.swiftpm/xcode
builtin-create-build-directory /Users/admin/builder/spi-builder-workspace/.derivedData/SDKExplicitPrecompiledModules
CreateBuildDirectory /Users/admin/builder/spi-builder-workspace/.derivedData/CompilationCache.noindex
cd /Users/admin/builder/spi-builder-workspace/.swiftpm/xcode
builtin-create-build-directory /Users/admin/builder/spi-builder-workspace/.derivedData/CompilationCache.noindex
CreateBuildDirectory /Users/admin/builder/spi-builder-workspace/.derivedData/ModuleCache.noindex
cd /Users/admin/builder/spi-builder-workspace/.swiftpm/xcode
builtin-create-build-directory /Users/admin/builder/spi-builder-workspace/.derivedData/ModuleCache.noindex
CreateBuildDirectory /Users/admin/builder/spi-builder-workspace/.derivedData/Build/Products
cd /Users/admin/builder/spi-builder-workspace/.swiftpm/xcode
builtin-create-build-directory /Users/admin/builder/spi-builder-workspace/.derivedData/Build/Products
CreateBuildDirectory /Users/admin/builder/spi-builder-workspace/.derivedData/Build/Intermediates.noindex
cd /Users/admin/builder/spi-builder-workspace/.swiftpm/xcode
builtin-create-build-directory /Users/admin/builder/spi-builder-workspace/.derivedData/Build/Intermediates.noindex
ClangStatCache /Applications/Xcode-27.0.0.app/Contents/Developer/Toolchains/XcodeDefault.xctoolchain/usr/bin/clang-stat-cache /Applications/Xcode-27.0.0.app/Contents/Developer/Platforms/WatchOS.platform/Developer/SDKs/WatchOS27.0.sdk /Users/admin/builder/spi-builder-workspace/.derivedData/SDKStatCaches.noindex/watchos27.0-24R360-e829b21a6f8c9b70876ba0858053c044b9db9bc9c079ee3c7b5f3373b13d10bc.sdkstatcache
cd /Users/admin/builder/spi-builder-workspace/.swiftpm/xcode
/Applications/Xcode-27.0.0.app/Contents/Developer/Toolchains/XcodeDefault.xctoolchain/usr/bin/clang-stat-cache /Applications/Xcode-27.0.0.app/Contents/Developer/Platforms/WatchOS.platform/Developer/SDKs/WatchOS27.0.sdk -o /Users/admin/builder/spi-builder-workspace/.derivedData/SDKStatCaches.noindex/watchos27.0-24R360-e829b21a6f8c9b70876ba0858053c044b9db9bc9c079ee3c7b5f3373b13d10bc.sdkstatcache
CreateBuildDirectory /Users/admin/builder/spi-builder-workspace/.derivedData/Build/Intermediates.noindex/SwiftExplicitPrecompiledModules
cd /Users/admin/builder/spi-builder-workspace/.swiftpm/xcode
builtin-create-build-directory /Users/admin/builder/spi-builder-workspace/.derivedData/Build/Intermediates.noindex/SwiftExplicitPrecompiledModules
CreateBuildDirectory /Users/admin/builder/spi-builder-workspace/.derivedData/Build/Intermediates.noindex/ExplicitPrecompiledModules
cd /Users/admin/builder/spi-builder-workspace/.swiftpm/xcode
builtin-create-build-directory /Users/admin/builder/spi-builder-workspace/.derivedData/Build/Intermediates.noindex/ExplicitPrecompiledModules
CreateBuildDirectory /Users/admin/builder/spi-builder-workspace/.derivedData/Build/Intermediates.noindex/PrecompiledHeaders
cd /Users/admin/builder/spi-builder-workspace/.swiftpm/xcode
builtin-create-build-directory /Users/admin/builder/spi-builder-workspace/.derivedData/Build/Intermediates.noindex/PrecompiledHeaders
CreateBuildDirectory /Users/admin/builder/spi-builder-workspace/.derivedData/Build/Products/Debug-watchos
cd /Users/admin/builder/spi-builder-workspace/.swiftpm/xcode
builtin-create-build-directory /Users/admin/builder/spi-builder-workspace/.derivedData/Build/Products/Debug-watchos
CreateBuildDirectory /Users/admin/builder/spi-builder-workspace/.derivedData/Build/Intermediates.noindex/EagerLinkingTBDs/Debug-watchos
cd /Users/admin/builder/spi-builder-workspace/.swiftpm/xcode
builtin-create-build-directory /Users/admin/builder/spi-builder-workspace/.derivedData/Build/Intermediates.noindex/EagerLinkingTBDs/Debug-watchos
CreateBuildDirectory /Users/admin/builder/spi-builder-workspace/.derivedData/Build/Products/Debug-watchos/PackageFrameworks
cd /Users/admin/builder/spi-builder-workspace/.swiftpm/xcode
builtin-create-build-directory /Users/admin/builder/spi-builder-workspace/.derivedData/Build/Products/Debug-watchos/PackageFrameworks
WriteAuxiliaryFile /Users/admin/builder/spi-builder-workspace/.derivedData/Build/Intermediates.noindex/AiBrowserKit.build/Debug-watchos/AiBrowserKit-t.build/Objects-normal/arm64/AiBrowserKit-OutputFileMap.json (in target 'AiBrowserKit' from project 'AiBrowserKit')
cd /Users/admin/builder/spi-builder-workspace
write-file /Users/admin/builder/spi-builder-workspace/.derivedData/Build/Intermediates.noindex/AiBrowserKit.build/Debug-watchos/AiBrowserKit-t.build/Objects-normal/arm64/AiBrowserKit-OutputFileMap.json
WriteAuxiliaryFile /Users/admin/builder/spi-builder-workspace/.derivedData/Build/Intermediates.noindex/AiBrowserKit.build/Debug-watchos/AiBrowserKit-t.build/Objects-normal/arm64/AiBrowserKit.LinkFileList (in target 'AiBrowserKit' from project 'AiBrowserKit')
cd /Users/admin/builder/spi-builder-workspace
write-file /Users/admin/builder/spi-builder-workspace/.derivedData/Build/Intermediates.noindex/AiBrowserKit.build/Debug-watchos/AiBrowserKit-t.build/Objects-normal/arm64/AiBrowserKit.LinkFileList
WriteAuxiliaryFile /Users/admin/builder/spi-builder-workspace/.derivedData/Build/Intermediates.noindex/AiBrowserKit.build/Debug-watchos/AiBrowserKit-t.build/Objects-normal/arm64/AiBrowserKit.SwiftFileList (in target 'AiBrowserKit' from project 'AiBrowserKit')
cd /Users/admin/builder/spi-builder-workspace
write-file /Users/admin/builder/spi-builder-workspace/.derivedData/Build/Intermediates.noindex/AiBrowserKit.build/Debug-watchos/AiBrowserKit-t.build/Objects-normal/arm64/AiBrowserKit.SwiftFileList
WriteAuxiliaryFile /Users/admin/builder/spi-builder-workspace/.derivedData/Build/Intermediates.noindex/AiBrowserKit.build/Debug-watchos/AiBrowserKit-t.build/Objects-normal/arm64/AiBrowserKit_const_extract_protocols.json (in target 'AiBrowserKit' from project 'AiBrowserKit')
cd /Users/admin/builder/spi-builder-workspace
write-file /Users/admin/builder/spi-builder-workspace/.derivedData/Build/Intermediates.noindex/AiBrowserKit.build/Debug-watchos/AiBrowserKit-t.build/Objects-normal/arm64/AiBrowserKit_const_extract_protocols.json
WriteAuxiliaryFile /Users/admin/builder/spi-builder-workspace/.derivedData/Build/Intermediates.noindex/AiBrowserKit.build/Debug-watchos/AiBrowserKit-t.build/Objects-normal/arm64_32/AiBrowserKit-OutputFileMap.json (in target 'AiBrowserKit' from project 'AiBrowserKit')
cd /Users/admin/builder/spi-builder-workspace
write-file /Users/admin/builder/spi-builder-workspace/.derivedData/Build/Intermediates.noindex/AiBrowserKit.build/Debug-watchos/AiBrowserKit-t.build/Objects-normal/arm64_32/AiBrowserKit-OutputFileMap.json
WriteAuxiliaryFile /Users/admin/builder/spi-builder-workspace/.derivedData/Build/Intermediates.noindex/AiBrowserKit.build/Debug-watchos/AiBrowserKit-t.build/Objects-normal/arm64_32/AiBrowserKit_const_extract_protocols.json (in target 'AiBrowserKit' from project 'AiBrowserKit')
cd /Users/admin/builder/spi-builder-workspace
write-file /Users/admin/builder/spi-builder-workspace/.derivedData/Build/Intermediates.noindex/AiBrowserKit.build/Debug-watchos/AiBrowserKit-t.build/Objects-normal/arm64_32/AiBrowserKit_const_extract_protocols.json
WriteAuxiliaryFile /Users/admin/builder/spi-builder-workspace/.derivedData/Build/Intermediates.noindex/AiBrowserKit.build/Debug-watchos/AiBrowserKit-t.build/Objects-normal/arm64_32/AiBrowserKit.SwiftConstValuesFileList (in target 'AiBrowserKit' from project 'AiBrowserKit')
cd /Users/admin/builder/spi-builder-workspace
write-file /Users/admin/builder/spi-builder-workspace/.derivedData/Build/Intermediates.noindex/AiBrowserKit.build/Debug-watchos/AiBrowserKit-t.build/Objects-normal/arm64_32/AiBrowserKit.SwiftConstValuesFileList
WriteAuxiliaryFile /Users/admin/builder/spi-builder-workspace/.derivedData/Build/Intermediates.noindex/AiBrowserKit.build/Debug-watchos/AiBrowserKit-t.build/Objects-normal/arm64_32/AiBrowserKit.SwiftFileList (in target 'AiBrowserKit' from project 'AiBrowserKit')
cd /Users/admin/builder/spi-builder-workspace
write-file /Users/admin/builder/spi-builder-workspace/.derivedData/Build/Intermediates.noindex/AiBrowserKit.build/Debug-watchos/AiBrowserKit-t.build/Objects-normal/arm64_32/AiBrowserKit.SwiftFileList
WriteAuxiliaryFile /Users/admin/builder/spi-builder-workspace/.derivedData/Build/Intermediates.noindex/AiBrowserKit.build/Debug-watchos/AiBrowserKit-t.build/Objects-normal/arm64_32/AiBrowserKit.LinkFileList (in target 'AiBrowserKit' from project 'AiBrowserKit')
cd /Users/admin/builder/spi-builder-workspace
write-file /Users/admin/builder/spi-builder-workspace/.derivedData/Build/Intermediates.noindex/AiBrowserKit.build/Debug-watchos/AiBrowserKit-t.build/Objects-normal/arm64_32/AiBrowserKit.LinkFileList
WriteAuxiliaryFile /Users/admin/builder/spi-builder-workspace/.derivedData/Build/Intermediates.noindex/AiBrowserKit.build/Debug-watchos/AiBrowserKit-t.build/Objects-normal/arm64/AiBrowserKit.SwiftConstValuesFileList (in target 'AiBrowserKit' from project 'AiBrowserKit')
cd /Users/admin/builder/spi-builder-workspace
write-file /Users/admin/builder/spi-builder-workspace/.derivedData/Build/Intermediates.noindex/AiBrowserKit.build/Debug-watchos/AiBrowserKit-t.build/Objects-normal/arm64/AiBrowserKit.SwiftConstValuesFileList
WriteAuxiliaryFile /Users/admin/builder/spi-builder-workspace/.derivedData/Build/Intermediates.noindex/AiBrowserKit.build/Debug-watchos/AiBrowserKit-t.build/AiBrowserKit.modulemap (in target 'AiBrowserKit' from project 'AiBrowserKit')
cd /Users/admin/builder/spi-builder-workspace
write-file /Users/admin/builder/spi-builder-workspace/.derivedData/Build/Intermediates.noindex/AiBrowserKit.build/Debug-watchos/AiBrowserKit-t.build/AiBrowserKit.modulemap
WriteAuxiliaryFile /Users/admin/builder/spi-builder-workspace/.derivedData/Build/Intermediates.noindex/AiBrowserKit.build/Debug-watchos/AiBrowserKit-t.build/AiBrowserKit.DependencyStaticMetadataFileList (in target 'AiBrowserKit' from project 'AiBrowserKit')
cd /Users/admin/builder/spi-builder-workspace
write-file /Users/admin/builder/spi-builder-workspace/.derivedData/Build/Intermediates.noindex/AiBrowserKit.build/Debug-watchos/AiBrowserKit-t.build/AiBrowserKit.DependencyStaticMetadataFileList
WriteAuxiliaryFile /Users/admin/builder/spi-builder-workspace/.derivedData/Build/Intermediates.noindex/AiBrowserKit.build/Debug-watchos/AiBrowserKit-t.build/AiBrowserKit.DependencyMetadataFileList (in target 'AiBrowserKit' from project 'AiBrowserKit')
cd /Users/admin/builder/spi-builder-workspace
write-file /Users/admin/builder/spi-builder-workspace/.derivedData/Build/Intermediates.noindex/AiBrowserKit.build/Debug-watchos/AiBrowserKit-t.build/AiBrowserKit.DependencyMetadataFileList
Copy /Users/admin/builder/spi-builder-workspace/.derivedData/Build/Intermediates.noindex/GeneratedModuleMaps-watchos/AiBrowserKit.modulemap /Users/admin/builder/spi-builder-workspace/.derivedData/Build/Intermediates.noindex/AiBrowserKit.build/Debug-watchos/AiBrowserKit-t.build/AiBrowserKit.modulemap (in target 'AiBrowserKit' from project 'AiBrowserKit')
cd /Users/admin/builder/spi-builder-workspace
builtin-copy -exclude .DS_Store -exclude CVS -exclude .svn -exclude .git -exclude .hg -resolve-src-symlinks /Users/admin/builder/spi-builder-workspace/.derivedData/Build/Intermediates.noindex/AiBrowserKit.build/Debug-watchos/AiBrowserKit-t.build/AiBrowserKit.modulemap /Users/admin/builder/spi-builder-workspace/.derivedData/Build/Intermediates.noindex/GeneratedModuleMaps-watchos
SwiftDriver AiBrowserKit normal arm64 com.apple.xcode.tools.swift.compiler (in target 'AiBrowserKit' from project 'AiBrowserKit')
cd /Users/admin/builder/spi-builder-workspace/.swiftpm/xcode
builtin-SwiftDriver -- /Applications/Xcode-27.0.0.app/Contents/Developer/Toolchains/XcodeDefault.xctoolchain/usr/bin/swiftc -parse-as-library -module-name AiBrowserKit -Onone @/Users/admin/builder/spi-builder-workspace/.derivedData/Build/Intermediates.noindex/AiBrowserKit.build/Debug-watchos/AiBrowserKit-t.build/Objects-normal/arm64/AiBrowserKit.SwiftFileList -DSWIFT_PACKAGE -DDEBUG -DSWIFT_MODULE_RESOURCE_BUNDLE_UNAVAILABLE -DXcode -plugin-path /Applications/Xcode-27.0.0.app/Contents/Developer/Toolchains/XcodeDefault.xctoolchain/usr/lib/swift/host/plugins/testing -enable-experimental-feature DebugDescriptionMacro -sdk /Applications/Xcode-27.0.0.app/Contents/Developer/Platforms/WatchOS.platform/Developer/SDKs/WatchOS27.0.sdk -target arm64-apple-watchos10.0 -g -module-cache-path /Users/admin/builder/spi-builder-workspace/.derivedData/ModuleCache.noindex -Xfrontend -serialize-debugging-options -profile-coverage-mapping -profile-generate -enable-testing -index-store-path /Users/admin/builder/spi-builder-workspace/.derivedData/Index.noindex/DataStore -Xcc -D_LIBCPP_HARDENING_MODE\=_LIBCPP_HARDENING_MODE_DEBUG -swift-version 6 -I /Users/admin/builder/spi-builder-workspace/.derivedData/Build/Products/Debug-watchos -Isystem /Applications/Xcode-27.0.0.app/Contents/Developer/Platforms/WatchOS.platform/Developer/usr/lib -F /Users/admin/builder/spi-builder-workspace/.derivedData/Build/Products/Debug-watchos -F /Applications/Xcode-27.0.0.app/Contents/Developer/Platforms/WatchOS.platform/Developer/Library/Frameworks -F /Applications/Xcode-27.0.0.app/Contents/Developer/Platforms/WatchOS.platform/Developer/SDKs/WatchOS27.0.sdk/Developer/Library/Frameworks -c -j10 -enable-batch-mode -incremental -Xcc -ivfsstatcache -Xcc /Users/admin/builder/spi-builder-workspace/.derivedData/SDKStatCaches.noindex/watchos27.0-24R360-e829b21a6f8c9b70876ba0858053c044b9db9bc9c079ee3c7b5f3373b13d10bc.sdkstatcache -output-file-map /Users/admin/builder/spi-builder-workspace/.derivedData/Build/Intermediates.noindex/AiBrowserKit.build/Debug-watchos/AiBrowserKit-t.build/Objects-normal/arm64/AiBrowserKit-OutputFileMap.json -save-temps -no-color-diagnostics -explicit-module-build -module-cache-path /Users/admin/builder/spi-builder-workspace/.derivedData/Build/Intermediates.noindex/SwiftExplicitPrecompiledModules -clang-scanner-module-cache-path /Users/admin/builder/spi-builder-workspace/.derivedData/ModuleCache.noindex -sdk-module-cache-path /Users/admin/builder/spi-builder-workspace/.derivedData/SDKExplicitPrecompiledModules -emit-dependencies -emit-module -emit-module-path /Users/admin/builder/spi-builder-workspace/.derivedData/Build/Intermediates.noindex/AiBrowserKit.build/Debug-watchos/AiBrowserKit-t.build/Objects-normal/arm64/AiBrowserKit.swiftmodule -serialize-diagnostics -dependency-scan-serialize-diagnostics-path /Users/admin/builder/spi-builder-workspace/.derivedData/Build/Intermediates.noindex/AiBrowserKit.build/Debug-watchos/AiBrowserKit-t.build/Objects-normal/arm64/AiBrowserKit-dependency-scan.dia -validate-clang-modules-once -clang-build-session-file /Users/admin/builder/spi-builder-workspace/.derivedData/ModuleCache.noindex/Session.modulevalidation -Xcc -fmodules-prune-interval\=86400 -Xcc -fmodules-prune-after\=345600 -package-name spi_builder_workspace -emit-const-values -const-gather-protocols-list /Users/admin/builder/spi-builder-workspace/.derivedData/Build/Intermediates.noindex/AiBrowserKit.build/Debug-watchos/AiBrowserKit-t.build/Objects-normal/arm64/AiBrowserKit_const_extract_protocols.json -Xcc -I/Users/admin/builder/spi-builder-workspace/.derivedData/Build/Products/Debug-watchos/include -Xcc -I/Users/admin/builder/spi-builder-workspace/.derivedData/Build/Intermediates.noindex/AiBrowserKit.build/Debug-watchos/AiBrowserKit-t.build/DerivedSources-normal/arm64 -Xcc -I/Users/admin/builder/spi-builder-workspace/.derivedData/Build/Intermediates.noindex/AiBrowserKit.build/Debug-watchos/AiBrowserKit-t.build/DerivedSources/arm64 -Xcc -I/Users/admin/builder/spi-builder-workspace/.derivedData/Build/Intermediates.noindex/AiBrowserKit.build/Debug-watchos/AiBrowserKit-t.build/DerivedSources -Xcc -DSWIFT_PACKAGE -Xcc -DDEBUG\=1 -emit-objc-header -emit-objc-header-path /Users/admin/builder/spi-builder-workspace/.derivedData/Build/Intermediates.noindex/AiBrowserKit.build/Debug-watchos/AiBrowserKit-t.build/Objects-normal/arm64/AiBrowserKit-Swift.h -working-directory /Users/admin/builder/spi-builder-workspace/.swiftpm/xcode -experimental-emit-module-separately -disable-cmo
/Users/admin/builder/spi-builder-workspace/Sources/AiBrowserKit/WebKit/WebViewLayer.swift:2:8: error: Unable to resolve module dependency: 'WebKit' (in target 'AiBrowserKit' from project 'AiBrowserKit')
note: A dependency of main module 'AiBrowserKit'
/Users/admin/builder/spi-builder-workspace/Sources/AiBrowserKit/WebKit/WebViewLayer.swift:2:8: note: A dependency of main module 'AiBrowserKit'
import WebKit
^ (in target 'AiBrowserKit' from project 'AiBrowserKit')
SwiftDriver AiBrowserKit normal arm64_32 com.apple.xcode.tools.swift.compiler (in target 'AiBrowserKit' from project 'AiBrowserKit')
cd /Users/admin/builder/spi-builder-workspace/.swiftpm/xcode
builtin-SwiftDriver -- /Applications/Xcode-27.0.0.app/Contents/Developer/Toolchains/XcodeDefault.xctoolchain/usr/bin/swiftc -parse-as-library -module-name AiBrowserKit -Onone @/Users/admin/builder/spi-builder-workspace/.derivedData/Build/Intermediates.noindex/AiBrowserKit.build/Debug-watchos/AiBrowserKit-t.build/Objects-normal/arm64_32/AiBrowserKit.SwiftFileList -DSWIFT_PACKAGE -DDEBUG -DSWIFT_MODULE_RESOURCE_BUNDLE_UNAVAILABLE -DXcode -plugin-path /Applications/Xcode-27.0.0.app/Contents/Developer/Toolchains/XcodeDefault.xctoolchain/usr/lib/swift/host/plugins/testing -enable-experimental-feature DebugDescriptionMacro -sdk /Applications/Xcode-27.0.0.app/Contents/Developer/Platforms/WatchOS.platform/Developer/SDKs/WatchOS27.0.sdk -target arm64_32-apple-watchos10.0 -g -module-cache-path /Users/admin/builder/spi-builder-workspace/.derivedData/ModuleCache.noindex -Xfrontend -serialize-debugging-options -profile-coverage-mapping -profile-generate -enable-testing -index-store-path /Users/admin/builder/spi-builder-workspace/.derivedData/Index.noindex/DataStore -Xcc -D_LIBCPP_HARDENING_MODE\=_LIBCPP_HARDENING_MODE_DEBUG -swift-version 6 -I /Users/admin/builder/spi-builder-workspace/.derivedData/Build/Products/Debug-watchos -Isystem /Applications/Xcode-27.0.0.app/Contents/Developer/Platforms/WatchOS.platform/Developer/usr/lib -F /Users/admin/builder/spi-builder-workspace/.derivedData/Build/Products/Debug-watchos -F /Applications/Xcode-27.0.0.app/Contents/Developer/Platforms/WatchOS.platform/Developer/Library/Frameworks -F /Applications/Xcode-27.0.0.app/Contents/Developer/Platforms/WatchOS.platform/Developer/SDKs/WatchOS27.0.sdk/Developer/Library/Frameworks -c -j10 -enable-batch-mode -incremental -Xcc -ivfsstatcache -Xcc /Users/admin/builder/spi-builder-workspace/.derivedData/SDKStatCaches.noindex/watchos27.0-24R360-e829b21a6f8c9b70876ba0858053c044b9db9bc9c079ee3c7b5f3373b13d10bc.sdkstatcache -output-file-map /Users/admin/builder/spi-builder-workspace/.derivedData/Build/Intermediates.noindex/AiBrowserKit.build/Debug-watchos/AiBrowserKit-t.build/Objects-normal/arm64_32/AiBrowserKit-OutputFileMap.json -save-temps -no-color-diagnostics -explicit-module-build -module-cache-path /Users/admin/builder/spi-builder-workspace/.derivedData/Build/Intermediates.noindex/SwiftExplicitPrecompiledModules -clang-scanner-module-cache-path /Users/admin/builder/spi-builder-workspace/.derivedData/ModuleCache.noindex -sdk-module-cache-path /Users/admin/builder/spi-builder-workspace/.derivedData/SDKExplicitPrecompiledModules -emit-dependencies -emit-module -emit-module-path /Users/admin/builder/spi-builder-workspace/.derivedData/Build/Intermediates.noindex/AiBrowserKit.build/Debug-watchos/AiBrowserKit-t.build/Objects-normal/arm64_32/AiBrowserKit.swiftmodule -serialize-diagnostics -dependency-scan-serialize-diagnostics-path /Users/admin/builder/spi-builder-workspace/.derivedData/Build/Intermediates.noindex/AiBrowserKit.build/Debug-watchos/AiBrowserKit-t.build/Objects-normal/arm64_32/AiBrowserKit-dependency-scan.dia -validate-clang-modules-once -clang-build-session-file /Users/admin/builder/spi-builder-workspace/.derivedData/ModuleCache.noindex/Session.modulevalidation -Xcc -fmodules-prune-interval\=86400 -Xcc -fmodules-prune-after\=345600 -package-name spi_builder_workspace -emit-const-values -const-gather-protocols-list /Users/admin/builder/spi-builder-workspace/.derivedData/Build/Intermediates.noindex/AiBrowserKit.build/Debug-watchos/AiBrowserKit-t.build/Objects-normal/arm64_32/AiBrowserKit_const_extract_protocols.json -Xcc -I/Users/admin/builder/spi-builder-workspace/.derivedData/Build/Products/Debug-watchos/include -Xcc -I/Users/admin/builder/spi-builder-workspace/.derivedData/Build/Intermediates.noindex/AiBrowserKit.build/Debug-watchos/AiBrowserKit-t.build/DerivedSources-normal/arm64_32 -Xcc -I/Users/admin/builder/spi-builder-workspace/.derivedData/Build/Intermediates.noindex/AiBrowserKit.build/Debug-watchos/AiBrowserKit-t.build/DerivedSources/arm64_32 -Xcc -I/Users/admin/builder/spi-builder-workspace/.derivedData/Build/Intermediates.noindex/AiBrowserKit.build/Debug-watchos/AiBrowserKit-t.build/DerivedSources -Xcc -DSWIFT_PACKAGE -Xcc -DDEBUG\=1 -emit-objc-header -emit-objc-header-path /Users/admin/builder/spi-builder-workspace/.derivedData/Build/Intermediates.noindex/AiBrowserKit.build/Debug-watchos/AiBrowserKit-t.build/Objects-normal/arm64_32/AiBrowserKit-Swift.h -working-directory /Users/admin/builder/spi-builder-workspace/.swiftpm/xcode -experimental-emit-module-separately -disable-cmo
/Users/admin/builder/spi-builder-workspace/Sources/AiBrowserKit/WebKit/WebViewLayer.swift:2:8: error: Unable to resolve module dependency: 'WebKit' (in target 'AiBrowserKit' from project 'AiBrowserKit')
note: A dependency of main module 'AiBrowserKit'
/Users/admin/builder/spi-builder-workspace/Sources/AiBrowserKit/WebKit/WebViewLayer.swift:2:8: note: A dependency of main module 'AiBrowserKit'
import WebKit
^ (in target 'AiBrowserKit' from project 'AiBrowserKit')
PruneExplicitPrecompiledModules /Users/admin/builder/spi-builder-workspace/.derivedData/Build/Intermediates.noindex/SwiftExplicitPrecompiledModules
PruneExplicitPrecompiledModules /Users/admin/builder/spi-builder-workspace/.derivedData/SDKExplicitPrecompiledModules
PruneExplicitPrecompiledModules /Users/admin/builder/spi-builder-workspace/.derivedData/Build/Intermediates.noindex/ExplicitPrecompiledModules
2026-10-09 01:03:11.264 xcodebuild[627:3886] [MT] IDERunDestination: Supported platforms for the buildables in the current scheme is empty.
** BUILD FAILED **
The following build commands failed:
SwiftDriver AiBrowserKit normal arm64 com.apple.xcode.tools.swift.compiler (in target 'AiBrowserKit' from project 'AiBrowserKit')
SwiftDriver AiBrowserKit normal arm64_32 com.apple.xcode.tools.swift.compiler (in target 'AiBrowserKit' from project 'AiBrowserKit')
Building workspace AiBrowserKit with scheme AiBrowserKit
(3 failures)
Command line invocation:
/Applications/Xcode-27.0.0.app/Contents/Developer/usr/bin/xcodebuild -IDEClonedSourcePackagesDirPathOverride=/Users/admin/builder/spi-builder-workspace/.dependencies -resolvePackageDependencies
Resolve Package Graph
Resolved source packages:
AiBrowserKit: /Users/admin/builder/spi-builder-workspace
resolved source packages: AiBrowserKit
2026-10-09 01:03:15.094 xcodebuild[662:4290] [MT] IDERunDestination: Supported platforms for the buildables in the current scheme is empty.
{
"dependencies" : [
],
"manifest_display_name" : "AiBrowserKit",
"name" : "AiBrowserKit",
"path" : "/Users/admin/builder/spi-builder-workspace",
"platforms" : [
{
"name" : "macos",
"version" : "26.0"
},
{
"name" : "ios",
"version" : "17.0"
},
{
"name" : "visionos",
"version" : "1.0"
}
],
"products" : [
{
"name" : "AiBrowserKit",
"targets" : [
"AiBrowserKit"
],
"type" : {
"library" : [
"automatic"
]
}
}
],
"targets" : [
{
"c99name" : "AiBrowserKitTests",
"module_type" : "SwiftTarget",
"name" : "AiBrowserKitTests",
"path" : "Tests/AiBrowserKitTests",
"sources" : [
"BookmarkServiceTests.swift",
"BrowserURLResolverTests.swift",
"ConsoleAndViewModelTests.swift",
"FaviconServiceTests.swift",
"IntegrationTests.swift",
"ModelTests.swift",
"PinnedSiteStoreTests.swift",
"TestSupport.swift"
],
"target_dependencies" : [
"AiBrowserKit"
],
"type" : "test"
},
{
"c99name" : "AiBrowserKit",
"module_type" : "SwiftTarget",
"name" : "AiBrowserKit",
"path" : "Sources/AiBrowserKit",
"product_memberships" : [
"AiBrowserKit"
],
"sources" : [
"Environment/BrowserEnvironment.swift",
"Models/BrowserBookmark.swift",
"Models/BrowserTab.swift",
"Models/ConsoleEntry.swift",
"Models/PinnedSite.swift",
"Services/AiBrowserStorage.swift",
"Services/BookmarkService.swift",
"Services/FaviconService.swift",
"Services/PinnedSiteWebViewCache.swift",
"Utilities/BrowserURLResolver.swift",
"ViewModels/BrowserViewModel.swift",
"ViewModels/PinnedSiteStore.swift",
"Views/BookmarkBarView.swift",
"Views/BookmarksPanelView.swift",
"Views/BrowserNavigationBar.swift",
"Views/BrowserNewTabView.swift",
"Views/BrowserView.swift",
"Views/ConsoleLogView.swift",
"Views/ConsoleWindowManager.swift",
"Views/PinnedSiteEditorSheet.swift",
"Views/PinnedSiteView.swift",
"Views/SFSymbolPicker.swift",
"Views/ScreenshotSelectionOverlay.swift",
"WebKit/StealthScript.swift",
"WebKit/WebViewLayer.swift"
],
"type" : "library"
}
],
"tools_version" : "6.0"
}
{
"workspace" : {
"name" : "AiBrowserKit",
"schemes" : [
"AiBrowserKit"
]
}
}
2026-10-09 01:03:16.431 xcodebuild[671:4373] [MT] IDERunDestination: Supported platforms for the buildables in the current scheme is empty.
Running build ...
env DEVELOPER_DIR=/Applications/Xcode-27.0.0-Release.Candidate.app xcrun xcodebuild -IDEClonedSourcePackagesDirPathOverride=$PWD/.dependencies -skipMacroValidation -skipPackagePluginValidation -derivedDataPath $PWD/.derivedData build -scheme AiBrowserKit -destination generic/platform=watchOS
Command line invocation:
/Applications/Xcode-27.0.0.app/Contents/Developer/usr/bin/xcodebuild -IDEClonedSourcePackagesDirPathOverride=/Users/admin/builder/spi-builder-workspace/.dependencies -skipMacroValidation -skipPackagePluginValidation -derivedDataPath /Users/admin/builder/spi-builder-workspace/.derivedData build -scheme AiBrowserKit -destination generic/platform=watchOS
Resolve Package Graph
Resolved source packages:
AiBrowserKit: /Users/admin/builder/spi-builder-workspace
ComputePackagePrebuildTargetDependencyGraph
Prepare packages
CreateBuildRequest
SendProjectDescription
CreateBuildOperation
ComputeTargetDependencyGraph
note: Building targets in dependency order
note: Target dependency graph (2 targets)
Target 'AiBrowserKit-product' in project 'AiBrowserKit'
➜ Explicit dependency on target 'AiBrowserKit' in project 'AiBrowserKit'
Target 'AiBrowserKit' in project 'AiBrowserKit' (no dependencies)
GatherProvisioningInputs
CreateBuildDescription
ClangStatCache /Applications/Xcode-27.0.0.app/Contents/Developer/Toolchains/XcodeDefault.xctoolchain/usr/bin/clang-stat-cache /Applications/Xcode-27.0.0.app/Contents/Developer/Platforms/WatchOS.platform/Developer/SDKs/WatchOS27.0.sdk /Users/admin/builder/spi-builder-workspace/.derivedData/SDKStatCaches.noindex/watchos27.0-24R360-e829b21a6f8c9b70876ba0858053c044b9db9bc9c079ee3c7b5f3373b13d10bc.sdkstatcache
cd /Users/admin/builder/spi-builder-workspace/.swiftpm/xcode
/Applications/Xcode-27.0.0.app/Contents/Developer/Toolchains/XcodeDefault.xctoolchain/usr/bin/clang-stat-cache /Applications/Xcode-27.0.0.app/Contents/Developer/Platforms/WatchOS.platform/Developer/SDKs/WatchOS27.0.sdk -o /Users/admin/builder/spi-builder-workspace/.derivedData/SDKStatCaches.noindex/watchos27.0-24R360-e829b21a6f8c9b70876ba0858053c044b9db9bc9c079ee3c7b5f3373b13d10bc.sdkstatcache
SwiftDriver AiBrowserKit normal arm64 com.apple.xcode.tools.swift.compiler (in target 'AiBrowserKit' from project 'AiBrowserKit')
cd /Users/admin/builder/spi-builder-workspace/.swiftpm/xcode
builtin-SwiftDriver -- /Applications/Xcode-27.0.0.app/Contents/Developer/Toolchains/XcodeDefault.xctoolchain/usr/bin/swiftc -parse-as-library -module-name AiBrowserKit -Onone @/Users/admin/builder/spi-builder-workspace/.derivedData/Build/Intermediates.noindex/AiBrowserKit.build/Debug-watchos/AiBrowserKit-t.build/Objects-normal/arm64/AiBrowserKit.SwiftFileList -DSWIFT_PACKAGE -DDEBUG -DSWIFT_MODULE_RESOURCE_BUNDLE_UNAVAILABLE -DXcode -plugin-path /Applications/Xcode-27.0.0.app/Contents/Developer/Toolchains/XcodeDefault.xctoolchain/usr/lib/swift/host/plugins/testing -enable-experimental-feature DebugDescriptionMacro -sdk /Applications/Xcode-27.0.0.app/Contents/Developer/Platforms/WatchOS.platform/Developer/SDKs/WatchOS27.0.sdk -target arm64-apple-watchos10.0 -g -module-cache-path /Users/admin/builder/spi-builder-workspace/.derivedData/ModuleCache.noindex -Xfrontend -serialize-debugging-options -profile-coverage-mapping -profile-generate -enable-testing -index-store-path /Users/admin/builder/spi-builder-workspace/.derivedData/Index.noindex/DataStore -Xcc -D_LIBCPP_HARDENING_MODE\=_LIBCPP_HARDENING_MODE_DEBUG -swift-version 6 -I /Users/admin/builder/spi-builder-workspace/.derivedData/Build/Products/Debug-watchos -Isystem /Applications/Xcode-27.0.0.app/Contents/Developer/Platforms/WatchOS.platform/Developer/usr/lib -F /Users/admin/builder/spi-builder-workspace/.derivedData/Build/Products/Debug-watchos -F /Applications/Xcode-27.0.0.app/Contents/Developer/Platforms/WatchOS.platform/Developer/Library/Frameworks -F /Applications/Xcode-27.0.0.app/Contents/Developer/Platforms/WatchOS.platform/Developer/SDKs/WatchOS27.0.sdk/Developer/Library/Frameworks -c -j10 -enable-batch-mode -incremental -Xcc -ivfsstatcache -Xcc /Users/admin/builder/spi-builder-workspace/.derivedData/SDKStatCaches.noindex/watchos27.0-24R360-e829b21a6f8c9b70876ba0858053c044b9db9bc9c079ee3c7b5f3373b13d10bc.sdkstatcache -output-file-map /Users/admin/builder/spi-builder-workspace/.derivedData/Build/Intermediates.noindex/AiBrowserKit.build/Debug-watchos/AiBrowserKit-t.build/Objects-normal/arm64/AiBrowserKit-OutputFileMap.json -save-temps -no-color-diagnostics -explicit-module-build -module-cache-path /Users/admin/builder/spi-builder-workspace/.derivedData/Build/Intermediates.noindex/SwiftExplicitPrecompiledModules -clang-scanner-module-cache-path /Users/admin/builder/spi-builder-workspace/.derivedData/ModuleCache.noindex -sdk-module-cache-path /Users/admin/builder/spi-builder-workspace/.derivedData/SDKExplicitPrecompiledModules -emit-dependencies -emit-module -emit-module-path /Users/admin/builder/spi-builder-workspace/.derivedData/Build/Intermediates.noindex/AiBrowserKit.build/Debug-watchos/AiBrowserKit-t.build/Objects-normal/arm64/AiBrowserKit.swiftmodule -serialize-diagnostics -dependency-scan-serialize-diagnostics-path /Users/admin/builder/spi-builder-workspace/.derivedData/Build/Intermediates.noindex/AiBrowserKit.build/Debug-watchos/AiBrowserKit-t.build/Objects-normal/arm64/AiBrowserKit-dependency-scan.dia -validate-clang-modules-once -clang-build-session-file /Users/admin/builder/spi-builder-workspace/.derivedData/ModuleCache.noindex/Session.modulevalidation -Xcc -fmodules-prune-interval\=86400 -Xcc -fmodules-prune-after\=345600 -package-name spi_builder_workspace -emit-const-values -const-gather-protocols-list /Users/admin/builder/spi-builder-workspace/.derivedData/Build/Intermediates.noindex/AiBrowserKit.build/Debug-watchos/AiBrowserKit-t.build/Objects-normal/arm64/AiBrowserKit_const_extract_protocols.json -Xcc -I/Users/admin/builder/spi-builder-workspace/.derivedData/Build/Products/Debug-watchos/include -Xcc -I/Users/admin/builder/spi-builder-workspace/.derivedData/Build/Intermediates.noindex/AiBrowserKit.build/Debug-watchos/AiBrowserKit-t.build/DerivedSources-normal/arm64 -Xcc -I/Users/admin/builder/spi-builder-workspace/.derivedData/Build/Intermediates.noindex/AiBrowserKit.build/Debug-watchos/AiBrowserKit-t.build/DerivedSources/arm64 -Xcc -I/Users/admin/builder/spi-builder-workspace/.derivedData/Build/Intermediates.noindex/AiBrowserKit.build/Debug-watchos/AiBrowserKit-t.build/DerivedSources -Xcc -DSWIFT_PACKAGE -Xcc -DDEBUG\=1 -emit-objc-header -emit-objc-header-path /Users/admin/builder/spi-builder-workspace/.derivedData/Build/Intermediates.noindex/AiBrowserKit.build/Debug-watchos/AiBrowserKit-t.build/Objects-normal/arm64/AiBrowserKit-Swift.h -working-directory /Users/admin/builder/spi-builder-workspace/.swiftpm/xcode -experimental-emit-module-separately -disable-cmo
/Users/admin/builder/spi-builder-workspace/Sources/AiBrowserKit/WebKit/WebViewLayer.swift:2:8: error: Unable to resolve module dependency: 'WebKit' (in target 'AiBrowserKit' from project 'AiBrowserKit')
note: A dependency of main module 'AiBrowserKit'
/Users/admin/builder/spi-builder-workspace/Sources/AiBrowserKit/WebKit/WebViewLayer.swift:2:8: note: A dependency of main module 'AiBrowserKit'
import WebKit
^ (in target 'AiBrowserKit' from project 'AiBrowserKit')
SwiftDriver AiBrowserKit normal arm64_32 com.apple.xcode.tools.swift.compiler (in target 'AiBrowserKit' from project 'AiBrowserKit')
cd /Users/admin/builder/spi-builder-workspace/.swiftpm/xcode
builtin-SwiftDriver -- /Applications/Xcode-27.0.0.app/Contents/Developer/Toolchains/XcodeDefault.xctoolchain/usr/bin/swiftc -parse-as-library -module-name AiBrowserKit -Onone @/Users/admin/builder/spi-builder-workspace/.derivedData/Build/Intermediates.noindex/AiBrowserKit.build/Debug-watchos/AiBrowserKit-t.build/Objects-normal/arm64_32/AiBrowserKit.SwiftFileList -DSWIFT_PACKAGE -DDEBUG -DSWIFT_MODULE_RESOURCE_BUNDLE_UNAVAILABLE -DXcode -plugin-path /Applications/Xcode-27.0.0.app/Contents/Developer/Toolchains/XcodeDefault.xctoolchain/usr/lib/swift/host/plugins/testing -enable-experimental-feature DebugDescriptionMacro -sdk /Applications/Xcode-27.0.0.app/Contents/Developer/Platforms/WatchOS.platform/Developer/SDKs/WatchOS27.0.sdk -target arm64_32-apple-watchos10.0 -g -module-cache-path /Users/admin/builder/spi-builder-workspace/.derivedData/ModuleCache.noindex -Xfrontend -serialize-debugging-options -profile-coverage-mapping -profile-generate -enable-testing -index-store-path /Users/admin/builder/spi-builder-workspace/.derivedData/Index.noindex/DataStore -Xcc -D_LIBCPP_HARDENING_MODE\=_LIBCPP_HARDENING_MODE_DEBUG -swift-version 6 -I /Users/admin/builder/spi-builder-workspace/.derivedData/Build/Products/Debug-watchos -Isystem /Applications/Xcode-27.0.0.app/Contents/Developer/Platforms/WatchOS.platform/Developer/usr/lib -F /Users/admin/builder/spi-builder-workspace/.derivedData/Build/Products/Debug-watchos -F /Applications/Xcode-27.0.0.app/Contents/Developer/Platforms/WatchOS.platform/Developer/Library/Frameworks -F /Applications/Xcode-27.0.0.app/Contents/Developer/Platforms/WatchOS.platform/Developer/SDKs/WatchOS27.0.sdk/Developer/Library/Frameworks -c -j10 -enable-batch-mode -incremental -Xcc -ivfsstatcache -Xcc /Users/admin/builder/spi-builder-workspace/.derivedData/SDKStatCaches.noindex/watchos27.0-24R360-e829b21a6f8c9b70876ba0858053c044b9db9bc9c079ee3c7b5f3373b13d10bc.sdkstatcache -output-file-map /Users/admin/builder/spi-builder-workspace/.derivedData/Build/Intermediates.noindex/AiBrowserKit.build/Debug-watchos/AiBrowserKit-t.build/Objects-normal/arm64_32/AiBrowserKit-OutputFileMap.json -save-temps -no-color-diagnostics -explicit-module-build -module-cache-path /Users/admin/builder/spi-builder-workspace/.derivedData/Build/Intermediates.noindex/SwiftExplicitPrecompiledModules -clang-scanner-module-cache-path /Users/admin/builder/spi-builder-workspace/.derivedData/ModuleCache.noindex -sdk-module-cache-path /Users/admin/builder/spi-builder-workspace/.derivedData/SDKExplicitPrecompiledModules -emit-dependencies -emit-module -emit-module-path /Users/admin/builder/spi-builder-workspace/.derivedData/Build/Intermediates.noindex/AiBrowserKit.build/Debug-watchos/AiBrowserKit-t.build/Objects-normal/arm64_32/AiBrowserKit.swiftmodule -serialize-diagnostics -dependency-scan-serialize-diagnostics-path /Users/admin/builder/spi-builder-workspace/.derivedData/Build/Intermediates.noindex/AiBrowserKit.build/Debug-watchos/AiBrowserKit-t.build/Objects-normal/arm64_32/AiBrowserKit-dependency-scan.dia -validate-clang-modules-once -clang-build-session-file /Users/admin/builder/spi-builder-workspace/.derivedData/ModuleCache.noindex/Session.modulevalidation -Xcc -fmodules-prune-interval\=86400 -Xcc -fmodules-prune-after\=345600 -package-name spi_builder_workspace -emit-const-values -const-gather-protocols-list /Users/admin/builder/spi-builder-workspace/.derivedData/Build/Intermediates.noindex/AiBrowserKit.build/Debug-watchos/AiBrowserKit-t.build/Objects-normal/arm64_32/AiBrowserKit_const_extract_protocols.json -Xcc -I/Users/admin/builder/spi-builder-workspace/.derivedData/Build/Products/Debug-watchos/include -Xcc -I/Users/admin/builder/spi-builder-workspace/.derivedData/Build/Intermediates.noindex/AiBrowserKit.build/Debug-watchos/AiBrowserKit-t.build/DerivedSources-normal/arm64_32 -Xcc -I/Users/admin/builder/spi-builder-workspace/.derivedData/Build/Intermediates.noindex/AiBrowserKit.build/Debug-watchos/AiBrowserKit-t.build/DerivedSources/arm64_32 -Xcc -I/Users/admin/builder/spi-builder-workspace/.derivedData/Build/Intermediates.noindex/AiBrowserKit.build/Debug-watchos/AiBrowserKit-t.build/DerivedSources -Xcc -DSWIFT_PACKAGE -Xcc -DDEBUG\=1 -emit-objc-header -emit-objc-header-path /Users/admin/builder/spi-builder-workspace/.derivedData/Build/Intermediates.noindex/AiBrowserKit.build/Debug-watchos/AiBrowserKit-t.build/Objects-normal/arm64_32/AiBrowserKit-Swift.h -working-directory /Users/admin/builder/spi-builder-workspace/.swiftpm/xcode -experimental-emit-module-separately -disable-cmo
/Users/admin/builder/spi-builder-workspace/Sources/AiBrowserKit/WebKit/WebViewLayer.swift:2:8: error: Unable to resolve module dependency: 'WebKit' (in target 'AiBrowserKit' from project 'AiBrowserKit')
note: A dependency of main module 'AiBrowserKit'
/Users/admin/builder/spi-builder-workspace/Sources/AiBrowserKit/WebKit/WebViewLayer.swift:2:8: note: A dependency of main module 'AiBrowserKit'
import WebKit
^ (in target 'AiBrowserKit' from project 'AiBrowserKit')
PruneExplicitPrecompiledModules /Users/admin/builder/spi-builder-workspace/.derivedData/Build/Intermediates.noindex/ExplicitPrecompiledModules
PruneExplicitPrecompiledModules /Users/admin/builder/spi-builder-workspace/.derivedData/Build/Intermediates.noindex/SwiftExplicitPrecompiledModules
PruneExplicitPrecompiledModules /Users/admin/builder/spi-builder-workspace/.derivedData/SDKExplicitPrecompiledModules
2026-10-09 01:03:17.455 xcodebuild[672:4403] [MT] IDERunDestination: Supported platforms for the buildables in the current scheme is empty.
** BUILD FAILED **
The following build commands failed:
SwiftDriver AiBrowserKit normal arm64 com.apple.xcode.tools.swift.compiler (in target 'AiBrowserKit' from project 'AiBrowserKit')
SwiftDriver AiBrowserKit normal arm64_32 com.apple.xcode.tools.swift.compiler (in target 'AiBrowserKit' from project 'AiBrowserKit')
Building workspace AiBrowserKit with scheme AiBrowserKit
(3 failures)
BUILD FAILURE 6.4 watchOS