Build Information
Failed to build Any_, reference main (04a001), with Swift 6.1 for Linux on 19 Jul 2026 13:11:04 UTC.
Build Command
bash -c docker run --pull=always --rm -v "checkouts-54344844-1":/host -w "$PWD" -e JAVA_HOME="/root/.sdkman/candidates/java/current" -e SPI_BUILD="1" -e SPI_PROCESSING="1" registry.gitlab.com/saguaro1/spi-images:basic-6.1-latest swift build --triple x86_64-unknown-linux-gnu 2>&1Build Log
========================================
RunAll
========================================
Builder version: 333316120c8b89ed7d21f1b34865290794301d91
Interrupt handler set up.
========================================
Checkout
========================================
Clone URL: https://github.com/The-Wand/Any.git
Reference: main
Initialized empty Git repository in /host/spi-builder-workspace/.git/
hint: Using 'master' as the name for the initial branch. This default branch name
hint: is subject to change. To configure the initial branch name to use in all
hint: of your new repositories, which will suppress this warning, call:
hint:
hint: git config --global init.defaultBranch <name>
hint:
hint: Names commonly chosen instead of 'master' are 'main', 'trunk' and
hint: 'development'. The just-created branch can be renamed via this command:
hint:
hint: git branch -m <name>
From https://github.com/The-Wand/Any
* branch main -> FETCH_HEAD
* [new branch] main -> origin/main
HEAD is now at 04a0012 Merge branch 'main1' into dev
Cloned https://github.com/The-Wand/Any.git
Revision (git rev-parse @):
04a0012a916ed2258e3e359803f2cd12f5f4ed6f
SUCCESS checkout https://github.com/The-Wand/Any.git at main
========================================
Build
========================================
Selected platform: linux
Swift version: 6.1
Building package at path: $PWD
https://github.com/The-Wand/Any.git
https://github.com/The-Wand/Any.git
WARNING: environment variable SUPPRESS_SWIFT_6_FLAGS is not set
Running build ...
bash -c docker run --pull=always --rm -v "checkouts-54344844-1":/host -w "$PWD" -e JAVA_HOME="/root/.sdkman/candidates/java/current" -e SPI_BUILD="1" -e SPI_PROCESSING="1" registry.gitlab.com/saguaro1/spi-images:basic-6.1-latest swift build --triple x86_64-unknown-linux-gnu -Xswiftc -Xfrontend -Xswiftc -stats-output-dir -Xswiftc -Xfrontend -Xswiftc .stats -Xswiftc -strict-concurrency=complete -Xswiftc -enable-upcoming-feature -Xswiftc StrictConcurrency -Xswiftc -enable-upcoming-feature -Xswiftc DisableOutwardActorInference -Xswiftc -enable-upcoming-feature -Xswiftc GlobalActorIsolatedTypesUsability -Xswiftc -enable-upcoming-feature -Xswiftc InferSendableFromCaptures 2>&1
basic-6.1-latest: Pulling from saguaro1/spi-images
Digest: sha256:0f094b998e61bb35b7a666f42e392cfb12929ea8fa9160622b1badd8b73d5c87
Status: Image is up to date for registry.gitlab.com/saguaro1/spi-images:basic-6.1-latest
Building for debugging...
[0/2] Write sources
[1/2] Write swift-version-24593BA9C3E375BF.txt
[3/11] Compiling Any_ Math.swift
/host/spi-builder-workspace/Sources/Foundation.swift:20:8: error: no such module 'Foundation.NSDate'
18 |
19 | #if canImport(Foundation)
20 | import Foundation.NSDate
| `- error: no such module 'Foundation.NSDate'
21 |
22 | extension Date: Any_ {
[4/12] Compiling Any_ Foundation.swift
/host/spi-builder-workspace/Sources/Foundation.swift:20:8: error: no such module 'Foundation.NSDate'
18 |
19 | #if canImport(Foundation)
20 | import Foundation.NSDate
| `- error: no such module 'Foundation.NSDate'
21 |
22 | extension Date: Any_ {
[5/12] Compiling Any_ CoreLocation.swift
/host/spi-builder-workspace/Sources/Foundation.swift:20:8: error: no such module 'Foundation.NSDate'
18 |
19 | #if canImport(Foundation)
20 | import Foundation.NSDate
| `- error: no such module 'Foundation.NSDate'
21 |
22 | extension Date: Any_ {
[6/12] Compiling Any_ CoreGraphics.swift
/host/spi-builder-workspace/Sources/Foundation.swift:20:8: error: no such module 'Foundation.NSDate'
18 |
19 | #if canImport(Foundation)
20 | import Foundation.NSDate
| `- error: no such module 'Foundation.NSDate'
21 |
22 | extension Date: Any_ {
[7/12] Compiling Any_ _Bounded.swift
/host/spi-builder-workspace/Sources/Foundation.swift:20:8: error: no such module 'Foundation.NSDate'
18 |
19 | #if canImport(Foundation)
20 | import Foundation.NSDate
| `- error: no such module 'Foundation.NSDate'
21 |
22 | extension Date: Any_ {
[8/12] Compiling Any_ String_any.swift
/host/spi-builder-workspace/Sources/Foundation.swift:20:8: error: no such module 'Foundation.NSDate'
18 |
19 | #if canImport(Foundation)
20 | import Foundation.NSDate
| `- error: no such module 'Foundation.NSDate'
21 |
22 | extension Date: Any_ {
error: emit-module command failed with exit code 1 (use -v to see invocation)
[9/12] Emitting module Any_
/host/spi-builder-workspace/Sources/Foundation.swift:20:8: error: no such module 'Foundation.NSDate'
18 |
19 | #if canImport(Foundation)
20 | import Foundation.NSDate
| `- error: no such module 'Foundation.NSDate'
21 |
22 | extension Date: Any_ {
[10/12] Compiling Any_ Range.swift
/host/spi-builder-workspace/Sources/Foundation.swift:20:8: error: no such module 'Foundation.NSDate'
18 |
19 | #if canImport(Foundation)
20 | import Foundation.NSDate
| `- error: no such module 'Foundation.NSDate'
21 |
22 | extension Date: Any_ {
[11/12] Compiling Any_ Any_.swift
/host/spi-builder-workspace/Sources/Foundation.swift:20:8: error: no such module 'Foundation.NSDate'
18 |
19 | #if canImport(Foundation)
20 | import Foundation.NSDate
| `- error: no such module 'Foundation.NSDate'
21 |
22 | extension Date: Any_ {
[12/12] Compiling Any_ ClosedRange.swift
/host/spi-builder-workspace/Sources/Foundation.swift:20:8: error: no such module 'Foundation.NSDate'
18 |
19 | #if canImport(Foundation)
20 | import Foundation.NSDate
| `- error: no such module 'Foundation.NSDate'
21 |
22 | extension Date: Any_ {
Running build ...
bash -c docker run --pull=always --rm -v "checkouts-54344844-1":/host -w "$PWD" -e JAVA_HOME="/root/.sdkman/candidates/java/current" -e SPI_BUILD="1" -e SPI_PROCESSING="1" registry.gitlab.com/saguaro1/spi-images:basic-6.1-latest swift build --triple x86_64-unknown-linux-gnu 2>&1
basic-6.1-latest: Pulling from saguaro1/spi-images
Digest: sha256:0f094b998e61bb35b7a666f42e392cfb12929ea8fa9160622b1badd8b73d5c87
Status: Image is up to date for registry.gitlab.com/saguaro1/spi-images:basic-6.1-latest
warning: 'spi-builder-workspace': found 1 file(s) which are unhandled; explicitly declare them as resources or exclude from the target
/host/spi-builder-workspace/Tests/Package.xctestplan
[0/1] Planning build
Building for debugging...
[0/1] Write swift-version-24593BA9C3E375BF.txt
[2/10] Compiling Any_ Range.swift
/host/spi-builder-workspace/Sources/Foundation.swift:20:8: error: no such module 'Foundation.NSDate'
18 |
19 | #if canImport(Foundation)
20 | import Foundation.NSDate
| `- error: no such module 'Foundation.NSDate'
21 |
22 | extension Date: Any_ {
[3/10] Compiling Any_ _Bounded.swift
/host/spi-builder-workspace/Sources/Foundation.swift:20:8: error: no such module 'Foundation.NSDate'
18 |
19 | #if canImport(Foundation)
20 | import Foundation.NSDate
| `- error: no such module 'Foundation.NSDate'
21 |
22 | extension Date: Any_ {
[4/10] Compiling Any_ Foundation.swift
/host/spi-builder-workspace/Sources/Foundation.swift:20:8: error: no such module 'Foundation.NSDate'
18 |
19 | #if canImport(Foundation)
20 | import Foundation.NSDate
| `- error: no such module 'Foundation.NSDate'
21 |
22 | extension Date: Any_ {
[5/11] Compiling Any_ Math.swift
/host/spi-builder-workspace/Sources/Foundation.swift:20:8: error: no such module 'Foundation.NSDate'
18 |
19 | #if canImport(Foundation)
20 | import Foundation.NSDate
| `- error: no such module 'Foundation.NSDate'
21 |
22 | extension Date: Any_ {
[6/11] Compiling Any_ CoreLocation.swift
/host/spi-builder-workspace/Sources/Foundation.swift:20:8: error: no such module 'Foundation.NSDate'
18 |
19 | #if canImport(Foundation)
20 | import Foundation.NSDate
| `- error: no such module 'Foundation.NSDate'
21 |
22 | extension Date: Any_ {
[7/11] Compiling Any_ CoreGraphics.swift
/host/spi-builder-workspace/Sources/Foundation.swift:20:8: error: no such module 'Foundation.NSDate'
18 |
19 | #if canImport(Foundation)
20 | import Foundation.NSDate
| `- error: no such module 'Foundation.NSDate'
21 |
22 | extension Date: Any_ {
error: emit-module command failed with exit code 1 (use -v to see invocation)
[8/11] Emitting module Any_
/host/spi-builder-workspace/Sources/Foundation.swift:20:8: error: no such module 'Foundation.NSDate'
18 |
19 | #if canImport(Foundation)
20 | import Foundation.NSDate
| `- error: no such module 'Foundation.NSDate'
21 |
22 | extension Date: Any_ {
[9/11] Compiling Any_ Any_.swift
/host/spi-builder-workspace/Sources/Foundation.swift:20:8: error: no such module 'Foundation.NSDate'
18 |
19 | #if canImport(Foundation)
20 | import Foundation.NSDate
| `- error: no such module 'Foundation.NSDate'
21 |
22 | extension Date: Any_ {
[10/11] Compiling Any_ ClosedRange.swift
/host/spi-builder-workspace/Sources/Foundation.swift:20:8: error: no such module 'Foundation.NSDate'
18 |
19 | #if canImport(Foundation)
20 | import Foundation.NSDate
| `- error: no such module 'Foundation.NSDate'
21 |
22 | extension Date: Any_ {
[11/11] Compiling Any_ String_any.swift
/host/spi-builder-workspace/Sources/Foundation.swift:20:8: error: no such module 'Foundation.NSDate'
18 |
19 | #if canImport(Foundation)
20 | import Foundation.NSDate
| `- error: no such module 'Foundation.NSDate'
21 |
22 | extension Date: Any_ {
BUILD FAILURE 6.1 linux