Build Information
Failed to build PrebidMobile, reference 3.4.1 (2d07f2), with Swift 6.2 for macOS (SPM) on 9 Oct 2026 14:57:55 UTC.
Build Command
env DEVELOPER_DIR=/Applications/Xcode-26.3.0.app xcrun swift build --arch arm64Build Log
========================================
RunAll
========================================
Builder version: 5.1.1
Interrupt handler set up.
========================================
Checkout
========================================
Clone URL: https://github.com/prebid/prebid-mobile-ios.git
Reference: 3.4.1
Initialized empty Git repository in /Users/admin/builder/spi-builder-workspace/.git/
From https://github.com/prebid/prebid-mobile-ios
* tag 3.4.1 -> FETCH_HEAD
HEAD is now at 2d07f25 Bumps to 3.4.1 (#1376)
Cloned https://github.com/prebid/prebid-mobile-ios.git
Revision (git rev-parse @):
2d07f25ea964ac4e027beed9164ce8d2ab7a98d4
SUCCESS checkout https://github.com/prebid/prebid-mobile-ios.git at 3.4.1
========================================
Build
========================================
Selected platform: macosSpm
Swift version: 6.2
Building package at path: $PWD
https://github.com/prebid/prebid-mobile-ios.git
Running build ...
env DEVELOPER_DIR=/Applications/Xcode-26.3.0.app xcrun swift build --arch arm64
Building for debugging...
[0/61] Write sources
[6/61] Compiling UserMessagingPlatformTarget placeholder.m
[7/61] Write swift-version--3CB7CFEC50E0D141.txt
[9/287] Emitting module GoogleMobileAdsTarget
[10/287] Compiling GoogleMobileAdsTarget placeholder.swift
[11/287] Emitting module AppLovinSDKResources
[12/287] Compiling AppLovinSDKResources AppLovinSDKResources.swift
[13/287] Compiling PrebidMobile RewardedEventInteractionDelegate.swift
/Users/admin/builder/spi-builder-workspace/PrebidMobile/Swift/AdUnits/AdUnit.swift:13:8: error: no such module 'UIKit'
11 | */
12 |
13 | import UIKit
| `- error: no such module 'UIKit'
14 | import ObjectiveC.runtime
15 |
[14/287] Compiling PrebidMobile MediationBannerAdUnit.swift
/Users/admin/builder/spi-builder-workspace/PrebidMobile/Swift/AdUnits/AdUnit.swift:13:8: error: no such module 'UIKit'
11 | */
12 |
13 | import UIKit
| `- error: no such module 'UIKit'
14 | import ObjectiveC.runtime
15 |
[15/287] Compiling PrebidMobile MediationBaseInterstitialAdUnit.swift
/Users/admin/builder/spi-builder-workspace/PrebidMobile/Swift/AdUnits/AdUnit.swift:13:8: error: no such module 'UIKit'
11 | */
12 |
13 | import UIKit
| `- error: no such module 'UIKit'
14 | import ObjectiveC.runtime
15 |
[16/287] Compiling PrebidMobile MediationBidInfoWrapper.swift
/Users/admin/builder/spi-builder-workspace/PrebidMobile/Swift/AdUnits/AdUnit.swift:13:8: error: no such module 'UIKit'
11 | */
12 |
13 | import UIKit
| `- error: no such module 'UIKit'
14 | import ObjectiveC.runtime
15 |
[17/287] Compiling PrebidMobile MediationConstants.swift
/Users/admin/builder/spi-builder-workspace/PrebidMobile/Swift/AdUnits/AdUnit.swift:13:8: error: no such module 'UIKit'
11 | */
12 |
13 | import UIKit
| `- error: no such module 'UIKit'
14 | import ObjectiveC.runtime
15 |
[18/287] Compiling PrebidMobile MediationInterstitialAdUnit.swift
/Users/admin/builder/spi-builder-workspace/PrebidMobile/Swift/AdUnits/AdUnit.swift:13:8: error: no such module 'UIKit'
11 | */
12 |
13 | import UIKit
| `- error: no such module 'UIKit'
14 | import ObjectiveC.runtime
15 |
[19/287] Compiling PrebidMobile MediationNativeAdUnit.swift
/Users/admin/builder/spi-builder-workspace/PrebidMobile/Swift/AdUnits/AdUnit.swift:13:8: error: no such module 'UIKit'
11 | */
12 |
13 | import UIKit
| `- error: no such module 'UIKit'
14 | import ObjectiveC.runtime
15 |
[20/287] Compiling PrebidMobile MediationNativeUtils.swift
/Users/admin/builder/spi-builder-workspace/PrebidMobile/Swift/AdUnits/AdUnit.swift:13:8: error: no such module 'UIKit'
11 | */
12 |
13 | import UIKit
| `- error: no such module 'UIKit'
14 | import ObjectiveC.runtime
15 |
[21/287] Compiling PrebidMobile MediationRewardedAdUnit.swift
/Users/admin/builder/spi-builder-workspace/PrebidMobile/Swift/AdUnits/AdUnit.swift:13:8: error: no such module 'UIKit'
11 | */
12 |
13 | import UIKit
| `- error: no such module 'UIKit'
14 | import ObjectiveC.runtime
15 |
[22/287] Compiling PrebidMobile MediationUtils.swift
/Users/admin/builder/spi-builder-workspace/PrebidMobile/Swift/AdUnits/AdUnit.swift:13:8: error: no such module 'UIKit'
11 | */
12 |
13 | import UIKit
| `- error: no such module 'UIKit'
14 | import ObjectiveC.runtime
15 |
[23/287] Compiling PrebidMobile PrebidMediationDelegate.swift
/Users/admin/builder/spi-builder-workspace/PrebidMobile/Swift/AdUnits/AdUnit.swift:13:8: error: no such module 'UIKit'
11 | */
12 |
13 | import UIKit
| `- error: no such module 'UIKit'
14 | import ObjectiveC.runtime
15 |
[24/287] Compiling PrebidMobile DemandResponseInfo.swift
/Users/admin/builder/spi-builder-workspace/PrebidMobile/Swift/AdUnits/AdUnit.swift:13:8: error: no such module 'UIKit'
11 | */
12 |
13 | import UIKit
| `- error: no such module 'UIKit'
14 | import ObjectiveC.runtime
15 |
[25/287] Compiling PrebidMobile BannerEventHandlerStandalone.swift
/Users/admin/builder/spi-builder-workspace/PrebidMobile/Swift/AdUnits/AdUnit.swift:13:8: error: no such module 'UIKit'
11 | */
12 |
13 | import UIKit
| `- error: no such module 'UIKit'
14 | import ObjectiveC.runtime
15 |
[26/287] Compiling PrebidMobile InterstitialEventHandlerStandalone.swift
/Users/admin/builder/spi-builder-workspace/PrebidMobile/Swift/AdUnits/AdUnit.swift:13:8: error: no such module 'UIKit'
11 | */
12 |
13 | import UIKit
| `- error: no such module 'UIKit'
14 | import ObjectiveC.runtime
15 |
[27/287] Compiling PrebidMobile RewardedEventHandlerStandalone.swift
/Users/admin/builder/spi-builder-workspace/PrebidMobile/Swift/AdUnits/AdUnit.swift:13:8: error: no such module 'UIKit'
11 | */
12 |
13 | import UIKit
| `- error: no such module 'UIKit'
14 | import ObjectiveC.runtime
15 |
[28/287] Compiling PrebidMobile DisplayView.swift
/Users/admin/builder/spi-builder-workspace/PrebidMobile/Swift/AdUnits/AdUnit.swift:13:8: error: no such module 'UIKit'
11 | */
12 |
13 | import UIKit
| `- error: no such module 'UIKit'
14 | import ObjectiveC.runtime
15 |
[29/287] Compiling PrebidMobile DisplayViewInteractionDelegate.swift
/Users/admin/builder/spi-builder-workspace/PrebidMobile/Swift/AdUnits/AdUnit.swift:13:8: error: no such module 'UIKit'
11 | */
12 |
13 | import UIKit
| `- error: no such module 'UIKit'
14 | import ObjectiveC.runtime
15 |
[30/287] Compiling PrebidMobile DisplayViewLoadingDelegate.swift
/Users/admin/builder/spi-builder-workspace/PrebidMobile/Swift/AdUnits/AdUnit.swift:13:8: error: no such module 'UIKit'
11 | */
12 |
13 | import UIKit
| `- error: no such module 'UIKit'
14 | import ObjectiveC.runtime
15 |
[31/287] Compiling PrebidMobile DisplayViewVideoPlaybackDelegate.swift
/Users/admin/builder/spi-builder-workspace/PrebidMobile/Swift/AdUnits/AdUnit.swift:13:8: error: no such module 'UIKit'
11 | */
12 |
13 | import UIKit
| `- error: no such module 'UIKit'
14 | import ObjectiveC.runtime
15 |
[32/287] Compiling PrebidMobile InterstitialController.swift
/Users/admin/builder/spi-builder-workspace/PrebidMobile/Swift/AdUnits/AdUnit.swift:13:8: error: no such module 'UIKit'
11 | */
12 |
13 | import UIKit
| `- error: no such module 'UIKit'
14 | import ObjectiveC.runtime
15 |
[33/287] Compiling PrebidMobile InterstitialControllerInteractionDelegate.swift
/Users/admin/builder/spi-builder-workspace/PrebidMobile/Swift/AdUnits/AdUnit.swift:13:8: error: no such module 'UIKit'
11 | */
12 |
13 | import UIKit
| `- error: no such module 'UIKit'
14 | import ObjectiveC.runtime
15 |
[34/287] Compiling PrebidMobile InterstitialControllerLoadingDelegate.swift
/Users/admin/builder/spi-builder-workspace/PrebidMobile/Swift/AdUnits/AdUnit.swift:13:8: error: no such module 'UIKit'
11 | */
12 |
13 | import UIKit
| `- error: no such module 'UIKit'
14 | import ObjectiveC.runtime
15 |
[35/287] Compiling PrebidMobile PrebidMobileDisplayViewProtocol.swift
/Users/admin/builder/spi-builder-workspace/PrebidMobile/Swift/AdUnits/AdUnit.swift:13:8: error: no such module 'UIKit'
11 | */
12 |
13 | import UIKit
| `- error: no such module 'UIKit'
14 | import ObjectiveC.runtime
15 |
[36/287] Compiling PrebidMobile PrebidMobileInterstitialControllerProtocol.swift
/Users/admin/builder/spi-builder-workspace/PrebidMobile/Swift/AdUnits/AdUnit.swift:13:8: error: no such module 'UIKit'
11 | */
12 |
13 | import UIKit
| `- error: no such module 'UIKit'
14 | import ObjectiveC.runtime
15 |
[37/311] Compiling PrebidMobile PrebidRenderer.swift
/Users/admin/builder/spi-builder-workspace/PrebidMobile/Swift/AdUnits/AdUnit.swift:13:8: error: no such module 'UIKit'
11 | */
12 |
13 | import UIKit
| `- error: no such module 'UIKit'
14 | import ObjectiveC.runtime
15 |
[38/311] Compiling PrebidMobile AdMarkupStringHandler.swift
/Users/admin/builder/spi-builder-workspace/PrebidMobile/Swift/AdUnits/AdUnit.swift:13:8: error: no such module 'UIKit'
11 | */
12 |
13 | import UIKit
| `- error: no such module 'UIKit'
14 | import ObjectiveC.runtime
15 |
[39/311] Compiling PrebidMobile AdUnitConfig.swift
/Users/admin/builder/spi-builder-workspace/PrebidMobile/Swift/AdUnits/AdUnit.swift:13:8: error: no such module 'UIKit'
11 | */
12 |
13 | import UIKit
| `- error: no such module 'UIKit'
14 | import ObjectiveC.runtime
15 |
[40/311] Compiling PrebidMobile Bid.swift
/Users/admin/builder/spi-builder-workspace/PrebidMobile/Swift/AdUnits/AdUnit.swift:13:8: error: no such module 'UIKit'
11 | */
12 |
13 | import UIKit
| `- error: no such module 'UIKit'
14 | import ObjectiveC.runtime
15 |
[41/311] Compiling PrebidMobile BidRequester.swift
/Users/admin/builder/spi-builder-workspace/PrebidMobile/Swift/AdUnits/AdUnit.swift:13:8: error: no such module 'UIKit'
11 | */
12 |
13 | import UIKit
| `- error: no such module 'UIKit'
14 | import ObjectiveC.runtime
15 |
[42/311] Compiling PrebidMobile BidRequesterProtocol.swift
/Users/admin/builder/spi-builder-workspace/PrebidMobile/Swift/AdUnits/AdUnit.swift:13:8: error: no such module 'UIKit'
11 | */
12 |
13 | import UIKit
| `- error: no such module 'UIKit'
14 | import ObjectiveC.runtime
15 |
[43/311] Compiling PrebidMobile BidResponse.swift
/Users/admin/builder/spi-builder-workspace/PrebidMobile/Swift/AdUnits/AdUnit.swift:13:8: error: no such module 'UIKit'
11 | */
12 |
13 | import UIKit
| `- error: no such module 'UIKit'
14 | import ObjectiveC.runtime
15 |
[44/311] Compiling PrebidMobile BidResponseTransformer.swift
/Users/admin/builder/spi-builder-workspace/PrebidMobile/Swift/AdUnits/AdUnit.swift:13:8: error: no such module 'UIKit'
11 | */
12 |
13 | import UIKit
| `- error: no such module 'UIKit'
14 | import ObjectiveC.runtime
15 |
[45/311] Compiling PrebidMobile ClickTrackingBlocks.swift
/Users/admin/builder/spi-builder-workspace/PrebidMobile/Swift/AdUnits/AdUnit.swift:13:8: error: no such module 'UIKit'
11 | */
12 |
13 | import UIKit
| `- error: no such module 'UIKit'
14 | import ObjectiveC.runtime
15 |
[46/311] Compiling PrebidMobile ExternalLinkHandler.swift
/Users/admin/builder/spi-builder-workspace/PrebidMobile/Swift/AdUnits/AdUnit.swift:13:8: error: no such module 'UIKit'
11 | */
12 |
13 | import UIKit
| `- error: no such module 'UIKit'
14 | import ObjectiveC.runtime
15 |
[47/311] Compiling PrebidMobile ExternalURLOpenCallbacks.swift
/Users/admin/builder/spi-builder-workspace/PrebidMobile/Swift/AdUnits/AdUnit.swift:13:8: error: no such module 'UIKit'
11 | */
12 |
13 | import UIKit
| `- error: no such module 'UIKit'
14 | import ObjectiveC.runtime
15 |
[48/311] Compiling PrebidMobile ExternalURLOpeners.swift
/Users/admin/builder/spi-builder-workspace/PrebidMobile/Swift/AdUnits/AdUnit.swift:13:8: error: no such module 'UIKit'
11 | */
12 |
13 | import UIKit
| `- error: no such module 'UIKit'
14 | import ObjectiveC.runtime
15 |
[49/311] Compiling PrebidMobile TrackingURLVisitors.swift
/Users/admin/builder/spi-builder-workspace/PrebidMobile/Swift/AdUnits/AdUnit.swift:13:8: error: no such module 'UIKit'
11 | */
12 |
13 | import UIKit
| `- error: no such module 'UIKit'
14 | import ObjectiveC.runtime
15 |
[50/311] Compiling PrebidMobile ORTBAdConfiguration.swift
/Users/admin/builder/spi-builder-workspace/PrebidMobile/Swift/AdUnits/AdUnit.swift:13:8: error: no such module 'UIKit'
11 | */
12 |
13 | import UIKit
| `- error: no such module 'UIKit'
14 | import ObjectiveC.runtime
15 |
[51/311] Compiling PrebidMobile ORTBBidExt.swift
/Users/admin/builder/spi-builder-workspace/PrebidMobile/Swift/AdUnits/AdUnit.swift:13:8: error: no such module 'UIKit'
11 | */
12 |
13 | import UIKit
| `- error: no such module 'UIKit'
14 | import ObjectiveC.runtime
15 |
[52/311] Compiling PrebidMobile ORTBBidExtPrebid.swift
/Users/admin/builder/spi-builder-workspace/PrebidMobile/Swift/AdUnits/AdUnit.swift:13:8: error: no such module 'UIKit'
11 | */
12 |
13 | import UIKit
| `- error: no such module 'UIKit'
14 | import ObjectiveC.runtime
15 |
[53/311] Compiling PrebidMobile ORTBBidExtPrebidCache.swift
/Users/admin/builder/spi-builder-workspace/PrebidMobile/Swift/AdUnits/AdUnit.swift:13:8: error: no such module 'UIKit'
11 | */
12 |
13 | import UIKit
| `- error: no such module 'UIKit'
14 | import ObjectiveC.runtime
15 |
[54/311] Compiling PrebidMobile ORTBBidExtPrebidCacheBids.swift
/Users/admin/builder/spi-builder-workspace/PrebidMobile/Swift/AdUnits/AdUnit.swift:13:8: error: no such module 'UIKit'
11 | */
12 |
13 | import UIKit
| `- error: no such module 'UIKit'
14 | import ObjectiveC.runtime
15 |
[55/311] Compiling PrebidMobile ORTBBidExtSkadn.swift
/Users/admin/builder/spi-builder-workspace/PrebidMobile/Swift/AdUnits/AdUnit.swift:13:8: error: no such module 'UIKit'
11 | */
12 |
13 | import UIKit
| `- error: no such module 'UIKit'
14 | import ObjectiveC.runtime
15 |
[56/311] Compiling PrebidMobile ORTBBidExtSkadnSKOverlay.swift
/Users/admin/builder/spi-builder-workspace/PrebidMobile/Swift/AdUnits/AdUnit.swift:13:8: error: no such module 'UIKit'
11 | */
12 |
13 | import UIKit
| `- error: no such module 'UIKit'
14 | import ObjectiveC.runtime
15 |
[57/311] Compiling PrebidMobile ORTBBidResponseExt.swift
/Users/admin/builder/spi-builder-workspace/PrebidMobile/Swift/AdUnits/AdUnit.swift:13:8: error: no such module 'UIKit'
11 | */
12 |
13 | import UIKit
| `- error: no such module 'UIKit'
14 | import ObjectiveC.runtime
15 |
[58/311] Compiling PrebidMobile ORTBBidResponseExtPrebid.swift
/Users/admin/builder/spi-builder-workspace/PrebidMobile/Swift/AdUnits/AdUnit.swift:13:8: error: no such module 'UIKit'
11 | */
12 |
13 | import UIKit
| `- error: no such module 'UIKit'
14 | import ObjectiveC.runtime
15 |
[59/311] Compiling PrebidMobile ORTBExtPrebidEvents.swift
/Users/admin/builder/spi-builder-workspace/PrebidMobile/Swift/AdUnits/AdUnit.swift:13:8: error: no such module 'UIKit'
11 | */
12 |
13 | import UIKit
| `- error: no such module 'UIKit'
14 | import ObjectiveC.runtime
15 |
[60/311] Compiling PrebidMobile ORTBExtPrebidPassthrough.swift
/Users/admin/builder/spi-builder-workspace/PrebidMobile/Swift/AdUnits/AdUnit.swift:13:8: error: no such module 'UIKit'
11 | */
12 |
13 | import UIKit
| `- error: no such module 'UIKit'
14 | import ObjectiveC.runtime
15 |
error: emit-module command failed with exit code 1 (use -v to see invocation)
[61/335] Emitting module PrebidMobile
/Users/admin/builder/spi-builder-workspace/PrebidMobile/Swift/AdUnits/AdUnit.swift:13:8: error: no such module 'UIKit'
11 | */
12 |
13 | import UIKit
| `- error: no such module 'UIKit'
14 | import ObjectiveC.runtime
15 |
[62/359] Compiling PrebidMobile BannerAdLoaderDelegate.swift
/Users/admin/builder/spi-builder-workspace/PrebidMobile/Swift/AdUnits/AdUnit.swift:13:8: error: no such module 'UIKit'
11 | */
12 |
13 | import UIKit
| `- error: no such module 'UIKit'
14 | import ObjectiveC.runtime
15 |
[63/359] Compiling PrebidMobile InterstitialAdLoader.swift
/Users/admin/builder/spi-builder-workspace/PrebidMobile/Swift/AdUnits/AdUnit.swift:13:8: error: no such module 'UIKit'
11 | */
12 |
13 | import UIKit
| `- error: no such module 'UIKit'
14 | import ObjectiveC.runtime
15 |
[64/359] Compiling PrebidMobile InterstitialAdLoaderDelegate.swift
/Users/admin/builder/spi-builder-workspace/PrebidMobile/Swift/AdUnits/AdUnit.swift:13:8: error: no such module 'UIKit'
11 | */
12 |
13 | import UIKit
| `- error: no such module 'UIKit'
14 | import ObjectiveC.runtime
15 |
[65/359] Compiling PrebidMobile BannerEventHandler.swift
/Users/admin/builder/spi-builder-workspace/PrebidMobile/Swift/AdUnits/AdUnit.swift:13:8: error: no such module 'UIKit'
11 | */
12 |
13 | import UIKit
| `- error: no such module 'UIKit'
14 | import ObjectiveC.runtime
15 |
[66/359] Compiling PrebidMobile BannerEventInteractionDelegate.swift
/Users/admin/builder/spi-builder-workspace/PrebidMobile/Swift/AdUnits/AdUnit.swift:13:8: error: no such module 'UIKit'
11 | */
12 |
13 | import UIKit
| `- error: no such module 'UIKit'
14 | import ObjectiveC.runtime
15 |
[67/359] Compiling PrebidMobile BannerEventLoadingDelegate.swift
/Users/admin/builder/spi-builder-workspace/PrebidMobile/Swift/AdUnits/AdUnit.swift:13:8: error: no such module 'UIKit'
11 | */
12 |
13 | import UIKit
| `- error: no such module 'UIKit'
14 | import ObjectiveC.runtime
15 |
[68/359] Compiling PrebidMobile BannerVideoPlaybackDelegate.swift
/Users/admin/builder/spi-builder-workspace/PrebidMobile/Swift/AdUnits/AdUnit.swift:13:8: error: no such module 'UIKit'
11 | */
12 |
13 | import UIKit
| `- error: no such module 'UIKit'
14 | import ObjectiveC.runtime
15 |
[69/359] Compiling PrebidMobile BannerView.swift
/Users/admin/builder/spi-builder-workspace/PrebidMobile/Swift/AdUnits/AdUnit.swift:13:8: error: no such module 'UIKit'
11 | */
12 |
13 | import UIKit
| `- error: no such module 'UIKit'
14 | import ObjectiveC.runtime
15 |
[70/359] Compiling PrebidMobile BannerViewDelegate.swift
/Users/admin/builder/spi-builder-workspace/PrebidMobile/Swift/AdUnits/AdUnit.swift:13:8: error: no such module 'UIKit'
11 | */
12 |
13 | import UIKit
| `- error: no such module 'UIKit'
14 | import ObjectiveC.runtime
15 |
[71/359] Compiling PrebidMobile BaseInterstitialAdUnit.swift
/Users/admin/builder/spi-builder-workspace/PrebidMobile/Swift/AdUnits/AdUnit.swift:13:8: error: no such module 'UIKit'
11 | */
12 |
13 | import UIKit
| `- error: no such module 'UIKit'
14 | import ObjectiveC.runtime
15 |
[72/359] Compiling PrebidMobile BaseInterstitialAdUnitProtocol.swift
/Users/admin/builder/spi-builder-workspace/PrebidMobile/Swift/AdUnits/AdUnit.swift:13:8: error: no such module 'UIKit'
11 | */
12 |
13 | import UIKit
| `- error: no such module 'UIKit'
14 | import ObjectiveC.runtime
15 |
[73/359] Compiling PrebidMobile BaseRewardedAdUnit.swift
/Users/admin/builder/spi-builder-workspace/PrebidMobile/Swift/AdUnits/AdUnit.swift:13:8: error: no such module 'UIKit'
11 | */
12 |
13 | import UIKit
| `- error: no such module 'UIKit'
14 | import ObjectiveC.runtime
15 |
[74/359] Compiling PrebidMobile InterstitialAd.swift
/Users/admin/builder/spi-builder-workspace/PrebidMobile/Swift/AdUnits/AdUnit.swift:13:8: error: no such module 'UIKit'
11 | */
12 |
13 | import UIKit
| `- error: no such module 'UIKit'
14 | import ObjectiveC.runtime
15 |
[75/359] Compiling PrebidMobile InterstitialAdUnitDelegate.swift
/Users/admin/builder/spi-builder-workspace/PrebidMobile/Swift/AdUnits/AdUnit.swift:13:8: error: no such module 'UIKit'
11 | */
12 |
13 | import UIKit
| `- error: no such module 'UIKit'
14 | import ObjectiveC.runtime
15 |
[76/359] Compiling PrebidMobile InterstitialEventHandlerProtocol.swift
/Users/admin/builder/spi-builder-workspace/PrebidMobile/Swift/AdUnits/AdUnit.swift:13:8: error: no such module 'UIKit'
11 | */
12 |
13 | import UIKit
| `- error: no such module 'UIKit'
14 | import ObjectiveC.runtime
15 |
[77/359] Compiling PrebidMobile InterstitialEventInteractionDelegate.swift
/Users/admin/builder/spi-builder-workspace/PrebidMobile/Swift/AdUnits/AdUnit.swift:13:8: error: no such module 'UIKit'
11 | */
12 |
13 | import UIKit
| `- error: no such module 'UIKit'
14 | import ObjectiveC.runtime
15 |
[78/359] Compiling PrebidMobile InterstitialEventLoadingDelegate.swift
/Users/admin/builder/spi-builder-workspace/PrebidMobile/Swift/AdUnits/AdUnit.swift:13:8: error: no such module 'UIKit'
11 | */
12 |
13 | import UIKit
| `- error: no such module 'UIKit'
14 | import ObjectiveC.runtime
15 |
[79/359] Compiling PrebidMobile InterstitialRenderingAdUnit.swift
/Users/admin/builder/spi-builder-workspace/PrebidMobile/Swift/AdUnits/AdUnit.swift:13:8: error: no such module 'UIKit'
11 | */
12 |
13 | import UIKit
| `- error: no such module 'UIKit'
14 | import ObjectiveC.runtime
15 |
[80/359] Compiling PrebidMobile PrebidReward.swift
/Users/admin/builder/spi-builder-workspace/PrebidMobile/Swift/AdUnits/AdUnit.swift:13:8: error: no such module 'UIKit'
11 | */
12 |
13 | import UIKit
| `- error: no such module 'UIKit'
14 | import ObjectiveC.runtime
15 |
[81/359] Compiling PrebidMobile PrimaryAdRequesterProtocol.swift
/Users/admin/builder/spi-builder-workspace/PrebidMobile/Swift/AdUnits/AdUnit.swift:13:8: error: no such module 'UIKit'
11 | */
12 |
13 | import UIKit
| `- error: no such module 'UIKit'
14 | import ObjectiveC.runtime
15 |
[82/359] Compiling PrebidMobile RewardedAdUnit.swift
/Users/admin/builder/spi-builder-workspace/PrebidMobile/Swift/AdUnits/AdUnit.swift:13:8: error: no such module 'UIKit'
11 | */
12 |
13 | import UIKit
| `- error: no such module 'UIKit'
14 | import ObjectiveC.runtime
15 |
[83/359] Compiling PrebidMobile RewardedAdUnitDelegate.swift
/Users/admin/builder/spi-builder-workspace/PrebidMobile/Swift/AdUnits/AdUnit.swift:13:8: error: no such module 'UIKit'
11 | */
12 |
13 | import UIKit
| `- error: no such module 'UIKit'
14 | import ObjectiveC.runtime
15 |
[84/359] Compiling PrebidMobile RewardedConfig.swift
/Users/admin/builder/spi-builder-workspace/PrebidMobile/Swift/AdUnits/AdUnit.swift:13:8: error: no such module 'UIKit'
11 | */
12 |
13 | import UIKit
| `- error: no such module 'UIKit'
14 | import ObjectiveC.runtime
15 |
[85/359] Compiling PrebidMobile RewardedEventHandlerProtocol.swift
/Users/admin/builder/spi-builder-workspace/PrebidMobile/Swift/AdUnits/AdUnit.swift:13:8: error: no such module 'UIKit'
11 | */
12 |
13 | import UIKit
| `- error: no such module 'UIKit'
14 | import ObjectiveC.runtime
15 |
[86/359] Compiling PrebidMobile SKAdNetworksParameterBuilder.swift
/Users/admin/builder/spi-builder-workspace/PrebidMobile/Swift/AdUnits/AdUnit.swift:13:8: error: no such module 'UIKit'
11 | */
12 |
13 | import UIKit
| `- error: no such module 'UIKit'
14 | import ObjectiveC.runtime
15 |
[87/359] Compiling PrebidMobile UserConsentParameterBuilder.swift
/Users/admin/builder/spi-builder-workspace/PrebidMobile/Swift/AdUnits/AdUnit.swift:13:8: error: no such module 'UIKit'
11 | */
12 |
13 | import UIKit
| `- error: no such module 'UIKit'
14 | import ObjectiveC.runtime
15 |
[88/359] Compiling PrebidMobile PrebidServerConnection.swift
/Users/admin/builder/spi-builder-workspace/PrebidMobile/Swift/AdUnits/AdUnit.swift:13:8: error: no such module 'UIKit'
11 | */
12 |
13 | import UIKit
| `- error: no such module 'UIKit'
14 | import ObjectiveC.runtime
15 |
[89/359] Compiling PrebidMobile PrebidServerConnectionProtocol.swift
/Users/admin/builder/spi-builder-workspace/PrebidMobile/Swift/AdUnits/AdUnit.swift:13:8: error: no such module 'UIKit'
11 | */
12 |
13 | import UIKit
| `- error: no such module 'UIKit'
14 | import ObjectiveC.runtime
15 |
[90/359] Compiling PrebidMobile PrebidServerResponse.swift
/Users/admin/builder/spi-builder-workspace/PrebidMobile/Swift/AdUnits/AdUnit.swift:13:8: error: no such module 'UIKit'
11 | */
12 |
13 | import UIKit
| `- error: no such module 'UIKit'
14 | import ObjectiveC.runtime
15 |
[91/359] Compiling PrebidMobile TrackingRecord.swift
/Users/admin/builder/spi-builder-workspace/PrebidMobile/Swift/AdUnits/AdUnit.swift:13:8: error: no such module 'UIKit'
11 | */
12 |
13 | import UIKit
| `- error: no such module 'UIKit'
14 | import ObjectiveC.runtime
15 |
[92/359] Compiling PrebidMobile PBMURLComponents.swift
/Users/admin/builder/spi-builder-workspace/PrebidMobile/Swift/AdUnits/AdUnit.swift:13:8: error: no such module 'UIKit'
11 | */
12 |
13 | import UIKit
| `- error: no such module 'UIKit'
14 | import ObjectiveC.runtime
15 |
[93/359] Compiling PrebidMobile PathBuilder.swift
/Users/admin/builder/spi-builder-workspace/PrebidMobile/Swift/AdUnits/AdUnit.swift:13:8: error: no such module 'UIKit'
11 | */
12 |
13 | import UIKit
| `- error: no such module 'UIKit'
14 | import ObjectiveC.runtime
15 |
[94/359] Compiling PrebidMobile ORTBAppContent.swift
/Users/admin/builder/spi-builder-workspace/PrebidMobile/Swift/AdUnits/AdUnit.swift:13:8: error: no such module 'UIKit'
11 | */
12 |
13 | import UIKit
| `- error: no such module 'UIKit'
14 | import ObjectiveC.runtime
15 |
[95/359] Compiling PrebidMobile ORTBContentData.swift
/Users/admin/builder/spi-builder-workspace/PrebidMobile/Swift/AdUnits/AdUnit.swift:13:8: error: no such module 'UIKit'
11 | */
12 |
13 | import UIKit
| `- error: no such module 'UIKit'
14 | import ObjectiveC.runtime
15 |
[96/359] Compiling PrebidMobile ORTBContentProducer.swift
/Users/admin/builder/spi-builder-workspace/PrebidMobile/Swift/AdUnits/AdUnit.swift:13:8: error: no such module 'UIKit'
11 | */
12 |
13 | import UIKit
| `- error: no such module 'UIKit'
14 | import ObjectiveC.runtime
15 |
[97/359] Compiling PrebidMobile ORTBContentSegment.swift
/Users/admin/builder/spi-builder-workspace/PrebidMobile/Swift/AdUnits/AdUnit.swift:13:8: error: no such module 'UIKit'
11 | */
12 |
13 | import UIKit
| `- error: no such module 'UIKit'
14 | import ObjectiveC.runtime
15 |
[98/359] Compiling PrebidMobile ORTBNative.swift
/Users/admin/builder/spi-builder-workspace/PrebidMobile/Swift/AdUnits/AdUnit.swift:13:8: error: no such module 'UIKit'
11 | */
12 |
13 | import UIKit
| `- error: no such module 'UIKit'
14 | import ObjectiveC.runtime
15 |
[99/359] Compiling PrebidMobile PluginEventDelegate.swift
/Users/admin/builder/spi-builder-workspace/PrebidMobile/Swift/AdUnits/AdUnit.swift:13:8: error: no such module 'UIKit'
11 | */
12 |
13 | import UIKit
| `- error: no such module 'UIKit'
14 | import ObjectiveC.runtime
15 |
[100/359] Compiling PrebidMobile PluginRendererFactory.swift
/Users/admin/builder/spi-builder-workspace/PrebidMobile/Swift/AdUnits/AdUnit.swift:13:8: error: no such module 'UIKit'
11 | */
12 |
13 | import UIKit
| `- error: no such module 'UIKit'
14 | import ObjectiveC.runtime
15 |
[101/359] Compiling PrebidMobile PrebidMobilePluginRegister.swift
/Users/admin/builder/spi-builder-workspace/PrebidMobile/Swift/AdUnits/AdUnit.swift:13:8: error: no such module 'UIKit'
11 | */
12 |
13 | import UIKit
| `- error: no such module 'UIKit'
14 | import ObjectiveC.runtime
15 |
[102/359] Compiling PrebidMobile PrebidMobilePluginRenderer+Extensions.swift
/Users/admin/builder/spi-builder-workspace/PrebidMobile/Swift/AdUnits/AdUnit.swift:13:8: error: no such module 'UIKit'
11 | */
12 |
13 | import UIKit
| `- error: no such module 'UIKit'
14 | import ObjectiveC.runtime
15 |
[103/359] Compiling PrebidMobile PrebidMobilePluginRenderer.swift
/Users/admin/builder/spi-builder-workspace/PrebidMobile/Swift/AdUnits/AdUnit.swift:13:8: error: no such module 'UIKit'
11 | */
12 |
13 | import UIKit
| `- error: no such module 'UIKit'
14 | import ObjectiveC.runtime
15 |
[104/359] Compiling PrebidMobile AdLoadFlowController.swift
/Users/admin/builder/spi-builder-workspace/PrebidMobile/Swift/AdUnits/AdUnit.swift:13:8: error: no such module 'UIKit'
11 | */
12 |
13 | import UIKit
| `- error: no such module 'UIKit'
14 | import ObjectiveC.runtime
15 |
[105/359] Compiling PrebidMobile AdLoadFlowControllerDelegate.swift
/Users/admin/builder/spi-builder-workspace/PrebidMobile/Swift/AdUnits/AdUnit.swift:13:8: error: no such module 'UIKit'
11 | */
12 |
13 | import UIKit
| `- error: no such module 'UIKit'
14 | import ObjectiveC.runtime
15 |
[106/359] Compiling PrebidMobile AdLoadFlowState.swift
/Users/admin/builder/spi-builder-workspace/PrebidMobile/Swift/AdUnits/AdUnit.swift:13:8: error: no such module 'UIKit'
11 | */
12 |
13 | import UIKit
| `- error: no such module 'UIKit'
14 | import ObjectiveC.runtime
15 |
[107/359] Compiling PrebidMobile AdLoaderFlowDelegate.swift
/Users/admin/builder/spi-builder-workspace/PrebidMobile/Swift/AdUnits/AdUnit.swift:13:8: error: no such module 'UIKit'
11 | */
12 |
13 | import UIKit
| `- error: no such module 'UIKit'
14 | import ObjectiveC.runtime
15 |
[108/359] Compiling PrebidMobile AdLoaderProtocol.swift
/Users/admin/builder/spi-builder-workspace/PrebidMobile/Swift/AdUnits/AdUnit.swift:13:8: error: no such module 'UIKit'
11 | */
12 |
13 | import UIKit
| `- error: no such module 'UIKit'
14 | import ObjectiveC.runtime
15 |
[109/359] Compiling PrebidMobile BannerAdLoader.swift
/Users/admin/builder/spi-builder-workspace/PrebidMobile/Swift/AdUnits/AdUnit.swift:13:8: error: no such module 'UIKit'
11 | */
12 |
13 | import UIKit
| `- error: no such module 'UIKit'
14 | import ObjectiveC.runtime
15 |
[110/407] Compiling PrebidMobile AdUnit.swift
/Users/admin/builder/spi-builder-workspace/PrebidMobile/Swift/AdUnits/AdUnit.swift:13:8: error: no such module 'UIKit'
11 | */
12 |
13 | import UIKit
| `- error: no such module 'UIKit'
14 | import ObjectiveC.runtime
15 |
[111/407] Compiling PrebidMobile BannerAdUnit.swift
/Users/admin/builder/spi-builder-workspace/PrebidMobile/Swift/AdUnits/AdUnit.swift:13:8: error: no such module 'UIKit'
11 | */
12 |
13 | import UIKit
| `- error: no such module 'UIKit'
14 | import ObjectiveC.runtime
15 |
[112/407] Compiling PrebidMobile BannerBasedAdUnitProtocol.swift
/Users/admin/builder/spi-builder-workspace/PrebidMobile/Swift/AdUnits/AdUnit.swift:13:8: error: no such module 'UIKit'
11 | */
12 |
13 | import UIKit
| `- error: no such module 'UIKit'
14 | import ObjectiveC.runtime
15 |
[113/407] Compiling PrebidMobile BannerViewImpressionTracker.swift
/Users/admin/builder/spi-builder-workspace/PrebidMobile/Swift/AdUnits/AdUnit.swift:13:8: error: no such module 'UIKit'
11 | */
12 |
13 | import UIKit
| `- error: no such module 'UIKit'
14 | import ObjectiveC.runtime
15 |
[114/407] Compiling PrebidMobile InterstitialImpressionTracker.swift
/Users/admin/builder/spi-builder-workspace/PrebidMobile/Swift/AdUnits/AdUnit.swift:13:8: error: no such module 'UIKit'
11 | */
12 |
13 | import UIKit
| `- error: no such module 'UIKit'
14 | import ObjectiveC.runtime
15 |
[115/407] Compiling PrebidMobile PrebidImpressionTracker.swift
/Users/admin/builder/spi-builder-workspace/PrebidMobile/Swift/AdUnits/AdUnit.swift:13:8: error: no such module 'UIKit'
11 | */
12 |
13 | import UIKit
| `- error: no such module 'UIKit'
14 | import ObjectiveC.runtime
15 |
[116/407] Compiling PrebidMobile PrebidImpressionTrackerProtocol.swift
/Users/admin/builder/spi-builder-workspace/PrebidMobile/Swift/AdUnits/AdUnit.swift:13:8: error: no such module 'UIKit'
11 | */
12 |
13 | import UIKit
| `- error: no such module 'UIKit'
14 | import ObjectiveC.runtime
15 |
[117/407] Compiling PrebidMobile InstreamVideoAdUnit.swift
/Users/admin/builder/spi-builder-workspace/PrebidMobile/Swift/AdUnits/AdUnit.swift:13:8: error: no such module 'UIKit'
11 | */
12 |
13 | import UIKit
| `- error: no such module 'UIKit'
14 | import ObjectiveC.runtime
15 |
[118/407] Compiling PrebidMobile InterstitialAdUnit.swift
/Users/admin/builder/spi-builder-workspace/PrebidMobile/Swift/AdUnits/AdUnit.swift:13:8: error: no such module 'UIKit'
11 | */
12 |
13 | import UIKit
| `- error: no such module 'UIKit'
14 | import ObjectiveC.runtime
15 |
[119/407] Compiling PrebidMobile BidInfo.swift
/Users/admin/builder/spi-builder-workspace/PrebidMobile/Swift/AdUnits/AdUnit.swift:13:8: error: no such module 'UIKit'
11 | */
12 |
13 | import UIKit
| `- error: no such module 'UIKit'
14 | import ObjectiveC.runtime
15 |
[120/407] Compiling PrebidMobile PrebidAdUnit.swift
/Users/admin/builder/spi-builder-workspace/PrebidMobile/Swift/AdUnits/AdUnit.swift:13:8: error: no such module 'UIKit'
11 | */
12 |
13 | import UIKit
| `- error: no such module 'UIKit'
14 | import ObjectiveC.runtime
15 |
[121/407] Compiling PrebidMobile PrebidRequest.swift
/Users/admin/builder/spi-builder-workspace/PrebidMobile/Swift/AdUnits/AdUnit.swift:13:8: error: no such module 'UIKit'
11 | */
12 |
13 | import UIKit
| `- error: no such module 'UIKit'
14 | import ObjectiveC.runtime
15 |
[122/407] Compiling PrebidMobile ContextSubType.swift
/Users/admin/builder/spi-builder-workspace/PrebidMobile/Swift/AdUnits/AdUnit.swift:13:8: error: no such module 'UIKit'
11 | */
12 |
13 | import UIKit
| `- error: no such module 'UIKit'
14 | import ObjectiveC.runtime
15 |
[123/407] Compiling PrebidMobile ContextType.swift
/Users/admin/builder/spi-builder-workspace/PrebidMobile/Swift/AdUnits/AdUnit.swift:13:8: error: no such module 'UIKit'
11 | */
12 |
13 | import UIKit
| `- error: no such module 'UIKit'
14 | import ObjectiveC.runtime
15 |
[124/407] Compiling PrebidMobile NativeAd.swift
/Users/admin/builder/spi-builder-workspace/PrebidMobile/Swift/AdUnits/AdUnit.swift:13:8: error: no such module 'UIKit'
11 | */
12 |
13 | import UIKit
| `- error: no such module 'UIKit'
14 | import ObjectiveC.runtime
15 |
[125/407] Compiling PrebidMobile NativeAdConfiguration.swift
/Users/admin/builder/spi-builder-workspace/PrebidMobile/Swift/AdUnits/AdUnit.swift:13:8: error: no such module 'UIKit'
11 | */
12 |
13 | import UIKit
| `- error: no such module 'UIKit'
14 | import ObjectiveC.runtime
15 |
[126/407] Compiling PrebidMobile NativeAdDelegate.swift
/Users/admin/builder/spi-builder-workspace/PrebidMobile/Swift/AdUnits/AdUnit.swift:13:8: error: no such module 'UIKit'
11 | */
12 |
13 | import UIKit
| `- error: no such module 'UIKit'
14 | import ObjectiveC.runtime
15 |
[127/407] Compiling PrebidMobile NativeAdEventDelegate.swift
/Users/admin/builder/spi-builder-workspace/PrebidMobile/Swift/AdUnits/AdUnit.swift:13:8: error: no such module 'UIKit'
11 | */
12 |
13 | import UIKit
| `- error: no such module 'UIKit'
14 | import ObjectiveC.runtime
15 |
[128/407] Compiling PrebidMobile NativeAdMarkup.swift
/Users/admin/builder/spi-builder-workspace/PrebidMobile/Swift/AdUnits/AdUnit.swift:13:8: error: no such module 'UIKit'
11 | */
12 |
13 | import UIKit
| `- error: no such module 'UIKit'
14 | import ObjectiveC.runtime
15 |
[129/407] Compiling PrebidMobile NativeAdMarkupAsset.swift
/Users/admin/builder/spi-builder-workspace/PrebidMobile/Swift/AdUnits/AdUnit.swift:13:8: error: no such module 'UIKit'
11 | */
12 |
13 | import UIKit
| `- error: no such module 'UIKit'
14 | import ObjectiveC.runtime
15 |
[130/407] Compiling PrebidMobile NativeAsset.swift
/Users/admin/builder/spi-builder-workspace/PrebidMobile/Swift/AdUnits/AdUnit.swift:13:8: error: no such module 'UIKit'
11 | */
12 |
13 | import UIKit
| `- error: no such module 'UIKit'
14 | import ObjectiveC.runtime
15 |
[131/407] Compiling PrebidMobile NativeData.swift
/Users/admin/builder/spi-builder-workspace/PrebidMobile/Swift/AdUnits/AdUnit.swift:13:8: error: no such module 'UIKit'
11 | */
12 |
13 | import UIKit
| `- error: no such module 'UIKit'
14 | import ObjectiveC.runtime
15 |
[132/407] Compiling PrebidMobile NativeDataAssetType.swift
/Users/admin/builder/spi-builder-workspace/PrebidMobile/Swift/AdUnits/AdUnit.swift:13:8: error: no such module 'UIKit'
11 | */
12 |
13 | import UIKit
| `- error: no such module 'UIKit'
14 | import ObjectiveC.runtime
15 |
[133/407] Compiling PrebidMobile NativeEventTracker.swift
/Users/admin/builder/spi-builder-workspace/PrebidMobile/Swift/AdUnits/AdUnit.swift:13:8: error: no such module 'UIKit'
11 | */
12 |
13 | import UIKit
| `- error: no such module 'UIKit'
14 | import ObjectiveC.runtime
15 |
[134/407] Compiling PrebidMobile NativeEventTrackerResponse.swift
/Users/admin/builder/spi-builder-workspace/PrebidMobile/Swift/AdUnits/AdUnit.swift:13:8: error: no such module 'UIKit'
11 | */
12 |
13 | import UIKit
| `- error: no such module 'UIKit'
14 | import ObjectiveC.runtime
15 |
[135/407] Compiling PrebidMobile NSString+PBMExtensions.swift
/Users/admin/builder/spi-builder-workspace/PrebidMobile/Swift/AdUnits/AdUnit.swift:13:8: error: no such module 'UIKit'
11 | */
12 |
13 | import UIKit
| `- error: no such module 'UIKit'
14 | import ObjectiveC.runtime
15 |
[136/407] Compiling PrebidMobile NSTimer+PBMScheduledTimerFactory.swift
/Users/admin/builder/spi-builder-workspace/PrebidMobile/Swift/AdUnits/AdUnit.swift:13:8: error: no such module 'UIKit'
11 | */
12 |
13 | import UIKit
| `- error: no such module 'UIKit'
14 | import ObjectiveC.runtime
15 |
[137/407] Compiling PrebidMobile NSURL+PBMExtensions.swift
/Users/admin/builder/spi-builder-workspace/PrebidMobile/Swift/AdUnits/AdUnit.swift:13:8: error: no such module 'UIKit'
11 | */
12 |
13 | import UIKit
| `- error: no such module 'UIKit'
14 | import ObjectiveC.runtime
15 |
[138/407] Compiling PrebidMobile String+Extensions.swift
/Users/admin/builder/spi-builder-workspace/PrebidMobile/Swift/AdUnits/AdUnit.swift:13:8: error: no such module 'UIKit'
11 | */
12 |
13 | import UIKit
| `- error: no such module 'UIKit'
14 | import ObjectiveC.runtime
15 |
[139/407] Compiling PrebidMobile TimerInterface.swift
/Users/admin/builder/spi-builder-workspace/PrebidMobile/Swift/AdUnits/AdUnit.swift:13:8: error: no such module 'UIKit'
11 | */
12 |
13 | import UIKit
| `- error: no such module 'UIKit'
14 | import ObjectiveC.runtime
15 |
[140/407] Compiling PrebidMobile UIApplication+Extensions.swift
/Users/admin/builder/spi-builder-workspace/PrebidMobile/Swift/AdUnits/AdUnit.swift:13:8: error: no such module 'UIKit'
11 | */
12 |
13 | import UIKit
| `- error: no such module 'UIKit'
14 | import ObjectiveC.runtime
15 |
[141/407] Compiling PrebidMobile UIInterfaceOrientation+PBMExtensions.swift
/Users/admin/builder/spi-builder-workspace/PrebidMobile/Swift/AdUnits/AdUnit.swift:13:8: error: no such module 'UIKit'
11 | */
12 |
13 | import UIKit
| `- error: no such module 'UIKit'
14 | import ObjectiveC.runtime
15 |
[142/407] Compiling PrebidMobile UIView+PBMExtensions.swift
/Users/admin/builder/spi-builder-workspace/PrebidMobile/Swift/AdUnits/AdUnit.swift:13:8: error: no such module 'UIKit'
11 | */
12 |
13 | import UIKit
| `- error: no such module 'UIKit'
14 | import ObjectiveC.runtime
15 |
[143/407] Compiling PrebidMobile UIWindow+Extensions.swift
/Users/admin/builder/spi-builder-workspace/PrebidMobile/Swift/AdUnits/AdUnit.swift:13:8: error: no such module 'UIKit'
11 | */
12 |
13 | import UIKit
| `- error: no such module 'UIKit'
14 | import ObjectiveC.runtime
15 |
[144/407] Compiling PrebidMobile UIWindow+PBMExtensions.swift
/Users/admin/builder/spi-builder-workspace/PrebidMobile/Swift/AdUnits/AdUnit.swift:13:8: error: no such module 'UIKit'
11 | */
12 |
13 | import UIKit
| `- error: no such module 'UIKit'
14 | import ObjectiveC.runtime
15 |
[145/407] Compiling PrebidMobile WeakTimerTargetBox.swift
/Users/admin/builder/spi-builder-workspace/PrebidMobile/Swift/AdUnits/AdUnit.swift:13:8: error: no such module 'UIKit'
11 | */
12 |
13 | import UIKit
| `- error: no such module 'UIKit'
14 | import ObjectiveC.runtime
15 |
[146/407] Compiling PrebidMobile ImpressionTask.swift
/Users/admin/builder/spi-builder-workspace/PrebidMobile/Swift/AdUnits/AdUnit.swift:13:8: error: no such module 'UIKit'
11 | */
12 |
13 | import UIKit
| `- error: no such module 'UIKit'
14 | import ObjectiveC.runtime
15 |
[147/407] Compiling PrebidMobile ImpressionTasksExecutor.swift
/Users/admin/builder/spi-builder-workspace/PrebidMobile/Swift/AdUnits/AdUnit.swift:13:8: error: no such module 'UIKit'
11 | */
12 |
13 | import UIKit
| `- error: no such module 'UIKit'
14 | import ObjectiveC.runtime
15 |
[148/407] Compiling PrebidMobile AdDetails.swift
/Users/admin/builder/spi-builder-workspace/PrebidMobile/Swift/AdUnits/AdUnit.swift:13:8: error: no such module 'UIKit'
11 | */
12 |
13 | import UIKit
| `- error: no such module 'UIKit'
14 | import ObjectiveC.runtime
15 |
[149/407] Compiling PrebidMobile AppInfoParameterBuilder.swift
/Users/admin/builder/spi-builder-workspace/PrebidMobile/Swift/AdUnits/AdUnit.swift:13:8: error: no such module 'UIKit'
11 | */
12 |
13 | import UIKit
| `- error: no such module 'UIKit'
14 | import ObjectiveC.runtime
15 |
[150/407] Compiling PrebidMobile ArbitraryORTBHelper.swift
/Users/admin/builder/spi-builder-workspace/PrebidMobile/Swift/AdUnits/AdUnit.swift:13:8: error: no such module 'UIKit'
11 | */
12 |
13 | import UIKit
| `- error: no such module 'UIKit'
14 | import ObjectiveC.runtime
15 |
[151/407] Compiling PrebidMobile ArbitraryORTBService.swift
/Users/admin/builder/spi-builder-workspace/PrebidMobile/Swift/AdUnits/AdUnit.swift:13:8: error: no such module 'UIKit'
11 | */
12 |
13 | import UIKit
| `- error: no such module 'UIKit'
14 | import ObjectiveC.runtime
15 |
[152/407] Compiling PrebidMobile BasicParameterBuilder.swift
/Users/admin/builder/spi-builder-workspace/PrebidMobile/Swift/AdUnits/AdUnit.swift:13:8: error: no such module 'UIKit'
11 | */
12 |
13 | import UIKit
| `- error: no such module 'UIKit'
14 | import ObjectiveC.runtime
15 |
[153/407] Compiling PrebidMobile DeviceInfoParameterBuilder.swift
/Users/admin/builder/spi-builder-workspace/PrebidMobile/Swift/AdUnits/AdUnit.swift:13:8: error: no such module 'UIKit'
11 | */
12 |
13 | import UIKit
| `- error: no such module 'UIKit'
14 | import ObjectiveC.runtime
15 |
[154/407] Compiling PrebidMobile GeoLocationParameterBuilder.swift
/Users/admin/builder/spi-builder-workspace/PrebidMobile/Swift/AdUnits/AdUnit.swift:13:8: error: no such module 'UIKit'
11 | */
12 |
13 | import UIKit
| `- error: no such module 'UIKit'
14 | import ObjectiveC.runtime
15 |
[155/407] Compiling PrebidMobile NetworkParameterBuilder.swift
/Users/admin/builder/spi-builder-workspace/PrebidMobile/Swift/AdUnits/AdUnit.swift:13:8: error: no such module 'UIKit'
11 | */
12 |
13 | import UIKit
| `- error: no such module 'UIKit'
14 | import ObjectiveC.runtime
15 |
[156/407] Compiling PrebidMobile ORTBParameterBuilder.swift
/Users/admin/builder/spi-builder-workspace/PrebidMobile/Swift/AdUnits/AdUnit.swift:13:8: error: no such module 'UIKit'
11 | */
12 |
13 | import UIKit
| `- error: no such module 'UIKit'
14 | import ObjectiveC.runtime
15 |
[157/407] Compiling PrebidMobile ParameterBuilder.swift
/Users/admin/builder/spi-builder-workspace/PrebidMobile/Swift/AdUnits/AdUnit.swift:13:8: error: no such module 'UIKit'
11 | */
12 |
13 | import UIKit
| `- error: no such module 'UIKit'
14 | import ObjectiveC.runtime
15 |
[158/407] Compiling PrebidMobile ParameterBuilderService.swift
/Users/admin/builder/spi-builder-workspace/PrebidMobile/Swift/AdUnits/AdUnit.swift:13:8: error: no such module 'UIKit'
11 | */
12 |
13 | import UIKit
| `- error: no such module 'UIKit'
14 | import ObjectiveC.runtime
15 |
[159/407] Compiling PrebidMobile NativeImage.swift
/Users/admin/builder/spi-builder-workspace/PrebidMobile/Swift/AdUnits/AdUnit.swift:13:8: error: no such module 'UIKit'
11 | */
12 |
13 | import UIKit
| `- error: no such module 'UIKit'
14 | import ObjectiveC.runtime
15 |
[160/407] Compiling PrebidMobile NativeImageAssetType.swift
/Users/admin/builder/spi-builder-workspace/PrebidMobile/Swift/AdUnits/AdUnit.swift:13:8: error: no such module 'UIKit'
11 | */
12 |
13 | import UIKit
| `- error: no such module 'UIKit'
14 | import ObjectiveC.runtime
15 |
[161/407] Compiling PrebidMobile NativeLink.swift
/Users/admin/builder/spi-builder-workspace/PrebidMobile/Swift/AdUnits/AdUnit.swift:13:8: error: no such module 'UIKit'
11 | */
12 |
13 | import UIKit
| `- error: no such module 'UIKit'
14 | import ObjectiveC.runtime
15 |
[162/407] Compiling PrebidMobile NativeMarkupRequestObject.swift
/Users/admin/builder/spi-builder-workspace/PrebidMobile/Swift/AdUnits/AdUnit.swift:13:8: error: no such module 'UIKit'
11 | */
12 |
13 | import UIKit
| `- error: no such module 'UIKit'
14 | import ObjectiveC.runtime
15 |
[163/407] Compiling PrebidMobile NativeRequest.swift
/Users/admin/builder/spi-builder-workspace/PrebidMobile/Swift/AdUnits/AdUnit.swift:13:8: error: no such module 'UIKit'
11 | */
12 |
13 | import UIKit
| `- error: no such module 'UIKit'
14 | import ObjectiveC.runtime
15 |
[164/407] Compiling PrebidMobile NativeTitle.swift
/Users/admin/builder/spi-builder-workspace/PrebidMobile/Swift/AdUnits/AdUnit.swift:13:8: error: no such module 'UIKit'
11 | */
12 |
13 | import UIKit
| `- error: no such module 'UIKit'
14 | import ObjectiveC.runtime
15 |
[165/407] Compiling PrebidMobile PlacementType.swift
/Users/admin/builder/spi-builder-workspace/PrebidMobile/Swift/AdUnits/AdUnit.swift:13:8: error: no such module 'UIKit'
11 | */
12 |
13 | import UIKit
| `- error: no such module 'UIKit'
14 | import ObjectiveC.runtime
15 |
[166/407] Compiling PrebidMobile BannerParameters.swift
/Users/admin/builder/spi-builder-workspace/PrebidMobile/Swift/AdUnits/AdUnit.swift:13:8: error: no such module 'UIKit'
11 | */
12 |
13 | import UIKit
| `- error: no such module 'UIKit'
14 | import ObjectiveC.runtime
15 |
[167/407] Compiling PrebidMobile NativeParameters.swift
/Users/admin/builder/spi-builder-workspace/PrebidMobile/Swift/AdUnits/AdUnit.swift:13:8: error: no such module 'UIKit'
11 | */
12 |
13 | import UIKit
| `- error: no such module 'UIKit'
14 | import ObjectiveC.runtime
15 |
[168/407] Compiling PrebidMobile Signals.swift
/Users/admin/builder/spi-builder-workspace/PrebidMobile/Swift/AdUnits/AdUnit.swift:13:8: error: no such module 'UIKit'
11 | */
12 |
13 | import UIKit
| `- error: no such module 'UIKit'
14 | import ObjectiveC.runtime
15 |
[169/407] Compiling PrebidMobile SingleContainerInt.swift
/Users/admin/builder/spi-builder-workspace/PrebidMobile/Swift/AdUnits/AdUnit.swift:13:8: error: no such module 'UIKit'
11 | */
12 |
13 | import UIKit
| `- error: no such module 'UIKit'
14 | import ObjectiveC.runtime
15 |
[170/407] Compiling PrebidMobile VideoParameters.swift
/Users/admin/builder/spi-builder-workspace/PrebidMobile/Swift/AdUnits/AdUnit.swift:13:8: error: no such module 'UIKit'
11 | */
12 |
13 | import UIKit
| `- error: no such module 'UIKit'
14 | import ObjectiveC.runtime
15 |
[171/407] Compiling PrebidMobile RewardedVideoAdUnit.swift
/Users/admin/builder/spi-builder-workspace/PrebidMobile/Swift/AdUnits/AdUnit.swift:13:8: error: no such module 'UIKit'
11 | */
12 |
13 | import UIKit
| `- error: no such module 'UIKit'
14 | import ObjectiveC.runtime
15 |
[172/407] Compiling PrebidMobile Utils.swift
/Users/admin/builder/spi-builder-workspace/PrebidMobile/Swift/AdUnits/AdUnit.swift:13:8: error: no such module 'UIKit'
11 | */
12 |
13 | import UIKit
| `- error: no such module 'UIKit'
14 | import ObjectiveC.runtime
15 |
[173/407] Compiling PrebidMobile VideoBasedAdUnitProtocol.swift
/Users/admin/builder/spi-builder-workspace/PrebidMobile/Swift/AdUnits/AdUnit.swift:13:8: error: no such module 'UIKit'
11 | */
12 |
13 | import UIKit
| `- error: no such module 'UIKit'
14 | import ObjectiveC.runtime
15 |
[174/407] Compiling PrebidMobile AdViewUtils.swift
/Users/admin/builder/spi-builder-workspace/PrebidMobile/Swift/AdUnits/AdUnit.swift:13:8: error: no such module 'UIKit'
11 | */
12 |
13 | import UIKit
| `- error: no such module 'UIKit'
14 | import ObjectiveC.runtime
15 |
[175/407] Compiling PrebidMobile IMAUtils.swift
/Users/admin/builder/spi-builder-workspace/PrebidMobile/Swift/AdUnits/AdUnit.swift:13:8: error: no such module 'UIKit'
11 | */
12 |
13 | import UIKit
| `- error: no such module 'UIKit'
14 | import ObjectiveC.runtime
15 |
[176/407] Compiling PrebidMobile PbWebViewSearchError.swift
/Users/admin/builder/spi-builder-workspace/PrebidMobile/Swift/AdUnits/AdUnit.swift:13:8: error: no such module 'UIKit'
11 | */
12 |
13 | import UIKit
| `- error: no such module 'UIKit'
14 | import ObjectiveC.runtime
15 |
[177/407] Compiling PrebidMobile PrebidSKAdNetworkAdClickHandler.swift
/Users/admin/builder/spi-builder-workspace/PrebidMobile/Swift/AdUnits/AdUnit.swift:13:8: error: no such module 'UIKit'
11 | */
12 |
13 | import UIKit
| `- error: no such module 'UIKit'
14 | import ObjectiveC.runtime
15 |
[178/407] Compiling PrebidMobile PrebidStoreKitAdsBannerHelper.swift
/Users/admin/builder/spi-builder-workspace/PrebidMobile/Swift/AdUnits/AdUnit.swift:13:8: error: no such module 'UIKit'
11 | */
12 |
13 | import UIKit
| `- error: no such module 'UIKit'
14 | import ObjectiveC.runtime
15 |
[179/407] Compiling PrebidMobile PrebidStoreKitAdsHelper.swift
/Users/admin/builder/spi-builder-workspace/PrebidMobile/Swift/AdUnits/AdUnit.swift:13:8: error: no such module 'UIKit'
11 | */
12 |
13 | import UIKit
| `- error: no such module 'UIKit'
14 | import ObjectiveC.runtime
15 |
[180/407] Compiling PrebidMobile PrebidStoreKitAdsInterstitialHelper.swift
/Users/admin/builder/spi-builder-workspace/PrebidMobile/Swift/AdUnits/AdUnit.swift:13:8: error: no such module 'UIKit'
11 | */
12 |
13 | import UIKit
| `- error: no such module 'UIKit'
14 | import ObjectiveC.runtime
15 |
[181/407] Compiling PrebidMobile SKStoreProductViewControllerPresenter.swift
/Users/admin/builder/spi-builder-workspace/PrebidMobile/Swift/AdUnits/AdUnit.swift:13:8: error: no such module 'UIKit'
11 | */
12 |
13 | import UIKit
| `- error: no such module 'UIKit'
14 | import ObjectiveC.runtime
15 |
[182/407] Compiling PrebidMobile CacheExpiryDelegate.swift
/Users/admin/builder/spi-builder-workspace/PrebidMobile/Swift/AdUnits/AdUnit.swift:13:8: error: no such module 'UIKit'
11 | */
12 |
13 | import UIKit
| `- error: no such module 'UIKit'
14 | import ObjectiveC.runtime
15 |
[183/407] Compiling PrebidMobile CacheExpiryDelegateWrapper.swift
/Users/admin/builder/spi-builder-workspace/PrebidMobile/Swift/AdUnits/AdUnit.swift:13:8: error: no such module 'UIKit'
11 | */
12 |
13 | import UIKit
| `- error: no such module 'UIKit'
14 | import ObjectiveC.runtime
15 |
[184/407] Compiling PrebidMobile CacheManager.swift
/Users/admin/builder/spi-builder-workspace/PrebidMobile/Swift/AdUnits/AdUnit.swift:13:8: error: no such module 'UIKit'
11 | */
12 |
13 | import UIKit
| `- error: no such module 'UIKit'
14 | import ObjectiveC.runtime
15 |
[185/407] Compiling PrebidMobile ClickbrowserType.swift
/Users/admin/builder/spi-builder-workspace/PrebidMobile/Swift/AdUnits/AdUnit.swift:13:8: error: no such module 'UIKit'
11 | */
12 |
13 | import UIKit
| `- error: no such module 'UIKit'
14 | import ObjectiveC.runtime
15 |
[186/407] Compiling PrebidMobile EidsPlacement.swift
/Users/admin/builder/spi-builder-workspace/PrebidMobile/Swift/AdUnits/AdUnit.swift:13:8: error: no such module 'UIKit'
11 | */
12 |
13 | import UIKit
| `- error: no such module 'UIKit'
14 | import ObjectiveC.runtime
15 |
[187/407] Compiling PrebidMobile InternalUserConsentDataManager.swift
/Users/admin/builder/spi-builder-workspace/PrebidMobile/Swift/AdUnits/AdUnit.swift:13:8: error: no such module 'UIKit'
11 | */
12 |
13 | import UIKit
| `- error: no such module 'UIKit'
14 | import ObjectiveC.runtime
15 |
[188/407] Compiling PrebidMobile Prebid.swift
/Users/admin/builder/spi-builder-workspace/PrebidMobile/Swift/AdUnits/AdUnit.swift:13:8: error: no such module 'UIKit'
11 | */
12 |
13 | import UIKit
| `- error: no such module 'UIKit'
14 | import ObjectiveC.runtime
15 |
[189/407] Compiling PrebidMobile PrebidEventDelegate.swift
/Users/admin/builder/spi-builder-workspace/PrebidMobile/Swift/AdUnits/AdUnit.swift:13:8: error: no such module 'UIKit'
11 | */
12 |
13 | import UIKit
| `- error: no such module 'UIKit'
14 | import ObjectiveC.runtime
15 |
[190/407] Compiling PrebidMobile PrebidGAMVersionChecker.swift
/Users/admin/builder/spi-builder-workspace/PrebidMobile/Swift/AdUnits/AdUnit.swift:13:8: error: no such module 'UIKit'
11 | */
12 |
13 | import UIKit
| `- error: no such module 'UIKit'
14 | import ObjectiveC.runtime
15 |
[191/407] Compiling PrebidMobile PrebidInitializationStatus.swift
/Users/admin/builder/spi-builder-workspace/PrebidMobile/Swift/AdUnits/AdUnit.swift:13:8: error: no such module 'UIKit'
11 | */
12 |
13 | import UIKit
| `- error: no such module 'UIKit'
14 | import ObjectiveC.runtime
15 |
[192/407] Compiling PrebidMobile PrebidSDKInitializer.swift
/Users/admin/builder/spi-builder-workspace/PrebidMobile/Swift/AdUnits/AdUnit.swift:13:8: error: no such module 'UIKit'
11 | */
12 |
13 | import UIKit
| `- error: no such module 'UIKit'
14 | import ObjectiveC.runtime
15 |
[193/407] Compiling PrebidMobile PrebidServerStatusRequester.swift
/Users/admin/builder/spi-builder-workspace/PrebidMobile/Swift/AdUnits/AdUnit.swift:13:8: error: no such module 'UIKit'
11 | */
12 |
13 | import UIKit
| `- error: no such module 'UIKit'
14 | import ObjectiveC.runtime
15 |
[194/407] Compiling PrebidMobile SharedId.swift
/Users/admin/builder/spi-builder-workspace/PrebidMobile/Swift/AdUnits/AdUnit.swift:13:8: error: no such module 'UIKit'
11 | */
12 |
13 | import UIKit
| `- error: no such module 'UIKit'
14 | import ObjectiveC.runtime
15 |
[195/407] Compiling PrebidMobile Targeting.swift
/Users/admin/builder/spi-builder-workspace/PrebidMobile/Swift/AdUnits/AdUnit.swift:13:8: error: no such module 'UIKit'
11 | */
12 |
13 | import UIKit
| `- error: no such module 'UIKit'
14 | import ObjectiveC.runtime
15 |
[196/407] Compiling PrebidMobile UserConsentDataManager.swift
/Users/admin/builder/spi-builder-workspace/PrebidMobile/Swift/AdUnits/AdUnit.swift:13:8: error: no such module 'UIKit'
11 | */
12 |
13 | import UIKit
| `- error: no such module 'UIKit'
14 | import ObjectiveC.runtime
15 |
[197/407] Compiling PrebidMobile Constants.swift
/Users/admin/builder/spi-builder-workspace/PrebidMobile/Swift/AdUnits/AdUnit.swift:13:8: error: no such module 'UIKit'
11 | */
12 |
13 | import UIKit
| `- error: no such module 'UIKit'
14 | import ObjectiveC.runtime
15 |
[198/407] Compiling PrebidMobile Dispatcher.swift
/Users/admin/builder/spi-builder-workspace/PrebidMobile/Swift/AdUnits/AdUnit.swift:13:8: error: no such module 'UIKit'
11 | */
12 |
13 | import UIKit
| `- error: no such module 'UIKit'
14 | import ObjectiveC.runtime
15 |
[199/407] Compiling PrebidMobile ExternalUserId.swift
/Users/admin/builder/spi-builder-workspace/PrebidMobile/Swift/AdUnits/AdUnit.swift:13:8: error: no such module 'UIKit'
11 | */
12 |
13 | import UIKit
| `- error: no such module 'UIKit'
14 | import ObjectiveC.runtime
15 |
[200/407] Compiling PrebidMobile Factory.swift
/Users/admin/builder/spi-builder-workspace/PrebidMobile/Swift/AdUnits/AdUnit.swift:13:8: error: no such module 'UIKit'
11 | */
12 |
13 | import UIKit
| `- error: no such module 'UIKit'
14 | import ObjectiveC.runtime
15 |
[201/407] Compiling PrebidMobile Global.swift
/Users/admin/builder/spi-builder-workspace/PrebidMobile/Swift/AdUnits/AdUnit.swift:13:8: error: no such module 'UIKit'
11 | */
12 |
13 | import UIKit
| `- error: no such module 'UIKit'
14 | import ObjectiveC.runtime
15 |
[202/407] Compiling PrebidMobile Host.swift
/Users/admin/builder/spi-builder-workspace/PrebidMobile/Swift/AdUnits/AdUnit.swift:13:8: error: no such module 'UIKit'
11 | */
12 |
13 | import UIKit
| `- error: no such module 'UIKit'
14 | import ObjectiveC.runtime
15 |
[203/407] Compiling PrebidMobile ImageHelper.swift
/Users/admin/builder/spi-builder-workspace/PrebidMobile/Swift/AdUnits/AdUnit.swift:13:8: error: no such module 'UIKit'
11 | */
12 |
13 | import UIKit
| `- error: no such module 'UIKit'
14 | import ObjectiveC.runtime
15 |
[204/407] Compiling PrebidMobile JSONConvertible.swift
/Users/admin/builder/spi-builder-workspace/PrebidMobile/Swift/AdUnits/AdUnit.swift:13:8: error: no such module 'UIKit'
11 | */
12 |
13 | import UIKit
| `- error: no such module 'UIKit'
14 | import ObjectiveC.runtime
15 |
[205/407] Compiling PrebidMobile JsonDecodable.swift
/Users/admin/builder/spi-builder-workspace/PrebidMobile/Swift/AdUnits/AdUnit.swift:13:8: error: no such module 'UIKit'
11 | */
12 |
13 | import UIKit
| `- error: no such module 'UIKit'
14 | import ObjectiveC.runtime
15 |
[206/407] Compiling PrebidMobile Log.swift
/Users/admin/builder/spi-builder-workspace/PrebidMobile/Swift/AdUnits/AdUnit.swift:13:8: error: no such module 'UIKit'
11 | */
12 |
13 | import UIKit
| `- error: no such module 'UIKit'
14 | import ObjectiveC.runtime
15 |
[207/407] Compiling PrebidMobile LogLevel.swift
/Users/admin/builder/spi-builder-workspace/PrebidMobile/Swift/AdUnits/AdUnit.swift:13:8: error: no such module 'UIKit'
11 | */
12 |
13 | import UIKit
| `- error: no such module 'UIKit'
14 | import ObjectiveC.runtime
15 |
[208/407] Compiling PrebidMobile PrebidLogger.swift
/Users/admin/builder/spi-builder-workspace/PrebidMobile/Swift/AdUnits/AdUnit.swift:13:8: error: no such module 'UIKit'
11 | */
12 |
13 | import UIKit
| `- error: no such module 'UIKit'
14 | import ObjectiveC.runtime
15 |
[209/407] Compiling PrebidMobile SDKConsoleLogger.swift
/Users/admin/builder/spi-builder-workspace/PrebidMobile/Swift/AdUnits/AdUnit.swift:13:8: error: no such module 'UIKit'
11 | */
12 |
13 | import UIKit
| `- error: no such module 'UIKit'
14 | import ObjectiveC.runtime
15 |
[210/407] Compiling PrebidMobile OMSession.swift
/Users/admin/builder/spi-builder-workspace/PrebidMobile/Swift/AdUnits/AdUnit.swift:13:8: error: no such module 'UIKit'
11 | */
12 |
13 | import UIKit
| `- error: no such module 'UIKit'
14 | import ObjectiveC.runtime
15 |
[211/407] Compiling PrebidMobile OMSessionWrapper.swift
/Users/admin/builder/spi-builder-workspace/PrebidMobile/Swift/AdUnits/AdUnit.swift:13:8: error: no such module 'UIKit'
11 | */
12 |
13 | import UIKit
| `- error: no such module 'UIKit'
14 | import ObjectiveC.runtime
15 |
[212/407] Compiling PrebidMobile OpenMeasurementFriendlyObstructionPurpose.swift
/Users/admin/builder/spi-builder-workspace/PrebidMobile/Swift/AdUnits/AdUnit.swift:13:8: error: no such module 'UIKit'
11 | */
12 |
13 | import UIKit
| `- error: no such module 'UIKit'
14 | import ObjectiveC.runtime
15 |
[213/407] Compiling PrebidMobile AdFormat.swift
/Users/admin/builder/spi-builder-workspace/PrebidMobile/Swift/AdUnits/AdUnit.swift:13:8: error: no such module 'UIKit'
11 | */
12 |
13 | import UIKit
| `- error: no such module 'UIKit'
14 | import ObjectiveC.runtime
15 |
[214/407] Compiling PrebidMobile AdPosition.swift
/Users/admin/builder/spi-builder-workspace/PrebidMobile/Swift/AdUnits/AdUnit.swift:13:8: error: no such module 'UIKit'
11 | */
12 |
13 | import UIKit
| `- error: no such module 'UIKit'
14 | import ObjectiveC.runtime
15 |
[215/407] Compiling PrebidMobile AbstractCreative.swift
/Users/admin/builder/spi-builder-workspace/PrebidMobile/Swift/AdUnits/AdUnit.swift:13:8: error: no such module 'UIKit'
11 | */
12 |
13 | import UIKit
| `- error: no such module 'UIKit'
14 | import ObjectiveC.runtime
15 |
[216/407] Compiling PrebidMobile AdConfiguration.swift
/Users/admin/builder/spi-builder-workspace/PrebidMobile/Swift/AdUnits/AdUnit.swift:13:8: error: no such module 'UIKit'
11 | */
12 |
13 | import UIKit
| `- error: no such module 'UIKit'
14 | import ObjectiveC.runtime
15 |
[217/407] Compiling PrebidMobile AdRefreshOptions.swift
/Users/admin/builder/spi-builder-workspace/PrebidMobile/Swift/AdUnits/AdUnit.swift:13:8: error: no such module 'UIKit'
11 | */
12 |
13 | import UIKit
| `- error: no such module 'UIKit'
14 | import ObjectiveC.runtime
15 |
[218/407] Compiling PrebidMobile AdViewButtonDecorator.swift
/Users/admin/builder/spi-builder-workspace/PrebidMobile/Swift/AdUnits/AdUnit.swift:13:8: error: no such module 'UIKit'
11 | */
12 |
13 | import UIKit
| `- error: no such module 'UIKit'
14 | import ObjectiveC.runtime
15 |
[219/407] Compiling PrebidMobile AdViewManager.swift
/Users/admin/builder/spi-builder-workspace/PrebidMobile/Swift/AdUnits/AdUnit.swift:13:8: error: no such module 'UIKit'
11 | */
12 |
13 | import UIKit
| `- error: no such module 'UIKit'
14 | import ObjectiveC.runtime
15 |
[220/407] Compiling PrebidMobile AdViewManagerDelegate.swift
/Users/admin/builder/spi-builder-workspace/PrebidMobile/Swift/AdUnits/AdUnit.swift:13:8: error: no such module 'UIKit'
11 | */
12 |
13 | import UIKit
| `- error: no such module 'UIKit'
14 | import ObjectiveC.runtime
15 |
[221/407] Compiling PrebidMobile AutoRefreshManager.swift
/Users/admin/builder/spi-builder-workspace/PrebidMobile/Swift/AdUnits/AdUnit.swift:13:8: error: no such module 'UIKit'
11 | */
12 |
13 | import UIKit
| `- error: no such module 'UIKit'
14 | import ObjectiveC.runtime
15 |
[222/407] Compiling PrebidMobile CloseActionManager.swift
/Users/admin/builder/spi-builder-workspace/PrebidMobile/Swift/AdUnits/AdUnit.swift:13:8: error: no such module 'UIKit'
11 | */
12 |
13 | import UIKit
| `- error: no such module 'UIKit'
14 | import ObjectiveC.runtime
15 |
[223/407] Compiling PrebidMobile CreativeModel.swift
/Users/admin/builder/spi-builder-workspace/PrebidMobile/Swift/AdUnits/AdUnit.swift:13:8: error: no such module 'UIKit'
11 | */
12 |
13 | import UIKit
| `- error: no such module 'UIKit'
14 | import ObjectiveC.runtime
15 |
[224/407] Compiling PrebidMobile CreativeResolutionDelegate.swift
/Users/admin/builder/spi-builder-workspace/PrebidMobile/Swift/AdUnits/AdUnit.swift:13:8: error: no such module 'UIKit'
11 | */
12 |
13 | import UIKit
| `- error: no such module 'UIKit'
14 | import ObjectiveC.runtime
15 |
[225/407] Compiling PrebidMobile CreativeViewDelegate.swift
/Users/admin/builder/spi-builder-workspace/PrebidMobile/Swift/AdUnits/AdUnit.swift:13:8: error: no such module 'UIKit'
11 | */
12 |
13 | import UIKit
| `- error: no such module 'UIKit'
14 | import ObjectiveC.runtime
15 |
[226/407] Compiling PrebidMobile HiddenWebViewManager.swift
/Users/admin/builder/spi-builder-workspace/PrebidMobile/Swift/AdUnits/AdUnit.swift:13:8: error: no such module 'UIKit'
11 | */
12 |
13 | import UIKit
| `- error: no such module 'UIKit'
14 | import ObjectiveC.runtime
15 |
[227/407] Compiling PrebidMobile InterstitialDisplayProperties.swift
/Users/admin/builder/spi-builder-workspace/PrebidMobile/Swift/AdUnits/AdUnit.swift:13:8: error: no such module 'UIKit'
11 | */
12 |
13 | import UIKit
| `- error: no such module 'UIKit'
14 | import ObjectiveC.runtime
15 |
[228/407] Compiling PrebidMobile InterstitialLayout.swift
/Users/admin/builder/spi-builder-workspace/PrebidMobile/Swift/AdUnits/AdUnit.swift:13:8: error: no such module 'UIKit'
11 | */
12 |
13 | import UIKit
| `- error: no such module 'UIKit'
14 | import ObjectiveC.runtime
15 |
[229/407] Compiling PrebidMobile DeferredModalState.swift
/Users/admin/builder/spi-builder-workspace/PrebidMobile/Swift/AdUnits/AdUnit.swift:13:8: error: no such module 'UIKit'
11 | */
12 |
13 | import UIKit
| `- error: no such module 'UIKit'
14 | import ObjectiveC.runtime
15 |
[230/407] Compiling PrebidMobile ModalAnimator.swift
/Users/admin/builder/spi-builder-workspace/PrebidMobile/Swift/AdUnits/AdUnit.swift:13:8: error: no such module 'UIKit'
11 | */
12 |
13 | import UIKit
| `- error: no such module 'UIKit'
14 | import ObjectiveC.runtime
15 |
[231/407] Compiling PrebidMobile ModalPresentationController.swift
/Users/admin/builder/spi-builder-workspace/PrebidMobile/Swift/AdUnits/AdUnit.swift:13:8: error: no such module 'UIKit'
11 | */
12 |
13 | import UIKit
| `- error: no such module 'UIKit'
14 | import ObjectiveC.runtime
15 |
[232/407] Compiling PrebidMobile TouchForwardingView.swift
/Users/admin/builder/spi-builder-workspace/PrebidMobile/Swift/AdUnits/AdUnit.swift:13:8: error: no such module 'UIKit'
11 | */
12 |
13 | import UIKit
| `- error: no such module 'UIKit'
14 | import ObjectiveC.runtime
15 |
[233/407] Compiling PrebidMobile ModalManager.swift
/Users/admin/builder/spi-builder-workspace/PrebidMobile/Swift/AdUnits/AdUnit.swift:13:8: error: no such module 'UIKit'
11 | */
12 |
13 | import UIKit
| `- error: no such module 'UIKit'
14 | import ObjectiveC.runtime
15 |
[234/407] Compiling PrebidMobile ORTBRewardedClose.swift
/Users/admin/builder/spi-builder-workspace/PrebidMobile/Swift/AdUnits/AdUnit.swift:13:8: error: no such module 'UIKit'
11 | */
12 |
13 | import UIKit
| `- error: no such module 'UIKit'
14 | import ObjectiveC.runtime
15 |
[235/407] Compiling PrebidMobile ORTBRewardedCompletion.swift
/Users/admin/builder/spi-builder-workspace/PrebidMobile/Swift/AdUnits/AdUnit.swift:13:8: error: no such module 'UIKit'
11 | */
12 |
13 | import UIKit
| `- error: no such module 'UIKit'
14 | import ObjectiveC.runtime
15 |
[236/407] Compiling PrebidMobile ORTBRewardedCompletionBanner.swift
/Users/admin/builder/spi-builder-workspace/PrebidMobile/Swift/AdUnits/AdUnit.swift:13:8: error: no such module 'UIKit'
11 | */
12 |
13 | import UIKit
| `- error: no such module 'UIKit'
14 | import ObjectiveC.runtime
15 |
[237/407] Compiling PrebidMobile ORTBRewardedCompletionVideo.swift
/Users/admin/builder/spi-builder-workspace/PrebidMobile/Swift/AdUnits/AdUnit.swift:13:8: error: no such module 'UIKit'
11 | */
12 |
13 | import UIKit
| `- error: no such module 'UIKit'
14 | import ObjectiveC.runtime
15 |
[238/407] Compiling PrebidMobile ORTBRewardedCompletionVideoEndcard.swift
/Users/admin/builder/spi-builder-workspace/PrebidMobile/Swift/AdUnits/AdUnit.swift:13:8: error: no such module 'UIKit'
11 | */
12 |
13 | import UIKit
| `- error: no such module 'UIKit'
14 | import ObjectiveC.runtime
15 |
[239/407] Compiling PrebidMobile ORTBRewardedConfiguration.swift
/Users/admin/builder/spi-builder-workspace/PrebidMobile/Swift/AdUnits/AdUnit.swift:13:8: error: no such module 'UIKit'
11 | */
12 |
13 | import UIKit
| `- error: no such module 'UIKit'
14 | import ObjectiveC.runtime
15 |
[240/407] Compiling PrebidMobile ORTBRewardedReward.swift
/Users/admin/builder/spi-builder-workspace/PrebidMobile/Swift/AdUnits/AdUnit.swift:13:8: error: no such module 'UIKit'
11 | */
12 |
13 | import UIKit
| `- error: no such module 'UIKit'
14 | import ObjectiveC.runtime
15 |
[241/407] Compiling PrebidMobile ORTBSDKConfiguration.swift
/Users/admin/builder/spi-builder-workspace/PrebidMobile/Swift/AdUnits/AdUnit.swift:13:8: error: no such module 'UIKit'
11 | */
12 |
13 | import UIKit
| `- error: no such module 'UIKit'
14 | import ObjectiveC.runtime
15 |
[242/407] Compiling PrebidMobile ORTBSkadnFidelity.swift
/Users/admin/builder/spi-builder-workspace/PrebidMobile/Swift/AdUnits/AdUnit.swift:13:8: error: no such module 'UIKit'
11 | */
12 |
13 | import UIKit
| `- error: no such module 'UIKit'
14 | import ObjectiveC.runtime
15 |
[243/407] Compiling PrebidMobile ORTBApp.swift
/Users/admin/builder/spi-builder-workspace/PrebidMobile/Swift/AdUnits/AdUnit.swift:13:8: error: no such module 'UIKit'
11 | */
12 |
13 | import UIKit
| `- error: no such module 'UIKit'
14 | import ObjectiveC.runtime
15 |
[244/407] Compiling PrebidMobile ORTBAppExt.swift
/Users/admin/builder/spi-builder-workspace/PrebidMobile/Swift/AdUnits/AdUnit.swift:13:8: error: no such module 'UIKit'
11 | */
12 |
13 | import UIKit
| `- error: no such module 'UIKit'
14 | import ObjectiveC.runtime
15 |
[245/407] Compiling PrebidMobile ORTBAppExtPrebid.swift
/Users/admin/builder/spi-builder-workspace/PrebidMobile/Swift/AdUnits/AdUnit.swift:13:8: error: no such module 'UIKit'
11 | */
12 |
13 | import UIKit
| `- error: no such module 'UIKit'
14 | import ObjectiveC.runtime
15 |
[246/407] Compiling PrebidMobile ORTBBanner.swift
/Users/admin/builder/spi-builder-workspace/PrebidMobile/Swift/AdUnits/AdUnit.swift:13:8: error: no such module 'UIKit'
11 | */
12 |
13 | import UIKit
| `- error: no such module 'UIKit'
14 | import ObjectiveC.runtime
15 |
[247/407] Compiling PrebidMobile ORTBBidRequest.swift
/Users/admin/builder/spi-builder-workspace/PrebidMobile/Swift/AdUnits/AdUnit.swift:13:8: error: no such module 'UIKit'
11 | */
12 |
13 | import UIKit
| `- error: no such module 'UIKit'
14 | import ObjectiveC.runtime
15 |
[248/407] Compiling PrebidMobile ORTBBidRequestExtPrebid.swift
/Users/admin/builder/spi-builder-workspace/PrebidMobile/Swift/AdUnits/AdUnit.swift:13:8: error: no such module 'UIKit'
11 | */
12 |
13 | import UIKit
| `- error: no such module 'UIKit'
14 | import ObjectiveC.runtime
15 |
[249/407] Compiling PrebidMobile ORTBDeal.swift
/Users/admin/builder/spi-builder-workspace/PrebidMobile/Swift/AdUnits/AdUnit.swift:13:8: error: no such module 'UIKit'
11 | */
12 |
13 | import UIKit
| `- error: no such module 'UIKit'
14 | import ObjectiveC.runtime
15 |
[250/407] Compiling PrebidMobile ORTBDevice.swift
/Users/admin/builder/spi-builder-workspace/PrebidMobile/Swift/AdUnits/AdUnit.swift:13:8: error: no such module 'UIKit'
11 | */
12 |
13 | import UIKit
| `- error: no such module 'UIKit'
14 | import ObjectiveC.runtime
15 |
[251/407] Compiling PrebidMobile ORTBDeviceExtAtts.swift
/Users/admin/builder/spi-builder-workspace/PrebidMobile/Swift/AdUnits/AdUnit.swift:13:8: error: no such module 'UIKit'
11 | */
12 |
13 | import UIKit
| `- error: no such module 'UIKit'
14 | import ObjectiveC.runtime
15 |
[252/407] Compiling PrebidMobile ORTBDeviceExtPrebid.swift
/Users/admin/builder/spi-builder-workspace/PrebidMobile/Swift/AdUnits/AdUnit.swift:13:8: error: no such module 'UIKit'
11 | */
12 |
13 | import UIKit
| `- error: no such module 'UIKit'
14 | import ObjectiveC.runtime
15 |
[253/407] Compiling PrebidMobile ORTBDeviceExtPrebidInterstitial.swift
/Users/admin/builder/spi-builder-workspace/PrebidMobile/Swift/AdUnits/AdUnit.swift:13:8: error: no such module 'UIKit'
11 | */
12 |
13 | import UIKit
| `- error: no such module 'UIKit'
14 | import ObjectiveC.runtime
15 |
[254/407] Compiling PrebidMobile ORTBFormat.swift
/Users/admin/builder/spi-builder-workspace/PrebidMobile/Swift/AdUnits/AdUnit.swift:13:8: error: no such module 'UIKit'
11 | */
12 |
13 | import UIKit
| `- error: no such module 'UIKit'
14 | import ObjectiveC.runtime
15 |
[255/407] Compiling PrebidMobile ORTBGeo.swift
/Users/admin/builder/spi-builder-workspace/PrebidMobile/Swift/AdUnits/AdUnit.swift:13:8: error: no such module 'UIKit'
11 | */
12 |
13 | import UIKit
| `- error: no such module 'UIKit'
14 | import ObjectiveC.runtime
15 |
[256/407] Compiling PrebidMobile ORTBImp.swift
/Users/admin/builder/spi-builder-workspace/PrebidMobile/Swift/AdUnits/AdUnit.swift:13:8: error: no such module 'UIKit'
11 | */
12 |
13 | import UIKit
| `- error: no such module 'UIKit'
14 | import ObjectiveC.runtime
15 |
[257/407] Compiling PrebidMobile ORTBImpExtPrebid.swift
/Users/admin/builder/spi-builder-workspace/PrebidMobile/Swift/AdUnits/AdUnit.swift:13:8: error: no such module 'UIKit'
11 | */
12 |
13 | import UIKit
| `- error: no such module 'UIKit'
14 | import ObjectiveC.runtime
15 |
[258/407] Compiling PrebidMobile ORTBImpExtSkadn.swift
/Users/admin/builder/spi-builder-workspace/PrebidMobile/Swift/AdUnits/AdUnit.swift:13:8: error: no such module 'UIKit'
11 | */
12 |
13 | import UIKit
| `- error: no such module 'UIKit'
14 | import ObjectiveC.runtime
15 |
[259/407] Compiling PrebidMobile ORTBPmp.swift
/Users/admin/builder/spi-builder-workspace/PrebidMobile/Swift/AdUnits/AdUnit.swift:13:8: error: no such module 'UIKit'
11 | */
12 |
13 | import UIKit
| `- error: no such module 'UIKit'
14 | import ObjectiveC.runtime
15 |
[260/407] Compiling PrebidMobile ORTBPublisher.swift
/Users/admin/builder/spi-builder-workspace/PrebidMobile/Swift/AdUnits/AdUnit.swift:13:8: error: no such module 'UIKit'
11 | */
12 |
13 | import UIKit
| `- error: no such module 'UIKit'
14 | import ObjectiveC.runtime
15 |
[261/407] Compiling PrebidMobile ORTBRegs.swift
/Users/admin/builder/spi-builder-workspace/PrebidMobile/Swift/AdUnits/AdUnit.swift:13:8: error: no such module 'UIKit'
11 | */
12 |
13 | import UIKit
| `- error: no such module 'UIKit'
14 | import ObjectiveC.runtime
15 |
[262/407] Compiling PrebidMobile ORTBRendererConfig.swift
/Users/admin/builder/spi-builder-workspace/PrebidMobile/Swift/AdUnits/AdUnit.swift:13:8: error: no such module 'UIKit'
11 | */
12 |
13 | import UIKit
| `- error: no such module 'UIKit'
14 | import ObjectiveC.runtime
15 |
[263/407] Compiling PrebidMobile ORTBSource.swift
/Users/admin/builder/spi-builder-workspace/PrebidMobile/Swift/AdUnits/AdUnit.swift:13:8: error: no such module 'UIKit'
11 | */
12 |
13 | import UIKit
| `- error: no such module 'UIKit'
14 | import ObjectiveC.runtime
15 |
[264/407] Compiling PrebidMobile ORTBSourceExtOMID.swift
/Users/admin/builder/spi-builder-workspace/PrebidMobile/Swift/AdUnits/AdUnit.swift:13:8: error: no such module 'UIKit'
11 | */
12 |
13 | import UIKit
| `- error: no such module 'UIKit'
14 | import ObjectiveC.runtime
15 |
[265/407] Compiling PrebidMobile ORTBUser.swift
/Users/admin/builder/spi-builder-workspace/PrebidMobile/Swift/AdUnits/AdUnit.swift:13:8: error: no such module 'UIKit'
11 | */
12 |
13 | import UIKit
| `- error: no such module 'UIKit'
14 | import ObjectiveC.runtime
15 |
[266/407] Compiling PrebidMobile ORTBVideo.swift
/Users/admin/builder/spi-builder-workspace/PrebidMobile/Swift/AdUnits/AdUnit.swift:13:8: error: no such module 'UIKit'
11 | */
12 |
13 | import UIKit
| `- error: no such module 'UIKit'
14 | import ObjectiveC.runtime
15 |
[267/407] Compiling PrebidMobile CustomModelObject.swift
/Users/admin/builder/spi-builder-workspace/PrebidMobile/Swift/AdUnits/AdUnit.swift:13:8: error: no such module 'UIKit'
11 | */
12 |
13 | import UIKit
| `- error: no such module 'UIKit'
14 | import ObjectiveC.runtime
15 |
[268/407] Compiling PrebidMobile ORTBBid.swift
/Users/admin/builder/spi-builder-workspace/PrebidMobile/Swift/AdUnits/AdUnit.swift:13:8: error: no such module 'UIKit'
11 | */
12 |
13 | import UIKit
| `- error: no such module 'UIKit'
14 | import ObjectiveC.runtime
15 |
[269/407] Compiling PrebidMobile ORTBBidResponse.swift
/Users/admin/builder/spi-builder-workspace/PrebidMobile/Swift/AdUnits/AdUnit.swift:13:8: error: no such module 'UIKit'
11 | */
12 |
13 | import UIKit
| `- error: no such module 'UIKit'
14 | import ObjectiveC.runtime
15 |
[270/407] Compiling PrebidMobile ORTBExtensible.swift
/Users/admin/builder/spi-builder-workspace/PrebidMobile/Swift/AdUnits/AdUnit.swift:13:8: error: no such module 'UIKit'
11 | */
12 |
13 | import UIKit
| `- error: no such module 'UIKit'
14 | import ObjectiveC.runtime
15 |
[271/407] Compiling PrebidMobile ORTBNoBidReason.swift
/Users/admin/builder/spi-builder-workspace/PrebidMobile/Swift/AdUnits/AdUnit.swift:13:8: error: no such module 'UIKit'
11 | */
12 |
13 | import UIKit
| `- error: no such module 'UIKit'
14 | import ObjectiveC.runtime
15 |
[272/407] Compiling PrebidMobile ORTBSeatBid.swift
/Users/admin/builder/spi-builder-workspace/PrebidMobile/Swift/AdUnits/AdUnit.swift:13:8: error: no such module 'UIKit'
11 | */
12 |
13 | import UIKit
| `- error: no such module 'UIKit'
14 | import ObjectiveC.runtime
15 |
[273/407] Compiling PrebidMobile ORTBMacrosHelper.swift
/Users/admin/builder/spi-builder-workspace/PrebidMobile/Swift/AdUnits/AdUnit.swift:13:8: error: no such module 'UIKit'
11 | */
12 |
13 | import UIKit
| `- error: no such module 'UIKit'
14 | import ObjectiveC.runtime
15 |
[274/407] Compiling PrebidMobile PBMError.swift
/Users/admin/builder/spi-builder-workspace/PrebidMobile/Swift/AdUnits/AdUnit.swift:13:8: error: no such module 'UIKit'
11 | */
12 |
13 | import UIKit
| `- error: no such module 'UIKit'
14 | import ObjectiveC.runtime
15 |
[275/407] Compiling PrebidMobile PBMEventDelegateHelper.swift
/Users/admin/builder/spi-builder-workspace/PrebidMobile/Swift/AdUnits/AdUnit.swift:13:8: error: no such module 'UIKit'
11 | */
12 |
13 | import UIKit
| `- error: no such module 'UIKit'
14 | import ObjectiveC.runtime
15 |
[276/407] Compiling PrebidMobile PBMJsonCoding.swift
/Users/admin/builder/spi-builder-workspace/PrebidMobile/Swift/AdUnits/AdUnit.swift:13:8: error: no such module 'UIKit'
11 | */
12 |
13 | import UIKit
| `- error: no such module 'UIKit'
14 | import ObjectiveC.runtime
15 |
[277/407] Compiling PrebidMobile PrebidParameterBuilder.swift
/Users/admin/builder/spi-builder-workspace/PrebidMobile/Swift/AdUnits/AdUnit.swift:13:8: error: no such module 'UIKit'
11 | */
12 |
13 | import UIKit
| `- error: no such module 'UIKit'
14 | import ObjectiveC.runtime
15 |
[278/407] Compiling PrebidMobile TransactionFactory.swift
/Users/admin/builder/spi-builder-workspace/PrebidMobile/Swift/AdUnits/AdUnit.swift:13:8: error: no such module 'UIKit'
11 | */
12 |
13 | import UIKit
| `- error: no such module 'UIKit'
14 | import ObjectiveC.runtime
15 |
[279/407] Compiling PrebidMobile WinNotifier.swift
/Users/admin/builder/spi-builder-workspace/PrebidMobile/Swift/AdUnits/AdUnit.swift:13:8: error: no such module 'UIKit'
11 | */
12 |
13 | import UIKit
| `- error: no such module 'UIKit'
14 | import ObjectiveC.runtime
15 |
[280/407] Compiling PrebidMobile WinNotifierImpl.swift
/Users/admin/builder/spi-builder-workspace/PrebidMobile/Swift/AdUnits/AdUnit.swift:13:8: error: no such module 'UIKit'
11 | */
12 |
13 | import UIKit
| `- error: no such module 'UIKit'
14 | import ObjectiveC.runtime
15 |
[281/407] Compiling PrebidMobile PrebidServerEventTracker.swift
/Users/admin/builder/spi-builder-workspace/PrebidMobile/Swift/AdUnits/AdUnit.swift:13:8: error: no such module 'UIKit'
11 | */
12 |
13 | import UIKit
| `- error: no such module 'UIKit'
14 | import ObjectiveC.runtime
15 |
[282/407] Compiling PrebidMobile ServerEvent.swift
/Users/admin/builder/spi-builder-workspace/PrebidMobile/Swift/AdUnits/AdUnit.swift:13:8: error: no such module 'UIKit'
11 | */
12 |
13 | import UIKit
| `- error: no such module 'UIKit'
14 | import ObjectiveC.runtime
15 |
[283/407] Compiling PrebidMobile PrebidJSLibrary.swift
/Users/admin/builder/spi-builder-workspace/PrebidMobile/Swift/AdUnits/AdUnit.swift:13:8: error: no such module 'UIKit'
11 | */
12 |
13 | import UIKit
| `- error: no such module 'UIKit'
14 | import ObjectiveC.runtime
15 |
[284/407] Compiling PrebidMobile PrebidJSLibraryManager.swift
/Users/admin/builder/spi-builder-workspace/PrebidMobile/Swift/AdUnits/AdUnit.swift:13:8: error: no such module 'UIKit'
11 | */
12 |
13 | import UIKit
| `- error: no such module 'UIKit'
14 | import ObjectiveC.runtime
15 |
[285/407] Compiling PrebidMobile SkadnEventTracker.swift
/Users/admin/builder/spi-builder-workspace/PrebidMobile/Swift/AdUnits/AdUnit.swift:13:8: error: no such module 'UIKit'
11 | */
12 |
13 | import UIKit
| `- error: no such module 'UIKit'
14 | import ObjectiveC.runtime
15 |
[286/407] Compiling PrebidMobile SkadnParametersManager.swift
/Users/admin/builder/spi-builder-workspace/PrebidMobile/Swift/AdUnits/AdUnit.swift:13:8: error: no such module 'UIKit'
11 | */
12 |
13 | import UIKit
| `- error: no such module 'UIKit'
14 | import ObjectiveC.runtime
15 |
[287/407] Compiling PrebidMobile BackgroundAwareTimer.swift
/Users/admin/builder/spi-builder-workspace/PrebidMobile/Swift/AdUnits/AdUnit.swift:13:8: error: no such module 'UIKit'
11 | */
12 |
13 | import UIKit
| `- error: no such module 'UIKit'
14 | import ObjectiveC.runtime
15 |
[288/407] Compiling PrebidMobile BundleProtocol.swift
/Users/admin/builder/spi-builder-workspace/PrebidMobile/Swift/AdUnits/AdUnit.swift:13:8: error: no such module 'UIKit'
11 | */
12 |
13 | import UIKit
| `- error: no such module 'UIKit'
14 | import ObjectiveC.runtime
15 |
[289/407] Compiling PrebidMobile CircularProgressBarLayer.swift
/Users/admin/builder/spi-builder-workspace/PrebidMobile/Swift/AdUnits/AdUnit.swift:13:8: error: no such module 'UIKit'
11 | */
12 |
13 | import UIKit
| `- error: no such module 'UIKit'
14 | import ObjectiveC.runtime
15 |
[290/407] Compiling PrebidMobile CircularProgressBarView.swift
/Users/admin/builder/spi-builder-workspace/PrebidMobile/Swift/AdUnits/AdUnit.swift:13:8: error: no such module 'UIKit'
11 | */
12 |
13 | import UIKit
| `- error: no such module 'UIKit'
14 | import ObjectiveC.runtime
15 |
[291/407] Compiling PrebidMobile DateFormatService.swift
/Users/admin/builder/spi-builder-workspace/PrebidMobile/Swift/AdUnits/AdUnit.swift:13:8: error: no such module 'UIKit'
11 | */
12 |
13 | import UIKit
| `- error: no such module 'UIKit'
14 | import ObjectiveC.runtime
15 |
[292/407] Compiling PrebidMobile DeepLinkPlus.swift
/Users/admin/builder/spi-builder-workspace/PrebidMobile/Swift/AdUnits/AdUnit.swift:13:8: error: no such module 'UIKit'
11 | */
12 |
13 | import UIKit
| `- error: no such module 'UIKit'
14 | import ObjectiveC.runtime
15 |
[293/407] Compiling PrebidMobile DeviceAccessManager.swift
/Users/admin/builder/spi-builder-workspace/PrebidMobile/Swift/AdUnits/AdUnit.swift:13:8: error: no such module 'UIKit'
11 | */
12 |
13 | import UIKit
| `- error: no such module 'UIKit'
14 | import ObjectiveC.runtime
15 |
[294/407] Compiling PrebidMobile DeviceAccessManagerKeys.swift
/Users/admin/builder/spi-builder-workspace/PrebidMobile/Swift/AdUnits/AdUnit.swift:13:8: error: no such module 'UIKit'
11 | */
12 |
13 | import UIKit
| `- error: no such module 'UIKit'
14 | import ObjectiveC.runtime
15 |
[295/407] Compiling PrebidMobile DownloadDataHelper.swift
/Users/admin/builder/spi-builder-workspace/PrebidMobile/Swift/AdUnits/AdUnit.swift:13:8: error: no such module 'UIKit'
11 | */
12 |
13 | import UIKit
| `- error: no such module 'UIKit'
14 | import ObjectiveC.runtime
15 |
[296/407] Compiling PrebidMobile AdModelEventTracker.swift
/Users/admin/builder/spi-builder-workspace/PrebidMobile/Swift/AdUnits/AdUnit.swift:13:8: error: no such module 'UIKit'
11 | */
12 |
13 | import UIKit
| `- error: no such module 'UIKit'
14 | import ObjectiveC.runtime
15 |
[297/407] Compiling PrebidMobile EventManager.swift
/Users/admin/builder/spi-builder-workspace/PrebidMobile/Swift/AdUnits/AdUnit.swift:13:8: error: no such module 'UIKit'
11 | */
12 |
13 | import UIKit
| `- error: no such module 'UIKit'
14 | import ObjectiveC.runtime
15 |
[298/407] Compiling PrebidMobile EventTrackerProtocol.swift
/Users/admin/builder/spi-builder-workspace/PrebidMobile/Swift/AdUnits/AdUnit.swift:13:8: error: no such module 'UIKit'
11 | */
12 |
13 | import UIKit
| `- error: no such module 'UIKit'
14 | import ObjectiveC.runtime
15 |
[299/407] Compiling PrebidMobile VideoVerificationParameters.swift
/Users/admin/builder/spi-builder-workspace/PrebidMobile/Swift/AdUnits/AdUnit.swift:13:8: error: no such module 'UIKit'
11 | */
12 |
13 | import UIKit
| `- error: no such module 'UIKit'
14 | import ObjectiveC.runtime
15 |
[300/407] Compiling PrebidMobile Functions+Testing.swift
/Users/admin/builder/spi-builder-workspace/PrebidMobile/Swift/AdUnits/AdUnit.swift:13:8: error: no such module 'UIKit'
11 | */
12 |
13 | import UIKit
| `- error: no such module 'UIKit'
14 | import ObjectiveC.runtime
15 |
[301/407] Compiling PrebidMobile Functions.swift
/Users/admin/builder/spi-builder-workspace/PrebidMobile/Swift/AdUnits/AdUnit.swift:13:8: error: no such module 'UIKit'
11 | */
12 |
13 | import UIKit
| `- error: no such module 'UIKit'
14 | import ObjectiveC.runtime
15 |
[302/407] Compiling PrebidMobile LocationManager.swift
/Users/admin/builder/spi-builder-workspace/PrebidMobile/Swift/AdUnits/AdUnit.swift:13:8: error: no such module 'UIKit'
11 | */
12 |
13 | import UIKit
| `- error: no such module 'UIKit'
14 | import ObjectiveC.runtime
15 |
[303/407] Compiling PrebidMobile LocationManagerProtocol.swift
/Users/admin/builder/spi-builder-workspace/PrebidMobile/Swift/AdUnits/AdUnit.swift:13:8: error: no such module 'UIKit'
11 | */
12 |
13 | import UIKit
| `- error: no such module 'UIKit'
14 | import ObjectiveC.runtime
15 |
[304/407] Compiling PrebidMobile MRAIDConstants.swift
/Users/admin/builder/spi-builder-workspace/PrebidMobile/Swift/AdUnits/AdUnit.swift:13:8: error: no such module 'UIKit'
11 | */
12 |
13 | import UIKit
| `- error: no such module 'UIKit'
14 | import ObjectiveC.runtime
15 |
[305/407] Compiling PrebidMobile MRAIDState.swift
/Users/admin/builder/spi-builder-workspace/PrebidMobile/Swift/AdUnits/AdUnit.swift:13:8: error: no such module 'UIKit'
11 | */
12 |
13 | import UIKit
| `- error: no such module 'UIKit'
14 | import ObjectiveC.runtime
15 |
[306/407] Compiling PrebidMobile NetworkType.swift
/Users/admin/builder/spi-builder-workspace/PrebidMobile/Swift/AdUnits/AdUnit.swift:13:8: error: no such module 'UIKit'
11 | */
12 |
13 | import UIKit
| `- error: no such module 'UIKit'
14 | import ObjectiveC.runtime
15 |
[307/407] Compiling PrebidMobile PBMUIApplicationProtocol.swift
/Users/admin/builder/spi-builder-workspace/PrebidMobile/Swift/AdUnits/AdUnit.swift:13:8: error: no such module 'UIKit'
11 | */
12 |
13 | import UIKit
| `- error: no such module 'UIKit'
14 | import ObjectiveC.runtime
15 |
[308/407] Compiling PrebidMobile Reachability.swift
/Users/admin/builder/spi-builder-workspace/PrebidMobile/Swift/AdUnits/AdUnit.swift:13:8: error: no such module 'UIKit'
11 | */
12 |
13 | import UIKit
| `- error: no such module 'UIKit'
14 | import ObjectiveC.runtime
15 |
[309/407] Compiling PrebidMobile ThreadProtocol.swift
/Users/admin/builder/spi-builder-workspace/PrebidMobile/Swift/AdUnits/AdUnit.swift:13:8: error: no such module 'UIKit'
11 | */
12 |
13 | import UIKit
| `- error: no such module 'UIKit'
14 | import ObjectiveC.runtime
15 |
[310/407] Compiling PrebidMobile UserAgentPersistence.swift
/Users/admin/builder/spi-builder-workspace/PrebidMobile/Swift/AdUnits/AdUnit.swift:13:8: error: no such module 'UIKit'
11 | */
12 |
13 | import UIKit
| `- error: no such module 'UIKit'
14 | import ObjectiveC.runtime
15 |
[311/407] Compiling PrebidMobile UserAgentService.swift
/Users/admin/builder/spi-builder-workspace/PrebidMobile/Swift/AdUnits/AdUnit.swift:13:8: error: no such module 'UIKit'
11 | */
12 |
13 | import UIKit
| `- error: no such module 'UIKit'
14 | import ObjectiveC.runtime
15 |
[312/407] Compiling PrebidMobile VoidBlock.swift
/Users/admin/builder/spi-builder-workspace/PrebidMobile/Swift/AdUnits/AdUnit.swift:13:8: error: no such module 'UIKit'
11 | */
12 |
13 | import UIKit
| `- error: no such module 'UIKit'
14 | import ObjectiveC.runtime
15 |
[313/407] Compiling PrebidMobile WKScriptMessageHandlerLeakAvoider.swift
/Users/admin/builder/spi-builder-workspace/PrebidMobile/Swift/AdUnits/AdUnit.swift:13:8: error: no such module 'UIKit'
11 | */
12 |
13 | import UIKit
| `- error: no such module 'UIKit'
14 | import ObjectiveC.runtime
15 |
[314/407] Compiling PrebidMobile ResultCode.swift
/Users/admin/builder/spi-builder-workspace/PrebidMobile/Swift/AdUnits/AdUnit.swift:13:8: error: no such module 'UIKit'
11 | */
12 |
13 | import UIKit
| `- error: no such module 'UIKit'
14 | import ObjectiveC.runtime
15 |
[315/407] Compiling PrebidMobile SwiftMigrationHelper.swift
/Users/admin/builder/spi-builder-workspace/PrebidMobile/Swift/AdUnits/AdUnit.swift:13:8: error: no such module 'UIKit'
11 | */
12 |
13 | import UIKit
| `- error: no such module 'UIKit'
14 | import ObjectiveC.runtime
15 |
[316/407] Compiling PrebidMobile TrackerInfo.swift
/Users/admin/builder/spi-builder-workspace/PrebidMobile/Swift/AdUnits/AdUnit.swift:13:8: error: no such module 'UIKit'
11 | */
12 |
13 | import UIKit
| `- error: no such module 'UIKit'
14 | import ObjectiveC.runtime
15 |
[317/407] Compiling PrebidMobile TrackerManager.swift
/Users/admin/builder/spi-builder-workspace/PrebidMobile/Swift/AdUnits/AdUnit.swift:13:8: error: no such module 'UIKit'
11 | */
12 |
13 | import UIKit
| `- error: no such module 'UIKit'
14 | import ObjectiveC.runtime
15 |
[318/407] Compiling PrebidMobile UIViewExtension.swift
/Users/admin/builder/spi-builder-workspace/PrebidMobile/Swift/AdUnits/AdUnit.swift:13:8: error: no such module 'UIKit'
11 | */
12 |
13 | import UIKit
| `- error: no such module 'UIKit'
14 | import ObjectiveC.runtime
15 |
[319/407] Compiling PrebidMobile BannerViewReloadTracker.swift
/Users/admin/builder/spi-builder-workspace/PrebidMobile/Swift/AdUnits/AdUnit.swift:13:8: error: no such module 'UIKit'
11 | */
12 |
13 | import UIKit
| `- error: no such module 'UIKit'
14 | import ObjectiveC.runtime
15 |
[320/407] Compiling PrebidMobile CollectionExtension.swift
/Users/admin/builder/spi-builder-workspace/PrebidMobile/Swift/AdUnits/AdUnit.swift:13:8: error: no such module 'UIKit'
11 | */
12 |
13 | import UIKit
| `- error: no such module 'UIKit'
14 | import ObjectiveC.runtime
15 |
[321/407] Compiling PrebidMobile InterstitialObserver.swift
/Users/admin/builder/spi-builder-workspace/PrebidMobile/Swift/AdUnits/AdUnit.swift:13:8: error: no such module 'UIKit'
11 | */
12 |
13 | import UIKit
| `- error: no such module 'UIKit'
14 | import ObjectiveC.runtime
15 |
[322/407] Compiling PrebidMobile JSONParsing.swift
/Users/admin/builder/spi-builder-workspace/PrebidMobile/Swift/AdUnits/AdUnit.swift:13:8: error: no such module 'UIKit'
11 | */
12 |
13 | import UIKit
| `- error: no such module 'UIKit'
14 | import ObjectiveC.runtime
15 |
[323/407] Compiling PrebidMobile NSString+Extensions.swift
/Users/admin/builder/spi-builder-workspace/PrebidMobile/Swift/AdUnits/AdUnit.swift:13:8: error: no such module 'UIKit'
11 | */
12 |
13 | import UIKit
| `- error: no such module 'UIKit'
14 | import ObjectiveC.runtime
15 |
[324/407] Compiling PrebidMobile OMSDKVersionProvider.swift
/Users/admin/builder/spi-builder-workspace/PrebidMobile/Swift/AdUnits/AdUnit.swift:13:8: error: no such module 'UIKit'
11 | */
12 |
13 | import UIKit
| `- error: no such module 'UIKit'
14 | import ObjectiveC.runtime
15 |
[325/407] Compiling PrebidMobile SKOverlayInterstitialManager.swift
/Users/admin/builder/spi-builder-workspace/PrebidMobile/Swift/AdUnits/AdUnit.swift:13:8: error: no such module 'UIKit'
11 | */
12 |
13 | import UIKit
| `- error: no such module 'UIKit'
14 | import ObjectiveC.runtime
15 |
[326/407] Compiling PrebidMobile StorageUtils.swift
/Users/admin/builder/spi-builder-workspace/PrebidMobile/Swift/AdUnits/AdUnit.swift:13:8: error: no such module 'UIKit'
11 | */
12 |
13 | import UIKit
| `- error: no such module 'UIKit'
14 | import ObjectiveC.runtime
15 |
[327/407] Compiling PrebidMobile UIView+Extensions.swift
/Users/admin/builder/spi-builder-workspace/PrebidMobile/Swift/AdUnits/AdUnit.swift:13:8: error: no such module 'UIKit'
11 | */
12 |
13 | import UIKit
| `- error: no such module 'UIKit'
14 | import ObjectiveC.runtime
15 |
[328/407] Compiling PrebidMobile URL+Extensions.swift
/Users/admin/builder/spi-builder-workspace/PrebidMobile/Swift/AdUnits/AdUnit.swift:13:8: error: no such module 'UIKit'
11 | */
12 |
13 | import UIKit
| `- error: no such module 'UIKit'
14 | import ObjectiveC.runtime
15 |
[329/407] Compiling PrebidMobile UserDefaults+Extensions.swift
/Users/admin/builder/spi-builder-workspace/PrebidMobile/Swift/AdUnits/AdUnit.swift:13:8: error: no such module 'UIKit'
11 | */
12 |
13 | import UIKit
| `- error: no such module 'UIKit'
14 | import ObjectiveC.runtime
15 |
[330/407] Compiling PrebidMobile ModalManagerDelegate.swift
/Users/admin/builder/spi-builder-workspace/PrebidMobile/Swift/AdUnits/AdUnit.swift:13:8: error: no such module 'UIKit'
11 | */
12 |
13 | import UIKit
| `- error: no such module 'UIKit'
14 | import ObjectiveC.runtime
15 |
[331/407] Compiling PrebidMobile ModalState.swift
/Users/admin/builder/spi-builder-workspace/PrebidMobile/Swift/AdUnits/AdUnit.swift:13:8: error: no such module 'UIKit'
11 | */
12 |
13 | import UIKit
| `- error: no such module 'UIKit'
14 | import ObjectiveC.runtime
15 |
[332/407] Compiling PrebidMobile ModalViewController.swift
/Users/admin/builder/spi-builder-workspace/PrebidMobile/Swift/AdUnits/AdUnit.swift:13:8: error: no such module 'UIKit'
11 | */
12 |
13 | import UIKit
| `- error: no such module 'UIKit'
14 | import ObjectiveC.runtime
15 |
[333/407] Compiling PrebidMobile ModalViewControllerDelegate.swift
/Users/admin/builder/spi-builder-workspace/PrebidMobile/Swift/AdUnits/AdUnit.swift:13:8: error: no such module 'UIKit'
11 | */
12 |
13 | import UIKit
| `- error: no such module 'UIKit'
14 | import ObjectiveC.runtime
15 |
[334/407] Compiling PrebidMobile NonModalViewController.swift
/Users/admin/builder/spi-builder-workspace/PrebidMobile/Swift/AdUnits/AdUnit.swift:13:8: error: no such module 'UIKit'
11 | */
12 |
13 | import UIKit
| `- error: no such module 'UIKit'
14 | import ObjectiveC.runtime
15 |
[335/407] Compiling PrebidMobile Position.swift
/Users/admin/builder/spi-builder-workspace/PrebidMobile/Swift/AdUnits/AdUnit.swift:13:8: error: no such module 'UIKit'
11 | */
12 |
13 | import UIKit
| `- error: no such module 'UIKit'
14 | import ObjectiveC.runtime
15 |
[336/407] Compiling PrebidMobile SKOverlayManager.swift
/Users/admin/builder/spi-builder-workspace/PrebidMobile/Swift/AdUnits/AdUnit.swift:13:8: error: no such module 'UIKit'
11 | */
12 |
13 | import UIKit
| `- error: no such module 'UIKit'
14 | import ObjectiveC.runtime
15 |
[337/407] Compiling PrebidMobile TrackingEvent.swift
/Users/admin/builder/spi-builder-workspace/PrebidMobile/Swift/AdUnits/AdUnit.swift:13:8: error: no such module 'UIKit'
11 | */
12 |
13 | import UIKit
| `- error: no such module 'UIKit'
14 | import ObjectiveC.runtime
15 |
[338/407] Compiling PrebidMobile Transaction.swift
/Users/admin/builder/spi-builder-workspace/PrebidMobile/Swift/AdUnits/AdUnit.swift:13:8: error: no such module 'UIKit'
11 | */
12 |
13 | import UIKit
| `- error: no such module 'UIKit'
14 | import ObjectiveC.runtime
15 |
[339/407] Compiling PrebidMobile TransactionDelegate.swift
/Users/admin/builder/spi-builder-workspace/PrebidMobile/Swift/AdUnits/AdUnit.swift:13:8: error: no such module 'UIKit'
11 | */
12 |
13 | import UIKit
| `- error: no such module 'UIKit'
14 | import ObjectiveC.runtime
15 |
[340/407] Compiling PrebidMobile VideoControlsConfiguration.swift
/Users/admin/builder/spi-builder-workspace/PrebidMobile/Swift/AdUnits/AdUnit.swift:13:8: error: no such module 'UIKit'
11 | */
12 |
13 | import UIKit
| `- error: no such module 'UIKit'
14 | import ObjectiveC.runtime
15 |
[341/407] Compiling PrebidMobile WebView.swift
/Users/admin/builder/spi-builder-workspace/PrebidMobile/Swift/AdUnits/AdUnit.swift:13:8: error: no such module 'UIKit'
11 | */
12 |
13 | import UIKit
| `- error: no such module 'UIKit'
14 | import ObjectiveC.runtime
15 |
[342/407] Compiling PrebidMobile VastTrackingEvents.swift
/Users/admin/builder/spi-builder-workspace/PrebidMobile/Swift/AdUnits/AdUnit.swift:13:8: error: no such module 'UIKit'
11 | */
12 |
13 | import UIKit
| `- error: no such module 'UIKit'
14 | import ObjectiveC.runtime
15 |
[343/407] Compiling PrebidMobile PrebidImagesRepository.swift
/Users/admin/builder/spi-builder-workspace/PrebidMobile/Swift/AdUnits/AdUnit.swift:13:8: error: no such module 'UIKit'
11 | */
12 |
13 | import UIKit
| `- error: no such module 'UIKit'
14 | import ObjectiveC.runtime
15 |
[344/407] Compiling PrebidMobile AutoRefreshCountConfig.swift
/Users/admin/builder/spi-builder-workspace/PrebidMobile/Swift/AdUnits/AdUnit.swift:13:8: error: no such module 'UIKit'
11 | */
12 |
13 | import UIKit
| `- error: no such module 'UIKit'
14 | import ObjectiveC.runtime
15 |
[345/407] Compiling PrebidMobile CreativeViewabilityTracker.swift
/Users/admin/builder/spi-builder-workspace/PrebidMobile/Swift/AdUnits/AdUnit.swift:13:8: error: no such module 'UIKit'
11 | */
12 |
13 | import UIKit
| `- error: no such module 'UIKit'
14 | import ObjectiveC.runtime
15 |
[346/407] Compiling PrebidMobile CLAuthorizationStatus+Extensions.swift
/Users/admin/builder/spi-builder-workspace/PrebidMobile/Swift/AdUnits/AdUnit.swift:13:8: error: no such module 'UIKit'
11 | */
12 |
13 | import UIKit
| `- error: no such module 'UIKit'
14 | import ObjectiveC.runtime
15 |
[347/407] Compiling PrebidMobile CLLocation+Extensions.swift
/Users/admin/builder/spi-builder-workspace/PrebidMobile/Swift/AdUnits/AdUnit.swift:13:8: error: no such module 'UIKit'
11 | */
12 |
13 | import UIKit
| `- error: no such module 'UIKit'
14 | import ObjectiveC.runtime
15 |
[348/407] Compiling PrebidMobile UIView+PBMViewExposure.swift
/Users/admin/builder/spi-builder-workspace/PrebidMobile/Swift/AdUnits/AdUnit.swift:13:8: error: no such module 'UIKit'
11 | */
12 |
13 | import UIKit
| `- error: no such module 'UIKit'
14 | import ObjectiveC.runtime
15 |
[349/407] Compiling PrebidMobile ViewExposure.swift
/Users/admin/builder/spi-builder-workspace/PrebidMobile/Swift/AdUnits/AdUnit.swift:13:8: error: no such module 'UIKit'
11 | */
12 |
13 | import UIKit
| `- error: no such module 'UIKit'
14 | import ObjectiveC.runtime
15 |
[350/407] Compiling PrebidMobile ViewExposureChecker.swift
/Users/admin/builder/spi-builder-workspace/PrebidMobile/Swift/AdUnits/AdUnit.swift:13:8: error: no such module 'UIKit'
11 | */
12 |
13 | import UIKit
| `- error: no such module 'UIKit'
14 | import ObjectiveC.runtime
15 |
[351/407] Compiling PrebidMobile ViewExposureImpl.swift
/Users/admin/builder/spi-builder-workspace/PrebidMobile/Swift/AdUnits/AdUnit.swift:13:8: error: no such module 'UIKit'
11 | */
12 |
13 | import UIKit
| `- error: no such module 'UIKit'
14 | import ObjectiveC.runtime
15 |
[352/407] Compiling PrebidMobile NSDictionary+PBMExtensions.swift
/Users/admin/builder/spi-builder-workspace/PrebidMobile/Swift/AdUnits/AdUnit.swift:13:8: error: no such module 'UIKit'
11 | */
12 |
13 | import UIKit
| `- error: no such module 'UIKit'
14 | import ObjectiveC.runtime
15 |
[353/407] Compiling PrebidMobile NSException+PBMExtensions.swift
/Users/admin/builder/spi-builder-workspace/PrebidMobile/Swift/AdUnits/AdUnit.swift:13:8: error: no such module 'UIKit'
11 | */
12 |
13 | import UIKit
| `- error: no such module 'UIKit'
14 | import ObjectiveC.runtime
15 |
[354/407] Compiling PrebidMobile NSMutableDictionary+PBMExtensions.swift
/Users/admin/builder/spi-builder-workspace/PrebidMobile/Swift/AdUnits/AdUnit.swift:13:8: error: no such module 'UIKit'
11 | */
12 |
13 | import UIKit
| `- error: no such module 'UIKit'
14 | import ObjectiveC.runtime
15 |
Fetching https://github.com/AppLovin/AppLovin-MAX-Swift-Package.git
Fetching https://github.com/googleads/swift-package-manager-google-mobile-ads.git
[1/1189] Fetching applovin-max-swift-package
[13/1513] Fetching applovin-max-swift-package, swift-package-manager-google-mobile-ads
Fetched https://github.com/AppLovin/AppLovin-MAX-Swift-Package.git from cache (1.57s)
Fetched https://github.com/googleads/swift-package-manager-google-mobile-ads.git from cache (1.57s)
Computing version for https://github.com/googleads/swift-package-manager-google-mobile-ads.git
Computed https://github.com/googleads/swift-package-manager-google-mobile-ads.git at 13.11.0 (4.35s)
Fetching https://github.com/googleads/swift-package-manager-google-user-messaging-platform.git
[1/62] Fetching swift-package-manager-google-user-messaging-platform
Fetched https://github.com/googleads/swift-package-manager-google-user-messaging-platform.git from cache (0.69s)
Computing version for https://github.com/googleads/swift-package-manager-google-user-messaging-platform.git
Computed https://github.com/googleads/swift-package-manager-google-user-messaging-platform.git at 3.1.0 (1.42s)
Computing version for https://github.com/AppLovin/AppLovin-MAX-Swift-Package.git
Computed https://github.com/AppLovin/AppLovin-MAX-Swift-Package.git at 13.6.4 (0.70s)
Creating working copy for https://github.com/AppLovin/AppLovin-MAX-Swift-Package.git
Working copy of https://github.com/AppLovin/AppLovin-MAX-Swift-Package.git resolved at 13.6.4
Creating working copy for https://github.com/googleads/swift-package-manager-google-user-messaging-platform.git
Working copy of https://github.com/googleads/swift-package-manager-google-user-messaging-platform.git resolved at 3.1.0
Creating working copy for https://github.com/googleads/swift-package-manager-google-mobile-ads.git
Working copy of https://github.com/googleads/swift-package-manager-google-mobile-ads.git resolved at 13.11.0
Downloading binary artifact https://artifacts.applovin.com/ios/com/applovin/applovin-sdk/AppLovinSDK-13.6.4.xcframework.zip
Downloading binary artifact https://dl.google.com/googleadmobadssdk/90fe6bf3b0f4ce0d/googleusermessagingplatformios-spm-3.1.0.zip
Downloading binary artifact https://dl.google.com/googleadmobadssdk/310516d18f0d600c/googlemobileadsios-spm-13.11.0.zip
[1321/1321] Downloading https://dl.google.com/googleadmobadssdk/310516d18f0d600c/googlemobileadsios-spm-13.11.0.zip
[330413/330413] Downloading https://dl.google.com/googleadmobadssdk/310516d18f0d600c/googlemobileadsios-spm-13.11.0.zip, https://dl.google.com/googleadmobadssdk/90fe6bf3b0f4ce0d/googleusermessagingplatformios-spm-3.1.0.zip
Downloaded https://dl.google.com/googleadmobadssdk/90fe6bf3b0f4ce0d/googleusermessagingplatformios-spm-3.1.0.zip (0.32s)
[5493170/5493170] Downloading https://dl.google.com/googleadmobadssdk/310516d18f0d600c/googlemobileadsios-spm-13.11.0.zip
[11435031/17125375] Downloading https://dl.google.com/googleadmobadssdk/310516d18f0d600c/googlemobileadsios-spm-13.11.0.zip, https://artifacts.applovin.com/ios/com/applovin/applovin-sdk/AppLovinSDK-13.6.4.xcframework.zip
Downloaded https://dl.google.com/googleadmobadssdk/310516d18f0d600c/googlemobileadsios-spm-13.11.0.zip (1.04s)
Downloaded https://artifacts.applovin.com/ios/com/applovin/applovin-sdk/AppLovinSDK-13.6.4.xcframework.zip (1.40s)
warning: 'spi-builder-workspace': found 59 file(s) which are unhandled; explicitly declare them as resources or exclude from the target
/Users/admin/builder/spi-builder-workspace/PrebidMobile/Objc/PrebidMobileRendering/AdTypes/Video/Vast/PBMVastParser.m
/Users/admin/builder/spi-builder-workspace/PrebidMobile/Objc/PrebidMobileRendering/AdTypes/AdView/Modals/PBMDeferredModalState.m
/Users/admin/builder/spi-builder-workspace/PrebidMobile/Objc/PrebidMobileRendering/AdTypes/AdView/Modals/PBMModalState.m
/Users/admin/builder/spi-builder-workspace/PrebidMobile/Objc/PrebidMobileRendering/AdTypes/Video/Vast/PBMVastCreativeLinear.m
/Users/admin/builder/spi-builder-workspace/PrebidMobile/Objc/Utils/OMSDKVersionProvider.m
/Users/admin/builder/spi-builder-workspace/PrebidMobile/Objc/PrebidMobileRendering/AdTypes/PBMMRAIDCommand.m
/Users/admin/builder/spi-builder-workspace/PrebidMobile/Objc/PrebidMobileRendering/AdTypes/Video/Vast/PBMVastInlineAd.m
/Users/admin/builder/spi-builder-workspace/PrebidMobile/Objc/PrebidMobileRendering/AdTypes/Video/Vast/PBMVastCreativeCompanionAdsCompanion.m
/Users/admin/builder/spi-builder-workspace/PrebidMobile/Objc/PrebidMobileRendering/Utilities/PBMWindowLocker.m
/Users/admin/builder/spi-builder-workspace/PrebidMobile/Objc/PrebidMobileRendering/Prebid+TestExtension.m
/Users/admin/builder/spi-builder-workspace/PrebidMobile/Objc/PrebidMobileRendering/AdTypes/AdView/PBMAdRequesterVAST.m
/Users/admin/builder/spi-builder-workspace/PrebidMobile/Objc/PrebidMobileRendering/Prebid/PBMCore/TransactionFactory/PBMVastTransactionFactory.m
/Users/admin/builder/spi-builder-workspace/PrebidMobile/README-SPM.md
/Users/admin/builder/spi-builder-workspace/PrebidMobile/Resources/omsdk.js
/Users/admin/builder/spi-builder-workspace/PrebidMobile/Objc/PrebidMobileRendering/AdTypes/Video/Vast/PBMVastWrapperAd.m
/Users/admin/builder/spi-builder-workspace/PrebidMobile/Objc/PrebidMobileRendering/PBMCreativeViewabilityTracker.m
/Users/admin/builder/spi-builder-workspace/PrebidMobile/Objc/PrebidMobileRendering/AdTypes/AdView/PBMAdViewManager.m
/Users/admin/builder/spi-builder-workspace/PrebidMobile/Objc/PrebidMobileRendering/Prebid/PBMCore/TransactionFactory/PBMTransactionFactory.m
/Users/admin/builder/spi-builder-workspace/PrebidMobile/Objc/PrebidMobileRendering/Prebid/PBMCore/TransactionFactory/PBMDisplayTransactionFactory.m
/Users/admin/builder/spi-builder-workspace/PrebidMobile/Objc/PrebidMobileRendering/AdTypes/AdView/AdLoadManager/PBMAdLoadManagerBase.m
/Users/admin/builder/spi-builder-workspace/PrebidMobile/Info.plist
/Users/admin/builder/spi-builder-workspace/PrebidMobile/Resources/mraid.js
/Users/admin/builder/spi-builder-workspace/PrebidMobile/Objc/PrebidMobileRendering/AdTypes/PBMHTMLFormatter.m
/Users/admin/builder/spi-builder-workspace/PrebidMobile/Objc/PrebidMobileRendering/AdTypes/AdView/PBMMRAIDController.m
/Users/admin/builder/spi-builder-workspace/PrebidMobile/Objc/PrebidMobileRendering/AdTypes/Video/Vast/PBMVastRequester.m
/Users/admin/builder/spi-builder-workspace/PrebidMobile/Objc/PrebidMobileRendering/AdTypes/AdView/PBMMRAIDJavascriptCommands.m
/Users/admin/builder/spi-builder-workspace/PrebidMobile/Objc/PrebidMobileRendering/AdTypes/AdView/PBMCreativeModelCollectionMakerVAST.m
/Users/admin/builder/spi-builder-workspace/PrebidMobile/Objc/PrebidMobileRendering/AdTypes/Video/Vast/PBMVastAdsBuilder.m
/Users/admin/builder/spi-builder-workspace/PrebidMobile/Objc/PrebidMobileRendering/AdTypes/Video/Vast/PBMVastCreativeNonLinearAds.m
/Users/admin/builder/spi-builder-workspace/PrebidMobile/Objc/PrebidMobileRendering/CreativeFactory/PBMCreativeFactoryJob.m
/Users/admin/builder/spi-builder-workspace/PrebidMobile/Package.swift
/Users/admin/builder/spi-builder-workspace/PrebidMobile/Objc/PrebidMobileRendering/Utilities/PBMDeepLinkPlusHelper+Testing.m
/Users/admin/builder/spi-builder-workspace/PrebidMobile/Objc/PrebidMobileRendering/AdTypes/AdView/PBMVideoView.m
/Users/admin/builder/spi-builder-workspace/PrebidMobile/Objc/PrebidMobileRendering/AdTypes/Video/Vast/PBMVastCreativeNonLinearAdsNonLinear.m
/Users/admin/builder/spi-builder-workspace/PrebidMobile/Objc/PrebidMobileRendering/Utilities/PBMMRAIDConstants.m
/Users/admin/builder/spi-builder-workspace/PrebidMobile/Objc/PrebidMobileRendering/3dPartyWrappers/OpenMeasurement/PBMOpenMeasurementFriendlyObstructionTypeBridge.m
/Users/admin/builder/spi-builder-workspace/PrebidMobile/Objc/PrebidMobileRendering/3dPartyWrappers/OpenMeasurement/PBMOpenMeasurementSession.m
/Users/admin/builder/spi-builder-workspace/PrebidMobile/Objc/PrebidMobileRendering/AdTypes/AdView/PBMAbstractCreative.m
/Users/admin/builder/spi-builder-workspace/PrebidMobile/Objc/PrebidMobileRendering/AdTypes/Video/Vast/PBMVastResponse.m
/Users/admin/builder/spi-builder-workspace/PrebidMobile/Objc/PrebidMobileRendering/AdTypes/Video/Vast/PBMVastAbstractAd.m
/Users/admin/builder/spi-builder-workspace/PrebidMobile/Objc/PrebidMobileRendering/AdTypes/AdView/PBMVideoCreative.m
/Users/admin/builder/spi-builder-workspace/PrebidMobile/include/README.md
/Users/admin/builder/spi-builder-workspace/PrebidMobile/Objc/PrebidMobileRendering/3dPartyWrappers/OpenMeasurement/PBMOpenMeasurementEventTracker.m
/Users/admin/builder/spi-builder-workspace/PrebidMobile/Objc/PrebidMobileRendering/AdTypes/AdView/PBMAdRequestResponseVAST.m
/Users/admin/builder/spi-builder-workspace/PrebidMobile/Objc/PrebidMobileRendering/AdTypes/AdView/PBMTransaction.m
/Users/admin/builder/spi-builder-workspace/PrebidMobile/Objc/PrebidMobileRendering/AdTypes/Video/Vast/PBMVastCreativeCompanionAds.m
/Users/admin/builder/spi-builder-workspace/PrebidMobile/Objc/PrebidMobileRendering/AdTypes/Video/Vast/PBMVastIcon.m
/Users/admin/builder/spi-builder-workspace/PrebidMobile/Objc/PrebidMobileRendering/Prebid/PBMCore/PBMSafariVCOpener.m
/Users/admin/builder/spi-builder-workspace/PrebidMobile/Objc/PrebidMobileRendering/3dPartyWrappers/OpenMeasurement/PBMOpenMeasurementWrapper.m
/Users/admin/builder/spi-builder-workspace/PrebidMobile/Objc/PrebidMobileRendering/PBMVastGlobals.m
/Users/admin/builder/spi-builder-workspace/PrebidMobile/Objc/PrebidMobileRendering/Prebid/PBMCore/PBMBidRequester.m
/Users/admin/builder/spi-builder-workspace/PrebidMobile/Objc/PrebidMobileRendering/AdTypes/AdView/AdLoadManager/PBMAdLoadManagerVAST.m
/Users/admin/builder/spi-builder-workspace/PrebidMobile/Objc/PrebidMobileRendering/AdTypes/PBMHTMLCreative.m
/Users/admin/builder/spi-builder-workspace/PrebidMobile/Objc/PrebidMobileRendering/Utilities/PBMDeepLinkPlusHelper.m
/Users/admin/builder/spi-builder-workspace/PrebidMobile/Objc/PrebidMobileRendering/AdTypes/AdView/PBMWebView.m
/Users/admin/builder/spi-builder-workspace/PrebidMobile/Objc/PrebidMobileRendering/PBMInterstitialLayoutConfigurator.m
/Users/admin/builder/spi-builder-workspace/PrebidMobile/Objc/PrebidMobileRendering/AdTypes/Video/Vast/PBMVastMediaFile.m
/Users/admin/builder/spi-builder-workspace/PrebidMobile/Objc/PrebidMobileRendering/AdTypes/Video/Vast/PBMVastCreativeAbstract.m
/Users/admin/builder/spi-builder-workspace/PrebidMobile/Objc/PrebidMobileRendering/CreativeFactory/PBMCreativeFactory.m
warning: 'spi-builder-workspace': found 1 file(s) which are unhandled; explicitly declare them as resources or exclude from the target
/Users/admin/builder/spi-builder-workspace/EventHandlers/PrebidMobileGAMEventHandlers/Info.plist
BUILD FAILURE 6.2 macosSpm