The Swift Package Index logo.Swift Package Index

Build Information

Failed to build herald-ios-firebase, reference main (37b198), with Swift 6.1 for watchOS using Xcode 16.3 on 14 Oct 2026 04:33:20 UTC.

Build Command

env DEVELOPER_DIR=/Applications/Xcode-16.3.0.app xcrun xcodebuild -IDEClonedSourcePackagesDirPathOverride=$PWD/.dependencies -skipMacroValidation -skipPackagePluginValidation -derivedDataPath $PWD/.derivedData build -scheme herald-ios-firebase -destination generic/platform=watchOS

Build Log

CompileC /Users/admin/builder/spi-builder-workspace/.derivedData/Build/Intermediates.noindex/Promises.build/Debug-watchos/FBLPromises.build/Objects-normal/arm64_32/FBLPromise+Retry.o /Users/admin/builder/spi-builder-workspace/.dependencies/checkouts/promises/Sources/FBLPromises/FBLPromise+Retry.m normal arm64_32 objective-c com.apple.compilers.llvm.clang.1_0.compiler (in target 'FBLPromises' from project 'Promises')
    cd /Users/admin/builder/spi-builder-workspace/.swiftpm/xcode

    Using response file: /Users/admin/builder/spi-builder-workspace/.derivedData/Build/Intermediates.noindex/Promises.build/Debug-watchos/FBLPromises.build/Objects-normal/arm64_32/e6072d4f65d7061329687fe24e3d63a7-common-args.resp

    /Applications/Xcode-16.3.0.app/Contents/Developer/Toolchains/XcodeDefault.xctoolchain/usr/bin/clang -x objective-c -ivfsstatcache /Users/admin/builder/spi-builder-workspace/.derivedData/SDKStatCaches.noindex/watchos11.4-22T246-43efb940ff07ba2497b70ec94253f576.sdkstatcache -fmessage-length\=0 -fdiagnostics-show-note-include-stack -fmacro-backtrace-limit\=0 -fno-color-diagnostics -fmodules-prune-interval\=86400 -fmodules-prune-after\=345600 -fbuild-session-file\=/Users/admin/builder/spi-builder-workspace/.derivedData/ModuleCache.noindex/Session.modulevalidation -fmodules-validate-once-per-build-session -Wnon-modular-include-in-framework-module -Werror\=non-modular-include-in-framework-module -Wno-trigraphs -Wno-missing-field-initializers -Wno-missing-prototypes -Wno-return-type -Wno-implicit-atomic-properties -Wno-objc-interface-ivars -Wno-arc-repeated-use-of-weak -Wno-missing-braces -Wparentheses -Wswitch -Wno-unused-function -Wno-unused-label -Wno-unused-parameter -Wno-unused-variable -Wunused-value -Wno-empty-body -Wno-uninitialized -Wno-unknown-pragmas -w -Wno-shadow -Wno-four-char-constants -Wno-conversion -Wno-constant-conversion -Wno-int-conversion -Wno-bool-conversion -Wno-enum-conversion -Wno-float-conversion -Wno-non-literal-null-conversion -Wno-objc-literal-conversion -Wno-shorten-64-to-32 -Wpointer-sign -Wno-newline-eof -Wno-selector -Wno-strict-selector-match -Wno-undeclared-selector -Wno-deprecated-implementations -Wno-implicit-fallthrough -fstrict-aliasing -Wprotocol -Wdeprecated-declarations -Wno-sign-conversion -Wno-infinite-recursion -Wno-comma -Wno-block-capture-autoreleasing -Wno-strict-prototypes -Wno-semicolon-before-method-body -index-store-path /Users/admin/builder/spi-builder-workspace/.derivedData/Index.noindex/DataStore @/Users/admin/builder/spi-builder-workspace/.derivedData/Build/Intermediates.noindex/Promises.build/Debug-watchos/FBLPromises.build/Objects-normal/arm64_32/e6072d4f65d7061329687fe24e3d63a7-common-args.resp -include /Users/admin/builder/spi-builder-workspace/.derivedData/Build/Intermediates.noindex/Promises.build/Debug-watchos/FBLPromises.build/DerivedSources/resource_bundle_accessor.h -MMD -MT dependencies -MF /Users/admin/builder/spi-builder-workspace/.derivedData/Build/Intermediates.noindex/Promises.build/Debug-watchos/FBLPromises.build/Objects-normal/arm64_32/FBLPromise+Retry.d --serialize-diagnostics /Users/admin/builder/spi-builder-workspace/.derivedData/Build/Intermediates.noindex/Promises.build/Debug-watchos/FBLPromises.build/Objects-normal/arm64_32/FBLPromise+Retry.dia -c /Users/admin/builder/spi-builder-workspace/.dependencies/checkouts/promises/Sources/FBLPromises/FBLPromise+Retry.m -o /Users/admin/builder/spi-builder-workspace/.derivedData/Build/Intermediates.noindex/Promises.build/Debug-watchos/FBLPromises.build/Objects-normal/arm64_32/FBLPromise+Retry.o -index-unit-output-path /Promises.build/Debug-watchos/FBLPromises.build/Objects-normal/arm64_32/FBLPromise+Retry.o
CompileC /Users/admin/builder/spi-builder-workspace/.derivedData/Build/Intermediates.noindex/Promises.build/Debug-watchos/FBLPromises.build/Objects-normal/arm64_32/FBLPromise+Reduce.o /Users/admin/builder/spi-builder-workspace/.dependencies/checkouts/promises/Sources/FBLPromises/FBLPromise+Reduce.m normal arm64_32 objective-c com.apple.compilers.llvm.clang.1_0.compiler (in target 'FBLPromises' from project 'Promises')
    cd /Users/admin/builder/spi-builder-workspace/.swiftpm/xcode

    Using response file: /Users/admin/builder/spi-builder-workspace/.derivedData/Build/Intermediates.noindex/Promises.build/Debug-watchos/FBLPromises.build/Objects-normal/arm64_32/e6072d4f65d7061329687fe24e3d63a7-common-args.resp

    /Applications/Xcode-16.3.0.app/Contents/Developer/Toolchains/XcodeDefault.xctoolchain/usr/bin/clang -x objective-c -ivfsstatcache /Users/admin/builder/spi-builder-workspace/.derivedData/SDKStatCaches.noindex/watchos11.4-22T246-43efb940ff07ba2497b70ec94253f576.sdkstatcache -fmessage-length\=0 -fdiagnostics-show-note-include-stack -fmacro-backtrace-limit\=0 -fno-color-diagnostics -fmodules-prune-interval\=86400 -fmodules-prune-after\=345600 -fbuild-session-file\=/Users/admin/builder/spi-builder-workspace/.derivedData/ModuleCache.noindex/Session.modulevalidation -fmodules-validate-once-per-build-session -Wnon-modular-include-in-framework-module -Werror\=non-modular-include-in-framework-module -Wno-trigraphs -Wno-missing-field-initializers -Wno-missing-prototypes -Wno-return-type -Wno-implicit-atomic-properties -Wno-objc-interface-ivars -Wno-arc-repeated-use-of-weak -Wno-missing-braces -Wparentheses -Wswitch -Wno-unused-function -Wno-unused-label -Wno-unused-parameter -Wno-unused-variable -Wunused-value -Wno-empty-body -Wno-uninitialized -Wno-unknown-pragmas -w -Wno-shadow -Wno-four-char-constants -Wno-conversion -Wno-constant-conversion -Wno-int-conversion -Wno-bool-conversion -Wno-enum-conversion -Wno-float-conversion -Wno-non-literal-null-conversion -Wno-objc-literal-conversion -Wno-shorten-64-to-32 -Wpointer-sign -Wno-newline-eof -Wno-selector -Wno-strict-selector-match -Wno-undeclared-selector -Wno-deprecated-implementations -Wno-implicit-fallthrough -fstrict-aliasing -Wprotocol -Wdeprecated-declarations -Wno-sign-conversion -Wno-infinite-recursion -Wno-comma -Wno-block-capture-autoreleasing -Wno-strict-prototypes -Wno-semicolon-before-method-body -index-store-path /Users/admin/builder/spi-builder-workspace/.derivedData/Index.noindex/DataStore @/Users/admin/builder/spi-builder-workspace/.derivedData/Build/Intermediates.noindex/Promises.build/Debug-watchos/FBLPromises.build/Objects-normal/arm64_32/e6072d4f65d7061329687fe24e3d63a7-common-args.resp -include /Users/admin/builder/spi-builder-workspace/.derivedData/Build/Intermediates.noindex/Promises.build/Debug-watchos/FBLPromises.build/DerivedSources/resource_bundle_accessor.h -MMD -MT dependencies -MF /Users/admin/builder/spi-builder-workspace/.derivedData/Build/Intermediates.noindex/Promises.build/Debug-watchos/FBLPromises.build/Objects-normal/arm64_32/FBLPromise+Reduce.d --serialize-diagnostics /Users/admin/builder/spi-builder-workspace/.derivedData/Build/Intermediates.noindex/Promises.build/Debug-watchos/FBLPromises.build/Objects-normal/arm64_32/FBLPromise+Reduce.dia -c /Users/admin/builder/spi-builder-workspace/.dependencies/checkouts/promises/Sources/FBLPromises/FBLPromise+Reduce.m -o /Users/admin/builder/spi-builder-workspace/.derivedData/Build/Intermediates.noindex/Promises.build/Debug-watchos/FBLPromises.build/Objects-normal/arm64_32/FBLPromise+Reduce.o -index-unit-output-path /Promises.build/Debug-watchos/FBLPromises.build/Objects-normal/arm64_32/FBLPromise+Reduce.o
CompileC /Users/admin/builder/spi-builder-workspace/.derivedData/Build/Intermediates.noindex/Promises.build/Debug-watchos/FBLPromises.build/Objects-normal/arm64_32/FBLPromise+Recover.o /Users/admin/builder/spi-builder-workspace/.dependencies/checkouts/promises/Sources/FBLPromises/FBLPromise+Recover.m normal arm64_32 objective-c com.apple.compilers.llvm.clang.1_0.compiler (in target 'FBLPromises' from project 'Promises')
    cd /Users/admin/builder/spi-builder-workspace/.swiftpm/xcode

    Using response file: /Users/admin/builder/spi-builder-workspace/.derivedData/Build/Intermediates.noindex/Promises.build/Debug-watchos/FBLPromises.build/Objects-normal/arm64_32/e6072d4f65d7061329687fe24e3d63a7-common-args.resp

    /Applications/Xcode-16.3.0.app/Contents/Developer/Toolchains/XcodeDefault.xctoolchain/usr/bin/clang -x objective-c -ivfsstatcache /Users/admin/builder/spi-builder-workspace/.derivedData/SDKStatCaches.noindex/watchos11.4-22T246-43efb940ff07ba2497b70ec94253f576.sdkstatcache -fmessage-length\=0 -fdiagnostics-show-note-include-stack -fmacro-backtrace-limit\=0 -fno-color-diagnostics -fmodules-prune-interval\=86400 -fmodules-prune-after\=345600 -fbuild-session-file\=/Users/admin/builder/spi-builder-workspace/.derivedData/ModuleCache.noindex/Session.modulevalidation -fmodules-validate-once-per-build-session -Wnon-modular-include-in-framework-module -Werror\=non-modular-include-in-framework-module -Wno-trigraphs -Wno-missing-field-initializers -Wno-missing-prototypes -Wno-return-type -Wno-implicit-atomic-properties -Wno-objc-interface-ivars -Wno-arc-repeated-use-of-weak -Wno-missing-braces -Wparentheses -Wswitch -Wno-unused-function -Wno-unused-label -Wno-unused-parameter -Wno-unused-variable -Wunused-value -Wno-empty-body -Wno-uninitialized -Wno-unknown-pragmas -w -Wno-shadow -Wno-four-char-constants -Wno-conversion -Wno-constant-conversion -Wno-int-conversion -Wno-bool-conversion -Wno-enum-conversion -Wno-float-conversion -Wno-non-literal-null-conversion -Wno-objc-literal-conversion -Wno-shorten-64-to-32 -Wpointer-sign -Wno-newline-eof -Wno-selector -Wno-strict-selector-match -Wno-undeclared-selector -Wno-deprecated-implementations -Wno-implicit-fallthrough -fstrict-aliasing -Wprotocol -Wdeprecated-declarations -Wno-sign-conversion -Wno-infinite-recursion -Wno-comma -Wno-block-capture-autoreleasing -Wno-strict-prototypes -Wno-semicolon-before-method-body -index-store-path /Users/admin/builder/spi-builder-workspace/.derivedData/Index.noindex/DataStore @/Users/admin/builder/spi-builder-workspace/.derivedData/Build/Intermediates.noindex/Promises.build/Debug-watchos/FBLPromises.build/Objects-normal/arm64_32/e6072d4f65d7061329687fe24e3d63a7-common-args.resp -include /Users/admin/builder/spi-builder-workspace/.derivedData/Build/Intermediates.noindex/Promises.build/Debug-watchos/FBLPromises.build/DerivedSources/resource_bundle_accessor.h -MMD -MT dependencies -MF /Users/admin/builder/spi-builder-workspace/.derivedData/Build/Intermediates.noindex/Promises.build/Debug-watchos/FBLPromises.build/Objects-normal/arm64_32/FBLPromise+Recover.d --serialize-diagnostics /Users/admin/builder/spi-builder-workspace/.derivedData/Build/Intermediates.noindex/Promises.build/Debug-watchos/FBLPromises.build/Objects-normal/arm64_32/FBLPromise+Recover.dia -c /Users/admin/builder/spi-builder-workspace/.dependencies/checkouts/promises/Sources/FBLPromises/FBLPromise+Recover.m -o /Users/admin/builder/spi-builder-workspace/.derivedData/Build/Intermediates.noindex/Promises.build/Debug-watchos/FBLPromises.build/Objects-normal/arm64_32/FBLPromise+Recover.o -index-unit-output-path /Promises.build/Debug-watchos/FBLPromises.build/Objects-normal/arm64_32/FBLPromise+Recover.o
Ld /Users/admin/builder/spi-builder-workspace/.derivedData/Build/Intermediates.noindex/Promises.build/Debug-watchos/FBLPromises.build/Objects-normal/armv7k/Binary/FBLPromises.o normal armv7k (in target 'FBLPromises' from project 'Promises')
    cd /Users/admin/builder/spi-builder-workspace/.dependencies/checkouts/promises
    /Applications/Xcode-16.3.0.app/Contents/Developer/Toolchains/XcodeDefault.xctoolchain/usr/bin/clang -Xlinker -reproducible -target armv7k-apple-watchos4.0 -r -isysroot /Applications/Xcode-16.3.0.app/Contents/Developer/Platforms/WatchOS.platform/Developer/SDKs/WatchOS11.4.sdk -O0 -w -L/Users/admin/builder/spi-builder-workspace/.derivedData/Build/Intermediates.noindex/EagerLinkingTBDs/Debug-watchos -L/Users/admin/builder/spi-builder-workspace/.derivedData/Build/Products/Debug-watchos -L/Applications/Xcode-16.3.0.app/Contents/Developer/Platforms/WatchOS.platform/Developer/usr/lib -F/Users/admin/builder/spi-builder-workspace/.derivedData/Build/Intermediates.noindex/EagerLinkingTBDs/Debug-watchos -F/Users/admin/builder/spi-builder-workspace/.derivedData/Build/Products/Debug-watchos -iframework /Applications/Xcode-16.3.0.app/Contents/Developer/Platforms/WatchOS.platform/Developer/Library/Frameworks -iframework /Applications/Xcode-16.3.0.app/Contents/Developer/Platforms/WatchOS.platform/Developer/SDKs/WatchOS11.4.sdk/Developer/Library/Frameworks -filelist /Users/admin/builder/spi-builder-workspace/.derivedData/Build/Intermediates.noindex/Promises.build/Debug-watchos/FBLPromises.build/Objects-normal/armv7k/FBLPromises.LinkFileList -nostdlib -Xlinker -object_path_lto -Xlinker /Users/admin/builder/spi-builder-workspace/.derivedData/Build/Intermediates.noindex/Promises.build/Debug-watchos/FBLPromises.build/Objects-normal/armv7k/FBLPromises_lto.o -rdynamic -Xlinker -no_deduplicate -Xlinker -debug_variant -Xlinker -dependency_info -Xlinker /Users/admin/builder/spi-builder-workspace/.derivedData/Build/Intermediates.noindex/Promises.build/Debug-watchos/FBLPromises.build/Objects-normal/armv7k/FBLPromises_dependency_info.dat -fobjc-arc -fobjc-link-runtime -o /Users/admin/builder/spi-builder-workspace/.derivedData/Build/Intermediates.noindex/Promises.build/Debug-watchos/FBLPromises.build/Objects-normal/armv7k/Binary/FBLPromises.o
CompileC /Users/admin/builder/spi-builder-workspace/.derivedData/Build/Intermediates.noindex/Promises.build/Debug-watchos/FBLPromises.build/Objects-normal/arm64_32/FBLPromise+Race.o /Users/admin/builder/spi-builder-workspace/.dependencies/checkouts/promises/Sources/FBLPromises/FBLPromise+Race.m normal arm64_32 objective-c com.apple.compilers.llvm.clang.1_0.compiler (in target 'FBLPromises' from project 'Promises')
    cd /Users/admin/builder/spi-builder-workspace/.swiftpm/xcode

    Using response file: /Users/admin/builder/spi-builder-workspace/.derivedData/Build/Intermediates.noindex/Promises.build/Debug-watchos/FBLPromises.build/Objects-normal/arm64_32/e6072d4f65d7061329687fe24e3d63a7-common-args.resp

    /Applications/Xcode-16.3.0.app/Contents/Developer/Toolchains/XcodeDefault.xctoolchain/usr/bin/clang -x objective-c -ivfsstatcache /Users/admin/builder/spi-builder-workspace/.derivedData/SDKStatCaches.noindex/watchos11.4-22T246-43efb940ff07ba2497b70ec94253f576.sdkstatcache -fmessage-length\=0 -fdiagnostics-show-note-include-stack -fmacro-backtrace-limit\=0 -fno-color-diagnostics -fmodules-prune-interval\=86400 -fmodules-prune-after\=345600 -fbuild-session-file\=/Users/admin/builder/spi-builder-workspace/.derivedData/ModuleCache.noindex/Session.modulevalidation -fmodules-validate-once-per-build-session -Wnon-modular-include-in-framework-module -Werror\=non-modular-include-in-framework-module -Wno-trigraphs -Wno-missing-field-initializers -Wno-missing-prototypes -Wno-return-type -Wno-implicit-atomic-properties -Wno-objc-interface-ivars -Wno-arc-repeated-use-of-weak -Wno-missing-braces -Wparentheses -Wswitch -Wno-unused-function -Wno-unused-label -Wno-unused-parameter -Wno-unused-variable -Wunused-value -Wno-empty-body -Wno-uninitialized -Wno-unknown-pragmas -w -Wno-shadow -Wno-four-char-constants -Wno-conversion -Wno-constant-conversion -Wno-int-conversion -Wno-bool-conversion -Wno-enum-conversion -Wno-float-conversion -Wno-non-literal-null-conversion -Wno-objc-literal-conversion -Wno-shorten-64-to-32 -Wpointer-sign -Wno-newline-eof -Wno-selector -Wno-strict-selector-match -Wno-undeclared-selector -Wno-deprecated-implementations -Wno-implicit-fallthrough -fstrict-aliasing -Wprotocol -Wdeprecated-declarations -Wno-sign-conversion -Wno-infinite-recursion -Wno-comma -Wno-block-capture-autoreleasing -Wno-strict-prototypes -Wno-semicolon-before-method-body -index-store-path /Users/admin/builder/spi-builder-workspace/.derivedData/Index.noindex/DataStore @/Users/admin/builder/spi-builder-workspace/.derivedData/Build/Intermediates.noindex/Promises.build/Debug-watchos/FBLPromises.build/Objects-normal/arm64_32/e6072d4f65d7061329687fe24e3d63a7-common-args.resp -include /Users/admin/builder/spi-builder-workspace/.derivedData/Build/Intermediates.noindex/Promises.build/Debug-watchos/FBLPromises.build/DerivedSources/resource_bundle_accessor.h -MMD -MT dependencies -MF /Users/admin/builder/spi-builder-workspace/.derivedData/Build/Intermediates.noindex/Promises.build/Debug-watchos/FBLPromises.build/Objects-normal/arm64_32/FBLPromise+Race.d --serialize-diagnostics /Users/admin/builder/spi-builder-workspace/.derivedData/Build/Intermediates.noindex/Promises.build/Debug-watchos/FBLPromises.build/Objects-normal/arm64_32/FBLPromise+Race.dia -c /Users/admin/builder/spi-builder-workspace/.dependencies/checkouts/promises/Sources/FBLPromises/FBLPromise+Race.m -o /Users/admin/builder/spi-builder-workspace/.derivedData/Build/Intermediates.noindex/Promises.build/Debug-watchos/FBLPromises.build/Objects-normal/arm64_32/FBLPromise+Race.o -index-unit-output-path /Promises.build/Debug-watchos/FBLPromises.build/Objects-normal/arm64_32/FBLPromise+Race.o
CompileC /Users/admin/builder/spi-builder-workspace/.derivedData/Build/Intermediates.noindex/Promises.build/Debug-watchos/FBLPromises.build/Objects-normal/arm64_32/FBLPromise+Do.o /Users/admin/builder/spi-builder-workspace/.dependencies/checkouts/promises/Sources/FBLPromises/FBLPromise+Do.m normal arm64_32 objective-c com.apple.compilers.llvm.clang.1_0.compiler (in target 'FBLPromises' from project 'Promises')
    cd /Users/admin/builder/spi-builder-workspace/.swiftpm/xcode

    Using response file: /Users/admin/builder/spi-builder-workspace/.derivedData/Build/Intermediates.noindex/Promises.build/Debug-watchos/FBLPromises.build/Objects-normal/arm64_32/e6072d4f65d7061329687fe24e3d63a7-common-args.resp

    /Applications/Xcode-16.3.0.app/Contents/Developer/Toolchains/XcodeDefault.xctoolchain/usr/bin/clang -x objective-c -ivfsstatcache /Users/admin/builder/spi-builder-workspace/.derivedData/SDKStatCaches.noindex/watchos11.4-22T246-43efb940ff07ba2497b70ec94253f576.sdkstatcache -fmessage-length\=0 -fdiagnostics-show-note-include-stack -fmacro-backtrace-limit\=0 -fno-color-diagnostics -fmodules-prune-interval\=86400 -fmodules-prune-after\=345600 -fbuild-session-file\=/Users/admin/builder/spi-builder-workspace/.derivedData/ModuleCache.noindex/Session.modulevalidation -fmodules-validate-once-per-build-session -Wnon-modular-include-in-framework-module -Werror\=non-modular-include-in-framework-module -Wno-trigraphs -Wno-missing-field-initializers -Wno-missing-prototypes -Wno-return-type -Wno-implicit-atomic-properties -Wno-objc-interface-ivars -Wno-arc-repeated-use-of-weak -Wno-missing-braces -Wparentheses -Wswitch -Wno-unused-function -Wno-unused-label -Wno-unused-parameter -Wno-unused-variable -Wunused-value -Wno-empty-body -Wno-uninitialized -Wno-unknown-pragmas -w -Wno-shadow -Wno-four-char-constants -Wno-conversion -Wno-constant-conversion -Wno-int-conversion -Wno-bool-conversion -Wno-enum-conversion -Wno-float-conversion -Wno-non-literal-null-conversion -Wno-objc-literal-conversion -Wno-shorten-64-to-32 -Wpointer-sign -Wno-newline-eof -Wno-selector -Wno-strict-selector-match -Wno-undeclared-selector -Wno-deprecated-implementations -Wno-implicit-fallthrough -fstrict-aliasing -Wprotocol -Wdeprecated-declarations -Wno-sign-conversion -Wno-infinite-recursion -Wno-comma -Wno-block-capture-autoreleasing -Wno-strict-prototypes -Wno-semicolon-before-method-body -index-store-path /Users/admin/builder/spi-builder-workspace/.derivedData/Index.noindex/DataStore @/Users/admin/builder/spi-builder-workspace/.derivedData/Build/Intermediates.noindex/Promises.build/Debug-watchos/FBLPromises.build/Objects-normal/arm64_32/e6072d4f65d7061329687fe24e3d63a7-common-args.resp -include /Users/admin/builder/spi-builder-workspace/.derivedData/Build/Intermediates.noindex/Promises.build/Debug-watchos/FBLPromises.build/DerivedSources/resource_bundle_accessor.h -MMD -MT dependencies -MF /Users/admin/builder/spi-builder-workspace/.derivedData/Build/Intermediates.noindex/Promises.build/Debug-watchos/FBLPromises.build/Objects-normal/arm64_32/FBLPromise+Do.d --serialize-diagnostics /Users/admin/builder/spi-builder-workspace/.derivedData/Build/Intermediates.noindex/Promises.build/Debug-watchos/FBLPromises.build/Objects-normal/arm64_32/FBLPromise+Do.dia -c /Users/admin/builder/spi-builder-workspace/.dependencies/checkouts/promises/Sources/FBLPromises/FBLPromise+Do.m -o /Users/admin/builder/spi-builder-workspace/.derivedData/Build/Intermediates.noindex/Promises.build/Debug-watchos/FBLPromises.build/Objects-normal/arm64_32/FBLPromise+Do.o -index-unit-output-path /Promises.build/Debug-watchos/FBLPromises.build/Objects-normal/arm64_32/FBLPromise+Do.o
CompileC /Users/admin/builder/spi-builder-workspace/.derivedData/Build/Intermediates.noindex/Promises.build/Debug-watchos/FBLPromises.build/Objects-normal/arm64_32/FBLPromise+Delay.o /Users/admin/builder/spi-builder-workspace/.dependencies/checkouts/promises/Sources/FBLPromises/FBLPromise+Delay.m normal arm64_32 objective-c com.apple.compilers.llvm.clang.1_0.compiler (in target 'FBLPromises' from project 'Promises')
    cd /Users/admin/builder/spi-builder-workspace/.swiftpm/xcode

    Using response file: /Users/admin/builder/spi-builder-workspace/.derivedData/Build/Intermediates.noindex/Promises.build/Debug-watchos/FBLPromises.build/Objects-normal/arm64_32/e6072d4f65d7061329687fe24e3d63a7-common-args.resp

    /Applications/Xcode-16.3.0.app/Contents/Developer/Toolchains/XcodeDefault.xctoolchain/usr/bin/clang -x objective-c -ivfsstatcache /Users/admin/builder/spi-builder-workspace/.derivedData/SDKStatCaches.noindex/watchos11.4-22T246-43efb940ff07ba2497b70ec94253f576.sdkstatcache -fmessage-length\=0 -fdiagnostics-show-note-include-stack -fmacro-backtrace-limit\=0 -fno-color-diagnostics -fmodules-prune-interval\=86400 -fmodules-prune-after\=345600 -fbuild-session-file\=/Users/admin/builder/spi-builder-workspace/.derivedData/ModuleCache.noindex/Session.modulevalidation -fmodules-validate-once-per-build-session -Wnon-modular-include-in-framework-module -Werror\=non-modular-include-in-framework-module -Wno-trigraphs -Wno-missing-field-initializers -Wno-missing-prototypes -Wno-return-type -Wno-implicit-atomic-properties -Wno-objc-interface-ivars -Wno-arc-repeated-use-of-weak -Wno-missing-braces -Wparentheses -Wswitch -Wno-unused-function -Wno-unused-label -Wno-unused-parameter -Wno-unused-variable -Wunused-value -Wno-empty-body -Wno-uninitialized -Wno-unknown-pragmas -w -Wno-shadow -Wno-four-char-constants -Wno-conversion -Wno-constant-conversion -Wno-int-conversion -Wno-bool-conversion -Wno-enum-conversion -Wno-float-conversion -Wno-non-literal-null-conversion -Wno-objc-literal-conversion -Wno-shorten-64-to-32 -Wpointer-sign -Wno-newline-eof -Wno-selector -Wno-strict-selector-match -Wno-undeclared-selector -Wno-deprecated-implementations -Wno-implicit-fallthrough -fstrict-aliasing -Wprotocol -Wdeprecated-declarations -Wno-sign-conversion -Wno-infinite-recursion -Wno-comma -Wno-block-capture-autoreleasing -Wno-strict-prototypes -Wno-semicolon-before-method-body -index-store-path /Users/admin/builder/spi-builder-workspace/.derivedData/Index.noindex/DataStore @/Users/admin/builder/spi-builder-workspace/.derivedData/Build/Intermediates.noindex/Promises.build/Debug-watchos/FBLPromises.build/Objects-normal/arm64_32/e6072d4f65d7061329687fe24e3d63a7-common-args.resp -include /Users/admin/builder/spi-builder-workspace/.derivedData/Build/Intermediates.noindex/Promises.build/Debug-watchos/FBLPromises.build/DerivedSources/resource_bundle_accessor.h -MMD -MT dependencies -MF /Users/admin/builder/spi-builder-workspace/.derivedData/Build/Intermediates.noindex/Promises.build/Debug-watchos/FBLPromises.build/Objects-normal/arm64_32/FBLPromise+Delay.d --serialize-diagnostics /Users/admin/builder/spi-builder-workspace/.derivedData/Build/Intermediates.noindex/Promises.build/Debug-watchos/FBLPromises.build/Objects-normal/arm64_32/FBLPromise+Delay.dia -c /Users/admin/builder/spi-builder-workspace/.dependencies/checkouts/promises/Sources/FBLPromises/FBLPromise+Delay.m -o /Users/admin/builder/spi-builder-workspace/.derivedData/Build/Intermediates.noindex/Promises.build/Debug-watchos/FBLPromises.build/Objects-normal/arm64_32/FBLPromise+Delay.o -index-unit-output-path /Promises.build/Debug-watchos/FBLPromises.build/Objects-normal/arm64_32/FBLPromise+Delay.o
CompileC /Users/admin/builder/spi-builder-workspace/.derivedData/Build/Intermediates.noindex/Promises.build/Debug-watchos/FBLPromises.build/Objects-normal/arm64_32/FBLPromise+Catch.o /Users/admin/builder/spi-builder-workspace/.dependencies/checkouts/promises/Sources/FBLPromises/FBLPromise+Catch.m normal arm64_32 objective-c com.apple.compilers.llvm.clang.1_0.compiler (in target 'FBLPromises' from project 'Promises')
    cd /Users/admin/builder/spi-builder-workspace/.swiftpm/xcode

    Using response file: /Users/admin/builder/spi-builder-workspace/.derivedData/Build/Intermediates.noindex/Promises.build/Debug-watchos/FBLPromises.build/Objects-normal/arm64_32/e6072d4f65d7061329687fe24e3d63a7-common-args.resp

    /Applications/Xcode-16.3.0.app/Contents/Developer/Toolchains/XcodeDefault.xctoolchain/usr/bin/clang -x objective-c -ivfsstatcache /Users/admin/builder/spi-builder-workspace/.derivedData/SDKStatCaches.noindex/watchos11.4-22T246-43efb940ff07ba2497b70ec94253f576.sdkstatcache -fmessage-length\=0 -fdiagnostics-show-note-include-stack -fmacro-backtrace-limit\=0 -fno-color-diagnostics -fmodules-prune-interval\=86400 -fmodules-prune-after\=345600 -fbuild-session-file\=/Users/admin/builder/spi-builder-workspace/.derivedData/ModuleCache.noindex/Session.modulevalidation -fmodules-validate-once-per-build-session -Wnon-modular-include-in-framework-module -Werror\=non-modular-include-in-framework-module -Wno-trigraphs -Wno-missing-field-initializers -Wno-missing-prototypes -Wno-return-type -Wno-implicit-atomic-properties -Wno-objc-interface-ivars -Wno-arc-repeated-use-of-weak -Wno-missing-braces -Wparentheses -Wswitch -Wno-unused-function -Wno-unused-label -Wno-unused-parameter -Wno-unused-variable -Wunused-value -Wno-empty-body -Wno-uninitialized -Wno-unknown-pragmas -w -Wno-shadow -Wno-four-char-constants -Wno-conversion -Wno-constant-conversion -Wno-int-conversion -Wno-bool-conversion -Wno-enum-conversion -Wno-float-conversion -Wno-non-literal-null-conversion -Wno-objc-literal-conversion -Wno-shorten-64-to-32 -Wpointer-sign -Wno-newline-eof -Wno-selector -Wno-strict-selector-match -Wno-undeclared-selector -Wno-deprecated-implementations -Wno-implicit-fallthrough -fstrict-aliasing -Wprotocol -Wdeprecated-declarations -Wno-sign-conversion -Wno-infinite-recursion -Wno-comma -Wno-block-capture-autoreleasing -Wno-strict-prototypes -Wno-semicolon-before-method-body -index-store-path /Users/admin/builder/spi-builder-workspace/.derivedData/Index.noindex/DataStore @/Users/admin/builder/spi-builder-workspace/.derivedData/Build/Intermediates.noindex/Promises.build/Debug-watchos/FBLPromises.build/Objects-normal/arm64_32/e6072d4f65d7061329687fe24e3d63a7-common-args.resp -include /Users/admin/builder/spi-builder-workspace/.derivedData/Build/Intermediates.noindex/Promises.build/Debug-watchos/FBLPromises.build/DerivedSources/resource_bundle_accessor.h -MMD -MT dependencies -MF /Users/admin/builder/spi-builder-workspace/.derivedData/Build/Intermediates.noindex/Promises.build/Debug-watchos/FBLPromises.build/Objects-normal/arm64_32/FBLPromise+Catch.d --serialize-diagnostics /Users/admin/builder/spi-builder-workspace/.derivedData/Build/Intermediates.noindex/Promises.build/Debug-watchos/FBLPromises.build/Objects-normal/arm64_32/FBLPromise+Catch.dia -c /Users/admin/builder/spi-builder-workspace/.dependencies/checkouts/promises/Sources/FBLPromises/FBLPromise+Catch.m -o /Users/admin/builder/spi-builder-workspace/.derivedData/Build/Intermediates.noindex/Promises.build/Debug-watchos/FBLPromises.build/Objects-normal/arm64_32/FBLPromise+Catch.o -index-unit-output-path /Promises.build/Debug-watchos/FBLPromises.build/Objects-normal/arm64_32/FBLPromise+Catch.o
CompileC /Users/admin/builder/spi-builder-workspace/.derivedData/Build/Intermediates.noindex/Promises.build/Debug-watchos/FBLPromises.build/Objects-normal/arm64_32/FBLPromise+Await.o /Users/admin/builder/spi-builder-workspace/.dependencies/checkouts/promises/Sources/FBLPromises/FBLPromise+Await.m normal arm64_32 objective-c com.apple.compilers.llvm.clang.1_0.compiler (in target 'FBLPromises' from project 'Promises')
    cd /Users/admin/builder/spi-builder-workspace/.swiftpm/xcode

    Using response file: /Users/admin/builder/spi-builder-workspace/.derivedData/Build/Intermediates.noindex/Promises.build/Debug-watchos/FBLPromises.build/Objects-normal/arm64_32/e6072d4f65d7061329687fe24e3d63a7-common-args.resp

    /Applications/Xcode-16.3.0.app/Contents/Developer/Toolchains/XcodeDefault.xctoolchain/usr/bin/clang -x objective-c -ivfsstatcache /Users/admin/builder/spi-builder-workspace/.derivedData/SDKStatCaches.noindex/watchos11.4-22T246-43efb940ff07ba2497b70ec94253f576.sdkstatcache -fmessage-length\=0 -fdiagnostics-show-note-include-stack -fmacro-backtrace-limit\=0 -fno-color-diagnostics -fmodules-prune-interval\=86400 -fmodules-prune-after\=345600 -fbuild-session-file\=/Users/admin/builder/spi-builder-workspace/.derivedData/ModuleCache.noindex/Session.modulevalidation -fmodules-validate-once-per-build-session -Wnon-modular-include-in-framework-module -Werror\=non-modular-include-in-framework-module -Wno-trigraphs -Wno-missing-field-initializers -Wno-missing-prototypes -Wno-return-type -Wno-implicit-atomic-properties -Wno-objc-interface-ivars -Wno-arc-repeated-use-of-weak -Wno-missing-braces -Wparentheses -Wswitch -Wno-unused-function -Wno-unused-label -Wno-unused-parameter -Wno-unused-variable -Wunused-value -Wno-empty-body -Wno-uninitialized -Wno-unknown-pragmas -w -Wno-shadow -Wno-four-char-constants -Wno-conversion -Wno-constant-conversion -Wno-int-conversion -Wno-bool-conversion -Wno-enum-conversion -Wno-float-conversion -Wno-non-literal-null-conversion -Wno-objc-literal-conversion -Wno-shorten-64-to-32 -Wpointer-sign -Wno-newline-eof -Wno-selector -Wno-strict-selector-match -Wno-undeclared-selector -Wno-deprecated-implementations -Wno-implicit-fallthrough -fstrict-aliasing -Wprotocol -Wdeprecated-declarations -Wno-sign-conversion -Wno-infinite-recursion -Wno-comma -Wno-block-capture-autoreleasing -Wno-strict-prototypes -Wno-semicolon-before-method-body -index-store-path /Users/admin/builder/spi-builder-workspace/.derivedData/Index.noindex/DataStore @/Users/admin/builder/spi-builder-workspace/.derivedData/Build/Intermediates.noindex/Promises.build/Debug-watchos/FBLPromises.build/Objects-normal/arm64_32/e6072d4f65d7061329687fe24e3d63a7-common-args.resp -include /Users/admin/builder/spi-builder-workspace/.derivedData/Build/Intermediates.noindex/Promises.build/Debug-watchos/FBLPromises.build/DerivedSources/resource_bundle_accessor.h -MMD -MT dependencies -MF /Users/admin/builder/spi-builder-workspace/.derivedData/Build/Intermediates.noindex/Promises.build/Debug-watchos/FBLPromises.build/Objects-normal/arm64_32/FBLPromise+Await.d --serialize-diagnostics /Users/admin/builder/spi-builder-workspace/.derivedData/Build/Intermediates.noindex/Promises.build/Debug-watchos/FBLPromises.build/Objects-normal/arm64_32/FBLPromise+Await.dia -c /Users/admin/builder/spi-builder-workspace/.dependencies/checkouts/promises/Sources/FBLPromises/FBLPromise+Await.m -o /Users/admin/builder/spi-builder-workspace/.derivedData/Build/Intermediates.noindex/Promises.build/Debug-watchos/FBLPromises.build/Objects-normal/arm64_32/FBLPromise+Await.o -index-unit-output-path /Promises.build/Debug-watchos/FBLPromises.build/Objects-normal/arm64_32/FBLPromise+Await.o
CompileC /Users/admin/builder/spi-builder-workspace/.derivedData/Build/Intermediates.noindex/Promises.build/Debug-watchos/FBLPromises.build/Objects-normal/arm64_32/FBLPromise+Async.o /Users/admin/builder/spi-builder-workspace/.dependencies/checkouts/promises/Sources/FBLPromises/FBLPromise+Async.m normal arm64_32 objective-c com.apple.compilers.llvm.clang.1_0.compiler (in target 'FBLPromises' from project 'Promises')
    cd /Users/admin/builder/spi-builder-workspace/.swiftpm/xcode

    Using response file: /Users/admin/builder/spi-builder-workspace/.derivedData/Build/Intermediates.noindex/Promises.build/Debug-watchos/FBLPromises.build/Objects-normal/arm64_32/e6072d4f65d7061329687fe24e3d63a7-common-args.resp

    /Applications/Xcode-16.3.0.app/Contents/Developer/Toolchains/XcodeDefault.xctoolchain/usr/bin/clang -x objective-c -ivfsstatcache /Users/admin/builder/spi-builder-workspace/.derivedData/SDKStatCaches.noindex/watchos11.4-22T246-43efb940ff07ba2497b70ec94253f576.sdkstatcache -fmessage-length\=0 -fdiagnostics-show-note-include-stack -fmacro-backtrace-limit\=0 -fno-color-diagnostics -fmodules-prune-interval\=86400 -fmodules-prune-after\=345600 -fbuild-session-file\=/Users/admin/builder/spi-builder-workspace/.derivedData/ModuleCache.noindex/Session.modulevalidation -fmodules-validate-once-per-build-session -Wnon-modular-include-in-framework-module -Werror\=non-modular-include-in-framework-module -Wno-trigraphs -Wno-missing-field-initializers -Wno-missing-prototypes -Wno-return-type -Wno-implicit-atomic-properties -Wno-objc-interface-ivars -Wno-arc-repeated-use-of-weak -Wno-missing-braces -Wparentheses -Wswitch -Wno-unused-function -Wno-unused-label -Wno-unused-parameter -Wno-unused-variable -Wunused-value -Wno-empty-body -Wno-uninitialized -Wno-unknown-pragmas -w -Wno-shadow -Wno-four-char-constants -Wno-conversion -Wno-constant-conversion -Wno-int-conversion -Wno-bool-conversion -Wno-enum-conversion -Wno-float-conversion -Wno-non-literal-null-conversion -Wno-objc-literal-conversion -Wno-shorten-64-to-32 -Wpointer-sign -Wno-newline-eof -Wno-selector -Wno-strict-selector-match -Wno-undeclared-selector -Wno-deprecated-implementations -Wno-implicit-fallthrough -fstrict-aliasing -Wprotocol -Wdeprecated-declarations -Wno-sign-conversion -Wno-infinite-recursion -Wno-comma -Wno-block-capture-autoreleasing -Wno-strict-prototypes -Wno-semicolon-before-method-body -index-store-path /Users/admin/builder/spi-builder-workspace/.derivedData/Index.noindex/DataStore @/Users/admin/builder/spi-builder-workspace/.derivedData/Build/Intermediates.noindex/Promises.build/Debug-watchos/FBLPromises.build/Objects-normal/arm64_32/e6072d4f65d7061329687fe24e3d63a7-common-args.resp -include /Users/admin/builder/spi-builder-workspace/.derivedData/Build/Intermediates.noindex/Promises.build/Debug-watchos/FBLPromises.build/DerivedSources/resource_bundle_accessor.h -MMD -MT dependencies -MF /Users/admin/builder/spi-builder-workspace/.derivedData/Build/Intermediates.noindex/Promises.build/Debug-watchos/FBLPromises.build/Objects-normal/arm64_32/FBLPromise+Async.d --serialize-diagnostics /Users/admin/builder/spi-builder-workspace/.derivedData/Build/Intermediates.noindex/Promises.build/Debug-watchos/FBLPromises.build/Objects-normal/arm64_32/FBLPromise+Async.dia -c /Users/admin/builder/spi-builder-workspace/.dependencies/checkouts/promises/Sources/FBLPromises/FBLPromise+Async.m -o /Users/admin/builder/spi-builder-workspace/.derivedData/Build/Intermediates.noindex/Promises.build/Debug-watchos/FBLPromises.build/Objects-normal/arm64_32/FBLPromise+Async.o -index-unit-output-path /Promises.build/Debug-watchos/FBLPromises.build/Objects-normal/arm64_32/FBLPromise+Async.o
CompileC /Users/admin/builder/spi-builder-workspace/.derivedData/Build/Intermediates.noindex/Promises.build/Debug-watchos/FBLPromises.build/Objects-normal/arm64_32/FBLPromise+Any.o /Users/admin/builder/spi-builder-workspace/.dependencies/checkouts/promises/Sources/FBLPromises/FBLPromise+Any.m normal arm64_32 objective-c com.apple.compilers.llvm.clang.1_0.compiler (in target 'FBLPromises' from project 'Promises')
    cd /Users/admin/builder/spi-builder-workspace/.swiftpm/xcode

    Using response file: /Users/admin/builder/spi-builder-workspace/.derivedData/Build/Intermediates.noindex/Promises.build/Debug-watchos/FBLPromises.build/Objects-normal/arm64_32/e6072d4f65d7061329687fe24e3d63a7-common-args.resp

    /Applications/Xcode-16.3.0.app/Contents/Developer/Toolchains/XcodeDefault.xctoolchain/usr/bin/clang -x objective-c -ivfsstatcache /Users/admin/builder/spi-builder-workspace/.derivedData/SDKStatCaches.noindex/watchos11.4-22T246-43efb940ff07ba2497b70ec94253f576.sdkstatcache -fmessage-length\=0 -fdiagnostics-show-note-include-stack -fmacro-backtrace-limit\=0 -fno-color-diagnostics -fmodules-prune-interval\=86400 -fmodules-prune-after\=345600 -fbuild-session-file\=/Users/admin/builder/spi-builder-workspace/.derivedData/ModuleCache.noindex/Session.modulevalidation -fmodules-validate-once-per-build-session -Wnon-modular-include-in-framework-module -Werror\=non-modular-include-in-framework-module -Wno-trigraphs -Wno-missing-field-initializers -Wno-missing-prototypes -Wno-return-type -Wno-implicit-atomic-properties -Wno-objc-interface-ivars -Wno-arc-repeated-use-of-weak -Wno-missing-braces -Wparentheses -Wswitch -Wno-unused-function -Wno-unused-label -Wno-unused-parameter -Wno-unused-variable -Wunused-value -Wno-empty-body -Wno-uninitialized -Wno-unknown-pragmas -w -Wno-shadow -Wno-four-char-constants -Wno-conversion -Wno-constant-conversion -Wno-int-conversion -Wno-bool-conversion -Wno-enum-conversion -Wno-float-conversion -Wno-non-literal-null-conversion -Wno-objc-literal-conversion -Wno-shorten-64-to-32 -Wpointer-sign -Wno-newline-eof -Wno-selector -Wno-strict-selector-match -Wno-undeclared-selector -Wno-deprecated-implementations -Wno-implicit-fallthrough -fstrict-aliasing -Wprotocol -Wdeprecated-declarations -Wno-sign-conversion -Wno-infinite-recursion -Wno-comma -Wno-block-capture-autoreleasing -Wno-strict-prototypes -Wno-semicolon-before-method-body -index-store-path /Users/admin/builder/spi-builder-workspace/.derivedData/Index.noindex/DataStore @/Users/admin/builder/spi-builder-workspace/.derivedData/Build/Intermediates.noindex/Promises.build/Debug-watchos/FBLPromises.build/Objects-normal/arm64_32/e6072d4f65d7061329687fe24e3d63a7-common-args.resp -include /Users/admin/builder/spi-builder-workspace/.derivedData/Build/Intermediates.noindex/Promises.build/Debug-watchos/FBLPromises.build/DerivedSources/resource_bundle_accessor.h -MMD -MT dependencies -MF /Users/admin/builder/spi-builder-workspace/.derivedData/Build/Intermediates.noindex/Promises.build/Debug-watchos/FBLPromises.build/Objects-normal/arm64_32/FBLPromise+Any.d --serialize-diagnostics /Users/admin/builder/spi-builder-workspace/.derivedData/Build/Intermediates.noindex/Promises.build/Debug-watchos/FBLPromises.build/Objects-normal/arm64_32/FBLPromise+Any.dia -c /Users/admin/builder/spi-builder-workspace/.dependencies/checkouts/promises/Sources/FBLPromises/FBLPromise+Any.m -o /Users/admin/builder/spi-builder-workspace/.derivedData/Build/Intermediates.noindex/Promises.build/Debug-watchos/FBLPromises.build/Objects-normal/arm64_32/FBLPromise+Any.o -index-unit-output-path /Promises.build/Debug-watchos/FBLPromises.build/Objects-normal/arm64_32/FBLPromise+Any.o
CompileC /Users/admin/builder/spi-builder-workspace/.derivedData/Build/Intermediates.noindex/Promises.build/Debug-watchos/FBLPromises.build/Objects-normal/arm64_32/FBLPromise+Always.o /Users/admin/builder/spi-builder-workspace/.dependencies/checkouts/promises/Sources/FBLPromises/FBLPromise+Always.m normal arm64_32 objective-c com.apple.compilers.llvm.clang.1_0.compiler (in target 'FBLPromises' from project 'Promises')
    cd /Users/admin/builder/spi-builder-workspace/.swiftpm/xcode

    Using response file: /Users/admin/builder/spi-builder-workspace/.derivedData/Build/Intermediates.noindex/Promises.build/Debug-watchos/FBLPromises.build/Objects-normal/arm64_32/e6072d4f65d7061329687fe24e3d63a7-common-args.resp

    /Applications/Xcode-16.3.0.app/Contents/Developer/Toolchains/XcodeDefault.xctoolchain/usr/bin/clang -x objective-c -ivfsstatcache /Users/admin/builder/spi-builder-workspace/.derivedData/SDKStatCaches.noindex/watchos11.4-22T246-43efb940ff07ba2497b70ec94253f576.sdkstatcache -fmessage-length\=0 -fdiagnostics-show-note-include-stack -fmacro-backtrace-limit\=0 -fno-color-diagnostics -fmodules-prune-interval\=86400 -fmodules-prune-after\=345600 -fbuild-session-file\=/Users/admin/builder/spi-builder-workspace/.derivedData/ModuleCache.noindex/Session.modulevalidation -fmodules-validate-once-per-build-session -Wnon-modular-include-in-framework-module -Werror\=non-modular-include-in-framework-module -Wno-trigraphs -Wno-missing-field-initializers -Wno-missing-prototypes -Wno-return-type -Wno-implicit-atomic-properties -Wno-objc-interface-ivars -Wno-arc-repeated-use-of-weak -Wno-missing-braces -Wparentheses -Wswitch -Wno-unused-function -Wno-unused-label -Wno-unused-parameter -Wno-unused-variable -Wunused-value -Wno-empty-body -Wno-uninitialized -Wno-unknown-pragmas -w -Wno-shadow -Wno-four-char-constants -Wno-conversion -Wno-constant-conversion -Wno-int-conversion -Wno-bool-conversion -Wno-enum-conversion -Wno-float-conversion -Wno-non-literal-null-conversion -Wno-objc-literal-conversion -Wno-shorten-64-to-32 -Wpointer-sign -Wno-newline-eof -Wno-selector -Wno-strict-selector-match -Wno-undeclared-selector -Wno-deprecated-implementations -Wno-implicit-fallthrough -fstrict-aliasing -Wprotocol -Wdeprecated-declarations -Wno-sign-conversion -Wno-infinite-recursion -Wno-comma -Wno-block-capture-autoreleasing -Wno-strict-prototypes -Wno-semicolon-before-method-body -index-store-path /Users/admin/builder/spi-builder-workspace/.derivedData/Index.noindex/DataStore @/Users/admin/builder/spi-builder-workspace/.derivedData/Build/Intermediates.noindex/Promises.build/Debug-watchos/FBLPromises.build/Objects-normal/arm64_32/e6072d4f65d7061329687fe24e3d63a7-common-args.resp -include /Users/admin/builder/spi-builder-workspace/.derivedData/Build/Intermediates.noindex/Promises.build/Debug-watchos/FBLPromises.build/DerivedSources/resource_bundle_accessor.h -MMD -MT dependencies -MF /Users/admin/builder/spi-builder-workspace/.derivedData/Build/Intermediates.noindex/Promises.build/Debug-watchos/FBLPromises.build/Objects-normal/arm64_32/FBLPromise+Always.d --serialize-diagnostics /Users/admin/builder/spi-builder-workspace/.derivedData/Build/Intermediates.noindex/Promises.build/Debug-watchos/FBLPromises.build/Objects-normal/arm64_32/FBLPromise+Always.dia -c /Users/admin/builder/spi-builder-workspace/.dependencies/checkouts/promises/Sources/FBLPromises/FBLPromise+Always.m -o /Users/admin/builder/spi-builder-workspace/.derivedData/Build/Intermediates.noindex/Promises.build/Debug-watchos/FBLPromises.build/Objects-normal/arm64_32/FBLPromise+Always.o -index-unit-output-path /Promises.build/Debug-watchos/FBLPromises.build/Objects-normal/arm64_32/FBLPromise+Always.o
CompileC /Users/admin/builder/spi-builder-workspace/.derivedData/Build/Intermediates.noindex/Promises.build/Debug-watchos/FBLPromises.build/Objects-normal/arm64_32/FBLPromise+All.o /Users/admin/builder/spi-builder-workspace/.dependencies/checkouts/promises/Sources/FBLPromises/FBLPromise+All.m normal arm64_32 objective-c com.apple.compilers.llvm.clang.1_0.compiler (in target 'FBLPromises' from project 'Promises')
    cd /Users/admin/builder/spi-builder-workspace/.swiftpm/xcode

    Using response file: /Users/admin/builder/spi-builder-workspace/.derivedData/Build/Intermediates.noindex/Promises.build/Debug-watchos/FBLPromises.build/Objects-normal/arm64_32/e6072d4f65d7061329687fe24e3d63a7-common-args.resp

    /Applications/Xcode-16.3.0.app/Contents/Developer/Toolchains/XcodeDefault.xctoolchain/usr/bin/clang -x objective-c -ivfsstatcache /Users/admin/builder/spi-builder-workspace/.derivedData/SDKStatCaches.noindex/watchos11.4-22T246-43efb940ff07ba2497b70ec94253f576.sdkstatcache -fmessage-length\=0 -fdiagnostics-show-note-include-stack -fmacro-backtrace-limit\=0 -fno-color-diagnostics -fmodules-prune-interval\=86400 -fmodules-prune-after\=345600 -fbuild-session-file\=/Users/admin/builder/spi-builder-workspace/.derivedData/ModuleCache.noindex/Session.modulevalidation -fmodules-validate-once-per-build-session -Wnon-modular-include-in-framework-module -Werror\=non-modular-include-in-framework-module -Wno-trigraphs -Wno-missing-field-initializers -Wno-missing-prototypes -Wno-return-type -Wno-implicit-atomic-properties -Wno-objc-interface-ivars -Wno-arc-repeated-use-of-weak -Wno-missing-braces -Wparentheses -Wswitch -Wno-unused-function -Wno-unused-label -Wno-unused-parameter -Wno-unused-variable -Wunused-value -Wno-empty-body -Wno-uninitialized -Wno-unknown-pragmas -w -Wno-shadow -Wno-four-char-constants -Wno-conversion -Wno-constant-conversion -Wno-int-conversion -Wno-bool-conversion -Wno-enum-conversion -Wno-float-conversion -Wno-non-literal-null-conversion -Wno-objc-literal-conversion -Wno-shorten-64-to-32 -Wpointer-sign -Wno-newline-eof -Wno-selector -Wno-strict-selector-match -Wno-undeclared-selector -Wno-deprecated-implementations -Wno-implicit-fallthrough -fstrict-aliasing -Wprotocol -Wdeprecated-declarations -Wno-sign-conversion -Wno-infinite-recursion -Wno-comma -Wno-block-capture-autoreleasing -Wno-strict-prototypes -Wno-semicolon-before-method-body -index-store-path /Users/admin/builder/spi-builder-workspace/.derivedData/Index.noindex/DataStore @/Users/admin/builder/spi-builder-workspace/.derivedData/Build/Intermediates.noindex/Promises.build/Debug-watchos/FBLPromises.build/Objects-normal/arm64_32/e6072d4f65d7061329687fe24e3d63a7-common-args.resp -include /Users/admin/builder/spi-builder-workspace/.derivedData/Build/Intermediates.noindex/Promises.build/Debug-watchos/FBLPromises.build/DerivedSources/resource_bundle_accessor.h -MMD -MT dependencies -MF /Users/admin/builder/spi-builder-workspace/.derivedData/Build/Intermediates.noindex/Promises.build/Debug-watchos/FBLPromises.build/Objects-normal/arm64_32/FBLPromise+All.d --serialize-diagnostics /Users/admin/builder/spi-builder-workspace/.derivedData/Build/Intermediates.noindex/Promises.build/Debug-watchos/FBLPromises.build/Objects-normal/arm64_32/FBLPromise+All.dia -c /Users/admin/builder/spi-builder-workspace/.dependencies/checkouts/promises/Sources/FBLPromises/FBLPromise+All.m -o /Users/admin/builder/spi-builder-workspace/.derivedData/Build/Intermediates.noindex/Promises.build/Debug-watchos/FBLPromises.build/Objects-normal/arm64_32/FBLPromise+All.o -index-unit-output-path /Promises.build/Debug-watchos/FBLPromises.build/Objects-normal/arm64_32/FBLPromise+All.o
SwiftDriverJobDiscovery normal armv7k Compiling HeartbeatController.swift, HeartbeatLoggingTestUtils.swift (in target 'FirebaseCoreInternal' from project 'Firebase')
PrecompileModule /Users/admin/builder/spi-builder-workspace/.derivedData/Build/Intermediates.noindex/ExplicitPrecompiledModules/Security-3KLXSRSRHV9E7D2S1AOGXBF97.scan
    cd /Users/admin/builder/spi-builder-workspace/.swiftpm/xcode
    builtin-precompileModule /Users/admin/builder/spi-builder-workspace/.derivedData/Build/Intermediates.noindex/ExplicitPrecompiledModules/Security-3KLXSRSRHV9E7D2S1AOGXBF97.scan
SwiftDriver\ Compilation HeraldCore normal arm64_32 com.apple.xcode.tools.swift.compiler (in target 'HeraldCore' from project 'herald-ios')
    cd /Users/admin/builder/spi-builder-workspace/.swiftpm/xcode
    builtin-Swift-Compilation -- /Applications/Xcode-16.3.0.app/Contents/Developer/Toolchains/XcodeDefault.xctoolchain/usr/bin/swiftc -module-name HeraldCore -Onone -enforce-exclusivity\=checked @/Users/admin/builder/spi-builder-workspace/.derivedData/Build/Intermediates.noindex/herald-ios.build/Debug-watchos/HeraldCore.build/Objects-normal/arm64_32/HeraldCore.SwiftFileList -DSWIFT_PACKAGE -DDEBUG -DXcode -plugin-path /Applications/Xcode-16.3.0.app/Contents/Developer/Toolchains/XcodeDefault.xctoolchain/usr/lib/swift/host/plugins/testing -enable-experimental-feature DebugDescriptionMacro -sdk /Applications/Xcode-16.3.0.app/Contents/Developer/Platforms/WatchOS.platform/Developer/SDKs/WatchOS11.4.sdk -target arm64_32-apple-watchos8.0 -g -module-cache-path /Users/admin/builder/spi-builder-workspace/.derivedData/ModuleCache.noindex -Xfrontend -serialize-debugging-options -profile-coverage-mapping -profile-generate -enable-testing -suppress-warnings -index-store-path /Users/admin/builder/spi-builder-workspace/.derivedData/Index.noindex/DataStore -swift-version 6 -I /Users/admin/builder/spi-builder-workspace/.derivedData/Build/Products/Debug-watchos -I /Applications/Xcode-16.3.0.app/Contents/Developer/Platforms/WatchOS.platform/Developer/usr/lib -F /Users/admin/builder/spi-builder-workspace/.derivedData/Build/Products/Debug-watchos -F /Applications/Xcode-16.3.0.app/Contents/Developer/Platforms/WatchOS.platform/Developer/Library/Frameworks -F /Applications/Xcode-16.3.0.app/Contents/Developer/Platforms/WatchOS.platform/Developer/SDKs/WatchOS11.4.sdk/Developer/Library/Frameworks -c -j10 -enable-batch-mode -incremental -Xcc -ivfsstatcache -Xcc /Users/admin/builder/spi-builder-workspace/.derivedData/SDKStatCaches.noindex/watchos11.4-22T246-43efb940ff07ba2497b70ec94253f576.sdkstatcache -output-file-map /Users/admin/builder/spi-builder-workspace/.derivedData/Build/Intermediates.noindex/herald-ios.build/Debug-watchos/HeraldCore.build/Objects-normal/arm64_32/HeraldCore-OutputFileMap.json -use-frontend-parseable-output -save-temps -no-color-diagnostics -serialize-diagnostics -emit-dependencies -emit-module -emit-module-path /Users/admin/builder/spi-builder-workspace/.derivedData/Build/Intermediates.noindex/herald-ios.build/Debug-watchos/HeraldCore.build/Objects-normal/arm64_32/HeraldCore.swiftmodule -user-module-version 1.1.0 -validate-clang-modules-once -clang-build-session-file /Users/admin/builder/spi-builder-workspace/.derivedData/ModuleCache.noindex/Session.modulevalidation -package-name herald_ios -Xcc -I/Users/admin/builder/spi-builder-workspace/.derivedData/Build/Intermediates.noindex/herald-ios.build/Debug-watchos/HeraldCore.build/swift-overrides.hmap -emit-const-values -Xfrontend -const-gather-protocols-file -Xfrontend /Users/admin/builder/spi-builder-workspace/.derivedData/Build/Intermediates.noindex/herald-ios.build/Debug-watchos/HeraldCore.build/Objects-normal/arm64_32/HeraldCore_const_extract_protocols.json -Xcc -I/Users/admin/builder/spi-builder-workspace/.derivedData/Build/Products/Debug-watchos/include -Xcc -I/Users/admin/builder/spi-builder-workspace/.derivedData/Build/Intermediates.noindex/herald-ios.build/Debug-watchos/HeraldCore.build/DerivedSources-normal/arm64_32 -Xcc -I/Users/admin/builder/spi-builder-workspace/.derivedData/Build/Intermediates.noindex/herald-ios.build/Debug-watchos/HeraldCore.build/DerivedSources/arm64_32 -Xcc -I/Users/admin/builder/spi-builder-workspace/.derivedData/Build/Intermediates.noindex/herald-ios.build/Debug-watchos/HeraldCore.build/DerivedSources -Xcc -DSWIFT_PACKAGE -Xcc -DDEBUG\=1 -emit-objc-header -emit-objc-header-path /Users/admin/builder/spi-builder-workspace/.derivedData/Build/Intermediates.noindex/herald-ios.build/Debug-watchos/HeraldCore.build/Objects-normal/arm64_32/HeraldCore-Swift.h -working-directory /Users/admin/builder/spi-builder-workspace/.swiftpm/xcode -experimental-emit-module-separately -disable-cmo
SwiftDriver\ Compilation HeraldCore normal arm64 com.apple.xcode.tools.swift.compiler (in target 'HeraldCore' from project 'herald-ios')
    cd /Users/admin/builder/spi-builder-workspace/.swiftpm/xcode
    builtin-Swift-Compilation -- /Applications/Xcode-16.3.0.app/Contents/Developer/Toolchains/XcodeDefault.xctoolchain/usr/bin/swiftc -module-name HeraldCore -Onone -enforce-exclusivity\=checked @/Users/admin/builder/spi-builder-workspace/.derivedData/Build/Intermediates.noindex/herald-ios.build/Debug-watchos/HeraldCore.build/Objects-normal/arm64/HeraldCore.SwiftFileList -DSWIFT_PACKAGE -DDEBUG -DXcode -plugin-path /Applications/Xcode-16.3.0.app/Contents/Developer/Toolchains/XcodeDefault.xctoolchain/usr/lib/swift/host/plugins/testing -enable-experimental-feature DebugDescriptionMacro -sdk /Applications/Xcode-16.3.0.app/Contents/Developer/Platforms/WatchOS.platform/Developer/SDKs/WatchOS11.4.sdk -target arm64-apple-watchos8.0 -g -module-cache-path /Users/admin/builder/spi-builder-workspace/.derivedData/ModuleCache.noindex -Xfrontend -serialize-debugging-options -profile-coverage-mapping -profile-generate -enable-testing -suppress-warnings -index-store-path /Users/admin/builder/spi-builder-workspace/.derivedData/Index.noindex/DataStore -swift-version 6 -I /Users/admin/builder/spi-builder-workspace/.derivedData/Build/Products/Debug-watchos -I /Applications/Xcode-16.3.0.app/Contents/Developer/Platforms/WatchOS.platform/Developer/usr/lib -F /Users/admin/builder/spi-builder-workspace/.derivedData/Build/Products/Debug-watchos -F /Applications/Xcode-16.3.0.app/Contents/Developer/Platforms/WatchOS.platform/Developer/Library/Frameworks -F /Applications/Xcode-16.3.0.app/Contents/Developer/Platforms/WatchOS.platform/Developer/SDKs/WatchOS11.4.sdk/Developer/Library/Frameworks -c -j10 -enable-batch-mode -incremental -Xcc -ivfsstatcache -Xcc /Users/admin/builder/spi-builder-workspace/.derivedData/SDKStatCaches.noindex/watchos11.4-22T246-43efb940ff07ba2497b70ec94253f576.sdkstatcache -output-file-map /Users/admin/builder/spi-builder-workspace/.derivedData/Build/Intermediates.noindex/herald-ios.build/Debug-watchos/HeraldCore.build/Objects-normal/arm64/HeraldCore-OutputFileMap.json -use-frontend-parseable-output -save-temps -no-color-diagnostics -serialize-diagnostics -emit-dependencies -emit-module -emit-module-path /Users/admin/builder/spi-builder-workspace/.derivedData/Build/Intermediates.noindex/herald-ios.build/Debug-watchos/HeraldCore.build/Objects-normal/arm64/HeraldCore.swiftmodule -user-module-version 1.1.0 -validate-clang-modules-once -clang-build-session-file /Users/admin/builder/spi-builder-workspace/.derivedData/ModuleCache.noindex/Session.modulevalidation -package-name herald_ios -Xcc -I/Users/admin/builder/spi-builder-workspace/.derivedData/Build/Intermediates.noindex/herald-ios.build/Debug-watchos/HeraldCore.build/swift-overrides.hmap -emit-const-values -Xfrontend -const-gather-protocols-file -Xfrontend /Users/admin/builder/spi-builder-workspace/.derivedData/Build/Intermediates.noindex/herald-ios.build/Debug-watchos/HeraldCore.build/Objects-normal/arm64/HeraldCore_const_extract_protocols.json -Xcc -I/Users/admin/builder/spi-builder-workspace/.derivedData/Build/Products/Debug-watchos/include -Xcc -I/Users/admin/builder/spi-builder-workspace/.derivedData/Build/Intermediates.noindex/herald-ios.build/Debug-watchos/HeraldCore.build/DerivedSources-normal/arm64 -Xcc -I/Users/admin/builder/spi-builder-workspace/.derivedData/Build/Intermediates.noindex/herald-ios.build/Debug-watchos/HeraldCore.build/DerivedSources/arm64 -Xcc -I/Users/admin/builder/spi-builder-workspace/.derivedData/Build/Intermediates.noindex/herald-ios.build/Debug-watchos/HeraldCore.build/DerivedSources -Xcc -DSWIFT_PACKAGE -Xcc -DDEBUG\=1 -emit-objc-header -emit-objc-header-path /Users/admin/builder/spi-builder-workspace/.derivedData/Build/Intermediates.noindex/herald-ios.build/Debug-watchos/HeraldCore.build/Objects-normal/arm64/HeraldCore-Swift.h -working-directory /Users/admin/builder/spi-builder-workspace/.swiftpm/xcode -experimental-emit-module-separately -disable-cmo
SwiftCompile normal arm64 Compiling\ Storage.swift /Users/admin/builder/spi-builder-workspace/.dependencies/checkouts/firebase-ios-sdk/FirebaseCore/Internal/Sources/HeartbeatLogging/Storage.swift (in target 'FirebaseCoreInternal' from project 'Firebase')
SwiftCompile normal arm64 /Users/admin/builder/spi-builder-workspace/.dependencies/checkouts/firebase-ios-sdk/FirebaseCore/Internal/Sources/HeartbeatLogging/Storage.swift (in target 'FirebaseCoreInternal' from project 'Firebase')
    cd /Users/admin/builder/spi-builder-workspace/.swiftpm/xcode

SwiftCompile normal arm64_32 Compiling\ _ObjC_HeartbeatController.swift /Users/admin/builder/spi-builder-workspace/.dependencies/checkouts/firebase-ios-sdk/FirebaseCore/Internal/Sources/HeartbeatLogging/_ObjC_HeartbeatController.swift (in target 'FirebaseCoreInternal' from project 'Firebase')
SwiftCompile normal arm64_32 /Users/admin/builder/spi-builder-workspace/.dependencies/checkouts/firebase-ios-sdk/FirebaseCore/Internal/Sources/HeartbeatLogging/_ObjC_HeartbeatController.swift (in target 'FirebaseCoreInternal' from project 'Firebase')
    cd /Users/admin/builder/spi-builder-workspace/.swiftpm/xcode

SwiftCompile normal arm64_32 Compiling\ HeartbeatController.swift,\ HeartbeatLoggingTestUtils.swift /Users/admin/builder/spi-builder-workspace/.dependencies/checkouts/firebase-ios-sdk/FirebaseCore/Internal/Sources/HeartbeatLogging/HeartbeatController.swift /Users/admin/builder/spi-builder-workspace/.dependencies/checkouts/firebase-ios-sdk/FirebaseCore/Internal/Sources/HeartbeatLogging/HeartbeatLoggingTestUtils.swift (in target 'FirebaseCoreInternal' from project 'Firebase')
SwiftCompile normal arm64_32 /Users/admin/builder/spi-builder-workspace/.dependencies/checkouts/firebase-ios-sdk/FirebaseCore/Internal/Sources/HeartbeatLogging/HeartbeatController.swift (in target 'FirebaseCoreInternal' from project 'Firebase')
    cd /Users/admin/builder/spi-builder-workspace/.swiftpm/xcode

SwiftCompile normal arm64_32 /Users/admin/builder/spi-builder-workspace/.dependencies/checkouts/firebase-ios-sdk/FirebaseCore/Internal/Sources/HeartbeatLogging/HeartbeatLoggingTestUtils.swift (in target 'FirebaseCoreInternal' from project 'Firebase')
    cd /Users/admin/builder/spi-builder-workspace/.swiftpm/xcode

SwiftCompile normal arm64_32 Compiling\ StorageFactory.swift /Users/admin/builder/spi-builder-workspace/.dependencies/checkouts/firebase-ios-sdk/FirebaseCore/Internal/Sources/HeartbeatLogging/StorageFactory.swift (in target 'FirebaseCoreInternal' from project 'Firebase')
SwiftCompile normal arm64_32 /Users/admin/builder/spi-builder-workspace/.dependencies/checkouts/firebase-ios-sdk/FirebaseCore/Internal/Sources/HeartbeatLogging/StorageFactory.swift (in target 'FirebaseCoreInternal' from project 'Firebase')
    cd /Users/admin/builder/spi-builder-workspace/.swiftpm/xcode

SwiftCompile normal arm64 Compiling\ _ObjC_HeartbeatsPayload.swift /Users/admin/builder/spi-builder-workspace/.dependencies/checkouts/firebase-ios-sdk/FirebaseCore/Internal/Sources/HeartbeatLogging/_ObjC_HeartbeatsPayload.swift (in target 'FirebaseCoreInternal' from project 'Firebase')
SwiftCompile normal arm64 /Users/admin/builder/spi-builder-workspace/.dependencies/checkouts/firebase-ios-sdk/FirebaseCore/Internal/Sources/HeartbeatLogging/_ObjC_HeartbeatsPayload.swift (in target 'FirebaseCoreInternal' from project 'Firebase')
    cd /Users/admin/builder/spi-builder-workspace/.swiftpm/xcode

SwiftCompile normal arm64 Compiling\ WeakContainer.swift /Users/admin/builder/spi-builder-workspace/.dependencies/checkouts/firebase-ios-sdk/FirebaseCore/Internal/Sources/HeartbeatLogging/WeakContainer.swift (in target 'FirebaseCoreInternal' from project 'Firebase')
SwiftCompile normal arm64 /Users/admin/builder/spi-builder-workspace/.dependencies/checkouts/firebase-ios-sdk/FirebaseCore/Internal/Sources/HeartbeatLogging/WeakContainer.swift (in target 'FirebaseCoreInternal' from project 'Firebase')
    cd /Users/admin/builder/spi-builder-workspace/.swiftpm/xcode

SwiftCompile normal armv7k Compiling\ WeakContainer.swift /Users/admin/builder/spi-builder-workspace/.dependencies/checkouts/firebase-ios-sdk/FirebaseCore/Internal/Sources/HeartbeatLogging/WeakContainer.swift (in target 'FirebaseCoreInternal' from project 'Firebase')
SwiftCompile normal armv7k /Users/admin/builder/spi-builder-workspace/.dependencies/checkouts/firebase-ios-sdk/FirebaseCore/Internal/Sources/HeartbeatLogging/WeakContainer.swift (in target 'FirebaseCoreInternal' from project 'Firebase')
    cd /Users/admin/builder/spi-builder-workspace/.swiftpm/xcode

SwiftCompile normal armv7k Compiling\ UnfairLock.swift /Users/admin/builder/spi-builder-workspace/.dependencies/checkouts/firebase-ios-sdk/FirebaseCore/Internal/Sources/Utilities/UnfairLock.swift (in target 'FirebaseCoreInternal' from project 'Firebase')
SwiftCompile normal armv7k /Users/admin/builder/spi-builder-workspace/.dependencies/checkouts/firebase-ios-sdk/FirebaseCore/Internal/Sources/Utilities/UnfairLock.swift (in target 'FirebaseCoreInternal' from project 'Firebase')
    cd /Users/admin/builder/spi-builder-workspace/.swiftpm/xcode

SwiftCompile normal armv7k Compiling\ HeartbeatsPayload.swift,\ RingBuffer.swift /Users/admin/builder/spi-builder-workspace/.dependencies/checkouts/firebase-ios-sdk/FirebaseCore/Internal/Sources/HeartbeatLogging/HeartbeatsPayload.swift /Users/admin/builder/spi-builder-workspace/.dependencies/checkouts/firebase-ios-sdk/FirebaseCore/Internal/Sources/HeartbeatLogging/RingBuffer.swift (in target 'FirebaseCoreInternal' from project 'Firebase')
SwiftCompile normal armv7k /Users/admin/builder/spi-builder-workspace/.dependencies/checkouts/firebase-ios-sdk/FirebaseCore/Internal/Sources/HeartbeatLogging/HeartbeatsPayload.swift (in target 'FirebaseCoreInternal' from project 'Firebase')
    cd /Users/admin/builder/spi-builder-workspace/.swiftpm/xcode

SwiftCompile normal armv7k /Users/admin/builder/spi-builder-workspace/.dependencies/checkouts/firebase-ios-sdk/FirebaseCore/Internal/Sources/HeartbeatLogging/RingBuffer.swift (in target 'FirebaseCoreInternal' from project 'Firebase')
    cd /Users/admin/builder/spi-builder-workspace/.swiftpm/xcode

Ld /Users/admin/builder/spi-builder-workspace/.derivedData/Build/Intermediates.noindex/Promises.build/Debug-watchos/FBLPromises.build/Objects-normal/arm64_32/Binary/FBLPromises.o normal arm64_32 (in target 'FBLPromises' from project 'Promises')
    cd /Users/admin/builder/spi-builder-workspace/.dependencies/checkouts/promises
    /Applications/Xcode-16.3.0.app/Contents/Developer/Toolchains/XcodeDefault.xctoolchain/usr/bin/clang -Xlinker -reproducible -target arm64_32-apple-watchos4.0 -r -isysroot /Applications/Xcode-16.3.0.app/Contents/Developer/Platforms/WatchOS.platform/Developer/SDKs/WatchOS11.4.sdk -O0 -w -L/Users/admin/builder/spi-builder-workspace/.derivedData/Build/Intermediates.noindex/EagerLinkingTBDs/Debug-watchos -L/Users/admin/builder/spi-builder-workspace/.derivedData/Build/Products/Debug-watchos -L/Applications/Xcode-16.3.0.app/Contents/Developer/Platforms/WatchOS.platform/Developer/usr/lib -F/Users/admin/builder/spi-builder-workspace/.derivedData/Build/Intermediates.noindex/EagerLinkingTBDs/Debug-watchos -F/Users/admin/builder/spi-builder-workspace/.derivedData/Build/Products/Debug-watchos -iframework /Applications/Xcode-16.3.0.app/Contents/Developer/Platforms/WatchOS.platform/Developer/Library/Frameworks -iframework /Applications/Xcode-16.3.0.app/Contents/Developer/Platforms/WatchOS.platform/Developer/SDKs/WatchOS11.4.sdk/Developer/Library/Frameworks -filelist /Users/admin/builder/spi-builder-workspace/.derivedData/Build/Intermediates.noindex/Promises.build/Debug-watchos/FBLPromises.build/Objects-normal/arm64_32/FBLPromises.LinkFileList -nostdlib -Xlinker -object_path_lto -Xlinker /Users/admin/builder/spi-builder-workspace/.derivedData/Build/Intermediates.noindex/Promises.build/Debug-watchos/FBLPromises.build/Objects-normal/arm64_32/FBLPromises_lto.o -rdynamic -Xlinker -no_deduplicate -Xlinker -debug_variant -Xlinker -dependency_info -Xlinker /Users/admin/builder/spi-builder-workspace/.derivedData/Build/Intermediates.noindex/Promises.build/Debug-watchos/FBLPromises.build/Objects-normal/arm64_32/FBLPromises_dependency_info.dat -fobjc-arc -fobjc-link-runtime -o /Users/admin/builder/spi-builder-workspace/.derivedData/Build/Intermediates.noindex/Promises.build/Debug-watchos/FBLPromises.build/Objects-normal/arm64_32/Binary/FBLPromises.o
PrecompileModule /Users/admin/builder/spi-builder-workspace/.derivedData/Build/Intermediates.noindex/ExplicitPrecompiledModules/Foundation-B77CA6JLPNJU6DKZ5PGGKPRVG.scan
    cd /Users/admin/builder/spi-builder-workspace/.swiftpm/xcode
    builtin-precompileModule /Users/admin/builder/spi-builder-workspace/.derivedData/Build/Intermediates.noindex/ExplicitPrecompiledModules/Foundation-B77CA6JLPNJU6DKZ5PGGKPRVG.scan
SwiftCompile normal arm64 Compiling\ UnfairLock.swift /Users/admin/builder/spi-builder-workspace/.dependencies/checkouts/firebase-ios-sdk/FirebaseCore/Internal/Sources/Utilities/UnfairLock.swift (in target 'FirebaseCoreInternal' from project 'Firebase')
SwiftCompile normal arm64 /Users/admin/builder/spi-builder-workspace/.dependencies/checkouts/firebase-ios-sdk/FirebaseCore/Internal/Sources/Utilities/UnfairLock.swift (in target 'FirebaseCoreInternal' from project 'Firebase')
    cd /Users/admin/builder/spi-builder-workspace/.swiftpm/xcode

SwiftCompile normal arm64 Compiling\ HeartbeatsPayload.swift,\ RingBuffer.swift /Users/admin/builder/spi-builder-workspace/.dependencies/checkouts/firebase-ios-sdk/FirebaseCore/Internal/Sources/HeartbeatLogging/HeartbeatsPayload.swift /Users/admin/builder/spi-builder-workspace/.dependencies/checkouts/firebase-ios-sdk/FirebaseCore/Internal/Sources/HeartbeatLogging/RingBuffer.swift (in target 'FirebaseCoreInternal' from project 'Firebase')
SwiftCompile normal arm64 /Users/admin/builder/spi-builder-workspace/.dependencies/checkouts/firebase-ios-sdk/FirebaseCore/Internal/Sources/HeartbeatLogging/HeartbeatsPayload.swift (in target 'FirebaseCoreInternal' from project 'Firebase')
    cd /Users/admin/builder/spi-builder-workspace/.swiftpm/xcode

SwiftCompile normal arm64 /Users/admin/builder/spi-builder-workspace/.dependencies/checkouts/firebase-ios-sdk/FirebaseCore/Internal/Sources/HeartbeatLogging/RingBuffer.swift (in target 'FirebaseCoreInternal' from project 'Firebase')
    cd /Users/admin/builder/spi-builder-workspace/.swiftpm/xcode

SwiftDriverJobDiscovery normal arm64 Compiling WeakContainer.swift (in target 'FirebaseCoreInternal' from project 'Firebase')
SwiftDriverJobDiscovery normal armv7k Compiling WeakContainer.swift (in target 'FirebaseCoreInternal' from project 'Firebase')
SwiftDriver HeraldFirebase normal armv7k com.apple.xcode.tools.swift.compiler (in target 'HeraldFirebase' from project 'herald-ios-firebase')
    cd /Users/admin/builder/spi-builder-workspace/.swiftpm/xcode
    builtin-SwiftDriver -- /Applications/Xcode-16.3.0.app/Contents/Developer/Toolchains/XcodeDefault.xctoolchain/usr/bin/swiftc -module-name HeraldFirebase -Onone -enforce-exclusivity\=checked @/Users/admin/builder/spi-builder-workspace/.derivedData/Build/Intermediates.noindex/herald-ios-firebase.build/Debug-watchos/HeraldFirebase.build/Objects-normal/armv7k/HeraldFirebase.SwiftFileList -DSWIFT_PACKAGE -DDEBUG -Xcc -fmodule-map-file\=/Users/admin/builder/spi-builder-workspace/.derivedData/Build/Intermediates.noindex/GeneratedModuleMaps-watchos/GoogleUtilities-UserDefaults.modulemap -Xcc -fmodule-map-file\=/Users/admin/builder/spi-builder-workspace/.derivedData/Build/Intermediates.noindex/GeneratedModuleMaps-watchos/GoogleUtilities-AppDelegateSwizzler.modulemap -Xcc -fmodule-map-file\=/Users/admin/builder/spi-builder-workspace/.derivedData/Build/Intermediates.noindex/GeneratedModuleMaps-watchos/GoogleUtilities-MethodSwizzler.modulemap -Xcc -fmodule-map-file\=/Users/admin/builder/spi-builder-workspace/.derivedData/Build/Intermediates.noindex/GeneratedModuleMaps-watchos/GoogleUtilities-Reachability.modulemap -Xcc -fmodule-map-file\=/Users/admin/builder/spi-builder-workspace/.derivedData/Build/Intermediates.noindex/GeneratedModuleMaps-watchos/GoogleUtilities-NSData.modulemap -Xcc -fmodule-map-file\=/Users/admin/builder/spi-builder-workspace/.derivedData/Build/Intermediates.noindex/GeneratedModuleMaps-watchos/GoogleUtilities-Logger.modulemap -Xcc -fmodule-map-file\=/Users/admin/builder/spi-builder-workspace/.derivedData/Build/Intermediates.noindex/GeneratedModuleMaps-watchos/GoogleUtilities-Environment.modulemap -Xcc -fmodule-map-file\=/Users/admin/builder/spi-builder-workspace/.derivedData/Build/Intermediates.noindex/GeneratedModuleMaps-watchos/third-party-IsAppEncrypted.modulemap -Xcc -fmodule-map-file\=/Users/admin/builder/spi-builder-workspace/.derivedData/Build/Intermediates.noindex/GeneratedModuleMaps-watchos/GoogleUtilities-Network.modulemap -Xcc -fmodule-map-file\=/Users/admin/builder/spi-builder-workspace/.derivedData/Build/Intermediates.noindex/GeneratedModuleMaps-watchos/nanopb.modulemap -Xcc -fmodule-map-file\=/Users/admin/builder/spi-builder-workspace/.derivedData/Build/Intermediates.noindex/GeneratedModuleMaps-watchos/FirebaseInstallations.modulemap -Xcc -fmodule-map-file\=/Users/admin/builder/spi-builder-workspace/.derivedData/Build/Intermediates.noindex/GeneratedModuleMaps-watchos/FirebaseCore.modulemap -Xcc -fmodule-map-file\=/Users/admin/builder/spi-builder-workspace/.derivedData/Build/Intermediates.noindex/GeneratedModuleMaps-watchos/FirebaseAnalyticsTarget.modulemap -DXcode -plugin-path /Applications/Xcode-16.3.0.app/Contents/Developer/Toolchains/XcodeDefault.xctoolchain/usr/lib/swift/host/plugins/testing -enable-experimental-feature DebugDescriptionMacro -sdk /Applications/Xcode-16.3.0.app/Contents/Developer/Platforms/WatchOS.platform/Developer/SDKs/WatchOS11.4.sdk -target armv7k-apple-watchos8.0 -g -module-cache-path /Users/admin/builder/spi-builder-workspace/.derivedData/ModuleCache.noindex -Xfrontend -serialize-debugging-options -profile-coverage-mapping -profile-generate -enable-testing -index-store-path /Users/admin/builder/spi-builder-workspace/.derivedData/Index.noindex/DataStore -swift-version 6 -I /Users/admin/builder/spi-builder-workspace/.derivedData/Build/Products/Debug-watchos -I /Applications/Xcode-16.3.0.app/Contents/Developer/Platforms/WatchOS.platform/Developer/usr/lib -F /Users/admin/builder/spi-builder-workspace/.derivedData/Build/Products/Debug-watchos/PackageFrameworks -F /Users/admin/builder/spi-builder-workspace/.derivedData/Build/Products/Debug-watchos/PackageFrameworks -F /Users/admin/builder/spi-builder-workspace/.derivedData/Build/Products/Debug-watchos/PackageFrameworks -F /Users/admin/builder/spi-builder-workspace/.derivedData/Build/Products/Debug-watchos/PackageFrameworks -F /Users/admin/builder/spi-builder-workspace/.derivedData/Build/Products/Debug-watchos/PackageFrameworks -F /Users/admin/builder/spi-builder-workspace/.derivedData/Build/Products/Debug-watchos/PackageFrameworks -F /Users/admin/builder/spi-builder-workspace/.derivedData/Build/Products/Debug-watchos/PackageFrameworks -F /Users/admin/builder/spi-builder-workspace/.derivedData/Build/Products/Debug-watchos/PackageFrameworks -F /Users/admin/builder/spi-builder-workspace/.derivedData/Build/Products/Debug-watchos/PackageFrameworks -F /Users/admin/builder/spi-builder-workspace/.derivedData/Build/Products/Debug-watchos/PackageFrameworks -F /Users/admin/builder/spi-builder-workspace/.derivedData/Build/Products/Debug-watchos/PackageFrameworks -F /Users/admin/builder/spi-builder-workspace/.derivedData/Build/Products/Debug-watchos/PackageFrameworks -F /Users/admin/builder/spi-builder-workspace/.derivedData/Build/Products/Debug-watchos/PackageFrameworks -F /Users/admin/builder/spi-builder-workspace/.derivedData/Build/Products/Debug-watchos/PackageFrameworks -F /Users/admin/builder/spi-builder-workspace/.derivedData/Build/Products/Debug-watchos/PackageFrameworks -F /Users/admin/builder/spi-builder-workspace/.derivedData/Build/Products/Debug-watchos/PackageFrameworks -F /Users/admin/builder/spi-builder-workspace/.derivedData/Build/Products/Debug-watchos/PackageFrameworks -F /Users/admin/builder/spi-builder-workspace/.derivedData/Build/Products/Debug-watchos -F /Applications/Xcode-16.3.0.app/Contents/Developer/Platforms/WatchOS.platform/Developer/Library/Frameworks -F /Applications/Xcode-16.3.0.app/Contents/Developer/Platforms/WatchOS.platform/Developer/SDKs/WatchOS11.4.sdk/Developer/Library/Frameworks -c -j10 -enable-batch-mode -incremental -Xcc -ivfsstatcache -Xcc /Users/admin/builder/spi-builder-workspace/.derivedData/SDKStatCaches.noindex/watchos11.4-22T246-43efb940ff07ba2497b70ec94253f576.sdkstatcache -output-file-map /Users/admin/builder/spi-builder-workspace/.derivedData/Build/Intermediates.noindex/herald-ios-firebase.build/Debug-watchos/HeraldFirebase.build/Objects-normal/armv7k/HeraldFirebase-OutputFileMap.json -use-frontend-parseable-output -save-temps -no-color-diagnostics -serialize-diagnostics -emit-dependencies -emit-module -emit-module-path /Users/admin/builder/spi-builder-workspace/.derivedData/Build/Intermediates.noindex/herald-ios-firebase.build/Debug-watchos/HeraldFirebase.build/Objects-normal/armv7k/HeraldFirebase.swiftmodule -validate-clang-modules-once -clang-build-session-file /Users/admin/builder/spi-builder-workspace/.derivedData/ModuleCache.noindex/Session.modulevalidation -package-name spi_builder_workspace -Xcc -I/Users/admin/builder/spi-builder-workspace/.derivedData/Build/Intermediates.noindex/herald-ios-firebase.build/Debug-watchos/HeraldFirebase.build/swift-overrides.hmap -emit-const-values -Xfrontend -const-gather-protocols-file -Xfrontend /Users/admin/builder/spi-builder-workspace/.derivedData/Build/Intermediates.noindex/herald-ios-firebase.build/Debug-watchos/HeraldFirebase.build/Objects-normal/armv7k/HeraldFirebase_const_extract_protocols.json -Xcc -I/Users/admin/builder/spi-builder-workspace/.dependencies/checkouts/promises/Sources/FBLPromises/include -Xcc -I/Users/admin/builder/spi-builder-workspace/.dependencies/checkouts/GoogleUtilities/GoogleUtilities/UserDefaults/Public -Xcc -I/Users/admin/builder/spi-builder-workspace/.dependencies/checkouts/GoogleUtilities/GoogleUtilities/AppDelegateSwizzler/Public -Xcc -I/Users/admin/builder/spi-builder-workspace/.dependencies/checkouts/GoogleUtilities/GoogleUtilities/MethodSwizzler/Public -Xcc -I/Users/admin/builder/spi-builder-workspace/.dependencies/checkouts/GoogleUtilities/GoogleUtilities/Reachability/Public -Xcc -I/Users/admin/builder/spi-builder-workspace/.dependencies/checkouts/GoogleUtilities/GoogleUtilities/NSData+zlib/Public -Xcc -I/Users/admin/builder/spi-builder-workspace/.dependencies/checkouts/GoogleUtilities/GoogleUtilities/Logger/Public -Xcc -I/Users/admin/builder/spi-builder-workspace/.dependencies/checkouts/GoogleUtilities/GoogleUtilities/Environment/Public -Xcc -I/Users/admin/builder/spi-builder-workspace/.dependencies/checkouts/GoogleUtilities/third_party/IsAppEncrypted/Public -Xcc -I/Users/admin/builder/spi-builder-workspace/.dependencies/checkouts/GoogleUtilities/GoogleUtilities/Network/Public -Xcc -I/Users/admin/builder/spi-builder-workspace/.dependencies/checkouts/nanopb/spm_headers -Xcc -I/Users/admin/builder/spi-builder-workspace/.dependencies/checkouts/firebase-ios-sdk/FirebaseInstallations/Source/Library/Public -Xcc -I/Users/admin/builder/spi-builder-workspace/.dependencies/checkouts/firebase-ios-sdk/FirebaseCore/Sources/Public -Xcc -I/Users/admin/builder/spi-builder-workspace/.dependencies/checkouts/firebase-ios-sdk/CoreOnly/Sources -Xcc -I/Users/admin/builder/spi-builder-workspace/.dependencies/checkouts/firebase-ios-sdk/SwiftPM-PlatformExclude/FirebaseAnalyticsWrap/include -Xcc -I/Users/admin/builder/spi-builder-workspace/.derivedData/Build/Products/Debug-watchos/include -Xcc -I/Users/admin/builder/spi-builder-workspace/.derivedData/Build/Intermediates.noindex/herald-ios-firebase.build/Debug-watchos/HeraldFirebase.build/DerivedSources-normal/armv7k -Xcc -I/Users/admin/builder/spi-builder-workspace/.derivedData/Build/Intermediates.noindex/herald-ios-firebase.build/Debug-watchos/HeraldFirebase.build/DerivedSources/armv7k -Xcc -I/Users/admin/builder/spi-builder-workspace/.derivedData/Build/Intermediates.noindex/herald-ios-firebase.build/Debug-watchos/HeraldFirebase.build/DerivedSources -Xcc -DSWIFT_PACKAGE -Xcc -DDEBUG\=1 -emit-objc-header -emit-objc-header-path /Users/admin/builder/spi-builder-workspace/.derivedData/Build/Intermediates.noindex/herald-ios-firebase.build/Debug-watchos/HeraldFirebase.build/Objects-normal/armv7k/HeraldFirebase-Swift.h -working-directory /Users/admin/builder/spi-builder-workspace/.swiftpm/xcode -experimental-emit-module-separately -disable-cmo
SwiftDriverJobDiscovery normal arm64_32 Compiling _ObjC_HeartbeatController.swift (in target 'FirebaseCoreInternal' from project 'Firebase')
SwiftDriver HeraldFirebase normal arm64_32 com.apple.xcode.tools.swift.compiler (in target 'HeraldFirebase' from project 'herald-ios-firebase')
    cd /Users/admin/builder/spi-builder-workspace/.swiftpm/xcode
    builtin-SwiftDriver -- /Applications/Xcode-16.3.0.app/Contents/Developer/Toolchains/XcodeDefault.xctoolchain/usr/bin/swiftc -module-name HeraldFirebase -Onone -enforce-exclusivity\=checked @/Users/admin/builder/spi-builder-workspace/.derivedData/Build/Intermediates.noindex/herald-ios-firebase.build/Debug-watchos/HeraldFirebase.build/Objects-normal/arm64_32/HeraldFirebase.SwiftFileList -DSWIFT_PACKAGE -DDEBUG -Xcc -fmodule-map-file\=/Users/admin/builder/spi-builder-workspace/.derivedData/Build/Intermediates.noindex/GeneratedModuleMaps-watchos/GoogleUtilities-UserDefaults.modulemap -Xcc -fmodule-map-file\=/Users/admin/builder/spi-builder-workspace/.derivedData/Build/Intermediates.noindex/GeneratedModuleMaps-watchos/GoogleUtilities-AppDelegateSwizzler.modulemap -Xcc -fmodule-map-file\=/Users/admin/builder/spi-builder-workspace/.derivedData/Build/Intermediates.noindex/GeneratedModuleMaps-watchos/GoogleUtilities-MethodSwizzler.modulemap -Xcc -fmodule-map-file\=/Users/admin/builder/spi-builder-workspace/.derivedData/Build/Intermediates.noindex/GeneratedModuleMaps-watchos/GoogleUtilities-Reachability.modulemap -Xcc -fmodule-map-file\=/Users/admin/builder/spi-builder-workspace/.derivedData/Build/Intermediates.noindex/GeneratedModuleMaps-watchos/GoogleUtilities-NSData.modulemap -Xcc -fmodule-map-file\=/Users/admin/builder/spi-builder-workspace/.derivedData/Build/Intermediates.noindex/GeneratedModuleMaps-watchos/GoogleUtilities-Logger.modulemap -Xcc -fmodule-map-file\=/Users/admin/builder/spi-builder-workspace/.derivedData/Build/Intermediates.noindex/GeneratedModuleMaps-watchos/GoogleUtilities-Environment.modulemap -Xcc -fmodule-map-file\=/Users/admin/builder/spi-builder-workspace/.derivedData/Build/Intermediates.noindex/GeneratedModuleMaps-watchos/third-party-IsAppEncrypted.modulemap -Xcc -fmodule-map-file\=/Users/admin/builder/spi-builder-workspace/.derivedData/Build/Intermediates.noindex/GeneratedModuleMaps-watchos/GoogleUtilities-Network.modulemap -Xcc -fmodule-map-file\=/Users/admin/builder/spi-builder-workspace/.derivedData/Build/Intermediates.noindex/GeneratedModuleMaps-watchos/nanopb.modulemap -Xcc -fmodule-map-file\=/Users/admin/builder/spi-builder-workspace/.derivedData/Build/Intermediates.noindex/GeneratedModuleMaps-watchos/FirebaseInstallations.modulemap -Xcc -fmodule-map-file\=/Users/admin/builder/spi-builder-workspace/.derivedData/Build/Intermediates.noindex/GeneratedModuleMaps-watchos/FirebaseCore.modulemap -Xcc -fmodule-map-file\=/Users/admin/builder/spi-builder-workspace/.derivedData/Build/Intermediates.noindex/GeneratedModuleMaps-watchos/FirebaseAnalyticsTarget.modulemap -DXcode -plugin-path /Applications/Xcode-16.3.0.app/Contents/Developer/Toolchains/XcodeDefault.xctoolchain/usr/lib/swift/host/plugins/testing -enable-experimental-feature DebugDescriptionMacro -sdk /Applications/Xcode-16.3.0.app/Contents/Developer/Platforms/WatchOS.platform/Developer/SDKs/WatchOS11.4.sdk -target arm64_32-apple-watchos8.0 -g -module-cache-path /Users/admin/builder/spi-builder-workspace/.derivedData/ModuleCache.noindex -Xfrontend -serialize-debugging-options -profile-coverage-mapping -profile-generate -enable-testing -index-store-path /Users/admin/builder/spi-builder-workspace/.derivedData/Index.noindex/DataStore -swift-version 6 -I /Users/admin/builder/spi-builder-workspace/.derivedData/Build/Products/Debug-watchos -I /Applications/Xcode-16.3.0.app/Contents/Developer/Platforms/WatchOS.platform/Developer/usr/lib -F /Users/admin/builder/spi-builder-workspace/.derivedData/Build/Products/Debug-watchos/PackageFrameworks -F /Users/admin/builder/spi-builder-workspace/.derivedData/Build/Products/Debug-watchos/PackageFrameworks -F /Users/admin/builder/spi-builder-workspace/.derivedData/Build/Products/Debug-watchos/PackageFrameworks -F /Users/admin/builder/spi-builder-workspace/.derivedData/Build/Products/Debug-watchos/PackageFrameworks -F /Users/admin/builder/spi-builder-workspace/.derivedData/Build/Products/Debug-watchos/PackageFrameworks -F /Users/admin/builder/spi-builder-workspace/.derivedData/Build/Products/Debug-watchos/PackageFrameworks -F /Users/admin/builder/spi-builder-workspace/.derivedData/Build/Products/Debug-watchos/PackageFrameworks -F /Users/admin/builder/spi-builder-workspace/.derivedData/Build/Products/Debug-watchos/PackageFrameworks -F /Users/admin/builder/spi-builder-workspace/.derivedData/Build/Products/Debug-watchos/PackageFrameworks -F /Users/admin/builder/spi-builder-workspace/.derivedData/Build/Products/Debug-watchos/PackageFrameworks -F /Users/admin/builder/spi-builder-workspace/.derivedData/Build/Products/Debug-watchos/PackageFrameworks -F /Users/admin/builder/spi-builder-workspace/.derivedData/Build/Products/Debug-watchos/PackageFrameworks -F /Users/admin/builder/spi-builder-workspace/.derivedData/Build/Products/Debug-watchos/PackageFrameworks -F /Users/admin/builder/spi-builder-workspace/.derivedData/Build/Products/Debug-watchos/PackageFrameworks -F /Users/admin/builder/spi-builder-workspace/.derivedData/Build/Products/Debug-watchos/PackageFrameworks -F /Users/admin/builder/spi-builder-workspace/.derivedData/Build/Products/Debug-watchos/PackageFrameworks -F /Users/admin/builder/spi-builder-workspace/.derivedData/Build/Products/Debug-watchos/PackageFrameworks -F /Users/admin/builder/spi-builder-workspace/.derivedData/Build/Products/Debug-watchos -F /Applications/Xcode-16.3.0.app/Contents/Developer/Platforms/WatchOS.platform/Developer/Library/Frameworks -F /Applications/Xcode-16.3.0.app/Contents/Developer/Platforms/WatchOS.platform/Developer/SDKs/WatchOS11.4.sdk/Developer/Library/Frameworks -c -j10 -enable-batch-mode -incremental -Xcc -ivfsstatcache -Xcc /Users/admin/builder/spi-builder-workspace/.derivedData/SDKStatCaches.noindex/watchos11.4-22T246-43efb940ff07ba2497b70ec94253f576.sdkstatcache -output-file-map /Users/admin/builder/spi-builder-workspace/.derivedData/Build/Intermediates.noindex/herald-ios-firebase.build/Debug-watchos/HeraldFirebase.build/Objects-normal/arm64_32/HeraldFirebase-OutputFileMap.json -use-frontend-parseable-output -save-temps -no-color-diagnostics -serialize-diagnostics -emit-dependencies -emit-module -emit-module-path /Users/admin/builder/spi-builder-workspace/.derivedData/Build/Intermediates.noindex/herald-ios-firebase.build/Debug-watchos/HeraldFirebase.build/Objects-normal/arm64_32/HeraldFirebase.swiftmodule -validate-clang-modules-once -clang-build-session-file /Users/admin/builder/spi-builder-workspace/.derivedData/ModuleCache.noindex/Session.modulevalidation -package-name spi_builder_workspace -Xcc -I/Users/admin/builder/spi-builder-workspace/.derivedData/Build/Intermediates.noindex/herald-ios-firebase.build/Debug-watchos/HeraldFirebase.build/swift-overrides.hmap -emit-const-values -Xfrontend -const-gather-protocols-file -Xfrontend /Users/admin/builder/spi-builder-workspace/.derivedData/Build/Intermediates.noindex/herald-ios-firebase.build/Debug-watchos/HeraldFirebase.build/Objects-normal/arm64_32/HeraldFirebase_const_extract_protocols.json -Xcc -I/Users/admin/builder/spi-builder-workspace/.dependencies/checkouts/promises/Sources/FBLPromises/include -Xcc -I/Users/admin/builder/spi-builder-workspace/.dependencies/checkouts/GoogleUtilities/GoogleUtilities/UserDefaults/Public -Xcc -I/Users/admin/builder/spi-builder-workspace/.dependencies/checkouts/GoogleUtilities/GoogleUtilities/AppDelegateSwizzler/Public -Xcc -I/Users/admin/builder/spi-builder-workspace/.dependencies/checkouts/GoogleUtilities/GoogleUtilities/MethodSwizzler/Public -Xcc -I/Users/admin/builder/spi-builder-workspace/.dependencies/checkouts/GoogleUtilities/GoogleUtilities/Reachability/Public -Xcc -I/Users/admin/builder/spi-builder-workspace/.dependencies/checkouts/GoogleUtilities/GoogleUtilities/NSData+zlib/Public -Xcc -I/Users/admin/builder/spi-builder-workspace/.dependencies/checkouts/GoogleUtilities/GoogleUtilities/Logger/Public -Xcc -I/Users/admin/builder/spi-builder-workspace/.dependencies/checkouts/GoogleUtilities/GoogleUtilities/Environment/Public -Xcc -I/Users/admin/builder/spi-builder-workspace/.dependencies/checkouts/GoogleUtilities/third_party/IsAppEncrypted/Public -Xcc -I/Users/admin/builder/spi-builder-workspace/.dependencies/checkouts/GoogleUtilities/GoogleUtilities/Network/Public -Xcc -I/Users/admin/builder/spi-builder-workspace/.dependencies/checkouts/nanopb/spm_headers -Xcc -I/Users/admin/builder/spi-builder-workspace/.dependencies/checkouts/firebase-ios-sdk/FirebaseInstallations/Source/Library/Public -Xcc -I/Users/admin/builder/spi-builder-workspace/.dependencies/checkouts/firebase-ios-sdk/FirebaseCore/Sources/Public -Xcc -I/Users/admin/builder/spi-builder-workspace/.dependencies/checkouts/firebase-ios-sdk/CoreOnly/Sources -Xcc -I/Users/admin/builder/spi-builder-workspace/.dependencies/checkouts/firebase-ios-sdk/SwiftPM-PlatformExclude/FirebaseAnalyticsWrap/include -Xcc -I/Users/admin/builder/spi-builder-workspace/.derivedData/Build/Products/Debug-watchos/include -Xcc -I/Users/admin/builder/spi-builder-workspace/.derivedData/Build/Intermediates.noindex/herald-ios-firebase.build/Debug-watchos/HeraldFirebase.build/DerivedSources-normal/arm64_32 -Xcc -I/Users/admin/builder/spi-builder-workspace/.derivedData/Build/Intermediates.noindex/herald-ios-firebase.build/Debug-watchos/HeraldFirebase.build/DerivedSources/arm64_32 -Xcc -I/Users/admin/builder/spi-builder-workspace/.derivedData/Build/Intermediates.noindex/herald-ios-firebase.build/Debug-watchos/HeraldFirebase.build/DerivedSources -Xcc -DSWIFT_PACKAGE -Xcc -DDEBUG\=1 -emit-objc-header -emit-objc-header-path /Users/admin/builder/spi-builder-workspace/.derivedData/Build/Intermediates.noindex/herald-ios-firebase.build/Debug-watchos/HeraldFirebase.build/Objects-normal/arm64_32/HeraldFirebase-Swift.h -working-directory /Users/admin/builder/spi-builder-workspace/.swiftpm/xcode -experimental-emit-module-separately -disable-cmo
SwiftDriverJobDiscovery normal armv7k Compiling UnfairLock.swift (in target 'FirebaseCoreInternal' from project 'Firebase')
SwiftDriver HeraldFirebase normal arm64 com.apple.xcode.tools.swift.compiler (in target 'HeraldFirebase' from project 'herald-ios-firebase')
    cd /Users/admin/builder/spi-builder-workspace/.swiftpm/xcode
    builtin-SwiftDriver -- /Applications/Xcode-16.3.0.app/Contents/Developer/Toolchains/XcodeDefault.xctoolchain/usr/bin/swiftc -module-name HeraldFirebase -Onone -enforce-exclusivity\=checked @/Users/admin/builder/spi-builder-workspace/.derivedData/Build/Intermediates.noindex/herald-ios-firebase.build/Debug-watchos/HeraldFirebase.build/Objects-normal/arm64/HeraldFirebase.SwiftFileList -DSWIFT_PACKAGE -DDEBUG -Xcc -fmodule-map-file\=/Users/admin/builder/spi-builder-workspace/.derivedData/Build/Intermediates.noindex/GeneratedModuleMaps-watchos/GoogleUtilities-UserDefaults.modulemap -Xcc -fmodule-map-file\=/Users/admin/builder/spi-builder-workspace/.derivedData/Build/Intermediates.noindex/GeneratedModuleMaps-watchos/GoogleUtilities-AppDelegateSwizzler.modulemap -Xcc -fmodule-map-file\=/Users/admin/builder/spi-builder-workspace/.derivedData/Build/Intermediates.noindex/GeneratedModuleMaps-watchos/GoogleUtilities-MethodSwizzler.modulemap -Xcc -fmodule-map-file\=/Users/admin/builder/spi-builder-workspace/.derivedData/Build/Intermediates.noindex/GeneratedModuleMaps-watchos/GoogleUtilities-Reachability.modulemap -Xcc -fmodule-map-file\=/Users/admin/builder/spi-builder-workspace/.derivedData/Build/Intermediates.noindex/GeneratedModuleMaps-watchos/GoogleUtilities-NSData.modulemap -Xcc -fmodule-map-file\=/Users/admin/builder/spi-builder-workspace/.derivedData/Build/Intermediates.noindex/GeneratedModuleMaps-watchos/GoogleUtilities-Logger.modulemap -Xcc -fmodule-map-file\=/Users/admin/builder/spi-builder-workspace/.derivedData/Build/Intermediates.noindex/GeneratedModuleMaps-watchos/GoogleUtilities-Environment.modulemap -Xcc -fmodule-map-file\=/Users/admin/builder/spi-builder-workspace/.derivedData/Build/Intermediates.noindex/GeneratedModuleMaps-watchos/third-party-IsAppEncrypted.modulemap -Xcc -fmodule-map-file\=/Users/admin/builder/spi-builder-workspace/.derivedData/Build/Intermediates.noindex/GeneratedModuleMaps-watchos/GoogleUtilities-Network.modulemap -Xcc -fmodule-map-file\=/Users/admin/builder/spi-builder-workspace/.derivedData/Build/Intermediates.noindex/GeneratedModuleMaps-watchos/nanopb.modulemap -Xcc -fmodule-map-file\=/Users/admin/builder/spi-builder-workspace/.derivedData/Build/Intermediates.noindex/GeneratedModuleMaps-watchos/FirebaseInstallations.modulemap -Xcc -fmodule-map-file\=/Users/admin/builder/spi-builder-workspace/.derivedData/Build/Intermediates.noindex/GeneratedModuleMaps-watchos/FirebaseCore.modulemap -Xcc -fmodule-map-file\=/Users/admin/builder/spi-builder-workspace/.derivedData/Build/Intermediates.noindex/GeneratedModuleMaps-watchos/FirebaseAnalyticsTarget.modulemap -DXcode -plugin-path /Applications/Xcode-16.3.0.app/Contents/Developer/Toolchains/XcodeDefault.xctoolchain/usr/lib/swift/host/plugins/testing -enable-experimental-feature DebugDescriptionMacro -sdk /Applications/Xcode-16.3.0.app/Contents/Developer/Platforms/WatchOS.platform/Developer/SDKs/WatchOS11.4.sdk -target arm64-apple-watchos8.0 -g -module-cache-path /Users/admin/builder/spi-builder-workspace/.derivedData/ModuleCache.noindex -Xfrontend -serialize-debugging-options -profile-coverage-mapping -profile-generate -enable-testing -index-store-path /Users/admin/builder/spi-builder-workspace/.derivedData/Index.noindex/DataStore -swift-version 6 -I /Users/admin/builder/spi-builder-workspace/.derivedData/Build/Products/Debug-watchos -I /Applications/Xcode-16.3.0.app/Contents/Developer/Platforms/WatchOS.platform/Developer/usr/lib -F /Users/admin/builder/spi-builder-workspace/.derivedData/Build/Products/Debug-watchos/PackageFrameworks -F /Users/admin/builder/spi-builder-workspace/.derivedData/Build/Products/Debug-watchos/PackageFrameworks -F /Users/admin/builder/spi-builder-workspace/.derivedData/Build/Products/Debug-watchos/PackageFrameworks -F /Users/admin/builder/spi-builder-workspace/.derivedData/Build/Products/Debug-watchos/PackageFrameworks -F /Users/admin/builder/spi-builder-workspace/.derivedData/Build/Products/Debug-watchos/PackageFrameworks -F /Users/admin/builder/spi-builder-workspace/.derivedData/Build/Products/Debug-watchos/PackageFrameworks -F /Users/admin/builder/spi-builder-workspace/.derivedData/Build/Products/Debug-watchos/PackageFrameworks -F /Users/admin/builder/spi-builder-workspace/.derivedData/Build/Products/Debug-watchos/PackageFrameworks -F /Users/admin/builder/spi-builder-workspace/.derivedData/Build/Products/Debug-watchos/PackageFrameworks -F /Users/admin/builder/spi-builder-workspace/.derivedData/Build/Products/Debug-watchos/PackageFrameworks -F /Users/admin/builder/spi-builder-workspace/.derivedData/Build/Products/Debug-watchos/PackageFrameworks -F /Users/admin/builder/spi-builder-workspace/.derivedData/Build/Products/Debug-watchos/PackageFrameworks -F /Users/admin/builder/spi-builder-workspace/.derivedData/Build/Products/Debug-watchos/PackageFrameworks -F /Users/admin/builder/spi-builder-workspace/.derivedData/Build/Products/Debug-watchos/PackageFrameworks -F /Users/admin/builder/spi-builder-workspace/.derivedData/Build/Products/Debug-watchos/PackageFrameworks -F /Users/admin/builder/spi-builder-workspace/.derivedData/Build/Products/Debug-watchos/PackageFrameworks -F /Users/admin/builder/spi-builder-workspace/.derivedData/Build/Products/Debug-watchos/PackageFrameworks -F /Users/admin/builder/spi-builder-workspace/.derivedData/Build/Products/Debug-watchos -F /Applications/Xcode-16.3.0.app/Contents/Developer/Platforms/WatchOS.platform/Developer/Library/Frameworks -F /Applications/Xcode-16.3.0.app/Contents/Developer/Platforms/WatchOS.platform/Developer/SDKs/WatchOS11.4.sdk/Developer/Library/Frameworks -c -j10 -enable-batch-mode -incremental -Xcc -ivfsstatcache -Xcc /Users/admin/builder/spi-builder-workspace/.derivedData/SDKStatCaches.noindex/watchos11.4-22T246-43efb940ff07ba2497b70ec94253f576.sdkstatcache -output-file-map /Users/admin/builder/spi-builder-workspace/.derivedData/Build/Intermediates.noindex/herald-ios-firebase.build/Debug-watchos/HeraldFirebase.build/Objects-normal/arm64/HeraldFirebase-OutputFileMap.json -use-frontend-parseable-output -save-temps -no-color-diagnostics -serialize-diagnostics -emit-dependencies -emit-module -emit-module-path /Users/admin/builder/spi-builder-workspace/.derivedData/Build/Intermediates.noindex/herald-ios-firebase.build/Debug-watchos/HeraldFirebase.build/Objects-normal/arm64/HeraldFirebase.swiftmodule -validate-clang-modules-once -clang-build-session-file /Users/admin/builder/spi-builder-workspace/.derivedData/ModuleCache.noindex/Session.modulevalidation -package-name spi_builder_workspace -Xcc -I/Users/admin/builder/spi-builder-workspace/.derivedData/Build/Intermediates.noindex/herald-ios-firebase.build/Debug-watchos/HeraldFirebase.build/swift-overrides.hmap -emit-const-values -Xfrontend -const-gather-protocols-file -Xfrontend /Users/admin/builder/spi-builder-workspace/.derivedData/Build/Intermediates.noindex/herald-ios-firebase.build/Debug-watchos/HeraldFirebase.build/Objects-normal/arm64/HeraldFirebase_const_extract_protocols.json -Xcc -I/Users/admin/builder/spi-builder-workspace/.dependencies/checkouts/promises/Sources/FBLPromises/include -Xcc -I/Users/admin/builder/spi-builder-workspace/.dependencies/checkouts/GoogleUtilities/GoogleUtilities/UserDefaults/Public -Xcc -I/Users/admin/builder/spi-builder-workspace/.dependencies/checkouts/GoogleUtilities/GoogleUtilities/AppDelegateSwizzler/Public -Xcc -I/Users/admin/builder/spi-builder-workspace/.dependencies/checkouts/GoogleUtilities/GoogleUtilities/MethodSwizzler/Public -Xcc -I/Users/admin/builder/spi-builder-workspace/.dependencies/checkouts/GoogleUtilities/GoogleUtilities/Reachability/Public -Xcc -I/Users/admin/builder/spi-builder-workspace/.dependencies/checkouts/GoogleUtilities/GoogleUtilities/NSData+zlib/Public -Xcc -I/Users/admin/builder/spi-builder-workspace/.dependencies/checkouts/GoogleUtilities/GoogleUtilities/Logger/Public -Xcc -I/Users/admin/builder/spi-builder-workspace/.dependencies/checkouts/GoogleUtilities/GoogleUtilities/Environment/Public -Xcc -I/Users/admin/builder/spi-builder-workspace/.dependencies/checkouts/GoogleUtilities/third_party/IsAppEncrypted/Public -Xcc -I/Users/admin/builder/spi-builder-workspace/.dependencies/checkouts/GoogleUtilities/GoogleUtilities/Network/Public -Xcc -I/Users/admin/builder/spi-builder-workspace/.dependencies/checkouts/nanopb/spm_headers -Xcc -I/Users/admin/builder/spi-builder-workspace/.dependencies/checkouts/firebase-ios-sdk/FirebaseInstallations/Source/Library/Public -Xcc -I/Users/admin/builder/spi-builder-workspace/.dependencies/checkouts/firebase-ios-sdk/FirebaseCore/Sources/Public -Xcc -I/Users/admin/builder/spi-builder-workspace/.dependencies/checkouts/firebase-ios-sdk/CoreOnly/Sources -Xcc -I/Users/admin/builder/spi-builder-workspace/.dependencies/checkouts/firebase-ios-sdk/SwiftPM-PlatformExclude/FirebaseAnalyticsWrap/include -Xcc -I/Users/admin/builder/spi-builder-workspace/.derivedData/Build/Products/Debug-watchos/include -Xcc -I/Users/admin/builder/spi-builder-workspace/.derivedData/Build/Intermediates.noindex/herald-ios-firebase.build/Debug-watchos/HeraldFirebase.build/DerivedSources-normal/arm64 -Xcc -I/Users/admin/builder/spi-builder-workspace/.derivedData/Build/Intermediates.noindex/herald-ios-firebase.build/Debug-watchos/HeraldFirebase.build/DerivedSources/arm64 -Xcc -I/Users/admin/builder/spi-builder-workspace/.derivedData/Build/Intermediates.noindex/herald-ios-firebase.build/Debug-watchos/HeraldFirebase.build/DerivedSources -Xcc -DSWIFT_PACKAGE -Xcc -DDEBUG\=1 -emit-objc-header -emit-objc-header-path /Users/admin/builder/spi-builder-workspace/.derivedData/Build/Intermediates.noindex/herald-ios-firebase.build/Debug-watchos/HeraldFirebase.build/Objects-normal/arm64/HeraldFirebase-Swift.h -working-directory /Users/admin/builder/spi-builder-workspace/.swiftpm/xcode -experimental-emit-module-separately -disable-cmo
SwiftDriverJobDiscovery normal arm64 Compiling _ObjC_HeartbeatsPayload.swift (in target 'FirebaseCoreInternal' from project 'Firebase')
ScanDependencies /Users/admin/builder/spi-builder-workspace/.derivedData/Build/Intermediates.noindex/Firebase.build/Debug-watchos/FirebaseInstallations.build/Objects-normal/armv7k/resource_bundle_accessor.o /Users/admin/builder/spi-builder-workspace/.derivedData/Build/Intermediates.noindex/Firebase.build/Debug-watchos/FirebaseInstallations.build/DerivedSources/resource_bundle_accessor.m normal armv7k objective-c com.apple.compilers.llvm.clang.1_0.compiler (in target 'FirebaseInstallations' from project 'Firebase')
    cd /Users/admin/builder/spi-builder-workspace/.swiftpm/xcode

    Using response file: /Users/admin/builder/spi-builder-workspace/.derivedData/Build/Intermediates.noindex/Firebase.build/Debug-watchos/FirebaseInstallations.build/Objects-normal/armv7k/e6072d4f65d7061329687fe24e3d63a7-common-args.resp

    builtin-ScanDependencies -o /Users/admin/builder/spi-builder-workspace/.derivedData/Build/Intermediates.noindex/Firebase.build/Debug-watchos/FirebaseInstallations.build/Objects-normal/armv7k/resource_bundle_accessor.o.scan -- /Applications/Xcode-16.3.0.app/Contents/Developer/Toolchains/XcodeDefault.xctoolchain/usr/bin/clang -x objective-c -ivfsstatcache /Users/admin/builder/spi-builder-workspace/.derivedData/SDKStatCaches.noindex/watchos11.4-22T246-43efb940ff07ba2497b70ec94253f576.sdkstatcache -fmessage-length\=0 -fdiagnostics-show-note-include-stack -fmacro-backtrace-limit\=0 -fno-color-diagnostics -fmodules-prune-interval\=86400 -fmodules-prune-after\=345600 -fbuild-session-file\=/Users/admin/builder/spi-builder-workspace/.derivedData/ModuleCache.noindex/Session.modulevalidation -fmodules-validate-once-per-build-session -Wnon-modular-include-in-framework-module -Werror\=non-modular-include-in-framework-module -Wno-trigraphs -Wno-missing-field-initializers -Wno-missing-prototypes -Wno-return-type -Wno-implicit-atomic-properties -Wno-objc-interface-ivars -Wno-arc-repeated-use-of-weak -Wno-missing-braces -Wparentheses -Wswitch -Wno-unused-function -Wno-unused-label -Wno-unused-parameter -Wno-unused-variable -Wunused-value -Wno-empty-body -Wno-uninitialized -Wno-unknown-pragmas -w -Wno-shadow -Wno-four-char-constants -Wno-conversion -Wno-constant-conversion -Wno-int-conversion -Wno-bool-conversion -Wno-enum-conversion -Wno-float-conversion -Wno-non-literal-null-conversion -Wno-objc-literal-conversion -Wno-shorten-64-to-32 -Wpointer-sign -Wno-newline-eof -Wno-selector -Wno-strict-selector-match -Wno-undeclared-selector -Wno-deprecated-implementations -Wno-implicit-fallthrough -fstrict-aliasing -Wprotocol -Wdeprecated-declarations -Wno-sign-conversion -Wno-infinite-recursion -Wno-comma -Wno-block-capture-autoreleasing -Wno-strict-prototypes -Wno-semicolon-before-method-body -index-store-path /Users/admin/builder/spi-builder-workspace/.derivedData/Index.noindex/DataStore @/Users/admin/builder/spi-builder-workspace/.derivedData/Build/Intermediates.noindex/Firebase.build/Debug-watchos/FirebaseInstallations.build/Objects-normal/armv7k/e6072d4f65d7061329687fe24e3d63a7-common-args.resp -include /Users/admin/builder/spi-builder-workspace/.derivedData/Build/Intermediates.noindex/Firebase.build/Debug-watchos/FirebaseInstallations.build/DerivedSources/resource_bundle_accessor.h -MMD -MT dependencies -MF /Users/admin/builder/spi-builder-workspace/.derivedData/Build/Intermediates.noindex/Firebase.build/Debug-watchos/FirebaseInstallations.build/Objects-normal/armv7k/resource_bundle_accessor.d --serialize-diagnostics /Users/admin/builder/spi-builder-workspace/.derivedData/Build/Intermediates.noindex/Firebase.build/Debug-watchos/FirebaseInstallations.build/Objects-normal/armv7k/resource_bundle_accessor.dia -c /Users/admin/builder/spi-builder-workspace/.derivedData/Build/Intermediates.noindex/Firebase.build/Debug-watchos/FirebaseInstallations.build/DerivedSources/resource_bundle_accessor.m -o /Users/admin/builder/spi-builder-workspace/.derivedData/Build/Intermediates.noindex/Firebase.build/Debug-watchos/FirebaseInstallations.build/Objects-normal/armv7k/resource_bundle_accessor.o -index-unit-output-path /Firebase.build/Debug-watchos/FirebaseInstallations.build/Objects-normal/armv7k/resource_bundle_accessor.o
SwiftDriverJobDiscovery normal arm64_32 Compiling StorageFactory.swift (in target 'FirebaseCoreInternal' from project 'Firebase')
ScanDependencies /Users/admin/builder/spi-builder-workspace/.derivedData/Build/Intermediates.noindex/Firebase.build/Debug-watchos/FirebaseInstallations.build/Objects-normal/armv7k/FIRInstallationsStoredItem.o /Users/admin/builder/spi-builder-workspace/.dependencies/checkouts/firebase-ios-sdk/FirebaseInstallations/Source/Library/InstallationsStore/FIRInstallationsStoredItem.m normal armv7k objective-c com.apple.compilers.llvm.clang.1_0.compiler (in target 'FirebaseInstallations' from project 'Firebase')
    cd /Users/admin/builder/spi-builder-workspace/.swiftpm/xcode

    Using response file: /Users/admin/builder/spi-builder-workspace/.derivedData/Build/Intermediates.noindex/Firebase.build/Debug-watchos/FirebaseInstallations.build/Objects-normal/armv7k/e6072d4f65d7061329687fe24e3d63a7-common-args.resp

    builtin-ScanDependencies -o /Users/admin/builder/spi-builder-workspace/.derivedData/Build/Intermediates.noindex/Firebase.build/Debug-watchos/FirebaseInstallations.build/Objects-normal/armv7k/FIRInstallationsStoredItem.o.scan -- /Applications/Xcode-16.3.0.app/Contents/Developer/Toolchains/XcodeDefault.xctoolchain/usr/bin/clang -x objective-c -ivfsstatcache /Users/admin/builder/spi-builder-workspace/.derivedData/SDKStatCaches.noindex/watchos11.4-22T246-43efb940ff07ba2497b70ec94253f576.sdkstatcache -fmessage-length\=0 -fdiagnostics-show-note-include-stack -fmacro-backtrace-limit\=0 -fno-color-diagnostics -fmodules-prune-interval\=86400 -fmodules-prune-after\=345600 -fbuild-session-file\=/Users/admin/builder/spi-builder-workspace/.derivedData/ModuleCache.noindex/Session.modulevalidation -fmodules-validate-once-per-build-session -Wnon-modular-include-in-framework-module -Werror\=non-modular-include-in-framework-module -Wno-trigraphs -Wno-missing-field-initializers -Wno-missing-prototypes -Wno-return-type -Wno-implicit-atomic-properties -Wno-objc-interface-ivars -Wno-arc-repeated-use-of-weak -Wno-missing-braces -Wparentheses -Wswitch -Wno-unused-function -Wno-unused-label -Wno-unused-parameter -Wno-unused-variable -Wunused-value -Wno-empty-body -Wno-uninitialized -Wno-unknown-pragmas -w -Wno-shadow -Wno-four-char-constants -Wno-conversion -Wno-constant-conversion -Wno-int-conversion -Wno-bool-conversion -Wno-enum-conversion -Wno-float-conversion -Wno-non-literal-null-conversion -Wno-objc-literal-conversion -Wno-shorten-64-to-32 -Wpointer-sign -Wno-newline-eof -Wno-selector -Wno-strict-selector-match -Wno-undeclared-selector -Wno-deprecated-implementations -Wno-implicit-fallthrough -fstrict-aliasing -Wprotocol -Wdeprecated-declarations -Wno-sign-conversion -Wno-infinite-recursion -Wno-comma -Wno-block-capture-autoreleasing -Wno-strict-prototypes -Wno-semicolon-before-method-body -index-store-path /Users/admin/builder/spi-builder-workspace/.derivedData/Index.noindex/DataStore @/Users/admin/builder/spi-builder-workspace/.derivedData/Build/Intermediates.noindex/Firebase.build/Debug-watchos/FirebaseInstallations.build/Objects-normal/armv7k/e6072d4f65d7061329687fe24e3d63a7-common-args.resp -include /Users/admin/builder/spi-builder-workspace/.derivedData/Build/Intermediates.noindex/Firebase.build/Debug-watchos/FirebaseInstallations.build/DerivedSources/resource_bundle_accessor.h -MMD -MT dependencies -MF /Users/admin/builder/spi-builder-workspace/.derivedData/Build/Intermediates.noindex/Firebase.build/Debug-watchos/FirebaseInstallations.build/Objects-normal/armv7k/FIRInstallationsStoredItem.d --serialize-diagnostics /Users/admin/builder/spi-builder-workspace/.derivedData/Build/Intermediates.noindex/Firebase.build/Debug-watchos/FirebaseInstallations.build/Objects-normal/armv7k/FIRInstallationsStoredItem.dia -c /Users/admin/builder/spi-builder-workspace/.dependencies/checkouts/firebase-ios-sdk/FirebaseInstallations/Source/Library/InstallationsStore/FIRInstallationsStoredItem.m -o /Users/admin/builder/spi-builder-workspace/.derivedData/Build/Intermediates.noindex/Firebase.build/Debug-watchos/FirebaseInstallations.build/Objects-normal/armv7k/FIRInstallationsStoredItem.o -index-unit-output-path /Firebase.build/Debug-watchos/FirebaseInstallations.build/Objects-normal/armv7k/FIRInstallationsStoredItem.o
SwiftDriverJobDiscovery normal arm64 Compiling Storage.swift (in target 'FirebaseCoreInternal' from project 'Firebase')
ScanDependencies /Users/admin/builder/spi-builder-workspace/.derivedData/Build/Intermediates.noindex/Firebase.build/Debug-watchos/FirebaseInstallations.build/Objects-normal/armv7k/FIRInstallationsStoredAuthToken.o /Users/admin/builder/spi-builder-workspace/.dependencies/checkouts/firebase-ios-sdk/FirebaseInstallations/Source/Library/InstallationsStore/FIRInstallationsStoredAuthToken.m normal armv7k objective-c com.apple.compilers.llvm.clang.1_0.compiler (in target 'FirebaseInstallations' from project 'Firebase')
    cd /Users/admin/builder/spi-builder-workspace/.swiftpm/xcode

    Using response file: /Users/admin/builder/spi-builder-workspace/.derivedData/Build/Intermediates.noindex/Firebase.build/Debug-watchos/FirebaseInstallations.build/Objects-normal/armv7k/e6072d4f65d7061329687fe24e3d63a7-common-args.resp

    builtin-ScanDependencies -o /Users/admin/builder/spi-builder-workspace/.derivedData/Build/Intermediates.noindex/Firebase.build/Debug-watchos/FirebaseInstallations.build/Objects-normal/armv7k/FIRInstallationsStoredAuthToken.o.scan -- /Applications/Xcode-16.3.0.app/Contents/Developer/Toolchains/XcodeDefault.xctoolchain/usr/bin/clang -x objective-c -ivfsstatcache /Users/admin/builder/spi-builder-workspace/.derivedData/SDKStatCaches.noindex/watchos11.4-22T246-43efb940ff07ba2497b70ec94253f576.sdkstatcache -fmessage-length\=0 -fdiagnostics-show-note-include-stack -fmacro-backtrace-limit\=0 -fno-color-diagnostics -fmodules-prune-interval\=86400 -fmodules-prune-after\=345600 -fbuild-session-file\=/Users/admin/builder/spi-builder-workspace/.derivedData/ModuleCache.noindex/Session.modulevalidation -fmodules-validate-once-per-build-session -Wnon-modular-include-in-framework-module -Werror\=non-modular-include-in-framework-module -Wno-trigraphs -Wno-missing-field-initializers -Wno-missing-prototypes -Wno-return-type -Wno-implicit-atomic-properties -Wno-objc-interface-ivars -Wno-arc-repeated-use-of-weak -Wno-missing-braces -Wparentheses -Wswitch -Wno-unused-function -Wno-unused-label -Wno-unused-parameter -Wno-unused-variable -Wunused-value -Wno-empty-body -Wno-uninitialized -Wno-unknown-pragmas -w -Wno-shadow -Wno-four-char-constants -Wno-conversion -Wno-constant-conversion -Wno-int-conversion -Wno-bool-conversion -Wno-enum-conversion -Wno-float-conversion -Wno-non-literal-null-conversion -Wno-objc-literal-conversion -Wno-shorten-64-to-32 -Wpointer-sign -Wno-newline-eof -Wno-selector -Wno-strict-selector-match -Wno-undeclared-selector -Wno-deprecated-implementations -Wno-implicit-fallthrough -fstrict-aliasing -Wprotocol -Wdeprecated-declarations -Wno-sign-conversion -Wno-infinite-recursion -Wno-comma -Wno-block-capture-autoreleasing -Wno-strict-prototypes -Wno-semicolon-before-method-body -index-store-path /Users/admin/builder/spi-builder-workspace/.derivedData/Index.noindex/DataStore @/Users/admin/builder/spi-builder-workspace/.derivedData/Build/Intermediates.noindex/Firebase.build/Debug-watchos/FirebaseInstallations.build/Objects-normal/armv7k/e6072d4f65d7061329687fe24e3d63a7-common-args.resp -include /Users/admin/builder/spi-builder-workspace/.derivedData/Build/Intermediates.noindex/Firebase.build/Debug-watchos/FirebaseInstallations.build/DerivedSources/resource_bundle_accessor.h -MMD -MT dependencies -MF /Users/admin/builder/spi-builder-workspace/.derivedData/Build/Intermediates.noindex/Firebase.build/Debug-watchos/FirebaseInstallations.build/Objects-normal/armv7k/FIRInstallationsStoredAuthToken.d --serialize-diagnostics /Users/admin/builder/spi-builder-workspace/.derivedData/Build/Intermediates.noindex/Firebase.build/Debug-watchos/FirebaseInstallations.build/Objects-normal/armv7k/FIRInstallationsStoredAuthToken.dia -c /Users/admin/builder/spi-builder-workspace/.dependencies/checkouts/firebase-ios-sdk/FirebaseInstallations/Source/Library/InstallationsStore/FIRInstallationsStoredAuthToken.m -o /Users/admin/builder/spi-builder-workspace/.derivedData/Build/Intermediates.noindex/Firebase.build/Debug-watchos/FirebaseInstallations.build/Objects-normal/armv7k/FIRInstallationsStoredAuthToken.o -index-unit-output-path /Firebase.build/Debug-watchos/FirebaseInstallations.build/Objects-normal/armv7k/FIRInstallationsStoredAuthToken.o
ScanDependencies /Users/admin/builder/spi-builder-workspace/.derivedData/Build/Intermediates.noindex/Firebase.build/Debug-watchos/FirebaseInstallations.build/Objects-normal/armv7k/FIRInstallationsStore.o /Users/admin/builder/spi-builder-workspace/.dependencies/checkouts/firebase-ios-sdk/FirebaseInstallations/Source/Library/InstallationsStore/FIRInstallationsStore.m normal armv7k objective-c com.apple.compilers.llvm.clang.1_0.compiler (in target 'FirebaseInstallations' from project 'Firebase')
    cd /Users/admin/builder/spi-builder-workspace/.swiftpm/xcode

    Using response file: /Users/admin/builder/spi-builder-workspace/.derivedData/Build/Intermediates.noindex/Firebase.build/Debug-watchos/FirebaseInstallations.build/Objects-normal/armv7k/e6072d4f65d7061329687fe24e3d63a7-common-args.resp

    builtin-ScanDependencies -o /Users/admin/builder/spi-builder-workspace/.derivedData/Build/Intermediates.noindex/Firebase.build/Debug-watchos/FirebaseInstallations.build/Objects-normal/armv7k/FIRInstallationsStore.o.scan -- /Applications/Xcode-16.3.0.app/Contents/Developer/Toolchains/XcodeDefault.xctoolchain/usr/bin/clang -x objective-c -ivfsstatcache /Users/admin/builder/spi-builder-workspace/.derivedData/SDKStatCaches.noindex/watchos11.4-22T246-43efb940ff07ba2497b70ec94253f576.sdkstatcache -fmessage-length\=0 -fdiagnostics-show-note-include-stack -fmacro-backtrace-limit\=0 -fno-color-diagnostics -fmodules-prune-interval\=86400 -fmodules-prune-after\=345600 -fbuild-session-file\=/Users/admin/builder/spi-builder-workspace/.derivedData/ModuleCache.noindex/Session.modulevalidation -fmodules-validate-once-per-build-session -Wnon-modular-include-in-framework-module -Werror\=non-modular-include-in-framework-module -Wno-trigraphs -Wno-missing-field-initializers -Wno-missing-prototypes -Wno-return-type -Wno-implicit-atomic-properties -Wno-objc-interface-ivars -Wno-arc-repeated-use-of-weak -Wno-missing-braces -Wparentheses -Wswitch -Wno-unused-function -Wno-unused-label -Wno-unused-parameter -Wno-unused-variable -Wunused-value -Wno-empty-body -Wno-uninitialized -Wno-unknown-pragmas -w -Wno-shadow -Wno-four-char-constants -Wno-conversion -Wno-constant-conversion -Wno-int-conversion -Wno-bool-conversion -Wno-enum-conversion -Wno-float-conversion -Wno-non-literal-null-conversion -Wno-objc-literal-conversion -Wno-shorten-64-to-32 -Wpointer-sign -Wno-newline-eof -Wno-selector -Wno-strict-selector-match -Wno-undeclared-selector -Wno-deprecated-implementations -Wno-implicit-fallthrough -fstrict-aliasing -Wprotocol -Wdeprecated-declarations -Wno-sign-conversion -Wno-infinite-recursion -Wno-comma -Wno-block-capture-autoreleasing -Wno-strict-prototypes -Wno-semicolon-before-method-body -index-store-path /Users/admin/builder/spi-builder-workspace/.derivedData/Index.noindex/DataStore @/Users/admin/builder/spi-builder-workspace/.derivedData/Build/Intermediates.noindex/Firebase.build/Debug-watchos/FirebaseInstallations.build/Objects-normal/armv7k/e6072d4f65d7061329687fe24e3d63a7-common-args.resp -include /Users/admin/builder/spi-builder-workspace/.derivedData/Build/Intermediates.noindex/Firebase.build/Debug-watchos/FirebaseInstallations.build/DerivedSources/resource_bundle_accessor.h -MMD -MT dependencies -MF /Users/admin/builder/spi-builder-workspace/.derivedData/Build/Intermediates.noindex/Firebase.build/Debug-watchos/FirebaseInstallations.build/Objects-normal/armv7k/FIRInstallationsStore.d --serialize-diagnostics /Users/admin/builder/spi-builder-workspace/.derivedData/Build/Intermediates.noindex/Firebase.build/Debug-watchos/FirebaseInstallations.build/Objects-normal/armv7k/FIRInstallationsStore.dia -c /Users/admin/builder/spi-builder-workspace/.dependencies/checkouts/firebase-ios-sdk/FirebaseInstallations/Source/Library/InstallationsStore/FIRInstallationsStore.m -o /Users/admin/builder/spi-builder-workspace/.derivedData/Build/Intermediates.noindex/Firebase.build/Debug-watchos/FirebaseInstallations.build/Objects-normal/armv7k/FIRInstallationsStore.o -index-unit-output-path /Firebase.build/Debug-watchos/FirebaseInstallations.build/Objects-normal/armv7k/FIRInstallationsStore.o
ScanDependencies /Users/admin/builder/spi-builder-workspace/.derivedData/Build/Intermediates.noindex/Firebase.build/Debug-watchos/FirebaseInstallations.build/Objects-normal/armv7k/FIRInstallationsSingleOperationPromiseCache.o /Users/admin/builder/spi-builder-workspace/.dependencies/checkouts/firebase-ios-sdk/FirebaseInstallations/Source/Library/InstallationsIDController/FIRInstallationsSingleOperationPromiseCache.m normal armv7k objective-c com.apple.compilers.llvm.clang.1_0.compiler (in target 'FirebaseInstallations' from project 'Firebase')
    cd /Users/admin/builder/spi-builder-workspace/.swiftpm/xcode

    Using response file: /Users/admin/builder/spi-builder-workspace/.derivedData/Build/Intermediates.noindex/Firebase.build/Debug-watchos/FirebaseInstallations.build/Objects-normal/armv7k/e6072d4f65d7061329687fe24e3d63a7-common-args.resp

    builtin-ScanDependencies -o /Users/admin/builder/spi-builder-workspace/.derivedData/Build/Intermediates.noindex/Firebase.build/Debug-watchos/FirebaseInstallations.build/Objects-normal/armv7k/FIRInstallationsSingleOperationPromiseCache.o.scan -- /Applications/Xcode-16.3.0.app/Contents/Developer/Toolchains/XcodeDefault.xctoolchain/usr/bin/clang -x objective-c -ivfsstatcache /Users/admin/builder/spi-builder-workspace/.derivedData/SDKStatCaches.noindex/watchos11.4-22T246-43efb940ff07ba2497b70ec94253f576.sdkstatcache -fmessage-length\=0 -fdiagnostics-show-note-include-stack -fmacro-backtrace-limit\=0 -fno-color-diagnostics -fmodules-prune-interval\=86400 -fmodules-prune-after\=345600 -fbuild-session-file\=/Users/admin/builder/spi-builder-workspace/.derivedData/ModuleCache.noindex/Session.modulevalidation -fmodules-validate-once-per-build-session -Wnon-modular-include-in-framework-module -Werror\=non-modular-include-in-framework-module -Wno-trigraphs -Wno-missing-field-initializers -Wno-missing-prototypes -Wno-return-type -Wno-implicit-atomic-properties -Wno-objc-interface-ivars -Wno-arc-repeated-use-of-weak -Wno-missing-braces -Wparentheses -Wswitch -Wno-unused-function -Wno-unused-label -Wno-unused-parameter -Wno-unused-variable -Wunused-value -Wno-empty-body -Wno-uninitialized -Wno-unknown-pragmas -w -Wno-shadow -Wno-four-char-constants -Wno-conversion -Wno-constant-conversion -Wno-int-conversion -Wno-bool-conversion -Wno-enum-conversion -Wno-float-conversion -Wno-non-literal-null-conversion -Wno-objc-literal-conversion -Wno-shorten-64-to-32 -Wpointer-sign -Wno-newline-eof -Wno-selector -Wno-strict-selector-match -Wno-undeclared-selector -Wno-deprecated-implementations -Wno-implicit-fallthrough -fstrict-aliasing -Wprotocol -Wdeprecated-declarations -Wno-sign-conversion -Wno-infinite-recursion -Wno-comma -Wno-block-capture-autoreleasing -Wno-strict-prototypes -Wno-semicolon-before-method-body -index-store-path /Users/admin/builder/spi-builder-workspace/.derivedData/Index.noindex/DataStore @/Users/admin/builder/spi-builder-workspace/.derivedData/Build/Intermediates.noindex/Firebase.build/Debug-watchos/FirebaseInstallations.build/Objects-normal/armv7k/e6072d4f65d7061329687fe24e3d63a7-common-args.resp -include /Users/admin/builder/spi-builder-workspace/.derivedData/Build/Intermediates.noindex/Firebase.build/Debug-watchos/FirebaseInstallations.build/DerivedSources/resource_bundle_accessor.h -MMD -MT dependencies -MF /Users/admin/builder/spi-builder-workspace/.derivedData/Build/Intermediates.noindex/Firebase.build/Debug-watchos/FirebaseInstallations.build/Objects-normal/armv7k/FIRInstallationsSingleOperationPromiseCache.d --serialize-diagnostics /Users/admin/builder/spi-builder-workspace/.derivedData/Build/Intermediates.noindex/Firebase.build/Debug-watchos/FirebaseInstallations.build/Objects-normal/armv7k/FIRInstallationsSingleOperationPromiseCache.dia -c /Users/admin/builder/spi-builder-workspace/.dependencies/checkouts/firebase-ios-sdk/FirebaseInstallations/Source/Library/InstallationsIDController/FIRInstallationsSingleOperationPromiseCache.m -o /Users/admin/builder/spi-builder-workspace/.derivedData/Build/Intermediates.noindex/Firebase.build/Debug-watchos/FirebaseInstallations.build/Objects-normal/armv7k/FIRInstallationsSingleOperationPromiseCache.o -index-unit-output-path /Firebase.build/Debug-watchos/FirebaseInstallations.build/Objects-normal/armv7k/FIRInstallationsSingleOperationPromiseCache.o
SwiftEmitModule normal armv7k Emitting\ module\ for\ HeraldFirebase (in target 'HeraldFirebase' from project 'herald-ios-firebase')
Failed frontend command:
/Applications/Xcode-16.3.0.app/Contents/Developer/Toolchains/XcodeDefault.xctoolchain/usr/bin/swift-frontend -frontend -emit-module -experimental-skip-non-inlinable-function-bodies-without-types /Users/admin/builder/spi-builder-workspace/Sources/HeraldFirebase/FirebaseAnalyticsService.swift /Users/admin/builder/spi-builder-workspace/Sources/HeraldFirebase/FirebaseAnalyticsTrackerService.swift /Users/admin/builder/spi-builder-workspace/Sources/HeraldFirebase/FirebaseEventTracker.swift /Users/admin/builder/spi-builder-workspace/Sources/HeraldFirebase/FirebaseEventTrackerFactory.swift /Users/admin/builder/spi-builder-workspace/Sources/HeraldFirebase/FirebaseFactories.swift /Users/admin/builder/spi-builder-workspace/Sources/HeraldFirebase/FirebasePropertySetter.swift /Users/admin/builder/spi-builder-workspace/Sources/HeraldFirebase/FirebasePropertySetterFactory.swift /Users/admin/builder/spi-builder-workspace/Sources/HeraldFirebase/FirebaseSDK.swift /Users/admin/builder/spi-builder-workspace/Sources/HeraldFirebase/FirebaseValues.swift /Users/admin/builder/spi-builder-workspace/Sources/HeraldFirebase/RequireMappedFirebaseFactories.swift /Users/admin/builder/spi-builder-workspace/Sources/HeraldFirebase/Setters/GenericFirebasePropertySetter.swift /Users/admin/builder/spi-builder-workspace/Sources/HeraldFirebase/Trackers/GenericFirebaseEventTracker.swift /Users/admin/builder/spi-builder-workspace/Sources/HeraldFirebase/Trackers/ScreenViewFirebaseEventTracker.swift -target armv7k-apple-watchos8.0 -enable-objc-interop -stack-check -sdk /Applications/Xcode-16.3.0.app/Contents/Developer/Platforms/WatchOS.platform/Developer/SDKs/WatchOS11.4.sdk -I /Users/admin/builder/spi-builder-workspace/.derivedData/Build/Products/Debug-watchos -I /Applications/Xcode-16.3.0.app/Contents/Developer/Platforms/WatchOS.platform/Developer/usr/lib -F /Users/admin/builder/spi-builder-workspace/.derivedData/Build/Products/Debug-watchos/PackageFrameworks -F /Users/admin/builder/spi-builder-workspace/.derivedData/Build/Products/Debug-watchos/PackageFrameworks -F /Users/admin/builder/spi-builder-workspace/.derivedData/Build/Products/Debug-watchos/PackageFrameworks -F /Users/admin/builder/spi-builder-workspace/.derivedData/Build/Products/Debug-watchos/PackageFrameworks -F /Users/admin/builder/spi-builder-workspace/.derivedData/Build/Products/Debug-watchos/PackageFrameworks -F /Users/admin/builder/spi-builder-workspace/.derivedData/Build/Products/Debug-watchos/PackageFrameworks -F /Users/admin/builder/spi-builder-workspace/.derivedData/Build/Products/Debug-watchos/PackageFrameworks -F /Users/admin/builder/spi-builder-workspace/.derivedData/Build/Products/Debug-watchos/PackageFrameworks -F /Users/admin/builder/spi-builder-workspace/.derivedData/Build/Products/Debug-watchos/PackageFrameworks -F /Users/admin/builder/spi-builder-workspace/.derivedData/Build/Products/Debug-watchos/PackageFrameworks -F /Users/admin/builder/spi-builder-workspace/.derivedData/Build/Products/Debug-watchos/PackageFrameworks -F /Users/admin/builder/spi-builder-workspace/.derivedData/Build/Products/Debug-watchos/PackageFrameworks -F /Users/admin/builder/spi-builder-workspace/.derivedData/Build/Products/Debug-watchos/PackageFrameworks -F /Users/admin/builder/spi-builder-workspace/.derivedData/Build/Products/Debug-watchos/PackageFrameworks -F /Users/admin/builder/spi-builder-workspace/.derivedData/Build/Products/Debug-watchos/PackageFrameworks -F /Users/admin/builder/spi-builder-workspace/.derivedData/Build/Products/Debug-watchos/PackageFrameworks -F /Users/admin/builder/spi-builder-workspace/.derivedData/Build/Products/Debug-watchos/PackageFrameworks -F /Users/admin/builder/spi-builder-workspace/.derivedData/Build/Products/Debug-watchos -F /Applications/Xcode-16.3.0.app/Contents/Developer/Platforms/WatchOS.platform/Developer/Library/Frameworks -F /Applications/Xcode-16.3.0.app/Contents/Developer/Platforms/WatchOS.platform/Developer/SDKs/WatchOS11.4.sdk/Developer/Library/Frameworks -no-color-diagnostics -enable-testing -g -debug-info-format\=dwarf -dwarf-version\=4 -module-cache-path /Users/admin/builder/spi-builder-workspace/.derivedData/ModuleCache.noindex -profile-generate -profile-coverage-mapping -swift-version 6 -enforce-exclusivity\=checked -Onone -D SWIFT_PACKAGE -D DEBUG -D Xcode -serialize-debugging-options -const-gather-protocols-file /Users/admin/builder/spi-builder-workspace/.derivedData/Build/Intermediates.noindex/herald-ios-firebase.build/Debug-watchos/HeraldFirebase.build/Objects-normal/armv7k/HeraldFirebase_const_extract_protocols.json -enable-experimental-feature DebugDescriptionMacro -empty-abi-descriptor -plugin-path /Applications/Xcode-16.3.0.app/Contents/Developer/Toolchains/XcodeDefault.xctoolchain/usr/lib/swift/host/plugins/testing -validate-clang-modules-once -clang-build-session-file /Users/admin/builder/spi-builder-workspace/.derivedData/ModuleCache.noindex/Session.modulevalidation -Xcc -working-directory -Xcc /Users/admin/builder/spi-builder-workspace/.swiftpm/xcode -resource-dir /Applications/Xcode-16.3.0.app/Contents/Developer/Toolchains/XcodeDefault.xctoolchain/usr/lib/swift -enable-anonymous-context-mangled-names -file-compilation-dir /Users/admin/builder/spi-builder-workspace/.swiftpm/xcode -Xcc -fmodule-map-file\=/Users/admin/builder/spi-builder-workspace/.derivedData/Build/Intermediates.noindex/GeneratedModuleMaps-watchos/GoogleUtilities-UserDefaults.modulemap -Xcc -fmodule-map-file\=/Users/admin/builder/spi-builder-workspace/.derivedData/Build/Intermediates.noindex/GeneratedModuleMaps-watchos/GoogleUtilities-AppDelegateSwizzler.modulemap -Xcc -fmodule-map-file\=/Users/admin/builder/spi-builder-workspace/.derivedData/Build/Intermediates.noindex/GeneratedModuleMaps-watchos/GoogleUtilities-MethodSwizzler.modulemap -Xcc -fmodule-map-file\=/Users/admin/builder/spi-builder-workspace/.derivedData/Build/Intermediates.noindex/GeneratedModuleMaps-watchos/GoogleUtilities-Reachability.modulemap -Xcc -fmodule-map-file\=/Users/admin/builder/spi-builder-workspace/.derivedData/Build/Intermediates.noindex/GeneratedModuleMaps-watchos/GoogleUtilities-NSData.modulemap -Xcc -fmodule-map-file\=/Users/admin/builder/spi-builder-workspace/.derivedData/Build/Intermediates.noindex/GeneratedModuleMaps-watchos/GoogleUtilities-Logger.modulemap -Xcc -fmodule-map-file\=/Users/admin/builder/spi-builder-workspace/.derivedData/Build/Intermediates.noindex/GeneratedModuleMaps-watchos/GoogleUtilities-Environment.modulemap -Xcc -fmodule-map-file\=/Users/admin/builder/spi-builder-workspace/.derivedData/Build/Intermediates.noindex/GeneratedModuleMaps-watchos/third-party-IsAppEncrypted.modulemap -Xcc -fmodule-map-file\=/Users/admin/builder/spi-builder-workspace/.derivedData/Build/Intermediates.noindex/GeneratedModuleMaps-watchos/GoogleUtilities-Network.modulemap -Xcc -fmodule-map-file\=/Users/admin/builder/spi-builder-workspace/.derivedData/Build/Intermediates.noindex/GeneratedModuleMaps-watchos/nanopb.modulemap -Xcc -fmodule-map-file\=/Users/admin/builder/spi-builder-workspace/.derivedData/Build/Intermediates.noindex/GeneratedModuleMaps-watchos/FirebaseInstallations.modulemap -Xcc -fmodule-map-file\=/Users/admin/builder/spi-builder-workspace/.derivedData/Build/Intermediates.noindex/GeneratedModuleMaps-watchos/FirebaseCore.modulemap -Xcc -fmodule-map-file\=/Users/admin/builder/spi-builder-workspace/.derivedData/Build/Intermediates.noindex/GeneratedModuleMaps-watchos/FirebaseAnalyticsTarget.modulemap -Xcc -ivfsstatcache -Xcc /Users/admin/builder/spi-builder-workspace/.derivedData/SDKStatCaches.noindex/watchos11.4-22T246-43efb940ff07ba2497b70ec94253f576.sdkstatcache -Xcc -I/Users/admin/builder/spi-builder-workspace/.derivedData/Build/Intermediates.noindex/herald-ios-firebase.build/Debug-watchos/HeraldFirebase.build/swift-overrides.hmap -Xcc -I/Users/admin/builder/spi-builder-workspace/.dependencies/checkouts/promises/Sources/FBLPromises/include -Xcc -I/Users/admin/builder/spi-builder-workspace/.dependencies/checkouts/GoogleUtilities/GoogleUtilities/UserDefaults/Public -Xcc -I/Users/admin/builder/spi-builder-workspace/.dependencies/checkouts/GoogleUtilities/GoogleUtilities/AppDelegateSwizzler/Public -Xcc -I/Users/admin/builder/spi-builder-workspace/.dependencies/checkouts/GoogleUtilities/GoogleUtilities/MethodSwizzler/Public -Xcc -I/Users/admin/builder/spi-builder-workspace/.dependencies/checkouts/GoogleUtilities/GoogleUtilities/Reachability/Public -Xcc -I/Users/admin/builder/spi-builder-workspace/.dependencies/checkouts/GoogleUtilities/GoogleUtilities/NSData+zlib/Public -Xcc -I/Users/admin/builder/spi-builder-workspace/.dependencies/checkouts/GoogleUtilities/GoogleUtilities/Logger/Public -Xcc -I/Users/admin/builder/spi-builder-workspace/.dependencies/checkouts/GoogleUtilities/GoogleUtilities/Environment/Public -Xcc -I/Users/admin/builder/spi-builder-workspace/.dependencies/checkouts/GoogleUtilities/third_party/IsAppEncrypted/Public -Xcc -I/Users/admin/builder/spi-builder-workspace/.dependencies/checkouts/GoogleUtilities/GoogleUtilities/Network/Public -Xcc -I/Users/admin/builder/spi-builder-workspace/.dependencies/checkouts/nanopb/spm_headers -Xcc -I/Users/admin/builder/spi-builder-workspace/.dependencies/checkouts/firebase-ios-sdk/FirebaseInstallations/Source/Library/Public -Xcc -I/Users/admin/builder/spi-builder-workspace/.dependencies/checkouts/firebase-ios-sdk/FirebaseCore/Sources/Public -Xcc -I/Users/admin/builder/spi-builder-workspace/.dependencies/checkouts/firebase-ios-sdk/CoreOnly/Sources -Xcc -I/Users/admin/builder/spi-builder-workspace/.dependencies/checkouts/firebase-ios-sdk/SwiftPM-PlatformExclude/FirebaseAnalyticsWrap/include -Xcc -I/Users/admin/builder/spi-builder-workspace/.derivedData/Build/Products/Debug-watchos/include -Xcc -I/Users/admin/builder/spi-builder-workspace/.derivedData/Build/Intermediates.noindex/herald-ios-firebase.build/Debug-watchos/HeraldFirebase.build/DerivedSources-normal/armv7k -Xcc -I/Users/admin/builder/spi-builder-workspace/.derivedData/Build/Intermediates.noindex/herald-ios-firebase.build/Debug-watchos/HeraldFirebase.build/DerivedSources/armv7k -Xcc -I/Users/admin/builder/spi-builder-workspace/.derivedData/Build/Intermediates.noindex/herald-ios-firebase.build/Debug-watchos/HeraldFirebase.build/DerivedSources -Xcc -DSWIFT_PACKAGE -Xcc -DDEBUG\=1 -module-name HeraldFirebase -package-name spi_builder_workspace -frontend-parseable-output -disable-clang-spi -target-sdk-version 11.4 -target-sdk-name watchos11.4 -external-plugin-path /Applications/Xcode-16.3.0.app/Contents/Developer/Platforms/WatchOS.platform/Developer/usr/lib/swift/host/plugins\#/Applications/Xcode-16.3.0.app/Contents/Developer/Platforms/WatchOS.platform/Developer/usr/bin/swift-plugin-server -external-plugin-path /Applications/Xcode-16.3.0.app/Contents/Developer/Platforms/WatchOS.platform/Developer/usr/local/lib/swift/host/plugins\#/Applications/Xcode-16.3.0.app/Contents/Developer/Platforms/WatchOS.platform/Developer/usr/bin/swift-plugin-server -in-process-plugin-server-path /Applications/Xcode-16.3.0.app/Contents/Developer/Toolchains/XcodeDefault.xctoolchain/usr/lib/swift/host/libSwiftInProcPluginServer.dylib -plugin-path /Applications/Xcode-16.3.0.app/Contents/Developer/Toolchains/XcodeDefault.xctoolchain/usr/lib/swift/host/plugins -plugin-path /Applications/Xcode-16.3.0.app/Contents/Developer/Toolchains/XcodeDefault.xctoolchain/usr/local/lib/swift/host/plugins -emit-module-doc-path /Users/admin/builder/spi-builder-workspace/.derivedData/Build/Intermediates.noindex/herald-ios-firebase.build/Debug-watchos/HeraldFirebase.build/Objects-normal/armv7k/HeraldFirebase.swiftdoc -emit-module-source-info-path /Users/admin/builder/spi-builder-workspace/.derivedData/Build/Intermediates.noindex/herald-ios-firebase.build/Debug-watchos/HeraldFirebase.build/Objects-normal/armv7k/HeraldFirebase.swiftsourceinfo -emit-objc-header-path /Users/admin/builder/spi-builder-workspace/.derivedData/Build/Intermediates.noindex/herald-ios-firebase.build/Debug-watchos/HeraldFirebase.build/Objects-normal/armv7k/HeraldFirebase-Swift.h -serialize-diagnostics-path /Users/admin/builder/spi-builder-workspace/.derivedData/Build/Intermediates.noindex/herald-ios-firebase.build/Debug-watchos/HeraldFirebase.build/Objects-normal/armv7k/HeraldFirebase-master-emit-module.dia -emit-dependencies-path /Users/admin/builder/spi-builder-workspace/.derivedData/Build/Intermediates.noindex/herald-ios-firebase.build/Debug-watchos/HeraldFirebase.build/Objects-normal/armv7k/HeraldFirebase-master-emit-module.d -o /Users/admin/builder/spi-builder-workspace/.derivedData/Build/Intermediates.noindex/herald-ios-firebase.build/Debug-watchos/HeraldFirebase.build/Objects-normal/armv7k/HeraldFirebase.swiftmodule -emit-abi-descriptor-path /Users/admin/builder/spi-builder-workspace/.derivedData/Build/Intermediates.noindex/herald-ios-firebase.build/Debug-watchos/HeraldFirebase.build/Objects-normal/armv7k/HeraldFirebase.abi.json
EmitSwiftModule normal armv7k (in target 'HeraldFirebase' from project 'herald-ios-firebase')
    cd /Users/admin/builder/spi-builder-workspace/.swiftpm/xcode

/Users/admin/builder/spi-builder-workspace/Sources/HeraldFirebase/FirebaseSDK.swift:1:8: error: no such module 'FirebaseAnalytics'
import FirebaseAnalytics
       ^
SwiftDriverJobDiscovery normal arm64_32 Compiling HeartbeatController.swift, HeartbeatLoggingTestUtils.swift (in target 'FirebaseCoreInternal' from project 'Firebase')
SwiftEmitModule normal arm64_32 Emitting\ module\ for\ HeraldFirebase (in target 'HeraldFirebase' from project 'herald-ios-firebase')
EmitSwiftModule normal arm64_32 (in target 'HeraldFirebase' from project 'herald-ios-firebase')
    cd /Users/admin/builder/spi-builder-workspace/.swiftpm/xcode

SwiftEmitModule normal arm64 Emitting\ module\ for\ HeraldFirebase (in target 'HeraldFirebase' from project 'herald-ios-firebase')
EmitSwiftModule normal arm64 (in target 'HeraldFirebase' from project 'herald-ios-firebase')
    cd /Users/admin/builder/spi-builder-workspace/.swiftpm/xcode

SwiftCompile normal arm64_32 Compiling\ FirebaseSDK.swift /Users/admin/builder/spi-builder-workspace/Sources/HeraldFirebase/FirebaseSDK.swift (in target 'HeraldFirebase' from project 'herald-ios-firebase')
SwiftCompile normal arm64_32 /Users/admin/builder/spi-builder-workspace/Sources/HeraldFirebase/FirebaseSDK.swift (in target 'HeraldFirebase' from project 'herald-ios-firebase')
    cd /Users/admin/builder/spi-builder-workspace/.swiftpm/xcode

SwiftCompile normal arm64_32 Compiling\ ScreenViewFirebaseEventTracker.swift /Users/admin/builder/spi-builder-workspace/Sources/HeraldFirebase/Trackers/ScreenViewFirebaseEventTracker.swift (in target 'HeraldFirebase' from project 'herald-ios-firebase')
SwiftCompile normal arm64_32 /Users/admin/builder/spi-builder-workspace/Sources/HeraldFirebase/Trackers/ScreenViewFirebaseEventTracker.swift (in target 'HeraldFirebase' from project 'herald-ios-firebase')
    cd /Users/admin/builder/spi-builder-workspace/.swiftpm/xcode

PrecompileModule /Users/admin/builder/spi-builder-workspace/.derivedData/Build/Intermediates.noindex/ExplicitPrecompiledModules/_fenv-9VNED5186X7CTV0QEQ221AGH1.scan
    cd /Users/admin/builder/spi-builder-workspace/.swiftpm/xcode
    builtin-precompileModule /Users/admin/builder/spi-builder-workspace/.derivedData/Build/Intermediates.noindex/ExplicitPrecompiledModules/_fenv-9VNED5186X7CTV0QEQ221AGH1.scan
SwiftDriverJobDiscovery normal arm64 Compiling UnfairLock.swift (in target 'FirebaseCoreInternal' from project 'Firebase')
PrecompileModule /Users/admin/builder/spi-builder-workspace/.derivedData/Build/Intermediates.noindex/ExplicitPrecompiledModules/os_availability_internal-AHR0VPCXBHWDA4AC92NP4IN44.scan
    cd /Users/admin/builder/spi-builder-workspace/.swiftpm/xcode
    builtin-precompileModule /Users/admin/builder/spi-builder-workspace/.derivedData/Build/Intermediates.noindex/ExplicitPrecompiledModules/os_availability_internal-AHR0VPCXBHWDA4AC92NP4IN44.scan
CompileC /Users/admin/builder/spi-builder-workspace/.derivedData/Build/Intermediates.noindex/Promises.build/Debug-watchos/FBLPromises.build/Objects-normal/arm64/resource_bundle_accessor.o /Users/admin/builder/spi-builder-workspace/.derivedData/Build/Intermediates.noindex/Promises.build/Debug-watchos/FBLPromises.build/DerivedSources/resource_bundle_accessor.m normal arm64 objective-c com.apple.compilers.llvm.clang.1_0.compiler (in target 'FBLPromises' from project 'Promises')
    cd /Users/admin/builder/spi-builder-workspace/.swiftpm/xcode

    Using response file: /Users/admin/builder/spi-builder-workspace/.derivedData/Build/Intermediates.noindex/Promises.build/Debug-watchos/FBLPromises.build/Objects-normal/arm64/e6072d4f65d7061329687fe24e3d63a7-common-args.resp

    /Applications/Xcode-16.3.0.app/Contents/Developer/Toolchains/XcodeDefault.xctoolchain/usr/bin/clang -x objective-c -ivfsstatcache /Users/admin/builder/spi-builder-workspace/.derivedData/SDKStatCaches.noindex/watchos11.4-22T246-43efb940ff07ba2497b70ec94253f576.sdkstatcache -fmessage-length\=0 -fdiagnostics-show-note-include-stack -fmacro-backtrace-limit\=0 -fno-color-diagnostics -fmodules-prune-interval\=86400 -fmodules-prune-after\=345600 -fbuild-session-file\=/Users/admin/builder/spi-builder-workspace/.derivedData/ModuleCache.noindex/Session.modulevalidation -fmodules-validate-once-per-build-session -Wnon-modular-include-in-framework-module -Werror\=non-modular-include-in-framework-module -Wno-trigraphs -Wno-missing-field-initializers -Wno-missing-prototypes -Wno-return-type -Wno-implicit-atomic-properties -Wno-objc-interface-ivars -Wno-arc-repeated-use-of-weak -Wno-missing-braces -Wparentheses -Wswitch -Wno-unused-function -Wno-unused-label -Wno-unused-parameter -Wno-unused-variable -Wunused-value -Wno-empty-body -Wno-uninitialized -Wno-unknown-pragmas -w -Wno-shadow -Wno-four-char-constants -Wno-conversion -Wno-constant-conversion -Wno-int-conversion -Wno-bool-conversion -Wno-enum-conversion -Wno-float-conversion -Wno-non-literal-null-conversion -Wno-objc-literal-conversion -Wshorten-64-to-32 -Wpointer-sign -Wno-newline-eof -Wno-selector -Wno-strict-selector-match -Wno-undeclared-selector -Wno-deprecated-implementations -Wno-implicit-fallthrough -fstrict-aliasing -Wprotocol -Wdeprecated-declarations -Wno-sign-conversion -Wno-infinite-recursion -Wno-comma -Wno-block-capture-autoreleasing -Wno-strict-prototypes -Wno-semicolon-before-method-body -index-store-path /Users/admin/builder/spi-builder-workspace/.derivedData/Index.noindex/DataStore @/Users/admin/builder/spi-builder-workspace/.derivedData/Build/Intermediates.noindex/Promises.build/Debug-watchos/FBLPromises.build/Objects-normal/arm64/e6072d4f65d7061329687fe24e3d63a7-common-args.resp -include /Users/admin/builder/spi-builder-workspace/.derivedData/Build/Intermediates.noindex/Promises.build/Debug-watchos/FBLPromises.build/DerivedSources/resource_bundle_accessor.h -MMD -MT dependencies -MF /Users/admin/builder/spi-builder-workspace/.derivedData/Build/Intermediates.noindex/Promises.build/Debug-watchos/FBLPromises.build/Objects-normal/arm64/resource_bundle_accessor.d --serialize-diagnostics /Users/admin/builder/spi-builder-workspace/.derivedData/Build/Intermediates.noindex/Promises.build/Debug-watchos/FBLPromises.build/Objects-normal/arm64/resource_bundle_accessor.dia -c /Users/admin/builder/spi-builder-workspace/.derivedData/Build/Intermediates.noindex/Promises.build/Debug-watchos/FBLPromises.build/DerivedSources/resource_bundle_accessor.m -o /Users/admin/builder/spi-builder-workspace/.derivedData/Build/Intermediates.noindex/Promises.build/Debug-watchos/FBLPromises.build/Objects-normal/arm64/resource_bundle_accessor.o -index-unit-output-path /Promises.build/Debug-watchos/FBLPromises.build/Objects-normal/arm64/resource_bundle_accessor.o
CompileC /Users/admin/builder/spi-builder-workspace/.derivedData/Build/Intermediates.noindex/Promises.build/Debug-watchos/FBLPromises.build/Objects-normal/arm64/FBLPromiseError.o /Users/admin/builder/spi-builder-workspace/.dependencies/checkouts/promises/Sources/FBLPromises/FBLPromiseError.m normal arm64 objective-c com.apple.compilers.llvm.clang.1_0.compiler (in target 'FBLPromises' from project 'Promises')
    cd /Users/admin/builder/spi-builder-workspace/.swiftpm/xcode

    Using response file: /Users/admin/builder/spi-builder-workspace/.derivedData/Build/Intermediates.noindex/Promises.build/Debug-watchos/FBLPromises.build/Objects-normal/arm64/e6072d4f65d7061329687fe24e3d63a7-common-args.resp

    /Applications/Xcode-16.3.0.app/Contents/Developer/Toolchains/XcodeDefault.xctoolchain/usr/bin/clang -x objective-c -ivfsstatcache /Users/admin/builder/spi-builder-workspace/.derivedData/SDKStatCaches.noindex/watchos11.4-22T246-43efb940ff07ba2497b70ec94253f576.sdkstatcache -fmessage-length\=0 -fdiagnostics-show-note-include-stack -fmacro-backtrace-limit\=0 -fno-color-diagnostics -fmodules-prune-interval\=86400 -fmodules-prune-after\=345600 -fbuild-session-file\=/Users/admin/builder/spi-builder-workspace/.derivedData/ModuleCache.noindex/Session.modulevalidation -fmodules-validate-once-per-build-session -Wnon-modular-include-in-framework-module -Werror\=non-modular-include-in-framework-module -Wno-trigraphs -Wno-missing-field-initializers -Wno-missing-prototypes -Wno-return-type -Wno-implicit-atomic-properties -Wno-objc-interface-ivars -Wno-arc-repeated-use-of-weak -Wno-missing-braces -Wparentheses -Wswitch -Wno-unused-function -Wno-unused-label -Wno-unused-parameter -Wno-unused-variable -Wunused-value -Wno-empty-body -Wno-uninitialized -Wno-unknown-pragmas -w -Wno-shadow -Wno-four-char-constants -Wno-conversion -Wno-constant-conversion -Wno-int-conversion -Wno-bool-conversion -Wno-enum-conversion -Wno-float-conversion -Wno-non-literal-null-conversion -Wno-objc-literal-conversion -Wshorten-64-to-32 -Wpointer-sign -Wno-newline-eof -Wno-selector -Wno-strict-selector-match -Wno-undeclared-selector -Wno-deprecated-implementations -Wno-implicit-fallthrough -fstrict-aliasing -Wprotocol -Wdeprecated-declarations -Wno-sign-conversion -Wno-infinite-recursion -Wno-comma -Wno-block-capture-autoreleasing -Wno-strict-prototypes -Wno-semicolon-before-method-body -index-store-path /Users/admin/builder/spi-builder-workspace/.derivedData/Index.noindex/DataStore @/Users/admin/builder/spi-builder-workspace/.derivedData/Build/Intermediates.noindex/Promises.build/Debug-watchos/FBLPromises.build/Objects-normal/arm64/e6072d4f65d7061329687fe24e3d63a7-common-args.resp -include /Users/admin/builder/spi-builder-workspace/.derivedData/Build/Intermediates.noindex/Promises.build/Debug-watchos/FBLPromises.build/DerivedSources/resource_bundle_accessor.h -MMD -MT dependencies -MF /Users/admin/builder/spi-builder-workspace/.derivedData/Build/Intermediates.noindex/Promises.build/Debug-watchos/FBLPromises.build/Objects-normal/arm64/FBLPromiseError.d --serialize-diagnostics /Users/admin/builder/spi-builder-workspace/.derivedData/Build/Intermediates.noindex/Promises.build/Debug-watchos/FBLPromises.build/Objects-normal/arm64/FBLPromiseError.dia -c /Users/admin/builder/spi-builder-workspace/.dependencies/checkouts/promises/Sources/FBLPromises/FBLPromiseError.m -o /Users/admin/builder/spi-builder-workspace/.derivedData/Build/Intermediates.noindex/Promises.build/Debug-watchos/FBLPromises.build/Objects-normal/arm64/FBLPromiseError.o -index-unit-output-path /Promises.build/Debug-watchos/FBLPromises.build/Objects-normal/arm64/FBLPromiseError.o
SwiftDriverJobDiscovery normal armv7k Compiling HeartbeatsPayload.swift, RingBuffer.swift (in target 'FirebaseCoreInternal' from project 'Firebase')
CompileC /Users/admin/builder/spi-builder-workspace/.derivedData/Build/Intermediates.noindex/Promises.build/Debug-watchos/FBLPromises.build/Objects-normal/arm64/FBLPromise.o /Users/admin/builder/spi-builder-workspace/.dependencies/checkouts/promises/Sources/FBLPromises/FBLPromise.m normal arm64 objective-c com.apple.compilers.llvm.clang.1_0.compiler (in target 'FBLPromises' from project 'Promises')
    cd /Users/admin/builder/spi-builder-workspace/.swiftpm/xcode

    Using response file: /Users/admin/builder/spi-builder-workspace/.derivedData/Build/Intermediates.noindex/Promises.build/Debug-watchos/FBLPromises.build/Objects-normal/arm64/e6072d4f65d7061329687fe24e3d63a7-common-args.resp

    /Applications/Xcode-16.3.0.app/Contents/Developer/Toolchains/XcodeDefault.xctoolchain/usr/bin/clang -x objective-c -ivfsstatcache /Users/admin/builder/spi-builder-workspace/.derivedData/SDKStatCaches.noindex/watchos11.4-22T246-43efb940ff07ba2497b70ec94253f576.sdkstatcache -fmessage-length\=0 -fdiagnostics-show-note-include-stack -fmacro-backtrace-limit\=0 -fno-color-diagnostics -fmodules-prune-interval\=86400 -fmodules-prune-after\=345600 -fbuild-session-file\=/Users/admin/builder/spi-builder-workspace/.derivedData/ModuleCache.noindex/Session.modulevalidation -fmodules-validate-once-per-build-session -Wnon-modular-include-in-framework-module -Werror\=non-modular-include-in-framework-module -Wno-trigraphs -Wno-missing-field-initializers -Wno-missing-prototypes -Wno-return-type -Wno-implicit-atomic-properties -Wno-objc-interface-ivars -Wno-arc-repeated-use-of-weak -Wno-missing-braces -Wparentheses -Wswitch -Wno-unused-function -Wno-unused-label -Wno-unused-parameter -Wno-unused-variable -Wunused-value -Wno-empty-body -Wno-uninitialized -Wno-unknown-pragmas -w -Wno-shadow -Wno-four-char-constants -Wno-conversion -Wno-constant-conversion -Wno-int-conversion -Wno-bool-conversion -Wno-enum-conversion -Wno-float-conversion -Wno-non-literal-null-conversion -Wno-objc-literal-conversion -Wshorten-64-to-32 -Wpointer-sign -Wno-newline-eof -Wno-selector -Wno-strict-selector-match -Wno-undeclared-selector -Wno-deprecated-implementations -Wno-implicit-fallthrough -fstrict-aliasing -Wprotocol -Wdeprecated-declarations -Wno-sign-conversion -Wno-infinite-recursion -Wno-comma -Wno-block-capture-autoreleasing -Wno-strict-prototypes -Wno-semicolon-before-method-body -index-store-path /Users/admin/builder/spi-builder-workspace/.derivedData/Index.noindex/DataStore @/Users/admin/builder/spi-builder-workspace/.derivedData/Build/Intermediates.noindex/Promises.build/Debug-watchos/FBLPromises.build/Objects-normal/arm64/e6072d4f65d7061329687fe24e3d63a7-common-args.resp -include /Users/admin/builder/spi-builder-workspace/.derivedData/Build/Intermediates.noindex/Promises.build/Debug-watchos/FBLPromises.build/DerivedSources/resource_bundle_accessor.h -MMD -MT dependencies -MF /Users/admin/builder/spi-builder-workspace/.derivedData/Build/Intermediates.noindex/Promises.build/Debug-watchos/FBLPromises.build/Objects-normal/arm64/FBLPromise.d --serialize-diagnostics /Users/admin/builder/spi-builder-workspace/.derivedData/Build/Intermediates.noindex/Promises.build/Debug-watchos/FBLPromises.build/Objects-normal/arm64/FBLPromise.dia -c /Users/admin/builder/spi-builder-workspace/.dependencies/checkouts/promises/Sources/FBLPromises/FBLPromise.m -o /Users/admin/builder/spi-builder-workspace/.derivedData/Build/Intermediates.noindex/Promises.build/Debug-watchos/FBLPromises.build/Objects-normal/arm64/FBLPromise.o -index-unit-output-path /Promises.build/Debug-watchos/FBLPromises.build/Objects-normal/arm64/FBLPromise.o
Failed frontend command:
/Applications/Xcode-16.3.0.app/Contents/Developer/Toolchains/XcodeDefault.xctoolchain/usr/bin/clang -cc1 -Wundef-prefix\=TARGET_OS_ -fdiagnostics-show-note-include-stack -fmacro-backtrace-limit\=0 -w -ferror-limit 19 -serialize-diagnostic-file /Users/admin/builder/spi-builder-workspace/.derivedData/Build/Intermediates.noindex/Promises.build/Debug-watchos/FBLPromises.build/Objects-normal/arm64/FBLPromise.dia -Wdeprecated-objc-isa-usage -Werror\=deprecated-objc-isa-usage -Werror\=implicit-function-declaration -Wnon-modular-include-in-framework-module -Werror\=non-modular-include-in-framework-module -Wno-trigraphs -Wno-missing-field-initializers -Wno-missing-prototypes -Wno-return-type -Wno-implicit-atomic-properties -Wno-objc-interface-ivars -Wno-arc-repeated-use-of-weak -Wno-missing-braces -Wparentheses -Wswitch -Wno-unused-function -Wno-unused-label -Wno-unused-parameter -Wno-unused-variable -Wunused-value -Wno-empty-body -Wno-uninitialized -Wno-unknown-pragmas -Wno-shadow -Wno-four-char-constants -Wno-conversion -Wno-constant-conversion -Wno-int-conversion -Wno-bool-conversion -Wno-enum-conversion -Wno-float-conversion -Wno-non-literal-null-conversion -Wno-objc-literal-conversion -Wshorten-64-to-32 -Wpointer-sign -Wno-newline-eof -Wno-selector -Wno-strict-selector-match -Wno-undeclared-selector -Wno-deprecated-implementations -Wno-implicit-fallthrough -Wprotocol -Wdeprecated-declarations -Wno-sign-conversion -Wno-infinite-recursion -Wno-comma -Wno-block-capture-autoreleasing -Wno-strict-prototypes -Wno-semicolon-before-method-body -Wno-reorder-init-list -Wno-implicit-int-float-conversion -Wno-c99-designator -Wno-final-dtor-non-final-class -Wno-extra-semi-stmt -Wno-misleading-indentation -Wno-quoted-include-in-framework-header -Wno-implicit-fallthrough -Wno-enum-enum-conversion -Wno-enum-float-conversion -Wno-elaborated-enum-base -Wno-reserved-identifier -Wno-gnu-folding-constant -index-store-path /Users/admin/builder/spi-builder-workspace/.derivedData/Index.noindex/DataStore -index-unit-output-path /Promises.build/Debug-watchos/FBLPromises.build/Objects-normal/arm64/FBLPromise.o -fmodule-map-file\=/Users/admin/builder/spi-builder-workspace/.dependencies/checkouts/promises/Sources/FBLPromises/include/module.modulemap -fmodule-map-file\=/Applications/Xcode-16.3.0.app/Contents/Developer/Platforms/WatchOS.platform/Developer/SDKs/WatchOS.sdk/System/Library/Frameworks/Foundation.framework/Modules/module.modulemap -o /Users/admin/builder/spi-builder-workspace/.derivedData/Build/Intermediates.noindex/Promises.build/Debug-watchos/FBLPromises.build/Objects-normal/arm64/FBLPromise.o -disable-free -emit-obj -x objective-c /Users/admin/builder/spi-builder-workspace/.dependencies/checkouts/promises/Sources/FBLPromises/FBLPromise.m -target-abi darwinpcs -target-cpu apple-s4 -target-feature +zcm -target-feature +zcz -target-feature +v8.3a -target-feature +aes -target-feature +complxnum -target-feature +crc -target-feature +fp-armv8 -target-feature +fullfp16 -target-feature +jsconv -target-feature +lse -target-feature +neon -target-feature +pauth -target-feature +perfmon -target-feature +ras -target-feature +rcpc -target-feature +rdm -target-feature +sha2 -triple arm64-apple-watchos4.0.0 -target-linker-version 1167.4.1 -target-sdk-version\=11.4 -fmodules-validate-system-headers -fno-modulemap-allow-subdirectory-search -isysroot /Applications/Xcode-16.3.0.app/Contents/Developer/Platforms/WatchOS.platform/Developer/SDKs/WatchOS11.4.sdk -resource-dir /Applications/Xcode-16.3.0.app/Contents/Developer/Toolchains/XcodeDefault.xctoolchain/usr/lib/clang/17 -fmodule-format\=obj -fmodule-file\=Foundation\=/Users/admin/builder/spi-builder-workspace/.derivedData/Build/Intermediates.noindex/ExplicitPrecompiledModules/Foundation-B77CA6JLPNJU6DKZ5PGGKPRVG.pcm -I /Users/admin/builder/spi-builder-workspace/.derivedData/Build/Products/Debug-watchos/include -I /Users/admin/builder/spi-builder-workspace/.dependencies/checkouts/promises/Sources/FBLPromises/include -I /Users/admin/builder/spi-builder-workspace/.derivedData/Build/Intermediates.noindex/Promises.build/Debug-watchos/FBLPromises.build/DerivedSources-normal/arm64 -I /Users/admin/builder/spi-builder-workspace/.derivedData/Build/Intermediates.noindex/Promises.build/Debug-watchos/FBLPromises.build/DerivedSources/arm64 -I /Users/admin/builder/spi-builder-workspace/.derivedData/Build/Intermediates.noindex/Promises.build/Debug-watchos/FBLPromises.build/DerivedSources -F /Users/admin/builder/spi-builder-workspace/.derivedData/Build/Products/Debug-watchos -iframework /Applications/Xcode-16.3.0.app/Contents/Developer/Platforms/WatchOS.platform/Developer/Library/Frameworks -iframework /Applications/Xcode-16.3.0.app/Contents/Developer/Platforms/WatchOS.platform/Developer/SDKs/WatchOS11.4.sdk/Developer/Library/Frameworks -internal-isystem /Applications/Xcode-16.3.0.app/Contents/Developer/Platforms/WatchOS.platform/Developer/SDKs/WatchOS11.4.sdk/usr/local/include -internal-isystem /Applications/Xcode-16.3.0.app/Contents/Developer/Toolchains/XcodeDefault.xctoolchain/usr/lib/clang/17/include -internal-externc-isystem /Applications/Xcode-16.3.0.app/Contents/Developer/Platforms/WatchOS.platform/Developer/SDKs/WatchOS11.4.sdk/usr/include -internal-externc-isystem /Applications/Xcode-16.3.0.app/Contents/Developer/Toolchains/XcodeDefault.xctoolchain/usr/include -ivfsstatcache /Users/admin/builder/spi-builder-workspace/.derivedData/SDKStatCaches.noindex/watchos11.4-22T246-43efb940ff07ba2497b70ec94253f576.sdkstatcache -std\=gnu11 -fexceptions -fskip-odr-check-in-gmf -fmodules -fmodule-name\=FBLPromises -fno-implicit-modules -fobjc-exceptions -fmax-type-align\=16 -fpascal-strings -fvisibility-inlines-hidden-static-local-var -mdarwin-stkchk-strong-link -fno-odr-hash-protocols -pic-level 2 -fencode-extended-block-signature -stack-protector 1 -fobjc-runtime\=watchos-4.0.0 -fobjc-arc -fobjc-runtime-has-weak -fobjc-weak -fgnuc-version\=4.2.1 -fblocks -ffp-contract\=on -fclang-abi-compat\=4.0 -fno-experimental-relative-c++-abi-vtables -fno-file-reproducible -clang-vendor-feature\=+disableNonDependentMemberExprInCurrentInstantiation -clang-vendor-feature\=+enableAggressiveVLAFolding -clang-vendor-feature\=+revert09abecef7bbf -clang-vendor-feature\=+thisNoAlignAttr -clang-vendor-feature\=+thisNoNullAttr -clang-vendor-feature\=+disableAtImportPrivateFrameworkInImplementationError -O0 -fno-assume-unique-vtables -fdebug-compilation-dir\=/Users/admin/builder/spi-builder-workspace/.swiftpm/xcode -fcoverage-compilation-dir\=/Users/admin/builder/spi-builder-workspace/.swiftpm/xcode -fcoverage-mapping -fcommon -fobjc-msgsend-selector-stubs -fregister-global-dtors-with-atexit -fno-strict-return -dwarf-version\=4 -debugger-tuning\=lldb -disable-llvm-verifier -dwarf-ext-refs -funwind-tables\=1 -fprofile-instrument\=clang -clear-ast-before-backend -discard-value-names -main-file-name FBLPromise.m -mframe-pointer\=non-leaf -debug-info-kind\=standalone -fdiagnostics-hotness-threshold\=0 -fdiagnostics-misexpect-tolerance\=0 -D DEBUG\=1 -D OBJC_OLD_DISPATCH_PROTOTYPES\=1 -D SWIFT_PACKAGE -D Xcode -D __GCC_HAVE_DWARF2_CFI_ASM\=1 -include /Users/admin/builder/spi-builder-workspace/.derivedData/Build/Intermediates.noindex/Promises.build/Debug-watchos/FBLPromises.build/DerivedSources/resource_bundle_accessor.h -fdefine-target-os-macros -MT dependencies -dependency-file /Users/admin/builder/spi-builder-workspace/.derivedData/Build/Intermediates.noindex/Promises.build/Debug-watchos/FBLPromises.build/Objects-normal/arm64/FBLPromise.d -skip-unused-modulemap-deps
CompileC /Users/admin/builder/spi-builder-workspace/.derivedData/Build/Intermediates.noindex/Promises.build/Debug-watchos/FBLPromises.build/Objects-normal/arm64/FBLPromise+Wrap.o /Users/admin/builder/spi-builder-workspace/.dependencies/checkouts/promises/Sources/FBLPromises/FBLPromise+Wrap.m normal arm64 objective-c com.apple.compilers.llvm.clang.1_0.compiler (in target 'FBLPromises' from project 'Promises')
    cd /Users/admin/builder/spi-builder-workspace/.swiftpm/xcode

    Using response file: /Users/admin/builder/spi-builder-workspace/.derivedData/Build/Intermediates.noindex/Promises.build/Debug-watchos/FBLPromises.build/Objects-normal/arm64/e6072d4f65d7061329687fe24e3d63a7-common-args.resp

    /Applications/Xcode-16.3.0.app/Contents/Developer/Toolchains/XcodeDefault.xctoolchain/usr/bin/clang -x objective-c -ivfsstatcache /Users/admin/builder/spi-builder-workspace/.derivedData/SDKStatCaches.noindex/watchos11.4-22T246-43efb940ff07ba2497b70ec94253f576.sdkstatcache -fmessage-length\=0 -fdiagnostics-show-note-include-stack -fmacro-backtrace-limit\=0 -fno-color-diagnostics -fmodules-prune-interval\=86400 -fmodules-prune-after\=345600 -fbuild-session-file\=/Users/admin/builder/spi-builder-workspace/.derivedData/ModuleCache.noindex/Session.modulevalidation -fmodules-validate-once-per-build-session -Wnon-modular-include-in-framework-module -Werror\=non-modular-include-in-framework-module -Wno-trigraphs -Wno-missing-field-initializers -Wno-missing-prototypes -Wno-return-type -Wno-implicit-atomic-properties -Wno-objc-interface-ivars -Wno-arc-repeated-use-of-weak -Wno-missing-braces -Wparentheses -Wswitch -Wno-unused-function -Wno-unused-label -Wno-unused-parameter -Wno-unused-variable -Wunused-value -Wno-empty-body -Wno-uninitialized -Wno-unknown-pragmas -w -Wno-shadow -Wno-four-char-constants -Wno-conversion -Wno-constant-conversion -Wno-int-conversion -Wno-bool-conversion -Wno-enum-conversion -Wno-float-conversion -Wno-non-literal-null-conversion -Wno-objc-literal-conversion -Wshorten-64-to-32 -Wpointer-sign -Wno-newline-eof -Wno-selector -Wno-strict-selector-match -Wno-undeclared-selector -Wno-deprecated-implementations -Wno-implicit-fallthrough -fstrict-aliasing -Wprotocol -Wdeprecated-declarations -Wno-sign-conversion -Wno-infinite-recursion -Wno-comma -Wno-block-capture-autoreleasing -Wno-strict-prototypes -Wno-semicolon-before-method-body -index-store-path /Users/admin/builder/spi-builder-workspace/.derivedData/Index.noindex/DataStore @/Users/admin/builder/spi-builder-workspace/.derivedData/Build/Intermediates.noindex/Promises.build/Debug-watchos/FBLPromises.build/Objects-normal/arm64/e6072d4f65d7061329687fe24e3d63a7-common-args.resp -include /Users/admin/builder/spi-builder-workspace/.derivedData/Build/Intermediates.noindex/Promises.build/Debug-watchos/FBLPromises.build/DerivedSources/resource_bundle_accessor.h -MMD -MT dependencies -MF /Users/admin/builder/spi-builder-workspace/.derivedData/Build/Intermediates.noindex/Promises.build/Debug-watchos/FBLPromises.build/Objects-normal/arm64/FBLPromise+Wrap.d --serialize-diagnostics /Users/admin/builder/spi-builder-workspace/.derivedData/Build/Intermediates.noindex/Promises.build/Debug-watchos/FBLPromises.build/Objects-normal/arm64/FBLPromise+Wrap.dia -c /Users/admin/builder/spi-builder-workspace/.dependencies/checkouts/promises/Sources/FBLPromises/FBLPromise+Wrap.m -o /Users/admin/builder/spi-builder-workspace/.derivedData/Build/Intermediates.noindex/Promises.build/Debug-watchos/FBLPromises.build/Objects-normal/arm64/FBLPromise+Wrap.o -index-unit-output-path /Promises.build/Debug-watchos/FBLPromises.build/Objects-normal/arm64/FBLPromise+Wrap.o
Failed frontend command:
/Applications/Xcode-16.3.0.app/Contents/Developer/Toolchains/XcodeDefault.xctoolchain/usr/bin/clang -cc1 -Wundef-prefix\=TARGET_OS_ -fdiagnostics-show-note-include-stack -fmacro-backtrace-limit\=0 -w -ferror-limit 19 -serialize-diagnostic-file /Users/admin/builder/spi-builder-workspace/.derivedData/Build/Intermediates.noindex/Promises.build/Debug-watchos/FBLPromises.build/Objects-normal/arm64/FBLPromise+Wrap.dia -Wdeprecated-objc-isa-usage -Werror\=deprecated-objc-isa-usage -Werror\=implicit-function-declaration -Wnon-modular-include-in-framework-module -Werror\=non-modular-include-in-framework-module -Wno-trigraphs -Wno-missing-field-initializers -Wno-missing-prototypes -Wno-return-type -Wno-implicit-atomic-properties -Wno-objc-interface-ivars -Wno-arc-repeated-use-of-weak -Wno-missing-braces -Wparentheses -Wswitch -Wno-unused-function -Wno-unused-label -Wno-unused-parameter -Wno-unused-variable -Wunused-value -Wno-empty-body -Wno-uninitialized -Wno-unknown-pragmas -Wno-shadow -Wno-four-char-constants -Wno-conversion -Wno-constant-conversion -Wno-int-conversion -Wno-bool-conversion -Wno-enum-conversion -Wno-float-conversion -Wno-non-literal-null-conversion -Wno-objc-literal-conversion -Wshorten-64-to-32 -Wpointer-sign -Wno-newline-eof -Wno-selector -Wno-strict-selector-match -Wno-undeclared-selector -Wno-deprecated-implementations -Wno-implicit-fallthrough -Wprotocol -Wdeprecated-declarations -Wno-sign-conversion -Wno-infinite-recursion -Wno-comma -Wno-block-capture-autoreleasing -Wno-strict-prototypes -Wno-semicolon-before-method-body -Wno-reorder-init-list -Wno-implicit-int-float-conversion -Wno-c99-designator -Wno-final-dtor-non-final-class -Wno-extra-semi-stmt -Wno-misleading-indentation -Wno-quoted-include-in-framework-header -Wno-implicit-fallthrough -Wno-enum-enum-conversion -Wno-enum-float-conversion -Wno-elaborated-enum-base -Wno-reserved-identifier -Wno-gnu-folding-constant -index-store-path /Users/admin/builder/spi-builder-workspace/.derivedData/Index.noindex/DataStore -index-unit-output-path /Promises.build/Debug-watchos/FBLPromises.build/Objects-normal/arm64/FBLPromise+Wrap.o -fmodule-map-file\=/Users/admin/builder/spi-builder-workspace/.dependencies/checkouts/promises/Sources/FBLPromises/include/module.modulemap -fmodule-map-file\=/Applications/Xcode-16.3.0.app/Contents/Developer/Platforms/WatchOS.platform/Developer/SDKs/WatchOS.sdk/System/Library/Frameworks/Foundation.framework/Modules/module.modulemap -o /Users/admin/builder/spi-builder-workspace/.derivedData/Build/Intermediates.noindex/Promises.build/Debug-watchos/FBLPromises.build/Objects-normal/arm64/FBLPromise+Wrap.o -disable-free -emit-obj -x objective-c /Users/admin/builder/spi-builder-workspace/.dependencies/checkouts/promises/Sources/FBLPromises/FBLPromise+Wrap.m -target-abi darwinpcs -target-cpu apple-s4 -target-feature +zcm -target-feature +zcz -target-feature +v8.3a -target-feature +aes -target-feature +complxnum -target-feature +crc -target-feature +fp-armv8 -target-feature +fullfp16 -target-feature +jsconv -target-feature +lse -target-feature +neon -target-feature +pauth -target-feature +perfmon -target-feature +ras -target-feature +rcpc -target-feature +rdm -target-feature +sha2 -triple arm64-apple-watchos4.0.0 -target-linker-version 1167.4.1 -target-sdk-version\=11.4 -fmodules-validate-system-headers -fno-modulemap-allow-subdirectory-search -isysroot /Applications/Xcode-16.3.0.app/Contents/Developer/Platforms/WatchOS.platform/Developer/SDKs/WatchOS11.4.sdk -resource-dir /Applications/Xcode-16.3.0.app/Contents/Developer/Toolchains/XcodeDefault.xctoolchain/usr/lib/clang/17 -fmodule-format\=obj -fmodule-file\=Foundation\=/Users/admin/builder/spi-builder-workspace/.derivedData/Build/Intermediates.noindex/ExplicitPrecompiledModules/Foundation-B77CA6JLPNJU6DKZ5PGGKPRVG.pcm -I /Users/admin/builder/spi-builder-workspace/.derivedData/Build/Products/Debug-watchos/include -I /Users/admin/builder/spi-builder-workspace/.dependencies/checkouts/promises/Sources/FBLPromises/include -I /Users/admin/builder/spi-builder-workspace/.derivedData/Build/Intermediates.noindex/Promises.build/Debug-watchos/FBLPromises.build/DerivedSources-normal/arm64 -I /Users/admin/builder/spi-builder-workspace/.derivedData/Build/Intermediates.noindex/Promises.build/Debug-watchos/FBLPromises.build/DerivedSources/arm64 -I /Users/admin/builder/spi-builder-workspace/.derivedData/Build/Intermediates.noindex/Promises.build/Debug-watchos/FBLPromises.build/DerivedSources -F /Users/admin/builder/spi-builder-workspace/.derivedData/Build/Products/Debug-watchos -iframework /Applications/Xcode-16.3.0.app/Contents/Developer/Platforms/WatchOS.platform/Developer/Library/Frameworks -iframework /Applications/Xcode-16.3.0.app/Contents/Developer/Platforms/WatchOS.platform/Developer/SDKs/WatchOS11.4.sdk/Developer/Library/Frameworks -internal-isystem /Applications/Xcode-16.3.0.app/Contents/Developer/Platforms/WatchOS.platform/Developer/SDKs/WatchOS11.4.sdk/usr/local/include -internal-isystem /Applications/Xcode-16.3.0.app/Contents/Developer/Toolchains/XcodeDefault.xctoolchain/usr/lib/clang/17/include -internal-externc-isystem /Applications/Xcode-16.3.0.app/Contents/Developer/Platforms/WatchOS.platform/Developer/SDKs/WatchOS11.4.sdk/usr/include -internal-externc-isystem /Applications/Xcode-16.3.0.app/Contents/Developer/Toolchains/XcodeDefault.xctoolchain/usr/include -ivfsstatcache /Users/admin/builder/spi-builder-workspace/.derivedData/SDKStatCaches.noindex/watchos11.4-22T246-43efb940ff07ba2497b70ec94253f576.sdkstatcache -std\=gnu11 -fexceptions -fskip-odr-check-in-gmf -fmodules -fmodule-name\=FBLPromises -fno-implicit-modules -fobjc-exceptions -fmax-type-align\=16 -fpascal-strings -fvisibility-inlines-hidden-static-local-var -mdarwin-stkchk-strong-link -fno-odr-hash-protocols -pic-level 2 -fencode-extended-block-signature -stack-protector 1 -fobjc-runtime\=watchos-4.0.0 -fobjc-arc -fobjc-runtime-has-weak -fobjc-weak -fgnuc-version\=4.2.1 -fblocks -ffp-contract\=on -fclang-abi-compat\=4.0 -fno-experimental-relative-c++-abi-vtables -fno-file-reproducible -clang-vendor-feature\=+disableNonDependentMemberExprInCurrentInstantiation -clang-vendor-feature\=+enableAggressiveVLAFolding -clang-vendor-feature\=+revert09abecef7bbf -clang-vendor-feature\=+thisNoAlignAttr -clang-vendor-feature\=+thisNoNullAttr -clang-vendor-feature\=+disableAtImportPrivateFrameworkInImplementationError -O0 -fno-assume-unique-vtables -fdebug-compilation-dir\=/Users/admin/builder/spi-builder-workspace/.swiftpm/xcode -fcoverage-compilation-dir\=/Users/admin/builder/spi-builder-workspace/.swiftpm/xcode -fcoverage-mapping -fcommon -fobjc-msgsend-selector-stubs -fregister-global-dtors-with-atexit -fno-strict-return -dwarf-version\=4 -debugger-tuning\=lldb -disable-llvm-verifier -dwarf-ext-refs -funwind-tables\=1 -fprofile-instrument\=clang -clear-ast-before-backend -discard-value-names -main-file-name FBLPromise+Wrap.m -mframe-pointer\=non-leaf -debug-info-kind\=standalone -fdiagnostics-hotness-threshold\=0 -fdiagnostics-misexpect-tolerance\=0 -D DEBUG\=1 -D OBJC_OLD_DISPATCH_PROTOTYPES\=1 -D SWIFT_PACKAGE -D Xcode -D __GCC_HAVE_DWARF2_CFI_ASM\=1 -include /Users/admin/builder/spi-builder-workspace/.derivedData/Build/Intermediates.noindex/Promises.build/Debug-watchos/FBLPromises.build/DerivedSources/resource_bundle_accessor.h -fdefine-target-os-macros -MT dependencies -dependency-file /Users/admin/builder/spi-builder-workspace/.derivedData/Build/Intermediates.noindex/Promises.build/Debug-watchos/FBLPromises.build/Objects-normal/arm64/FBLPromise+Wrap.d -skip-unused-modulemap-deps
CompileC /Users/admin/builder/spi-builder-workspace/.derivedData/Build/Intermediates.noindex/Promises.build/Debug-watchos/FBLPromises.build/Objects-normal/arm64/FBLPromise+Validate.o /Users/admin/builder/spi-builder-workspace/.dependencies/checkouts/promises/Sources/FBLPromises/FBLPromise+Validate.m normal arm64 objective-c com.apple.compilers.llvm.clang.1_0.compiler (in target 'FBLPromises' from project 'Promises')
    cd /Users/admin/builder/spi-builder-workspace/.swiftpm/xcode

    Using response file: /Users/admin/builder/spi-builder-workspace/.derivedData/Build/Intermediates.noindex/Promises.build/Debug-watchos/FBLPromises.build/Objects-normal/arm64/e6072d4f65d7061329687fe24e3d63a7-common-args.resp

    /Applications/Xcode-16.3.0.app/Contents/Developer/Toolchains/XcodeDefault.xctoolchain/usr/bin/clang -x objective-c -ivfsstatcache /Users/admin/builder/spi-builder-workspace/.derivedData/SDKStatCaches.noindex/watchos11.4-22T246-43efb940ff07ba2497b70ec94253f576.sdkstatcache -fmessage-length\=0 -fdiagnostics-show-note-include-stack -fmacro-backtrace-limit\=0 -fno-color-diagnostics -fmodules-prune-interval\=86400 -fmodules-prune-after\=345600 -fbuild-session-file\=/Users/admin/builder/spi-builder-workspace/.derivedData/ModuleCache.noindex/Session.modulevalidation -fmodules-validate-once-per-build-session -Wnon-modular-include-in-framework-module -Werror\=non-modular-include-in-framework-module -Wno-trigraphs -Wno-missing-field-initializers -Wno-missing-prototypes -Wno-return-type -Wno-implicit-atomic-properties -Wno-objc-interface-ivars -Wno-arc-repeated-use-of-weak -Wno-missing-braces -Wparentheses -Wswitch -Wno-unused-function -Wno-unused-label -Wno-unused-parameter -Wno-unused-variable -Wunused-value -Wno-empty-body -Wno-uninitialized -Wno-unknown-pragmas -w -Wno-shadow -Wno-four-char-constants -Wno-conversion -Wno-constant-conversion -Wno-int-conversion -Wno-bool-conversion -Wno-enum-conversion -Wno-float-conversion -Wno-non-literal-null-conversion -Wno-objc-literal-conversion -Wshorten-64-to-32 -Wpointer-sign -Wno-newline-eof -Wno-selector -Wno-strict-selector-match -Wno-undeclared-selector -Wno-deprecated-implementations -Wno-implicit-fallthrough -fstrict-aliasing -Wprotocol -Wdeprecated-declarations -Wno-sign-conversion -Wno-infinite-recursion -Wno-comma -Wno-block-capture-autoreleasing -Wno-strict-prototypes -Wno-semicolon-before-method-body -index-store-path /Users/admin/builder/spi-builder-workspace/.derivedData/Index.noindex/DataStore @/Users/admin/builder/spi-builder-workspace/.derivedData/Build/Intermediates.noindex/Promises.build/Debug-watchos/FBLPromises.build/Objects-normal/arm64/e6072d4f65d7061329687fe24e3d63a7-common-args.resp -include /Users/admin/builder/spi-builder-workspace/.derivedData/Build/Intermediates.noindex/Promises.build/Debug-watchos/FBLPromises.build/DerivedSources/resource_bundle_accessor.h -MMD -MT dependencies -MF /Users/admin/builder/spi-builder-workspace/.derivedData/Build/Intermediates.noindex/Promises.build/Debug-watchos/FBLPromises.build/Objects-normal/arm64/FBLPromise+Validate.d --serialize-diagnostics /Users/admin/builder/spi-builder-workspace/.derivedData/Build/Intermediates.noindex/Promises.build/Debug-watchos/FBLPromises.build/Objects-normal/arm64/FBLPromise+Validate.dia -c /Users/admin/builder/spi-builder-workspace/.dependencies/checkouts/promises/Sources/FBLPromises/FBLPromise+Validate.m -o /Users/admin/builder/spi-builder-workspace/.derivedData/Build/Intermediates.noindex/Promises.build/Debug-watchos/FBLPromises.build/Objects-normal/arm64/FBLPromise+Validate.o -index-unit-output-path /Promises.build/Debug-watchos/FBLPromises.build/Objects-normal/arm64/FBLPromise+Validate.o
Failed frontend command:
/Applications/Xcode-16.3.0.app/Contents/Developer/Toolchains/XcodeDefault.xctoolchain/usr/bin/clang -cc1 -Wundef-prefix\=TARGET_OS_ -fdiagnostics-show-note-include-stack -fmacro-backtrace-limit\=0 -w -ferror-limit 19 -serialize-diagnostic-file /Users/admin/builder/spi-builder-workspace/.derivedData/Build/Intermediates.noindex/Promises.build/Debug-watchos/FBLPromises.build/Objects-normal/arm64/FBLPromise+Validate.dia -Wdeprecated-objc-isa-usage -Werror\=deprecated-objc-isa-usage -Werror\=implicit-function-declaration -Wnon-modular-include-in-framework-module -Werror\=non-modular-include-in-framework-module -Wno-trigraphs -Wno-missing-field-initializers -Wno-missing-prototypes -Wno-return-type -Wno-implicit-atomic-properties -Wno-objc-interface-ivars -Wno-arc-repeated-use-of-weak -Wno-missing-braces -Wparentheses -Wswitch -Wno-unused-function -Wno-unused-label -Wno-unused-parameter -Wno-unused-variable -Wunused-value -Wno-empty-body -Wno-uninitialized -Wno-unknown-pragmas -Wno-shadow -Wno-four-char-constants -Wno-conversion -Wno-constant-conversion -Wno-int-conversion -Wno-bool-conversion -Wno-enum-conversion -Wno-float-conversion -Wno-non-literal-null-conversion -Wno-objc-literal-conversion -Wshorten-64-to-32 -Wpointer-sign -Wno-newline-eof -Wno-selector -Wno-strict-selector-match -Wno-undeclared-selector -Wno-deprecated-implementations -Wno-implicit-fallthrough -Wprotocol -Wdeprecated-declarations -Wno-sign-conversion -Wno-infinite-recursion -Wno-comma -Wno-block-capture-autoreleasing -Wno-strict-prototypes -Wno-semicolon-before-method-body -Wno-reorder-init-list -Wno-implicit-int-float-conversion -Wno-c99-designator -Wno-final-dtor-non-final-class -Wno-extra-semi-stmt -Wno-misleading-indentation -Wno-quoted-include-in-framework-header -Wno-implicit-fallthrough -Wno-enum-enum-conversion -Wno-enum-float-conversion -Wno-elaborated-enum-base -Wno-reserved-identifier -Wno-gnu-folding-constant -index-store-path /Users/admin/builder/spi-builder-workspace/.derivedData/Index.noindex/DataStore -index-unit-output-path /Promises.build/Debug-watchos/FBLPromises.build/Objects-normal/arm64/FBLPromise+Validate.o -fmodule-map-file\=/Users/admin/builder/spi-builder-workspace/.dependencies/checkouts/promises/Sources/FBLPromises/include/module.modulemap -fmodule-map-file\=/Applications/Xcode-16.3.0.app/Contents/Developer/Platforms/WatchOS.platform/Developer/SDKs/WatchOS.sdk/System/Library/Frameworks/Foundation.framework/Modules/module.modulemap -o /Users/admin/builder/spi-builder-workspace/.derivedData/Build/Intermediates.noindex/Promises.build/Debug-watchos/FBLPromises.build/Objects-normal/arm64/FBLPromise+Validate.o -disable-free -emit-obj -x objective-c /Users/admin/builder/spi-builder-workspace/.dependencies/checkouts/promises/Sources/FBLPromises/FBLPromise+Validate.m -target-abi darwinpcs -target-cpu apple-s4 -target-feature +zcm -target-feature +zcz -target-feature +v8.3a -target-feature +aes -target-feature +complxnum -target-feature +crc -target-feature +fp-armv8 -target-feature +fullfp16 -target-feature +jsconv -target-feature +lse -target-feature +neon -target-feature +pauth -target-feature +perfmon -target-feature +ras -target-feature +rcpc -target-feature +rdm -target-feature +sha2 -triple arm64-apple-watchos4.0.0 -target-linker-version 1167.4.1 -target-sdk-version\=11.4 -fmodules-validate-system-headers -fno-modulemap-allow-subdirectory-search -isysroot /Applications/Xcode-16.3.0.app/Contents/Developer/Platforms/WatchOS.platform/Developer/SDKs/WatchOS11.4.sdk -resource-dir /Applications/Xcode-16.3.0.app/Contents/Developer/Toolchains/XcodeDefault.xctoolchain/usr/lib/clang/17 -fmodule-format\=obj -fmodule-file\=Foundation\=/Users/admin/builder/spi-builder-workspace/.derivedData/Build/Intermediates.noindex/ExplicitPrecompiledModules/Foundation-B77CA6JLPNJU6DKZ5PGGKPRVG.pcm -I /Users/admin/builder/spi-builder-workspace/.derivedData/Build/Products/Debug-watchos/include -I /Users/admin/builder/spi-builder-workspace/.dependencies/checkouts/promises/Sources/FBLPromises/include -I /Users/admin/builder/spi-builder-workspace/.derivedData/Build/Intermediates.noindex/Promises.build/Debug-watchos/FBLPromises.build/DerivedSources-normal/arm64 -I /Users/admin/builder/spi-builder-workspace/.derivedData/Build/Intermediates.noindex/Promises.build/Debug-watchos/FBLPromises.build/DerivedSources/arm64 -I /Users/admin/builder/spi-builder-workspace/.derivedData/Build/Intermediates.noindex/Promises.build/Debug-watchos/FBLPromises.build/DerivedSources -F /Users/admin/builder/spi-builder-workspace/.derivedData/Build/Products/Debug-watchos -iframework /Applications/Xcode-16.3.0.app/Contents/Developer/Platforms/WatchOS.platform/Developer/Library/Frameworks -iframework /Applications/Xcode-16.3.0.app/Contents/Developer/Platforms/WatchOS.platform/Developer/SDKs/WatchOS11.4.sdk/Developer/Library/Frameworks -internal-isystem /Applications/Xcode-16.3.0.app/Contents/Developer/Platforms/WatchOS.platform/Developer/SDKs/WatchOS11.4.sdk/usr/local/include -internal-isystem /Applications/Xcode-16.3.0.app/Contents/Developer/Toolchains/XcodeDefault.xctoolchain/usr/lib/clang/17/include -internal-externc-isystem /Applications/Xcode-16.3.0.app/Contents/Developer/Platforms/WatchOS.platform/Developer/SDKs/WatchOS11.4.sdk/usr/include -internal-externc-isystem /Applications/Xcode-16.3.0.app/Contents/Developer/Toolchains/XcodeDefault.xctoolchain/usr/include -ivfsstatcache /Users/admin/builder/spi-builder-workspace/.derivedData/SDKStatCaches.noindex/watchos11.4-22T246-43efb940ff07ba2497b70ec94253f576.sdkstatcache -std\=gnu11 -fexceptions -fskip-odr-check-in-gmf -fmodules -fmodule-name\=FBLPromises -fno-implicit-modules -fobjc-exceptions -fmax-type-align\=16 -fpascal-strings -fvisibility-inlines-hidden-static-local-var -mdarwin-stkchk-strong-link -fno-odr-hash-protocols -pic-level 2 -fencode-extended-block-signature -stack-protector 1 -fobjc-runtime\=watchos-4.0.0 -fobjc-arc -fobjc-runtime-has-weak -fobjc-weak -fgnuc-version\=4.2.1 -fblocks -ffp-contract\=on -fclang-abi-compat\=4.0 -fno-experimental-relative-c++-abi-vtables -fno-file-reproducible -clang-vendor-feature\=+disableNonDependentMemberExprInCurrentInstantiation -clang-vendor-feature\=+enableAggressiveVLAFolding -clang-vendor-feature\=+revert09abecef7bbf -clang-vendor-feature\=+thisNoAlignAttr -clang-vendor-feature\=+thisNoNullAttr -clang-vendor-feature\=+disableAtImportPrivateFrameworkInImplementationError -O0 -fno-assume-unique-vtables -fdebug-compilation-dir\=/Users/admin/builder/spi-builder-workspace/.swiftpm/xcode -fcoverage-compilation-dir\=/Users/admin/builder/spi-builder-workspace/.swiftpm/xcode -fcoverage-mapping -fcommon -fobjc-msgsend-selector-stubs -fregister-global-dtors-with-atexit -fno-strict-return -dwarf-version\=4 -debugger-tuning\=lldb -disable-llvm-verifier -dwarf-ext-refs -funwind-tables\=1 -fprofile-instrument\=clang -clear-ast-before-backend -discard-value-names -main-file-name FBLPromise+Validate.m -mframe-pointer\=non-leaf -debug-info-kind\=standalone -fdiagnostics-hotness-threshold\=0 -fdiagnostics-misexpect-tolerance\=0 -D DEBUG\=1 -D OBJC_OLD_DISPATCH_PROTOTYPES\=1 -D SWIFT_PACKAGE -D Xcode -D __GCC_HAVE_DWARF2_CFI_ASM\=1 -include /Users/admin/builder/spi-builder-workspace/.derivedData/Build/Intermediates.noindex/Promises.build/Debug-watchos/FBLPromises.build/DerivedSources/resource_bundle_accessor.h -fdefine-target-os-macros -MT dependencies -dependency-file /Users/admin/builder/spi-builder-workspace/.derivedData/Build/Intermediates.noindex/Promises.build/Debug-watchos/FBLPromises.build/Objects-normal/arm64/FBLPromise+Validate.d -skip-unused-modulemap-deps
CompileC /Users/admin/builder/spi-builder-workspace/.derivedData/Build/Intermediates.noindex/Promises.build/Debug-watchos/FBLPromises.build/Objects-normal/arm64/FBLPromise+Timeout.o /Users/admin/builder/spi-builder-workspace/.dependencies/checkouts/promises/Sources/FBLPromises/FBLPromise+Timeout.m normal arm64 objective-c com.apple.compilers.llvm.clang.1_0.compiler (in target 'FBLPromises' from project 'Promises')
    cd /Users/admin/builder/spi-builder-workspace/.swiftpm/xcode

    Using response file: /Users/admin/builder/spi-builder-workspace/.derivedData/Build/Intermediates.noindex/Promises.build/Debug-watchos/FBLPromises.build/Objects-normal/arm64/e6072d4f65d7061329687fe24e3d63a7-common-args.resp

    /Applications/Xcode-16.3.0.app/Contents/Developer/Toolchains/XcodeDefault.xctoolchain/usr/bin/clang -x objective-c -ivfsstatcache /Users/admin/builder/spi-builder-workspace/.derivedData/SDKStatCaches.noindex/watchos11.4-22T246-43efb940ff07ba2497b70ec94253f576.sdkstatcache -fmessage-length\=0 -fdiagnostics-show-note-include-stack -fmacro-backtrace-limit\=0 -fno-color-diagnostics -fmodules-prune-interval\=86400 -fmodules-prune-after\=345600 -fbuild-session-file\=/Users/admin/builder/spi-builder-workspace/.derivedData/ModuleCache.noindex/Session.modulevalidation -fmodules-validate-once-per-build-session -Wnon-modular-include-in-framework-module -Werror\=non-modular-include-in-framework-module -Wno-trigraphs -Wno-missing-field-initializers -Wno-missing-prototypes -Wno-return-type -Wno-implicit-atomic-properties -Wno-objc-interface-ivars -Wno-arc-repeated-use-of-weak -Wno-missing-braces -Wparentheses -Wswitch -Wno-unused-function -Wno-unused-label -Wno-unused-parameter -Wno-unused-variable -Wunused-value -Wno-empty-body -Wno-uninitialized -Wno-unknown-pragmas -w -Wno-shadow -Wno-four-char-constants -Wno-conversion -Wno-constant-conversion -Wno-int-conversion -Wno-bool-conversion -Wno-enum-conversion -Wno-float-conversion -Wno-non-literal-null-conversion -Wno-objc-literal-conversion -Wshorten-64-to-32 -Wpointer-sign -Wno-newline-eof -Wno-selector -Wno-strict-selector-match -Wno-undeclared-selector -Wno-deprecated-implementations -Wno-implicit-fallthrough -fstrict-aliasing -Wprotocol -Wdeprecated-declarations -Wno-sign-conversion -Wno-infinite-recursion -Wno-comma -Wno-block-capture-autoreleasing -Wno-strict-prototypes -Wno-semicolon-before-method-body -index-store-path /Users/admin/builder/spi-builder-workspace/.derivedData/Index.noindex/DataStore @/Users/admin/builder/spi-builder-workspace/.derivedData/Build/Intermediates.noindex/Promises.build/Debug-watchos/FBLPromises.build/Objects-normal/arm64/e6072d4f65d7061329687fe24e3d63a7-common-args.resp -include /Users/admin/builder/spi-builder-workspace/.derivedData/Build/Intermediates.noindex/Promises.build/Debug-watchos/FBLPromises.build/DerivedSources/resource_bundle_accessor.h -MMD -MT dependencies -MF /Users/admin/builder/spi-builder-workspace/.derivedData/Build/Intermediates.noindex/Promises.build/Debug-watchos/FBLPromises.build/Objects-normal/arm64/FBLPromise+Timeout.d --serialize-diagnostics /Users/admin/builder/spi-builder-workspace/.derivedData/Build/Intermediates.noindex/Promises.build/Debug-watchos/FBLPromises.build/Objects-normal/arm64/FBLPromise+Timeout.dia -c /Users/admin/builder/spi-builder-workspace/.dependencies/checkouts/promises/Sources/FBLPromises/FBLPromise+Timeout.m -o /Users/admin/builder/spi-builder-workspace/.derivedData/Build/Intermediates.noindex/Promises.build/Debug-watchos/FBLPromises.build/Objects-normal/arm64/FBLPromise+Timeout.o -index-unit-output-path /Promises.build/Debug-watchos/FBLPromises.build/Objects-normal/arm64/FBLPromise+Timeout.o
Failed frontend command:
/Applications/Xcode-16.3.0.app/Contents/Developer/Toolchains/XcodeDefault.xctoolchain/usr/bin/clang -cc1 -Wundef-prefix\=TARGET_OS_ -fdiagnostics-show-note-include-stack -fmacro-backtrace-limit\=0 -w -ferror-limit 19 -serialize-diagnostic-file /Users/admin/builder/spi-builder-workspace/.derivedData/Build/Intermediates.noindex/Promises.build/Debug-watchos/FBLPromises.build/Objects-normal/arm64/FBLPromise+Timeout.dia -Wdeprecated-objc-isa-usage -Werror\=deprecated-objc-isa-usage -Werror\=implicit-function-declaration -Wnon-modular-include-in-framework-module -Werror\=non-modular-include-in-framework-module -Wno-trigraphs -Wno-missing-field-initializers -Wno-missing-prototypes -Wno-return-type -Wno-implicit-atomic-properties -Wno-objc-interface-ivars -Wno-arc-repeated-use-of-weak -Wno-missing-braces -Wparentheses -Wswitch -Wno-unused-function -Wno-unused-label -Wno-unused-parameter -Wno-unused-variable -Wunused-value -Wno-empty-body -Wno-uninitialized -Wno-unknown-pragmas -Wno-shadow -Wno-four-char-constants -Wno-conversion -Wno-constant-conversion -Wno-int-conversion -Wno-bool-conversion -Wno-enum-conversion -Wno-float-conversion -Wno-non-literal-null-conversion -Wno-objc-literal-conversion -Wshorten-64-to-32 -Wpointer-sign -Wno-newline-eof -Wno-selector -Wno-strict-selector-match -Wno-undeclared-selector -Wno-deprecated-implementations -Wno-implicit-fallthrough -Wprotocol -Wdeprecated-declarations -Wno-sign-conversion -Wno-infinite-recursion -Wno-comma -Wno-block-capture-autoreleasing -Wno-strict-prototypes -Wno-semicolon-before-method-body -Wno-reorder-init-list -Wno-implicit-int-float-conversion -Wno-c99-designator -Wno-final-dtor-non-final-class -Wno-extra-semi-stmt -Wno-misleading-indentation -Wno-quoted-include-in-framework-header -Wno-implicit-fallthrough -Wno-enum-enum-conversion -Wno-enum-float-conversion -Wno-elaborated-enum-base -Wno-reserved-identifier -Wno-gnu-folding-constant -index-store-path /Users/admin/builder/spi-builder-workspace/.derivedData/Index.noindex/DataStore -index-unit-output-path /Promises.build/Debug-watchos/FBLPromises.build/Objects-normal/arm64/FBLPromise+Timeout.o -fmodule-map-file\=/Users/admin/builder/spi-builder-workspace/.dependencies/checkouts/promises/Sources/FBLPromises/include/module.modulemap -fmodule-map-file\=/Applications/Xcode-16.3.0.app/Contents/Developer/Platforms/WatchOS.platform/Developer/SDKs/WatchOS.sdk/System/Library/Frameworks/Foundation.framework/Modules/module.modulemap -o /Users/admin/builder/spi-builder-workspace/.derivedData/Build/Intermediates.noindex/Promises.build/Debug-watchos/FBLPromises.build/Objects-normal/arm64/FBLPromise+Timeout.o -disable-free -emit-obj -x objective-c /Users/admin/builder/spi-builder-workspace/.dependencies/checkouts/promises/Sources/FBLPromises/FBLPromise+Timeout.m -target-abi darwinpcs -target-cpu apple-s4 -target-feature +zcm -target-feature +zcz -target-feature +v8.3a -target-feature +aes -target-feature +complxnum -target-feature +crc -target-feature +fp-armv8 -target-feature +fullfp16 -target-feature +jsconv -target-feature +lse -target-feature +neon -target-feature +pauth -target-feature +perfmon -target-feature +ras -target-feature +rcpc -target-feature +rdm -target-feature +sha2 -triple arm64-apple-watchos4.0.0 -target-linker-version 1167.4.1 -target-sdk-version\=11.4 -fmodules-validate-system-headers -fno-modulemap-allow-subdirectory-search -isysroot /Applications/Xcode-16.3.0.app/Contents/Developer/Platforms/WatchOS.platform/Developer/SDKs/WatchOS11.4.sdk -resource-dir /Applications/Xcode-16.3.0.app/Contents/Developer/Toolchains/XcodeDefault.xctoolchain/usr/lib/clang/17 -fmodule-format\=obj -fmodule-file\=Foundation\=/Users/admin/builder/spi-builder-workspace/.derivedData/Build/Intermediates.noindex/ExplicitPrecompiledModules/Foundation-B77CA6JLPNJU6DKZ5PGGKPRVG.pcm -I /Users/admin/builder/spi-builder-workspace/.derivedData/Build/Products/Debug-watchos/include -I /Users/admin/builder/spi-builder-workspace/.dependencies/checkouts/promises/Sources/FBLPromises/include -I /Users/admin/builder/spi-builder-workspace/.derivedData/Build/Intermediates.noindex/Promises.build/Debug-watchos/FBLPromises.build/DerivedSources-normal/arm64 -I /Users/admin/builder/spi-builder-workspace/.derivedData/Build/Intermediates.noindex/Promises.build/Debug-watchos/FBLPromises.build/DerivedSources/arm64 -I /Users/admin/builder/spi-builder-workspace/.derivedData/Build/Intermediates.noindex/Promises.build/Debug-watchos/FBLPromises.build/DerivedSources -F /Users/admin/builder/spi-builder-workspace/.derivedData/Build/Products/Debug-watchos -iframework /Applications/Xcode-16.3.0.app/Contents/Developer/Platforms/WatchOS.platform/Developer/Library/Frameworks -iframework /Applications/Xcode-16.3.0.app/Contents/Developer/Platforms/WatchOS.platform/Developer/SDKs/WatchOS11.4.sdk/Developer/Library/Frameworks -internal-isystem /Applications/Xcode-16.3.0.app/Contents/Developer/Platforms/WatchOS.platform/Developer/SDKs/WatchOS11.4.sdk/usr/local/include -internal-isystem /Applications/Xcode-16.3.0.app/Contents/Developer/Toolchains/XcodeDefault.xctoolchain/usr/lib/clang/17/include -internal-externc-isystem /Applications/Xcode-16.3.0.app/Contents/Developer/Platforms/WatchOS.platform/Developer/SDKs/WatchOS11.4.sdk/usr/include -internal-externc-isystem /Applications/Xcode-16.3.0.app/Contents/Developer/Toolchains/XcodeDefault.xctoolchain/usr/include -ivfsstatcache /Users/admin/builder/spi-builder-workspace/.derivedData/SDKStatCaches.noindex/watchos11.4-22T246-43efb940ff07ba2497b70ec94253f576.sdkstatcache -std\=gnu11 -fexceptions -fskip-odr-check-in-gmf -fmodules -fmodule-name\=FBLPromises -fno-implicit-modules -fobjc-exceptions -fmax-type-align\=16 -fpascal-strings -fvisibility-inlines-hidden-static-local-var -mdarwin-stkchk-strong-link -fno-odr-hash-protocols -pic-level 2 -fencode-extended-block-signature -stack-protector 1 -fobjc-runtime\=watchos-4.0.0 -fobjc-arc -fobjc-runtime-has-weak -fobjc-weak -fgnuc-version\=4.2.1 -fblocks -ffp-contract\=on -fclang-abi-compat\=4.0 -fno-experimental-relative-c++-abi-vtables -fno-file-reproducible -clang-vendor-feature\=+disableNonDependentMemberExprInCurrentInstantiation -clang-vendor-feature\=+enableAggressiveVLAFolding -clang-vendor-feature\=+revert09abecef7bbf -clang-vendor-feature\=+thisNoAlignAttr -clang-vendor-feature\=+thisNoNullAttr -clang-vendor-feature\=+disableAtImportPrivateFrameworkInImplementationError -O0 -fno-assume-unique-vtables -fdebug-compilation-dir\=/Users/admin/builder/spi-builder-workspace/.swiftpm/xcode -fcoverage-compilation-dir\=/Users/admin/builder/spi-builder-workspace/.swiftpm/xcode -fcoverage-mapping -fcommon -fobjc-msgsend-selector-stubs -fregister-global-dtors-with-atexit -fno-strict-return -dwarf-version\=4 -debugger-tuning\=lldb -disable-llvm-verifier -dwarf-ext-refs -funwind-tables\=1 -fprofile-instrument\=clang -clear-ast-before-backend -discard-value-names -main-file-name FBLPromise+Timeout.m -mframe-pointer\=non-leaf -debug-info-kind\=standalone -fdiagnostics-hotness-threshold\=0 -fdiagnostics-misexpect-tolerance\=0 -D DEBUG\=1 -D OBJC_OLD_DISPATCH_PROTOTYPES\=1 -D SWIFT_PACKAGE -D Xcode -D __GCC_HAVE_DWARF2_CFI_ASM\=1 -include /Users/admin/builder/spi-builder-workspace/.derivedData/Build/Intermediates.noindex/Promises.build/Debug-watchos/FBLPromises.build/DerivedSources/resource_bundle_accessor.h -fdefine-target-os-macros -MT dependencies -dependency-file /Users/admin/builder/spi-builder-workspace/.derivedData/Build/Intermediates.noindex/Promises.build/Debug-watchos/FBLPromises.build/Objects-normal/arm64/FBLPromise+Timeout.d -skip-unused-modulemap-deps
CompileC /Users/admin/builder/spi-builder-workspace/.derivedData/Build/Intermediates.noindex/Promises.build/Debug-watchos/FBLPromises.build/Objects-normal/arm64/FBLPromise+Then.o /Users/admin/builder/spi-builder-workspace/.dependencies/checkouts/promises/Sources/FBLPromises/FBLPromise+Then.m normal arm64 objective-c com.apple.compilers.llvm.clang.1_0.compiler (in target 'FBLPromises' from project 'Promises')
    cd /Users/admin/builder/spi-builder-workspace/.swiftpm/xcode

    Using response file: /Users/admin/builder/spi-builder-workspace/.derivedData/Build/Intermediates.noindex/Promises.build/Debug-watchos/FBLPromises.build/Objects-normal/arm64/e6072d4f65d7061329687fe24e3d63a7-common-args.resp

    /Applications/Xcode-16.3.0.app/Contents/Developer/Toolchains/XcodeDefault.xctoolchain/usr/bin/clang -x objective-c -ivfsstatcache /Users/admin/builder/spi-builder-workspace/.derivedData/SDKStatCaches.noindex/watchos11.4-22T246-43efb940ff07ba2497b70ec94253f576.sdkstatcache -fmessage-length\=0 -fdiagnostics-show-note-include-stack -fmacro-backtrace-limit\=0 -fno-color-diagnostics -fmodules-prune-interval\=86400 -fmodules-prune-after\=345600 -fbuild-session-file\=/Users/admin/builder/spi-builder-workspace/.derivedData/ModuleCache.noindex/Session.modulevalidation -fmodules-validate-once-per-build-session -Wnon-modular-include-in-framework-module -Werror\=non-modular-include-in-framework-module -Wno-trigraphs -Wno-missing-field-initializers -Wno-missing-prototypes -Wno-return-type -Wno-implicit-atomic-properties -Wno-objc-interface-ivars -Wno-arc-repeated-use-of-weak -Wno-missing-braces -Wparentheses -Wswitch -Wno-unused-function -Wno-unused-label -Wno-unused-parameter -Wno-unused-variable -Wunused-value -Wno-empty-body -Wno-uninitialized -Wno-unknown-pragmas -w -Wno-shadow -Wno-four-char-constants -Wno-conversion -Wno-constant-conversion -Wno-int-conversion -Wno-bool-conversion -Wno-enum-conversion -Wno-float-conversion -Wno-non-literal-null-conversion -Wno-objc-literal-conversion -Wshorten-64-to-32 -Wpointer-sign -Wno-newline-eof -Wno-selector -Wno-strict-selector-match -Wno-undeclared-selector -Wno-deprecated-implementations -Wno-implicit-fallthrough -fstrict-aliasing -Wprotocol -Wdeprecated-declarations -Wno-sign-conversion -Wno-infinite-recursion -Wno-comma -Wno-block-capture-autoreleasing -Wno-strict-prototypes -Wno-semicolon-before-method-body -index-store-path /Users/admin/builder/spi-builder-workspace/.derivedData/Index.noindex/DataStore @/Users/admin/builder/spi-builder-workspace/.derivedData/Build/Intermediates.noindex/Promises.build/Debug-watchos/FBLPromises.build/Objects-normal/arm64/e6072d4f65d7061329687fe24e3d63a7-common-args.resp -include /Users/admin/builder/spi-builder-workspace/.derivedData/Build/Intermediates.noindex/Promises.build/Debug-watchos/FBLPromises.build/DerivedSources/resource_bundle_accessor.h -MMD -MT dependencies -MF /Users/admin/builder/spi-builder-workspace/.derivedData/Build/Intermediates.noindex/Promises.build/Debug-watchos/FBLPromises.build/Objects-normal/arm64/FBLPromise+Then.d --serialize-diagnostics /Users/admin/builder/spi-builder-workspace/.derivedData/Build/Intermediates.noindex/Promises.build/Debug-watchos/FBLPromises.build/Objects-normal/arm64/FBLPromise+Then.dia -c /Users/admin/builder/spi-builder-workspace/.dependencies/checkouts/promises/Sources/FBLPromises/FBLPromise+Then.m -o /Users/admin/builder/spi-builder-workspace/.derivedData/Build/Intermediates.noindex/Promises.build/Debug-watchos/FBLPromises.build/Objects-normal/arm64/FBLPromise+Then.o -index-unit-output-path /Promises.build/Debug-watchos/FBLPromises.build/Objects-normal/arm64/FBLPromise+Then.o
Failed frontend command:
/Applications/Xcode-16.3.0.app/Contents/Developer/Toolchains/XcodeDefault.xctoolchain/usr/bin/clang -cc1 -Wundef-prefix\=TARGET_OS_ -fdiagnostics-show-note-include-stack -fmacro-backtrace-limit\=0 -w -ferror-limit 19 -serialize-diagnostic-file /Users/admin/builder/spi-builder-workspace/.derivedData/Build/Intermediates.noindex/Promises.build/Debug-watchos/FBLPromises.build/Objects-normal/arm64/FBLPromise+Then.dia -Wdeprecated-objc-isa-usage -Werror\=deprecated-objc-isa-usage -Werror\=implicit-function-declaration -Wnon-modular-include-in-framework-module -Werror\=non-modular-include-in-framework-module -Wno-trigraphs -Wno-missing-field-initializers -Wno-missing-prototypes -Wno-return-type -Wno-implicit-atomic-properties -Wno-objc-interface-ivars -Wno-arc-repeated-use-of-weak -Wno-missing-braces -Wparentheses -Wswitch -Wno-unused-function -Wno-unused-label -Wno-unused-parameter -Wno-unused-variable -Wunused-value -Wno-empty-body -Wno-uninitialized -Wno-unknown-pragmas -Wno-shadow -Wno-four-char-constants -Wno-conversion -Wno-constant-conversion -Wno-int-conversion -Wno-bool-conversion -Wno-enum-conversion -Wno-float-conversion -Wno-non-literal-null-conversion -Wno-objc-literal-conversion -Wshorten-64-to-32 -Wpointer-sign -Wno-newline-eof -Wno-selector -Wno-strict-selector-match -Wno-undeclared-selector -Wno-deprecated-implementations -Wno-implicit-fallthrough -Wprotocol -Wdeprecated-declarations -Wno-sign-conversion -Wno-infinite-recursion -Wno-comma -Wno-block-capture-autoreleasing -Wno-strict-prototypes -Wno-semicolon-before-method-body -Wno-reorder-init-list -Wno-implicit-int-float-conversion -Wno-c99-designator -Wno-final-dtor-non-final-class -Wno-extra-semi-stmt -Wno-misleading-indentation -Wno-quoted-include-in-framework-header -Wno-implicit-fallthrough -Wno-enum-enum-conversion -Wno-enum-float-conversion -Wno-elaborated-enum-base -Wno-reserved-identifier -Wno-gnu-folding-constant -index-store-path /Users/admin/builder/spi-builder-workspace/.derivedData/Index.noindex/DataStore -index-unit-output-path /Promises.build/Debug-watchos/FBLPromises.build/Objects-normal/arm64/FBLPromise+Then.o -fmodule-map-file\=/Users/admin/builder/spi-builder-workspace/.dependencies/checkouts/promises/Sources/FBLPromises/include/module.modulemap -fmodule-map-file\=/Applications/Xcode-16.3.0.app/Contents/Developer/Platforms/WatchOS.platform/Developer/SDKs/WatchOS.sdk/System/Library/Frameworks/Foundation.framework/Modules/module.modulemap -o /Users/admin/builder/spi-builder-workspace/.derivedData/Build/Intermediates.noindex/Promises.build/Debug-watchos/FBLPromises.build/Objects-normal/arm64/FBLPromise+Then.o -disable-free -emit-obj -x objective-c /Users/admin/builder/spi-builder-workspace/.dependencies/checkouts/promises/Sources/FBLPromises/FBLPromise+Then.m -target-abi darwinpcs -target-cpu apple-s4 -target-feature +zcm -target-feature +zcz -target-feature +v8.3a -target-feature +aes -target-feature +complxnum -target-feature +crc -target-feature +fp-armv8 -target-feature +fullfp16 -target-feature +jsconv -target-feature +lse -target-feature +neon -target-feature +pauth -target-feature +perfmon -target-feature +ras -target-feature +rcpc -target-feature +rdm -target-feature +sha2 -triple arm64-apple-watchos4.0.0 -target-linker-version 1167.4.1 -target-sdk-version\=11.4 -fmodules-validate-system-headers -fno-modulemap-allow-subdirectory-search -isysroot /Applications/Xcode-16.3.0.app/Contents/Developer/Platforms/WatchOS.platform/Developer/SDKs/WatchOS11.4.sdk -resource-dir /Applications/Xcode-16.3.0.app/Contents/Developer/Toolchains/XcodeDefault.xctoolchain/usr/lib/clang/17 -fmodule-format\=obj -fmodule-file\=Foundation\=/Users/admin/builder/spi-builder-workspace/.derivedData/Build/Intermediates.noindex/ExplicitPrecompiledModules/Foundation-B77CA6JLPNJU6DKZ5PGGKPRVG.pcm -I /Users/admin/builder/spi-builder-workspace/.derivedData/Build/Products/Debug-watchos/include -I /Users/admin/builder/spi-builder-workspace/.dependencies/checkouts/promises/Sources/FBLPromises/include -I /Users/admin/builder/spi-builder-workspace/.derivedData/Build/Intermediates.noindex/Promises.build/Debug-watchos/FBLPromises.build/DerivedSources-normal/arm64 -I /Users/admin/builder/spi-builder-workspace/.derivedData/Build/Intermediates.noindex/Promises.build/Debug-watchos/FBLPromises.build/DerivedSources/arm64 -I /Users/admin/builder/spi-builder-workspace/.derivedData/Build/Intermediates.noindex/Promises.build/Debug-watchos/FBLPromises.build/DerivedSources -F /Users/admin/builder/spi-builder-workspace/.derivedData/Build/Products/Debug-watchos -iframework /Applications/Xcode-16.3.0.app/Contents/Developer/Platforms/WatchOS.platform/Developer/Library/Frameworks -iframework /Applications/Xcode-16.3.0.app/Contents/Developer/Platforms/WatchOS.platform/Developer/SDKs/WatchOS11.4.sdk/Developer/Library/Frameworks -internal-isystem /Applications/Xcode-16.3.0.app/Contents/Developer/Platforms/WatchOS.platform/Developer/SDKs/WatchOS11.4.sdk/usr/local/include -internal-isystem /Applications/Xcode-16.3.0.app/Contents/Developer/Toolchains/XcodeDefault.xctoolchain/usr/lib/clang/17/include -internal-externc-isystem /Applications/Xcode-16.3.0.app/Contents/Developer/Platforms/WatchOS.platform/Developer/SDKs/WatchOS11.4.sdk/usr/include -internal-externc-isystem /Applications/Xcode-16.3.0.app/Contents/Developer/Toolchains/XcodeDefault.xctoolchain/usr/include -ivfsstatcache /Users/admin/builder/spi-builder-workspace/.derivedData/SDKStatCaches.noindex/watchos11.4-22T246-43efb940ff07ba2497b70ec94253f576.sdkstatcache -std\=gnu11 -fexceptions -fskip-odr-check-in-gmf -fmodules -fmodule-name\=FBLPromises -fno-implicit-modules -fobjc-exceptions -fmax-type-align\=16 -fpascal-strings -fvisibility-inlines-hidden-static-local-var -mdarwin-stkchk-strong-link -fno-odr-hash-protocols -pic-level 2 -fencode-extended-block-signature -stack-protector 1 -fobjc-runtime\=watchos-4.0.0 -fobjc-arc -fobjc-runtime-has-weak -fobjc-weak -fgnuc-version\=4.2.1 -fblocks -ffp-contract\=on -fclang-abi-compat\=4.0 -fno-experimental-relative-c++-abi-vtables -fno-file-reproducible -clang-vendor-feature\=+disableNonDependentMemberExprInCurrentInstantiation -clang-vendor-feature\=+enableAggressiveVLAFolding -clang-vendor-feature\=+revert09abecef7bbf -clang-vendor-feature\=+thisNoAlignAttr -clang-vendor-feature\=+thisNoNullAttr -clang-vendor-feature\=+disableAtImportPrivateFrameworkInImplementationError -O0 -fno-assume-unique-vtables -fdebug-compilation-dir\=/Users/admin/builder/spi-builder-workspace/.swiftpm/xcode -fcoverage-compilation-dir\=/Users/admin/builder/spi-builder-workspace/.swiftpm/xcode -fcoverage-mapping -fcommon -fobjc-msgsend-selector-stubs -fregister-global-dtors-with-atexit -fno-strict-return -dwarf-version\=4 -debugger-tuning\=lldb -disable-llvm-verifier -dwarf-ext-refs -funwind-tables\=1 -fprofile-instrument\=clang -clear-ast-before-backend -discard-value-names -main-file-name FBLPromise+Then.m -mframe-pointer\=non-leaf -debug-info-kind\=standalone -fdiagnostics-hotness-threshold\=0 -fdiagnostics-misexpect-tolerance\=0 -D DEBUG\=1 -D OBJC_OLD_DISPATCH_PROTOTYPES\=1 -D SWIFT_PACKAGE -D Xcode -D __GCC_HAVE_DWARF2_CFI_ASM\=1 -include /Users/admin/builder/spi-builder-workspace/.derivedData/Build/Intermediates.noindex/Promises.build/Debug-watchos/FBLPromises.build/DerivedSources/resource_bundle_accessor.h -fdefine-target-os-macros -MT dependencies -dependency-file /Users/admin/builder/spi-builder-workspace/.derivedData/Build/Intermediates.noindex/Promises.build/Debug-watchos/FBLPromises.build/Objects-normal/arm64/FBLPromise+Then.d -skip-unused-modulemap-deps
** BUILD FAILED **
The following build commands failed:
	SwiftEmitModule normal armv7k Emitting\ module\ for\ HeraldFirebase (in target 'HeraldFirebase' from project 'herald-ios-firebase')
	EmitSwiftModule normal armv7k (in target 'HeraldFirebase' from project 'herald-ios-firebase')
	Building workspace spi-builder-workspace with scheme herald-ios-firebase
(3 failures)
BUILD FAILURE 6.1 watchOS