The Swift Package Index logo.Swift Package Index

Build Information

Failed to build TossInvestKit, reference main (9f7ec2), with Swift 6.4 for Android on 26 Sep 2026 07:21:36 UTC.

Build Command

bash -c docker run --pull=always --rm -v "checkouts-54344845-0":/host -w "$PWD" -e JAVA_HOME="/root/.sdkman/candidates/java/current" -e SPI_BUILD="1" -e SPI_PROCESSING="1" registry.gitlab.com/saguaro1/spi-images:android-6.4-latest swift build --swift-sdk aarch64-unknown-linux-android28 2>&1

Build Log

========================================
RunAll
========================================
Builder version: 5.1.0
Interrupt handler set up.
========================================
Checkout
========================================
Clone URL: https://github.com/jea0716/TossInvestKit.git
Reference: main
Initialized empty Git repository in /host/spi-builder-workspace/.git/
hint: Using 'master' as the name for the initial branch. This default branch name
hint: is subject to change. To configure the initial branch name to use in all
hint: of your new repositories, which will suppress this warning, call:
hint:
hint: 	git config --global init.defaultBranch <name>
hint:
hint: Names commonly chosen instead of 'master' are 'main', 'trunk' and
hint: 'development'. The just-created branch can be renamed via this command:
hint:
hint: 	git branch -m <name>
From https://github.com/jea0716/TossInvestKit
 * branch            main       -> FETCH_HEAD
 * [new branch]      main       -> origin/main
HEAD is now at 9f7ec2d Prepare TossInvestKit 0.1.0 release (#1)
Cloned https://github.com/jea0716/TossInvestKit.git
Revision (git rev-parse @):
9f7ec2d1a1c7916803172c08c99e3becd94be9dd
SUCCESS checkout https://github.com/jea0716/TossInvestKit.git at main
========================================
Build
========================================
Selected platform:         android
Swift version:             6.4
Building package at path:  $PWD
https://github.com/jea0716/TossInvestKit.git
Running build ...
bash -c docker run --pull=always --rm -v "checkouts-54344845-0":/host -w "$PWD" -e JAVA_HOME="/root/.sdkman/candidates/java/current" -e SPI_BUILD="1" -e SPI_PROCESSING="1" registry.gitlab.com/saguaro1/spi-images:android-6.4-latest swift build --swift-sdk aarch64-unknown-linux-android28 2>&1
android-6.4-latest: Pulling from saguaro1/spi-images
Digest: sha256:abadcff584c273feba50641b454858d377ba30b35ea7287a94f45ebd8afd0ea0
Status: Image is up to date for registry.gitlab.com/saguaro1/spi-images:android-6.4-latest
Building for debugging...
[Planning 21 / 95]
[32 / 44] TossInvestKit
error: SwiftCompile normal aarch64 failed with a nonzero exit code. Command line:     cd /host

/host/spi-builder-workspace/Sources/TossInvestKit/TossInvestClient.swift:121:10: error: cannot find type 'URLRequest' in scope
119 |         headers: [String: String],
120 |         token: String
121 |     ) -> URLRequest {
    |          `- error: cannot find type 'URLRequest' in scope
122 |         var components = URLComponents(
123 |             url: baseURL.appendingPathComponent(path),
/host/spi-builder-workspace/Sources/TossInvestKit/TossInvestClient.swift:148:19: error: 'HTTPURLResponse' is unavailable: This type has moved to the FoundationNetworking module. Import that module to use it.
146 |     private func decodeResponse<T: Decodable>(
147 |         _ data: Data,
148 |         response: HTTPURLResponse
    |                   `- error: 'HTTPURLResponse' is unavailable: This type has moved to the FoundationNetworking module. Import that module to use it.
149 |     ) throws -> T {
150 |         guard (200..<300).contains(response.statusCode) else {
Foundation.HTTPURLResponse:2:18: note: 'HTTPURLResponse' has been explicitly marked unavailable here
1 | @available(*, unavailable, message: "This type has moved to the FoundationNetworking module. Import that module to use it.")
2 | public typealias HTTPURLResponse = AnyObject
  |                  `- note: 'HTTPURLResponse' has been explicitly marked unavailable here
/host/spi-builder-workspace/Sources/TossInvestKit/TossInvestClient.swift:185:20: error: 'HTTPURLResponse' is unavailable: This type has moved to the FoundationNetworking module. Import that module to use it.
183 |
184 | private extension RateLimitInfo {
185 |     init(response: HTTPURLResponse) {
    |                    `- error: 'HTTPURLResponse' is unavailable: This type has moved to the FoundationNetworking module. Import that module to use it.
186 |         self.init(
187 |             limit: response.integerHeader("X-RateLimit-Limit"),
Foundation.HTTPURLResponse:2:18: note: 'HTTPURLResponse' has been explicitly marked unavailable here
1 | @available(*, unavailable, message: "This type has moved to the FoundationNetworking module. Import that module to use it.")
2 | public typealias HTTPURLResponse = AnyObject
  |                  `- note: 'HTTPURLResponse' has been explicitly marked unavailable here
/host/spi-builder-workspace/Sources/TossInvestKit/TossInvestClient.swift:195:9: error: non-nominal type 'HTTPURLResponse' (aka 'AnyObject') cannot be extended [#]8;;https://docs.swift.org/compiler/documentation/diagnostics/nominal-types\NominalTypes]8;;\]
193 | }
194 |
195 | private extension HTTPURLResponse {
    |         `- error: non-nominal type 'HTTPURLResponse' (aka 'AnyObject') cannot be extended [#]8;;https://docs.swift.org/compiler/documentation/diagnostics/nominal-types\NominalTypes]8;;\]
196 |     func integerHeader(_ name: String) -> Int? {
197 |         value(forHTTPHeaderField: name).flatMap(Int.init)
[#NominalTypes]: <https://docs.swift.org/compiler/documentation/diagnostics/nominal-types>
Failed frontend command:
/root/.local/share/swiftly/toolchains/6.4.x-snapshot-2026-09-04/usr/bin/swift-frontend -frontend -emit-module -experimental-skip-non-inlinable-function-bodies-without-types /host/spi-builder-workspace/Sources/TossInvestKit/Credentials.swift /host/spi-builder-workspace/Sources/TossInvestKit/Models/APIDecimal.swift /host/spi-builder-workspace/Sources/TossInvestKit/Models/Account.swift /host/spi-builder-workspace/Sources/TossInvestKit/Models/Holdings.swift /host/spi-builder-workspace/Sources/TossInvestKit/Models/MarketData.swift /host/spi-builder-workspace/Sources/TossInvestKit/Models/Quote.swift /host/spi-builder-workspace/Sources/TossInvestKit/TokenProvider.swift /host/spi-builder-workspace/Sources/TossInvestKit/TossInvestClient+MarketData.swift /host/spi-builder-workspace/Sources/TossInvestKit/TossInvestClient.swift /host/spi-builder-workspace/Sources/TossInvestKit/TossInvestClientProtocol.swift /host/spi-builder-workspace/Sources/TossInvestKit/TossInvestError.swift /host/spi-builder-workspace/Sources/TossInvestKit/Transport.swift -target aarch64-unknown-linux-android28 -Xllvm -aarch64-use-tbi -disable-objc-interop -sdk /android-ndk/android-ndk-r27d/toolchains/llvm/prebuilt/linux-x86_64/sysroot -sysroot /android-ndk/android-ndk-r27d/toolchains/llvm/prebuilt/linux-x86_64/sysroot -I /host/spi-builder-workspace/.build/out/Products/Debug-android-aarch64 -module-cache-path /host/spi-builder-workspace/.build/out/ModuleCache.noindex -color-diagnostics -Xcc -fcolor-diagnostics -enable-testing -g -debug-info-format\=dwarf -dwarf-version\=4 -swift-version 6 -Onone -D SWIFT_PACKAGE -D DEBUG -D SWIFT_MODULE_RESOURCE_BUNDLE_UNAVAILABLE -D Xcode -serialize-debugging-options -enable-experimental-feature DebugDescriptionMacro -empty-abi-descriptor -external-plugin-path /root/.local/share/swiftly/toolchains/6.4.x-snapshot-2026-09-04/usr/lib/swift/host/plugins/testing\#/root/.local/share/swiftly/toolchains/6.4.x-snapshot-2026-09-04/usr/bin/swift-plugin-server -validate-clang-modules-once -clang-build-session-file /host/spi-builder-workspace/.build/out/ModuleCache.noindex/Session.modulevalidation -Xcc -working-directory -Xcc /host -resource-dir /root/.swiftpm/swift-sdks/swift-6.4.x-DEVELOPMENT-SNAPSHOT-2026-09-04-a_android.artifactbundle/swift-android/swift-resources/usr/lib/swift-aarch64 -enable-anonymous-context-mangled-names -file-compilation-dir /host -Xcc -resource-dir -Xcc /android-ndk/android-ndk-r27d/toolchains/llvm/prebuilt/linux-x86_64/lib/clang/18 -Xcc -fno-omit-frame-pointer -Xcc -D_LIBCPP_HARDENING_MODE\=_LIBCPP_HARDENING_MODE_DEBUG -Xcc -fmodules-prune-interval\=86400 -Xcc -fmodules-prune-after\=345600 -Xcc -I/host/spi-builder-workspace/.build/out/Products/Debug-android-aarch64/include -Xcc -I/host/spi-builder-workspace/.build/out/Intermediates.noindex/TossInvestKit.build/Debug-android-aarch64/TossInvestKit-t.build/DerivedSources-normal/aarch64 -Xcc -I/host/spi-builder-workspace/.build/out/Intermediates.noindex/TossInvestKit.build/Debug-android-aarch64/TossInvestKit-t.build/DerivedSources/aarch64 -Xcc -I/host/spi-builder-workspace/.build/out/Intermediates.noindex/TossInvestKit.build/Debug-android-aarch64/TossInvestKit-t.build/DerivedSources -Xcc -DSWIFT_PACKAGE -Xcc -DDEBUG\=1 -no-auto-bridging-header-chaining -module-name TossInvestKit -package-name spi_builder_workspace -const-gather-protocols-file /host/spi-builder-workspace/.build/out/Intermediates.noindex/TossInvestKit.build/Debug-android-aarch64/TossInvestKit-t.build/Objects-normal/aarch64/TossInvestKit_const_extract_protocols.json -in-process-plugin-server-path /root/.local/share/swiftly/toolchains/6.4.x-snapshot-2026-09-04/usr/lib/swift/host/libSwiftInProcPluginServer.so -plugin-path /root/.local/share/swiftly/toolchains/6.4.x-snapshot-2026-09-04/usr/lib/swift/host/plugins -plugin-path /root/.local/share/swiftly/toolchains/6.4.x-snapshot-2026-09-04/usr/local/lib/swift/host/plugins -emit-module-doc-path /host/spi-builder-workspace/.build/out/Intermediates.noindex/TossInvestKit.build/Debug-android-aarch64/TossInvestKit-t.build/Objects-normal/aarch64/Modules/TossInvestKit.swiftdoc -emit-module-source-info-path /host/spi-builder-workspace/.build/out/Intermediates.noindex/TossInvestKit.build/Debug-android-aarch64/TossInvestKit-t.build/Objects-normal/aarch64/Modules/TossInvestKit.swiftsourceinfo -emit-objc-header-path /host/spi-builder-workspace/.build/out/Intermediates.noindex/TossInvestKit.build/Debug-android-aarch64/TossInvestKit-t.build/Objects-normal/aarch64/TossInvestKit-Swift.h -serialize-diagnostics-path /host/spi-builder-workspace/.build/out/Intermediates.noindex/TossInvestKit.build/Debug-android-aarch64/TossInvestKit-t.build/Objects-normal/aarch64/TossInvestKit-primary-emit-module.dia -emit-dependencies-path /host/spi-builder-workspace/.build/out/Intermediates.noindex/TossInvestKit.build/Debug-android-aarch64/TossInvestKit-t.build/Objects-normal/aarch64/TossInvestKit-primary-emit-module.d -parse-as-library -o /host/spi-builder-workspace/.build/out/Intermediates.noindex/TossInvestKit.build/Debug-android-aarch64/TossInvestKit-t.build/Objects-normal/aarch64/Modules/TossInvestKit.swiftmodule
error: Build failed
BUILD FAILURE 6.4 android