The Swift Package Index logo.Swift Package Index

Build Information

Failed to build FriendlyId, reference main (4f7bba), with Swift 6.4 for Linux on 20 Sep 2026 05:48:52 UTC.

Build Command

bash -c docker run --pull=always --rm -v "checkouts-54344843-0":/host -w "$PWD" -e JAVA_HOME="/root/.sdkman/candidates/java/current" -e SPI_BUILD="1" -e SPI_PROCESSING="1" registry.gitlab.com/saguaro1/spi-images:basic-6.4-latest swift build --triple x86_64-unknown-linux-gnu 2>&1

Build Log

========================================
RunAll
========================================
Builder version: 5.1.0
Interrupt handler set up.
========================================
Checkout
========================================
Clone URL: https://github.com/kdubb/SwiftFriendlyId.git
Reference: main
Initialized empty Git repository in /host/spi-builder-workspace/.git/
hint: Using 'master' as the name for the initial branch. This default branch name
hint: is subject to change. To configure the initial branch name to use in all
hint: of your new repositories, which will suppress this warning, call:
hint:
hint: 	git config --global init.defaultBranch <name>
hint:
hint: Names commonly chosen instead of 'master' are 'main', 'trunk' and
hint: 'development'. The just-created branch can be renamed via this command:
hint:
hint: 	git branch -m <name>
From https://github.com/kdubb/SwiftFriendlyId
 * branch            main       -> FETCH_HEAD
 * [new branch]      main       -> origin/main
HEAD is now at 4f7bba4 Bump argument parser dependency
Cloned https://github.com/kdubb/SwiftFriendlyId.git
Revision (git rev-parse @):
4f7bba4b24558bafbb92fa5fc721e9c6d4c24a0b
SUCCESS checkout https://github.com/kdubb/SwiftFriendlyId.git at main
========================================
Build
========================================
Selected platform:         linux
Swift version:             6.4
Building package at path:  $PWD
https://github.com/kdubb/SwiftFriendlyId.git
Running build ...
bash -c docker run --pull=always --rm -v "checkouts-54344843-0":/host -w "$PWD" -e JAVA_HOME="/root/.sdkman/candidates/java/current" -e SPI_BUILD="1" -e SPI_PROCESSING="1" registry.gitlab.com/saguaro1/spi-images:basic-6.4-latest swift build --triple x86_64-unknown-linux-gnu 2>&1
basic-6.4-latest: Pulling from saguaro1/spi-images
Digest: sha256:c77fcce225e223ac0fafed844619173fc6de8d62dd560eeb28db3182af6a282b
Status: Image is up to date for registry.gitlab.com/saguaro1/spi-images:basic-6.4-latest
Fetching https://github.com/attaswift/BigInt.git
Fetching https://github.com/apple/swift-argument-parser
[1/4939] Fetching bigint
[841/23857] Fetching bigint, swift-argument-parser
Fetched https://github.com/attaswift/BigInt.git (0.74s)
Fetched https://github.com/apple/swift-argument-parser (0.74s)
Computing version for https://github.com/attaswift/BigInt.git
warning: 'bigint': /Package.swift:18:19: warning: 'v4' is deprecated: watchOS 9.0 is the oldest supported version [#DeprecatedDeclaration]
16 |         .iOS(.v12),
17 |         .tvOS(.v12),
18 |         .watchOS(.v4),
   |                   `- warning: 'v4' is deprecated: watchOS 9.0 is the oldest supported version [#DeprecatedDeclaration]
19 |         .macCatalyst(.v13),
20 |         .visionOS(.v1),
[#DeprecatedDeclaration]: <https://docs.swift.org/compiler/documentation/diagnostics/deprecated-declaration>
Computed https://github.com/attaswift/BigInt.git at 5.7.0 (0.90s)
Computing version for https://github.com/apple/swift-argument-parser
Computed https://github.com/apple/swift-argument-parser at 1.8.2 (0.19s)
Creating working copy for https://github.com/attaswift/BigInt.git
Working copy of https://github.com/attaswift/BigInt.git resolved at 5.7.0
Creating working copy for https://github.com/apple/swift-argument-parser
Working copy of https://github.com/apple/swift-argument-parser resolved at 1.8.2
warning: 'bigint': /host/spi-builder-workspace/.build/checkouts/BigInt/Package.swift:18:19: warning: 'v4' is deprecated: watchOS 9.0 is the oldest supported version [#DeprecatedDeclaration]
16 |         .iOS(.v12),
17 |         .tvOS(.v12),
18 |         .watchOS(.v4),
   |                   `- warning: 'v4' is deprecated: watchOS 9.0 is the oldest supported version [#DeprecatedDeclaration]
19 |         .macCatalyst(.v13),
20 |         .visionOS(.v1),
[#DeprecatedDeclaration]: <https://docs.swift.org/compiler/documentation/diagnostics/deprecated-declaration>
Building for debugging...
[Constructing description]
[Planning deferred tasks]
[51 / 86] BigInt
[52 / 86] ArgumentParserToolInfo
[62 / 86] BigInt
[67 / 96] ArgumentParser
[69 / 97] BigInt
[71 / 97] BigInt
[76 / 98] BigInt
[79 / 98] ArgumentParser
[87 / 104] FriendlyId
[90 / 104] FriendlyId
[96 / 105]
error: SwiftCompile normal x86_64 /host/spi-builder-workspace/Sources/FriendlyId/Id.swift failed with a nonzero exit code. Command line:     cd /host
    builtin-SwiftPerFileCompile Id.swift
/host/spi-builder-workspace/Sources/FriendlyId/Id.swift:28:9: error: cannot find 'uuid_generate_random' in scope
26 |     case .random:
27 |       withUnsafeMutableBytes(of: &uuid) {
28 |         uuid_generate_random($0.baseAddress?.assumingMemoryBound(to: UInt8.self))
   |         `- error: cannot find 'uuid_generate_random' in scope
29 |       }
30 |     case .time:
/host/spi-builder-workspace/Sources/FriendlyId/Id.swift:32:9: error: cannot find 'uuid_generate_time' in scope
30 |     case .time:
31 |       withUnsafeMutableBytes(of: &uuid) {
32 |         uuid_generate_time($0.baseAddress?.assumingMemoryBound(to: UInt8.self))
   |         `- error: cannot find 'uuid_generate_time' in scope
33 |       }
34 |     }
Failed frontend command:
/usr/bin/swift-frontend -frontend -c /host/spi-builder-workspace/Sources/FriendlyId/Base62.swift /host/spi-builder-workspace/Sources/FriendlyId/BigUints.swift /host/spi-builder-workspace/Sources/FriendlyId/FriendlyId.swift -primary-file /host/spi-builder-workspace/Sources/FriendlyId/Id.swift -emit-dependencies-path /host/spi-builder-workspace/.build/out/Intermediates.noindex/FriendlyId.build/Debug-linux-x86_64/FriendlyId-t.build/Objects-normal/x86_64/Id.d -emit-const-values-path /host/spi-builder-workspace/.build/out/Intermediates.noindex/FriendlyId.build/Debug-linux-x86_64/FriendlyId-t.build/Objects-normal/x86_64/Id.swiftconstvalues -emit-reference-dependencies-path /host/spi-builder-workspace/.build/out/Intermediates.noindex/FriendlyId.build/Debug-linux-x86_64/FriendlyId-t.build/Objects-normal/x86_64/Id.swiftdeps -serialize-diagnostics-path /host/spi-builder-workspace/.build/out/Intermediates.noindex/FriendlyId.build/Debug-linux-x86_64/FriendlyId-t.build/Objects-normal/x86_64/Id.dia -target x86_64-unknown-linux-gnu -disable-objc-interop -I /host/spi-builder-workspace/.build/out/Products/Debug-linux-x86_64 -module-cache-path /host/spi-builder-workspace/.build/out/ModuleCache.noindex -color-diagnostics -Xcc -fcolor-diagnostics -enable-testing -g -debug-info-format\=dwarf -dwarf-version\=4 -swift-version 5 -Onone -D SWIFT_PACKAGE -D DEBUG -D SWIFT_MODULE_RESOURCE_BUNDLE_UNAVAILABLE -D Xcode -serialize-debugging-options -enable-experimental-feature DebugDescriptionMacro -empty-abi-descriptor -external-plugin-path /usr/lib/swift/host/plugins/testing\#/usr/bin/swift-plugin-server -validate-clang-modules-once -clang-build-session-file /host/spi-builder-workspace/.build/out/ModuleCache.noindex/Session.modulevalidation -Xcc -working-directory -Xcc /host -enable-anonymous-context-mangled-names -file-compilation-dir /host -Xcc -fno-omit-frame-pointer -Xcc -D_LIBCPP_HARDENING_MODE\=_LIBCPP_HARDENING_MODE_DEBUG -Xcc -fmodules-prune-interval\=86400 -Xcc -fmodules-prune-after\=345600 -Xcc -I/host/spi-builder-workspace/.build/out/Products/Debug-linux-x86_64/include -Xcc -I/host/spi-builder-workspace/.build/out/Intermediates.noindex/FriendlyId.build/Debug-linux-x86_64/FriendlyId-t.build/DerivedSources-normal/x86_64 -Xcc -I/host/spi-builder-workspace/.build/out/Intermediates.noindex/FriendlyId.build/Debug-linux-x86_64/FriendlyId-t.build/DerivedSources/x86_64 -Xcc -I/host/spi-builder-workspace/.build/out/Intermediates.noindex/FriendlyId.build/Debug-linux-x86_64/FriendlyId-t.build/DerivedSources -Xcc -DSWIFT_PACKAGE -Xcc -DDEBUG\=1 -no-auto-bridging-header-chaining -module-name FriendlyId -const-gather-protocols-file /host/spi-builder-workspace/.build/out/Intermediates.noindex/FriendlyId.build/Debug-linux-x86_64/FriendlyId-t.build/Objects-normal/x86_64/FriendlyId_const_extract_protocols.json -in-process-plugin-server-path /usr/lib/swift/host/libSwiftInProcPluginServer.so -plugin-path /usr/lib/swift/host/plugins -plugin-path /usr/local/lib/swift/host/plugins -parse-as-library -o /host/spi-builder-workspace/.build/out/Intermediates.noindex/FriendlyId.build/Debug-linux-x86_64/FriendlyId-t.build/Objects-normal/x86_64/Id.o -index-unit-output-path /FriendlyId.build/Debug-linux-x86_64/FriendlyId-t.build/Objects-normal/x86_64/Id.o -index-store-path /host/spi-builder-workspace/.build/out -index-system-modules
error: SwiftCompile normal x86_64 /host/spi-builder-workspace/Sources/FriendlyId/FriendlyId.swift failed with a nonzero exit code. Command line:     cd /host
    builtin-SwiftPerFileCompile FriendlyId.swift
/host/spi-builder-workspace/Sources/FriendlyId/FriendlyId.swift:21:7: error: cannot find 'uuid_generate_random' in scope
19 |   case .random:
20 |     withUnsafeMutableBytes(of: &uuid) {
21 |       uuid_generate_random($0.baseAddress?.assumingMemoryBound(to: UInt8.self))
   |       `- error: cannot find 'uuid_generate_random' in scope
22 |     }
23 |   case .time:
/host/spi-builder-workspace/Sources/FriendlyId/FriendlyId.swift:25:7: error: cannot find 'uuid_generate_time' in scope
23 |   case .time:
24 |     withUnsafeMutableBytes(of: &uuid) {
25 |       uuid_generate_time($0.baseAddress?.assumingMemoryBound(to: UInt8.self))
   |       `- error: cannot find 'uuid_generate_time' in scope
26 |     }
27 |   }
Failed frontend command:
/usr/bin/swift-frontend -frontend -c /host/spi-builder-workspace/Sources/FriendlyId/Base62.swift /host/spi-builder-workspace/Sources/FriendlyId/BigUints.swift -primary-file /host/spi-builder-workspace/Sources/FriendlyId/FriendlyId.swift /host/spi-builder-workspace/Sources/FriendlyId/Id.swift -emit-dependencies-path /host/spi-builder-workspace/.build/out/Intermediates.noindex/FriendlyId.build/Debug-linux-x86_64/FriendlyId-t.build/Objects-normal/x86_64/FriendlyId.d -emit-const-values-path /host/spi-builder-workspace/.build/out/Intermediates.noindex/FriendlyId.build/Debug-linux-x86_64/FriendlyId-t.build/Objects-normal/x86_64/FriendlyId.swiftconstvalues -emit-reference-dependencies-path /host/spi-builder-workspace/.build/out/Intermediates.noindex/FriendlyId.build/Debug-linux-x86_64/FriendlyId-t.build/Objects-normal/x86_64/FriendlyId.swiftdeps -serialize-diagnostics-path /host/spi-builder-workspace/.build/out/Intermediates.noindex/FriendlyId.build/Debug-linux-x86_64/FriendlyId-t.build/Objects-normal/x86_64/FriendlyId.dia -target x86_64-unknown-linux-gnu -disable-objc-interop -I /host/spi-builder-workspace/.build/out/Products/Debug-linux-x86_64 -module-cache-path /host/spi-builder-workspace/.build/out/ModuleCache.noindex -color-diagnostics -Xcc -fcolor-diagnostics -enable-testing -g -debug-info-format\=dwarf -dwarf-version\=4 -swift-version 5 -Onone -D SWIFT_PACKAGE -D DEBUG -D SWIFT_MODULE_RESOURCE_BUNDLE_UNAVAILABLE -D Xcode -serialize-debugging-options -enable-experimental-feature DebugDescriptionMacro -empty-abi-descriptor -external-plugin-path /usr/lib/swift/host/plugins/testing\#/usr/bin/swift-plugin-server -validate-clang-modules-once -clang-build-session-file /host/spi-builder-workspace/.build/out/ModuleCache.noindex/Session.modulevalidation -Xcc -working-directory -Xcc /host -enable-anonymous-context-mangled-names -file-compilation-dir /host -Xcc -fno-omit-frame-pointer -Xcc -D_LIBCPP_HARDENING_MODE\=_LIBCPP_HARDENING_MODE_DEBUG -Xcc -fmodules-prune-interval\=86400 -Xcc -fmodules-prune-after\=345600 -Xcc -I/host/spi-builder-workspace/.build/out/Products/Debug-linux-x86_64/include -Xcc -I/host/spi-builder-workspace/.build/out/Intermediates.noindex/FriendlyId.build/Debug-linux-x86_64/FriendlyId-t.build/DerivedSources-normal/x86_64 -Xcc -I/host/spi-builder-workspace/.build/out/Intermediates.noindex/FriendlyId.build/Debug-linux-x86_64/FriendlyId-t.build/DerivedSources/x86_64 -Xcc -I/host/spi-builder-workspace/.build/out/Intermediates.noindex/FriendlyId.build/Debug-linux-x86_64/FriendlyId-t.build/DerivedSources -Xcc -DSWIFT_PACKAGE -Xcc -DDEBUG\=1 -no-auto-bridging-header-chaining -module-name FriendlyId -const-gather-protocols-file /host/spi-builder-workspace/.build/out/Intermediates.noindex/FriendlyId.build/Debug-linux-x86_64/FriendlyId-t.build/Objects-normal/x86_64/FriendlyId_const_extract_protocols.json -in-process-plugin-server-path /usr/lib/swift/host/libSwiftInProcPluginServer.so -plugin-path /usr/lib/swift/host/plugins -plugin-path /usr/local/lib/swift/host/plugins -parse-as-library -o /host/spi-builder-workspace/.build/out/Intermediates.noindex/FriendlyId.build/Debug-linux-x86_64/FriendlyId-t.build/Objects-normal/x86_64/FriendlyId.o -index-unit-output-path /FriendlyId.build/Debug-linux-x86_64/FriendlyId-t.build/Objects-normal/x86_64/FriendlyId.o -index-store-path /host/spi-builder-workspace/.build/out -index-system-modules
error: Build failed
BUILD FAILURE 6.4 linux