Build Information
Failed to build VertexGUI, reference master (bd1a4b), with Swift 6.4 for tvOS using Xcode 27.0 on 19 Sep 2026 09:43:19 UTC.
Build Command
env DEVELOPER_DIR=/Applications/Xcode-27.0.0-Release.Candidate.app xcrun xcodebuild -IDEClonedSourcePackagesDirPathOverride=$PWD/.dependencies -skipMacroValidation -skipPackagePluginValidation -derivedDataPath $PWD/.derivedData build -scheme VertexGUI-Package -destination generic/platform=tvOSBuild Log
SwiftExplicitDependencyGeneratePcm arm64 /Users/admin/builder/spi-builder-workspace/.derivedData/SDKExplicitPrecompiledModules/os_object-E2DGZ0SX0TULQHULZRPO6OKNW.pcm
SwiftMergeGeneratedHeaders /Users/admin/builder/spi-builder-workspace/.derivedData/Build/Intermediates.noindex/GeneratedModuleMaps-appletvos/FirebladeTime-Swift.h /Users/admin/builder/spi-builder-workspace/.derivedData/Build/Intermediates.noindex/FirebladeTime.build/Debug-appletvos/FirebladeTime-t.build/Objects-normal/arm64/FirebladeTime-Swift.h (in target 'FirebladeTime' from project 'FirebladeTime')
cd /Users/admin/builder/spi-builder-workspace/.dependencies/checkouts/time
builtin-swiftHeaderTool -arch arm64 /Users/admin/builder/spi-builder-workspace/.derivedData/Build/Intermediates.noindex/FirebladeTime.build/Debug-appletvos/FirebladeTime-t.build/Objects-normal/arm64/FirebladeTime-Swift.h -o /Users/admin/builder/spi-builder-workspace/.derivedData/Build/Intermediates.noindex/GeneratedModuleMaps-appletvos/FirebladeTime-Swift.h
Copy /Users/admin/builder/spi-builder-workspace/.derivedData/Build/Products/Debug-appletvos/FirebladeTime.swiftmodule/arm64-apple-tvos.swiftmodule /Users/admin/builder/spi-builder-workspace/.derivedData/Build/Intermediates.noindex/FirebladeTime.build/Debug-appletvos/FirebladeTime-t.build/Objects-normal/arm64/FirebladeTime.swiftmodule (in target 'FirebladeTime' from project 'FirebladeTime')
cd /Users/admin/builder/spi-builder-workspace/.dependencies/checkouts/time
builtin-copy -exclude .DS_Store -exclude CVS -exclude .svn -exclude .git -exclude .hg -resolve-src-symlinks -rename /Users/admin/builder/spi-builder-workspace/.derivedData/Build/Intermediates.noindex/FirebladeTime.build/Debug-appletvos/FirebladeTime-t.build/Objects-normal/arm64/FirebladeTime.swiftmodule /Users/admin/builder/spi-builder-workspace/.derivedData/Build/Products/Debug-appletvos/FirebladeTime.swiftmodule/arm64-apple-tvos.swiftmodule
Copy /Users/admin/builder/spi-builder-workspace/.derivedData/Build/Products/Debug-appletvos/FirebladeTime.swiftmodule/arm64-apple-tvos.swiftdoc /Users/admin/builder/spi-builder-workspace/.derivedData/Build/Intermediates.noindex/FirebladeTime.build/Debug-appletvos/FirebladeTime-t.build/Objects-normal/arm64/FirebladeTime.swiftdoc (in target 'FirebladeTime' from project 'FirebladeTime')
cd /Users/admin/builder/spi-builder-workspace/.dependencies/checkouts/time
builtin-copy -exclude .DS_Store -exclude CVS -exclude .svn -exclude .git -exclude .hg -resolve-src-symlinks -rename /Users/admin/builder/spi-builder-workspace/.derivedData/Build/Intermediates.noindex/FirebladeTime.build/Debug-appletvos/FirebladeTime-t.build/Objects-normal/arm64/FirebladeTime.swiftdoc /Users/admin/builder/spi-builder-workspace/.derivedData/Build/Products/Debug-appletvos/FirebladeTime.swiftmodule/arm64-apple-tvos.swiftdoc
Copy /Users/admin/builder/spi-builder-workspace/.derivedData/Build/Products/Debug-appletvos/FirebladeTime.swiftmodule/arm64-apple-tvos.abi.json /Users/admin/builder/spi-builder-workspace/.derivedData/Build/Intermediates.noindex/FirebladeTime.build/Debug-appletvos/FirebladeTime-t.build/Objects-normal/arm64/FirebladeTime.abi.json (in target 'FirebladeTime' from project 'FirebladeTime')
cd /Users/admin/builder/spi-builder-workspace/.dependencies/checkouts/time
builtin-copy -exclude .DS_Store -exclude CVS -exclude .svn -exclude .git -exclude .hg -resolve-src-symlinks -rename /Users/admin/builder/spi-builder-workspace/.derivedData/Build/Intermediates.noindex/FirebladeTime.build/Debug-appletvos/FirebladeTime-t.build/Objects-normal/arm64/FirebladeTime.abi.json /Users/admin/builder/spi-builder-workspace/.derivedData/Build/Products/Debug-appletvos/FirebladeTime.swiftmodule/arm64-apple-tvos.abi.json
Copy /Users/admin/builder/spi-builder-workspace/.derivedData/Build/Products/Debug-appletvos/FirebladeTime.swiftmodule/Project/arm64-apple-tvos.swiftsourceinfo /Users/admin/builder/spi-builder-workspace/.derivedData/Build/Intermediates.noindex/FirebladeTime.build/Debug-appletvos/FirebladeTime-t.build/Objects-normal/arm64/FirebladeTime.swiftsourceinfo (in target 'FirebladeTime' from project 'FirebladeTime')
cd /Users/admin/builder/spi-builder-workspace/.dependencies/checkouts/time
builtin-copy -exclude .DS_Store -exclude CVS -exclude .svn -exclude .git -exclude .hg -resolve-src-symlinks -rename /Users/admin/builder/spi-builder-workspace/.derivedData/Build/Intermediates.noindex/FirebladeTime.build/Debug-appletvos/FirebladeTime-t.build/Objects-normal/arm64/FirebladeTime.swiftsourceinfo /Users/admin/builder/spi-builder-workspace/.derivedData/Build/Products/Debug-appletvos/FirebladeTime.swiftmodule/Project/arm64-apple-tvos.swiftsourceinfo
SwiftEmitModule normal arm64 Emitting\ module\ for\ FirebladeMath (in target 'FirebladeMath' from project 'FirebladeMath')
/Users/admin/builder/spi-builder-workspace/.dependencies/checkouts/math/Sources/FirebladeMath/Functions/abs.swift:6:8: error: no such module 'Darwin.C.math'
4 |
5 | #if FRB_MATH_DARWIN
6 | import Darwin.C.math
| `- error: no such module 'Darwin.C.math'
7 | #endif
8 |
Failed frontend command:
/Applications/Xcode-27.0.0-Release.Candidate.app/Contents/Developer/Toolchains/XcodeDefault.xctoolchain/usr/bin/swift-frontend -frontend -emit-module -experimental-skip-non-inlinable-function-bodies-without-types /Users/admin/builder/spi-builder-workspace/.dependencies/checkouts/math/Sources/FirebladeMath/Constants.swift /Users/admin/builder/spi-builder-workspace/.dependencies/checkouts/math/Sources/FirebladeMath/Functions/abs.swift /Users/admin/builder/spi-builder-workspace/.dependencies/checkouts/math/Sources/FirebladeMath/Functions/acos.swift /Users/admin/builder/spi-builder-workspace/.dependencies/checkouts/math/Sources/FirebladeMath/Functions/acosh.swift /Users/admin/builder/spi-builder-workspace/.dependencies/checkouts/math/Sources/FirebladeMath/Functions/adjugate.swift /Users/admin/builder/spi-builder-workspace/.dependencies/checkouts/math/Sources/FirebladeMath/Functions/angle.swift /Users/admin/builder/spi-builder-workspace/.dependencies/checkouts/math/Sources/FirebladeMath/Functions/asin.swift /Users/admin/builder/spi-builder-workspace/.dependencies/checkouts/math/Sources/FirebladeMath/Functions/asinh.swift /Users/admin/builder/spi-builder-workspace/.dependencies/checkouts/math/Sources/FirebladeMath/Functions/atan.swift /Users/admin/builder/spi-builder-workspace/.dependencies/checkouts/math/Sources/FirebladeMath/Functions/atan2.swift /Users/admin/builder/spi-builder-workspace/.dependencies/checkouts/math/Sources/FirebladeMath/Functions/atanh.swift /Users/admin/builder/spi-builder-workspace/.dependencies/checkouts/math/Sources/FirebladeMath/Functions/axis.swift /Users/admin/builder/spi-builder-workspace/.dependencies/checkouts/math/Sources/FirebladeMath/Functions/ceil.swift /Users/admin/builder/spi-builder-workspace/.dependencies/checkouts/math/Sources/FirebladeMath/Functions/clamp.swift /Users/admin/builder/spi-builder-workspace/.dependencies/checkouts/math/Sources/FirebladeMath/Functions/conjugate.swift /Users/admin/builder/spi-builder-workspace/.dependencies/checkouts/math/Sources/FirebladeMath/Functions/copysign.swift /Users/admin/builder/spi-builder-workspace/.dependencies/checkouts/math/Sources/FirebladeMath/Functions/cos.swift /Users/admin/builder/spi-builder-workspace/.dependencies/checkouts/math/Sources/FirebladeMath/Functions/cosh.swift /Users/admin/builder/spi-builder-workspace/.dependencies/checkouts/math/Sources/FirebladeMath/Functions/cross.swift /Users/admin/builder/spi-builder-workspace/.dependencies/checkouts/math/Sources/FirebladeMath/Functions/degrees.swift /Users/admin/builder/spi-builder-workspace/.dependencies/checkouts/math/Sources/FirebladeMath/Functions/determinant.swift /Users/admin/builder/spi-builder-workspace/.dependencies/checkouts/math/Sources/FirebladeMath/Functions/distance.swift /Users/admin/builder/spi-builder-workspace/.dependencies/checkouts/math/Sources/FirebladeMath/Functions/dot.swift /Users/admin/builder/spi-builder-workspace/.dependencies/checkouts/math/Sources/FirebladeMath/Functions/exp.swift /Users/admin/builder/spi-builder-workspace/.dependencies/checkouts/math/Sources/FirebladeMath/Functions/exp2.swift /Users/admin/builder/spi-builder-workspace/.dependencies/checkouts/math/Sources/FirebladeMath/Functions/faceforward.swift /Users/admin/builder/spi-builder-workspace/.dependencies/checkouts/math/Sources/FirebladeMath/Functions/floor.swift /Users/admin/builder/spi-builder-workspace/.dependencies/checkouts/math/Sources/FirebladeMath/Functions/fract.swift /Users/admin/builder/spi-builder-workspace/.dependencies/checkouts/math/Sources/FirebladeMath/Functions/hypot.swift /Users/admin/builder/spi-builder-workspace/.dependencies/checkouts/math/Sources/FirebladeMath/Functions/inverse.swift /Users/admin/builder/spi-builder-workspace/.dependencies/checkouts/math/Sources/FirebladeMath/Functions/isInfinite.swift /Users/admin/builder/spi-builder-workspace/.dependencies/checkouts/math/Sources/FirebladeMath/Functions/isNegativeInfinity.swift /Users/admin/builder/spi-builder-workspace/.dependencies/checkouts/math/Sources/FirebladeMath/Functions/isNegativeZero.swift /Users/admin/builder/spi-builder-workspace/.dependencies/checkouts/math/Sources/FirebladeMath/Functions/isPositiveInfinity.swift /Users/admin/builder/spi-builder-workspace/.dependencies/checkouts/math/Sources/FirebladeMath/Functions/isPositiveZero.swift /Users/admin/builder/spi-builder-workspace/.dependencies/checkouts/math/Sources/FirebladeMath/Functions/length.swift /Users/admin/builder/spi-builder-workspace/.dependencies/checkouts/math/Sources/FirebladeMath/Functions/lerp+mix.swift /Users/admin/builder/spi-builder-workspace/.dependencies/checkouts/math/Sources/FirebladeMath/Functions/log.swift /Users/admin/builder/spi-builder-workspace/.dependencies/checkouts/math/Sources/FirebladeMath/Functions/log10.swift /Users/admin/builder/spi-builder-workspace/.dependencies/checkouts/math/Sources/FirebladeMath/Functions/log2.swift /Users/admin/builder/spi-builder-workspace/.dependencies/checkouts/math/Sources/FirebladeMath/Functions/matrix.swift /Users/admin/builder/spi-builder-workspace/.dependencies/checkouts/math/Sources/FirebladeMath/Functions/max.swift /Users/admin/builder/spi-builder-workspace/.dependencies/checkouts/math/Sources/FirebladeMath/Functions/min.swift /Users/admin/builder/spi-builder-workspace/.dependencies/checkouts/math/Sources/FirebladeMath/Functions/mod.swift /Users/admin/builder/spi-builder-workspace/.dependencies/checkouts/math/Sources/FirebladeMath/Functions/normalize.swift /Users/admin/builder/spi-builder-workspace/.dependencies/checkouts/math/Sources/FirebladeMath/Functions/pow.swift /Users/admin/builder/spi-builder-workspace/.dependencies/checkouts/math/Sources/FirebladeMath/Functions/pow2.swift /Users/admin/builder/spi-builder-workspace/.dependencies/checkouts/math/Sources/FirebladeMath/Functions/quaternion.swift /Users/admin/builder/spi-builder-workspace/.dependencies/checkouts/math/Sources/FirebladeMath/Functions/radians.swift /Users/admin/builder/spi-builder-workspace/.dependencies/checkouts/math/Sources/FirebladeMath/Functions/reflect.swift /Users/admin/builder/spi-builder-workspace/.dependencies/checkouts/math/Sources/FirebladeMath/Functions/refract.swift /Users/admin/builder/spi-builder-workspace/.dependencies/checkouts/math/Sources/FirebladeMath/Functions/remap.swift /Users/admin/builder/spi-builder-workspace/.dependencies/checkouts/math/Sources/FirebladeMath/Functions/rotate.swift /Users/admin/builder/spi-builder-workspace/.dependencies/checkouts/math/Sources/FirebladeMath/Functions/rsqrt.swift /Users/admin/builder/spi-builder-workspace/.dependencies/checkouts/math/Sources/FirebladeMath/Functions/saturate.swift /Users/admin/builder/spi-builder-workspace/.dependencies/checkouts/math/Sources/FirebladeMath/Functions/sign.swift /Users/admin/builder/spi-builder-workspace/.dependencies/checkouts/math/Sources/FirebladeMath/Functions/sin.swift /Users/admin/builder/spi-builder-workspace/.dependencies/checkouts/math/Sources/FirebladeMath/Functions/sinh.swift /Users/admin/builder/spi-builder-workspace/.dependencies/checkouts/math/Sources/FirebladeMath/Functions/smoothstep.swift /Users/admin/builder/spi-builder-workspace/.dependencies/checkouts/math/Sources/FirebladeMath/Functions/sqrt.swift /Users/admin/builder/spi-builder-workspace/.dependencies/checkouts/math/Sources/FirebladeMath/Functions/step.swift /Users/admin/builder/spi-builder-workspace/.dependencies/checkouts/math/Sources/FirebladeMath/Functions/tan.swift /Users/admin/builder/spi-builder-workspace/.dependencies/checkouts/math/Sources/FirebladeMath/Functions/tanh.swift /Users/admin/builder/spi-builder-workspace/.dependencies/checkouts/math/Sources/FirebladeMath/Functions/transpose.swift /Users/admin/builder/spi-builder-workspace/.dependencies/checkouts/math/Sources/FirebladeMath/Matrix/Mat3x3f.swift /Users/admin/builder/spi-builder-workspace/.dependencies/checkouts/math/Sources/FirebladeMath/Matrix/Mat4x4f.swift /Users/admin/builder/spi-builder-workspace/.dependencies/checkouts/math/Sources/FirebladeMath/Matrix/Matrices.swift /Users/admin/builder/spi-builder-workspace/.dependencies/checkouts/math/Sources/FirebladeMath/Matrix/Matrix+Identity.swift /Users/admin/builder/spi-builder-workspace/.dependencies/checkouts/math/Sources/FirebladeMath/Matrix/Matrix+Multiplication.swift /Users/admin/builder/spi-builder-workspace/.dependencies/checkouts/math/Sources/FirebladeMath/Matrix/Matrix+Operators.swift /Users/admin/builder/spi-builder-workspace/.dependencies/checkouts/math/Sources/FirebladeMath/Matrix/Matrix+Quaternion.swift /Users/admin/builder/spi-builder-workspace/.dependencies/checkouts/math/Sources/FirebladeMath/Matrix/Matrix2x2.swift /Users/admin/builder/spi-builder-workspace/.dependencies/checkouts/math/Sources/FirebladeMath/Matrix/Matrix3x3.swift /Users/admin/builder/spi-builder-workspace/.dependencies/checkouts/math/Sources/FirebladeMath/Matrix/Matrix4x4+Projections.swift /Users/admin/builder/spi-builder-workspace/.dependencies/checkouts/math/Sources/FirebladeMath/Matrix/Matrix4x4.swift /Users/admin/builder/spi-builder-workspace/.dependencies/checkouts/math/Sources/FirebladeMath/Matrix/MatrixStorage+NO_SIMD.swift /Users/admin/builder/spi-builder-workspace/.dependencies/checkouts/math/Sources/FirebladeMath/Matrix/MatrixStorage+SIMD.swift /Users/admin/builder/spi-builder-workspace/.dependencies/checkouts/math/Sources/FirebladeMath/Matrix/MatrixStorage.swift /Users/admin/builder/spi-builder-workspace/.dependencies/checkouts/math/Sources/FirebladeMath/Point.swift /Users/admin/builder/spi-builder-workspace/.dependencies/checkouts/math/Sources/FirebladeMath/Quat/Quat.swift /Users/admin/builder/spi-builder-workspace/.dependencies/checkouts/math/Sources/FirebladeMath/Quat/Quat4d.swift /Users/admin/builder/spi-builder-workspace/.dependencies/checkouts/math/Sources/FirebladeMath/Quat/Quat4f+Euler.swift /Users/admin/builder/spi-builder-workspace/.dependencies/checkouts/math/Sources/FirebladeMath/Quat/Quat4f.swift /Users/admin/builder/spi-builder-workspace/.dependencies/checkouts/math/Sources/FirebladeMath/Quat/Quaternion+Identity.swift /Users/admin/builder/spi-builder-workspace/.dependencies/checkouts/math/Sources/FirebladeMath/Quat/Quaternion+Multiplication.swift /Users/admin/builder/spi-builder-workspace/.dependencies/checkouts/math/Sources/FirebladeMath/Quat/Quaternion+Operators.swift /Users/admin/builder/spi-builder-workspace/.dependencies/checkouts/math/Sources/FirebladeMath/Quat/QuaternionStorage+NO_SIMD.swift /Users/admin/builder/spi-builder-workspace/.dependencies/checkouts/math/Sources/FirebladeMath/Quat/QuaternionStorage+SIMD.swift /Users/admin/builder/spi-builder-workspace/.dependencies/checkouts/math/Sources/FirebladeMath/Quat/QuaternionStorage.swift /Users/admin/builder/spi-builder-workspace/.dependencies/checkouts/math/Sources/FirebladeMath/Quat/Quaternions.swift /Users/admin/builder/spi-builder-workspace/.dependencies/checkouts/math/Sources/FirebladeMath/Rect.swift /Users/admin/builder/spi-builder-workspace/.dependencies/checkouts/math/Sources/FirebladeMath/Size.swift /Users/admin/builder/spi-builder-workspace/.dependencies/checkouts/math/Sources/FirebladeMath/StorageScalar.swift /Users/admin/builder/spi-builder-workspace/.dependencies/checkouts/math/Sources/FirebladeMath/Vector/SIMD+Extensions.swift /Users/admin/builder/spi-builder-workspace/.dependencies/checkouts/math/Sources/FirebladeMath/Vector/SIMD2+Extensions.swift /Users/admin/builder/spi-builder-workspace/.dependencies/checkouts/math/Sources/FirebladeMath/Vector/SIMD3+Extensions.swift /Users/admin/builder/spi-builder-workspace/.dependencies/checkouts/math/Sources/FirebladeMath/Vector/SIMD4+Extensions.swift /Users/admin/builder/spi-builder-workspace/.dependencies/checkouts/math/Sources/FirebladeMath/Vector/Vec3+Axes.swift /Users/admin/builder/spi-builder-workspace/.dependencies/checkouts/math/Sources/FirebladeMath/Vector/Vectors.swift -target arm64-apple-tvos15.0 -disable-cross-import-overlay-search -swift-module-cross-import Darwin /Applications/Xcode-27.0.0-Release.Candidate.app/Contents/Developer/Platforms/AppleTVOS.platform/Developer/SDKs/AppleTVOS.sdk/usr/include/Darwin.swiftcrossimport/xlocale.swiftoverlay -load-resolved-plugin /Applications/Xcode-27.0.0-Release.Candidate.app/Contents/Developer/Platforms/AppleTVOS.platform/Developer/usr/lib/swift/host/plugins/libSwiftMacros.dylib\#/Applications/Xcode-27.0.0-Release.Candidate.app/Contents/Developer/Platforms/AppleTVOS.platform/Developer/usr/bin/swift-plugin-server\#SwiftMacros -disable-implicit-swift-modules -Xcc -fno-implicit-modules -Xcc -fno-implicit-module-maps -explicit-swift-module-map-file /Users/admin/builder/spi-builder-workspace/.derivedData/Build/Intermediates.noindex/FirebladeMath.build/Debug-appletvos/FirebladeMath-t.build/Objects-normal/arm64/FirebladeMath-dependencies-1.json -Xllvm -aarch64-use-tbi -enable-objc-interop -stack-check -sdk /Applications/Xcode-27.0.0-Release.Candidate.app/Contents/Developer/Platforms/AppleTVOS.platform/Developer/SDKs/AppleTVOS27.0.sdk -I /Users/admin/builder/spi-builder-workspace/.derivedData/Build/Products/Debug-appletvos -Isystem /Applications/Xcode-27.0.0-Release.Candidate.app/Contents/Developer/Platforms/AppleTVOS.platform/Developer/usr/lib -F /Users/admin/builder/spi-builder-workspace/.derivedData/Build/Products/Debug-appletvos -F /Applications/Xcode-27.0.0-Release.Candidate.app/Contents/Developer/Platforms/AppleTVOS.platform/Developer/Library/Frameworks -F /Applications/Xcode-27.0.0-Release.Candidate.app/Contents/Developer/Platforms/AppleTVOS.platform/Developer/SDKs/AppleTVOS27.0.sdk/Developer/Library/Frameworks -module-cache-path /Users/admin/builder/spi-builder-workspace/.derivedData/Build/Intermediates.noindex/SwiftExplicitPrecompiledModules -no-color-diagnostics -Xcc -fno-color-diagnostics -enable-testing -g -debug-info-format\=dwarf -dwarf-version\=4 -suppress-warnings -swift-version 5 -Onone -D SWIFT_PACKAGE -D DEBUG -D SWIFT_MODULE_RESOURCE_BUNDLE_UNAVAILABLE -D FRB_MATH_USE_SIMD -D FRB_MATH_DARWIN -D Xcode -serialize-debugging-options -enable-experimental-feature DebugDescriptionMacro -empty-abi-descriptor -validate-clang-modules-once -clang-build-session-file /Users/admin/builder/spi-builder-workspace/.derivedData/ModuleCache.noindex/Session.modulevalidation -Xcc -working-directory -Xcc /Users/admin/builder/spi-builder-workspace/.swiftpm/xcode -enable-anonymous-context-mangled-names -file-compilation-dir /Users/admin/builder/spi-builder-workspace/.swiftpm/xcode -Xcc -D_LIBCPP_HARDENING_MODE\=_LIBCPP_HARDENING_MODE_DEBUG -Xcc -ivfsstatcache -Xcc /Users/admin/builder/spi-builder-workspace/.derivedData/SDKStatCaches.noindex/appletvos27.0-24J360-e829b21a6f8c9b70876ba0858053c044b32bfd8d43560033f8d89884cdb90028.sdkstatcache -Xcc -fmodules-prune-interval\=86400 -Xcc -fmodules-prune-after\=345600 -Xcc -I/Users/admin/builder/spi-builder-workspace/.derivedData/Build/Products/Debug-appletvos/include -Xcc -I/Users/admin/builder/spi-builder-workspace/.derivedData/Build/Intermediates.noindex/FirebladeMath.build/Debug-appletvos/FirebladeMath-t.build/DerivedSources-normal/arm64 -Xcc -I/Users/admin/builder/spi-builder-workspace/.derivedData/Build/Intermediates.noindex/FirebladeMath.build/Debug-appletvos/FirebladeMath-t.build/DerivedSources/arm64 -Xcc -I/Users/admin/builder/spi-builder-workspace/.derivedData/Build/Intermediates.noindex/FirebladeMath.build/Debug-appletvos/FirebladeMath-t.build/DerivedSources -Xcc -DSWIFT_PACKAGE -Xcc -DDEBUG\=1 -no-auto-bridging-header-chaining -module-name FirebladeMath -const-gather-protocols-file /Users/admin/builder/spi-builder-workspace/.derivedData/Build/Intermediates.noindex/FirebladeMath.build/Debug-appletvos/FirebladeMath-t.build/Objects-normal/arm64/FirebladeMath_const_extract_protocols.json -disable-clang-spi -clang-target arm64-apple-tvos27.0 -target-sdk-version 27.0 -target-sdk-name appletvos27.0 -in-process-plugin-server-path /Applications/Xcode-27.0.0-Release.Candidate.app/Contents/Developer/Toolchains/XcodeDefault.xctoolchain/usr/lib/swift/host/libSwiftInProcPluginServer.dylib -emit-module-doc-path /Users/admin/builder/spi-builder-workspace/.derivedData/Build/Intermediates.noindex/FirebladeMath.build/Debug-appletvos/FirebladeMath-t.build/Objects-normal/arm64/FirebladeMath.swiftdoc -emit-module-source-info-path /Users/admin/builder/spi-builder-workspace/.derivedData/Build/Intermediates.noindex/FirebladeMath.build/Debug-appletvos/FirebladeMath-t.build/Objects-normal/arm64/FirebladeMath.swiftsourceinfo -emit-objc-header-path /Users/admin/builder/spi-builder-workspace/.derivedData/Build/Intermediates.noindex/FirebladeMath.build/Debug-appletvos/FirebladeMath-t.build/Objects-normal/arm64/FirebladeMath-Swift.h -serialize-diagnostics-path /Users/admin/builder/spi-builder-workspace/.derivedData/Build/Intermediates.noindex/FirebladeMath.build/Debug-appletvos/FirebladeMath-t.build/Objects-normal/arm64/FirebladeMath-primary-emit-module.dia -emit-dependencies-path /Users/admin/builder/spi-builder-workspace/.derivedData/Build/Intermediates.noindex/FirebladeMath.build/Debug-appletvos/FirebladeMath-t.build/Objects-normal/arm64/FirebladeMath-primary-emit-module.d -parse-as-library -o /Users/admin/builder/spi-builder-workspace/.derivedData/Build/Intermediates.noindex/FirebladeMath.build/Debug-appletvos/FirebladeMath-t.build/Objects-normal/arm64/FirebladeMath.swiftmodule -emit-abi-descriptor-path /Users/admin/builder/spi-builder-workspace/.derivedData/Build/Intermediates.noindex/FirebladeMath.build/Debug-appletvos/FirebladeMath-t.build/Objects-normal/arm64/FirebladeMath.abi.json
SwiftCompile normal arm64 (in target 'FirebladeMath' from project 'FirebladeMath')
cd /Users/admin/builder/spi-builder-workspace/.swiftpm/xcode
SwiftExplicitDependencyGeneratePcm arm64 /Users/admin/builder/spi-builder-workspace/.derivedData/SDKExplicitPrecompiledModules/Spatial-7U8NLEFXSB8BR7PJQGVMF5A4Q.pcm
SwiftExplicitDependencyGeneratePcm arm64 /Users/admin/builder/spi-builder-workspace/.derivedData/SDKExplicitPrecompiledModules/os_workgroup-DBUFF7811DKMX7VPBOJPGGF1U.pcm
CompileC /Users/admin/builder/spi-builder-workspace/.derivedData/Build/Intermediates.noindex/Swim.build/Debug-appletvos/CStbImage-t.build/Objects-normal/arm64/truetype.o /Users/admin/builder/spi-builder-workspace/.dependencies/checkouts/swim/Sources/CStbImage/truetype.c normal arm64 c com.apple.compilers.llvm.clang.1_0.compiler (in target 'CStbImage' from project 'Swim')
cd /Users/admin/builder/spi-builder-workspace/.swiftpm/xcode
Using response file: /Users/admin/builder/spi-builder-workspace/.derivedData/Build/Intermediates.noindex/Swim.build/Debug-appletvos/CStbImage-t.build/Objects-normal/arm64/7187679823f38a2a940e0043cdf9d637-common-args.resp
/Applications/Xcode-27.0.0-Release.Candidate.app/Contents/Developer/Toolchains/XcodeDefault.xctoolchain/usr/bin/clang -x c -ivfsstatcache /Users/admin/builder/spi-builder-workspace/.derivedData/SDKStatCaches.noindex/appletvos27.0-24J360-e829b21a6f8c9b70876ba0858053c044b32bfd8d43560033f8d89884cdb90028.sdkstatcache -target arm64-apple-tvos15.0 -fmessage-length\=0 -fdiagnostics-show-note-include-stack -fmacro-backtrace-limit\=0 -fno-color-diagnostics -fmodules-prune-interval\=86400 -fmodules-prune-after\=345600 -fbuild-session-file\=/Users/admin/builder/spi-builder-workspace/.derivedData/ModuleCache.noindex/Session.modulevalidation -fmodules-validate-once-per-build-session -Wnon-modular-include-in-framework-module -Werror\=non-modular-include-in-framework-module -Wno-trigraphs -Wno-missing-field-initializers -Wno-missing-prototypes -Wno-return-type -Wno-missing-braces -Wparentheses -Wswitch -Wno-unused-function -Wno-unused-label -Wno-unused-parameter -Wno-unused-variable -Wunused-value -Wno-empty-body -Wno-uninitialized -Wno-unknown-pragmas -w -Wno-shadow -Wno-four-char-constants -Wno-conversion -Wno-constant-conversion -Wno-int-conversion -Wno-bool-conversion -Wno-enum-conversion -Wno-float-conversion -Wno-non-literal-null-conversion -Wno-objc-literal-conversion -Wshorten-64-to-32 -Wpointer-sign -Wno-newline-eof -Wno-implicit-fallthrough -isysroot /Applications/Xcode-27.0.0-Release.Candidate.app/Contents/Developer/Platforms/AppleTVOS.platform/Developer/SDKs/AppleTVOS27.0.sdk -fstrict-aliasing -Wdeprecated-declarations -Wno-sign-conversion -Wno-infinite-recursion -Wno-comma -Wno-block-capture-autoreleasing -Wno-strict-prototypes -Wno-semicolon-before-method-body -index-store-path /Users/admin/builder/spi-builder-workspace/.derivedData/Index.noindex/DataStore @/Users/admin/builder/spi-builder-workspace/.derivedData/Build/Intermediates.noindex/Swim.build/Debug-appletvos/CStbImage-t.build/Objects-normal/arm64/7187679823f38a2a940e0043cdf9d637-common-args.resp -MMD -MT dependencies -MF /Users/admin/builder/spi-builder-workspace/.derivedData/Build/Intermediates.noindex/Swim.build/Debug-appletvos/CStbImage-t.build/Objects-normal/arm64/truetype.d --serialize-diagnostics /Users/admin/builder/spi-builder-workspace/.derivedData/Build/Intermediates.noindex/Swim.build/Debug-appletvos/CStbImage-t.build/Objects-normal/arm64/truetype.dia -c /Users/admin/builder/spi-builder-workspace/.dependencies/checkouts/swim/Sources/CStbImage/truetype.c -o /Users/admin/builder/spi-builder-workspace/.derivedData/Build/Intermediates.noindex/Swim.build/Debug-appletvos/CStbImage-t.build/Objects-normal/arm64/truetype.o -index-unit-output-path /Swim.build/Debug-appletvos/CStbImage-t.build/Objects-normal/arm64/truetype.o
SwiftExplicitDependencyGeneratePcm arm64 /Users/admin/builder/spi-builder-workspace/.derivedData/SDKExplicitPrecompiledModules/Dispatch-1QL58A0V50C39KVAIC6C38SHL.pcm
CompileC /Users/admin/builder/spi-builder-workspace/.derivedData/Build/Intermediates.noindex/Swim.build/Debug-appletvos/CStbImage-t.build/Objects-normal/arm64/image_io.o /Users/admin/builder/spi-builder-workspace/.dependencies/checkouts/swim/Sources/CStbImage/image_io.c normal arm64 c com.apple.compilers.llvm.clang.1_0.compiler (in target 'CStbImage' from project 'Swim')
cd /Users/admin/builder/spi-builder-workspace/.swiftpm/xcode
Using response file: /Users/admin/builder/spi-builder-workspace/.derivedData/Build/Intermediates.noindex/Swim.build/Debug-appletvos/CStbImage-t.build/Objects-normal/arm64/7187679823f38a2a940e0043cdf9d637-common-args.resp
/Applications/Xcode-27.0.0-Release.Candidate.app/Contents/Developer/Toolchains/XcodeDefault.xctoolchain/usr/bin/clang -x c -ivfsstatcache /Users/admin/builder/spi-builder-workspace/.derivedData/SDKStatCaches.noindex/appletvos27.0-24J360-e829b21a6f8c9b70876ba0858053c044b32bfd8d43560033f8d89884cdb90028.sdkstatcache -target arm64-apple-tvos15.0 -fmessage-length\=0 -fdiagnostics-show-note-include-stack -fmacro-backtrace-limit\=0 -fno-color-diagnostics -fmodules-prune-interval\=86400 -fmodules-prune-after\=345600 -fbuild-session-file\=/Users/admin/builder/spi-builder-workspace/.derivedData/ModuleCache.noindex/Session.modulevalidation -fmodules-validate-once-per-build-session -Wnon-modular-include-in-framework-module -Werror\=non-modular-include-in-framework-module -Wno-trigraphs -Wno-missing-field-initializers -Wno-missing-prototypes -Wno-return-type -Wno-missing-braces -Wparentheses -Wswitch -Wno-unused-function -Wno-unused-label -Wno-unused-parameter -Wno-unused-variable -Wunused-value -Wno-empty-body -Wno-uninitialized -Wno-unknown-pragmas -w -Wno-shadow -Wno-four-char-constants -Wno-conversion -Wno-constant-conversion -Wno-int-conversion -Wno-bool-conversion -Wno-enum-conversion -Wno-float-conversion -Wno-non-literal-null-conversion -Wno-objc-literal-conversion -Wshorten-64-to-32 -Wpointer-sign -Wno-newline-eof -Wno-implicit-fallthrough -isysroot /Applications/Xcode-27.0.0-Release.Candidate.app/Contents/Developer/Platforms/AppleTVOS.platform/Developer/SDKs/AppleTVOS27.0.sdk -fstrict-aliasing -Wdeprecated-declarations -Wno-sign-conversion -Wno-infinite-recursion -Wno-comma -Wno-block-capture-autoreleasing -Wno-strict-prototypes -Wno-semicolon-before-method-body -index-store-path /Users/admin/builder/spi-builder-workspace/.derivedData/Index.noindex/DataStore @/Users/admin/builder/spi-builder-workspace/.derivedData/Build/Intermediates.noindex/Swim.build/Debug-appletvos/CStbImage-t.build/Objects-normal/arm64/7187679823f38a2a940e0043cdf9d637-common-args.resp -MMD -MT dependencies -MF /Users/admin/builder/spi-builder-workspace/.derivedData/Build/Intermediates.noindex/Swim.build/Debug-appletvos/CStbImage-t.build/Objects-normal/arm64/image_io.d --serialize-diagnostics /Users/admin/builder/spi-builder-workspace/.derivedData/Build/Intermediates.noindex/Swim.build/Debug-appletvos/CStbImage-t.build/Objects-normal/arm64/image_io.dia -c /Users/admin/builder/spi-builder-workspace/.dependencies/checkouts/swim/Sources/CStbImage/image_io.c -o /Users/admin/builder/spi-builder-workspace/.derivedData/Build/Intermediates.noindex/Swim.build/Debug-appletvos/CStbImage-t.build/Objects-normal/arm64/image_io.o -index-unit-output-path /Swim.build/Debug-appletvos/CStbImage-t.build/Objects-normal/arm64/image_io.o
CompileC /Users/admin/builder/spi-builder-workspace/.derivedData/Build/Intermediates.noindex/SwiftNFD.build/Debug-appletvos/CNFD-t.build/Objects-normal/arm64/nfd_common.o /Users/admin/builder/spi-builder-workspace/.dependencies/checkouts/SwiftNFD/Sources/CNFD/nfd_common.c normal arm64 c com.apple.compilers.llvm.clang.1_0.compiler (in target 'CNFD' from project 'SwiftNFD')
cd /Users/admin/builder/spi-builder-workspace/.swiftpm/xcode
Using response file: /Users/admin/builder/spi-builder-workspace/.derivedData/Build/Intermediates.noindex/SwiftNFD.build/Debug-appletvos/CNFD-t.build/Objects-normal/arm64/7187679823f38a2a940e0043cdf9d637-common-args.resp
/Applications/Xcode-27.0.0-Release.Candidate.app/Contents/Developer/Toolchains/XcodeDefault.xctoolchain/usr/bin/clang -x c -ivfsstatcache /Users/admin/builder/spi-builder-workspace/.derivedData/SDKStatCaches.noindex/appletvos27.0-24J360-e829b21a6f8c9b70876ba0858053c044b32bfd8d43560033f8d89884cdb90028.sdkstatcache -target arm64-apple-tvos15.0 -fmessage-length\=0 -fdiagnostics-show-note-include-stack -fmacro-backtrace-limit\=0 -fno-color-diagnostics -fmodules-prune-interval\=86400 -fmodules-prune-after\=345600 -fbuild-session-file\=/Users/admin/builder/spi-builder-workspace/.derivedData/ModuleCache.noindex/Session.modulevalidation -fmodules-validate-once-per-build-session -Wnon-modular-include-in-framework-module -Werror\=non-modular-include-in-framework-module -Wno-trigraphs -Wno-missing-field-initializers -Wno-missing-prototypes -Wno-return-type -Wno-missing-braces -Wparentheses -Wswitch -Wno-unused-function -Wno-unused-label -Wno-unused-parameter -Wno-unused-variable -Wunused-value -Wno-empty-body -Wno-uninitialized -Wno-unknown-pragmas -w -Wno-shadow -Wno-four-char-constants -Wno-conversion -Wno-constant-conversion -Wno-int-conversion -Wno-bool-conversion -Wno-enum-conversion -Wno-float-conversion -Wno-non-literal-null-conversion -Wno-objc-literal-conversion -Wshorten-64-to-32 -Wpointer-sign -Wno-newline-eof -Wno-implicit-fallthrough -isysroot /Applications/Xcode-27.0.0-Release.Candidate.app/Contents/Developer/Platforms/AppleTVOS.platform/Developer/SDKs/AppleTVOS27.0.sdk -fstrict-aliasing -Wdeprecated-declarations -Wno-sign-conversion -Wno-infinite-recursion -Wno-comma -Wno-block-capture-autoreleasing -Wno-strict-prototypes -Wno-semicolon-before-method-body -index-store-path /Users/admin/builder/spi-builder-workspace/.derivedData/Index.noindex/DataStore @/Users/admin/builder/spi-builder-workspace/.derivedData/Build/Intermediates.noindex/SwiftNFD.build/Debug-appletvos/CNFD-t.build/Objects-normal/arm64/7187679823f38a2a940e0043cdf9d637-common-args.resp -MMD -MT dependencies -MF /Users/admin/builder/spi-builder-workspace/.derivedData/Build/Intermediates.noindex/SwiftNFD.build/Debug-appletvos/CNFD-t.build/Objects-normal/arm64/nfd_common.d --serialize-diagnostics /Users/admin/builder/spi-builder-workspace/.derivedData/Build/Intermediates.noindex/SwiftNFD.build/Debug-appletvos/CNFD-t.build/Objects-normal/arm64/nfd_common.dia -c /Users/admin/builder/spi-builder-workspace/.dependencies/checkouts/SwiftNFD/Sources/CNFD/nfd_common.c -o /Users/admin/builder/spi-builder-workspace/.derivedData/Build/Intermediates.noindex/SwiftNFD.build/Debug-appletvos/CNFD-t.build/Objects-normal/arm64/nfd_common.o -index-unit-output-path /SwiftNFD.build/Debug-appletvos/CNFD-t.build/Objects-normal/arm64/nfd_common.o
SwiftDriverJobDiscovery normal arm64 Compiling Publishers.ReceiveOn.swift, Publishers.Reduce.swift, Publishers.RemoveDuplicates.swift, Publishers.ReplaceEmpty.swift, Publishers.ReplaceError.swift, Publishers.Retry.swift, Publishers.Scan.swift, Publishers.Sequence.swift, Publishers.SetFailureType.swift, Publishers.Share.swift (in target 'OpenCombine' from project 'OpenCombine')
SwiftDriverJobDiscovery normal arm64 Emitting module for OpenCombine (in target 'OpenCombine' from project 'OpenCombine')
SwiftCompile normal arm64 Compiling\ SDL2.swift /Users/admin/builder/spi-builder-workspace/.dependencies/checkouts/SwiftSDL2/Sources/SDL2/SDL2.swift (in target 'SDL' from project 'SDL')
SwiftCompile normal arm64 /Users/admin/builder/spi-builder-workspace/.dependencies/checkouts/SwiftSDL2/Sources/SDL2/SDL2.swift (in target 'SDL' from project 'SDL')
cd /Users/admin/builder/spi-builder-workspace/.swiftpm/xcode
builtin-SwiftPerFileCompile SDL2.swift
SwiftDriver\ Compilation\ Requirements OpenCombine normal arm64 com.apple.xcode.tools.swift.compiler (in target 'OpenCombine' from project 'OpenCombine')
cd /Users/admin/builder/spi-builder-workspace/.swiftpm/xcode
builtin-Swift-Compilation-Requirements -- /Applications/Xcode-27.0.0-Release.Candidate.app/Contents/Developer/Toolchains/XcodeDefault.xctoolchain/usr/bin/swiftc -parse-as-library -module-name OpenCombine -Onone @/Users/admin/builder/spi-builder-workspace/.derivedData/Build/Intermediates.noindex/OpenCombine.build/Debug-appletvos/OpenCombine-t.build/Objects-normal/arm64/OpenCombine.SwiftFileList -DSWIFT_PACKAGE -DDEBUG -DSWIFT_MODULE_RESOURCE_BUNDLE_UNAVAILABLE -Xcc -fmodule-map-file\=/Users/admin/builder/spi-builder-workspace/.dependencies/checkouts/OpenCombine/Sources/COpenCombineHelpers/include/module.modulemap -DXcode -plugin-path /Applications/Xcode-27.0.0-Release.Candidate.app/Contents/Developer/Toolchains/XcodeDefault.xctoolchain/usr/lib/swift/host/plugins/testing -enable-experimental-feature DebugDescriptionMacro -sdk /Applications/Xcode-27.0.0-Release.Candidate.app/Contents/Developer/Platforms/AppleTVOS.platform/Developer/SDKs/AppleTVOS27.0.sdk -target arm64-apple-tvos15.0 -g -module-cache-path /Users/admin/builder/spi-builder-workspace/.derivedData/ModuleCache.noindex -Xfrontend -serialize-debugging-options -enable-testing -suppress-warnings -index-store-path /Users/admin/builder/spi-builder-workspace/.derivedData/Index.noindex/DataStore -Xcc -D_LIBCPP_HARDENING_MODE\=_LIBCPP_HARDENING_MODE_DEBUG -swift-version 5 -I /Users/admin/builder/spi-builder-workspace/.derivedData/Build/Products/Debug-appletvos -Isystem /Applications/Xcode-27.0.0-Release.Candidate.app/Contents/Developer/Platforms/AppleTVOS.platform/Developer/usr/lib -F /Users/admin/builder/spi-builder-workspace/.derivedData/Build/Products/Debug-appletvos/PackageFrameworks -F /Users/admin/builder/spi-builder-workspace/.derivedData/Build/Products/Debug-appletvos -F /Applications/Xcode-27.0.0-Release.Candidate.app/Contents/Developer/Platforms/AppleTVOS.platform/Developer/Library/Frameworks -F /Applications/Xcode-27.0.0-Release.Candidate.app/Contents/Developer/Platforms/AppleTVOS.platform/Developer/SDKs/AppleTVOS27.0.sdk/Developer/Library/Frameworks -c -j10 -enable-batch-mode -incremental -Xcc -ivfsstatcache -Xcc /Users/admin/builder/spi-builder-workspace/.derivedData/SDKStatCaches.noindex/appletvos27.0-24J360-e829b21a6f8c9b70876ba0858053c044b32bfd8d43560033f8d89884cdb90028.sdkstatcache -output-file-map /Users/admin/builder/spi-builder-workspace/.derivedData/Build/Intermediates.noindex/OpenCombine.build/Debug-appletvos/OpenCombine-t.build/Objects-normal/arm64/OpenCombine-OutputFileMap.json -save-temps -no-color-diagnostics -explicit-module-build -module-cache-path /Users/admin/builder/spi-builder-workspace/.derivedData/Build/Intermediates.noindex/SwiftExplicitPrecompiledModules -clang-scanner-module-cache-path /Users/admin/builder/spi-builder-workspace/.derivedData/ModuleCache.noindex -sdk-module-cache-path /Users/admin/builder/spi-builder-workspace/.derivedData/SDKExplicitPrecompiledModules -emit-dependencies -emit-module -emit-module-path /Users/admin/builder/spi-builder-workspace/.derivedData/Build/Intermediates.noindex/OpenCombine.build/Debug-appletvos/OpenCombine-t.build/Objects-normal/arm64/OpenCombine.swiftmodule -serialize-diagnostics -dependency-scan-serialize-diagnostics-path /Users/admin/builder/spi-builder-workspace/.derivedData/Build/Intermediates.noindex/OpenCombine.build/Debug-appletvos/OpenCombine-t.build/Objects-normal/arm64/OpenCombine-dependency-scan.dia -validate-clang-modules-once -clang-build-session-file /Users/admin/builder/spi-builder-workspace/.derivedData/ModuleCache.noindex/Session.modulevalidation -Xcc -fmodules-prune-interval\=86400 -Xcc -fmodules-prune-after\=345600 -emit-const-values -const-gather-protocols-list /Users/admin/builder/spi-builder-workspace/.derivedData/Build/Intermediates.noindex/OpenCombine.build/Debug-appletvos/OpenCombine-t.build/Objects-normal/arm64/OpenCombine_const_extract_protocols.json -Xcc -I/Users/admin/builder/spi-builder-workspace/.dependencies/checkouts/OpenCombine/Sources/COpenCombineHelpers/include -Xcc -I/Users/admin/builder/spi-builder-workspace/.derivedData/Build/Products/Debug-appletvos/include -Xcc -I/Users/admin/builder/spi-builder-workspace/.derivedData/Build/Intermediates.noindex/OpenCombine.build/Debug-appletvos/OpenCombine-t.build/DerivedSources-normal/arm64 -Xcc -I/Users/admin/builder/spi-builder-workspace/.derivedData/Build/Intermediates.noindex/OpenCombine.build/Debug-appletvos/OpenCombine-t.build/DerivedSources/arm64 -Xcc -I/Users/admin/builder/spi-builder-workspace/.derivedData/Build/Intermediates.noindex/OpenCombine.build/Debug-appletvos/OpenCombine-t.build/DerivedSources -Xcc -DSWIFT_PACKAGE -Xcc -DDEBUG\=1 -emit-objc-header -emit-objc-header-path /Users/admin/builder/spi-builder-workspace/.derivedData/Build/Intermediates.noindex/OpenCombine.build/Debug-appletvos/OpenCombine-t.build/Objects-normal/arm64/OpenCombine-Swift.h -working-directory /Users/admin/builder/spi-builder-workspace/.swiftpm/xcode -experimental-emit-module-separately -disable-cmo
Ld /Users/admin/builder/spi-builder-workspace/.derivedData/Build/Products/Debug-appletvos/CNFD.o normal (in target 'CNFD' from project 'SwiftNFD')
cd /Users/admin/builder/spi-builder-workspace/.dependencies/checkouts/SwiftNFD
/Applications/Xcode-27.0.0-Release.Candidate.app/Contents/Developer/Toolchains/XcodeDefault.xctoolchain/usr/bin/clang++ -Xlinker -reproducible -target arm64-apple-tvos15.0 -r -isysroot /Applications/Xcode-27.0.0-Release.Candidate.app/Contents/Developer/Platforms/AppleTVOS.platform/Developer/SDKs/AppleTVOS27.0.sdk -O0 -w -Xlinker -no_warn_duplicate_libraries -F/Users/admin/builder/spi-builder-workspace/.derivedData/Build/Intermediates.noindex/EagerLinkingTBDs/Debug-appletvos -F/Users/admin/builder/spi-builder-workspace/.derivedData/Build/Products/Debug-appletvos -iframework /Applications/Xcode-27.0.0-Release.Candidate.app/Contents/Developer/Platforms/AppleTVOS.platform/Developer/Library/Frameworks -iframework /Applications/Xcode-27.0.0-Release.Candidate.app/Contents/Developer/Platforms/AppleTVOS.platform/Developer/SDKs/AppleTVOS27.0.sdk/Developer/Library/Frameworks -filelist /Users/admin/builder/spi-builder-workspace/.derivedData/Build/Intermediates.noindex/SwiftNFD.build/Debug-appletvos/CNFD-t.build/Objects-normal/arm64/CNFD.LinkFileList -nostdlib -Xlinker -object_path_lto -Xlinker /Users/admin/builder/spi-builder-workspace/.derivedData/Build/Intermediates.noindex/SwiftNFD.build/Debug-appletvos/CNFD-t.build/Objects-normal/arm64/CNFD_lto.o -Xlinker -no_deduplicate -Xlinker -dependency_info -Xlinker /Users/admin/builder/spi-builder-workspace/.derivedData/Build/Intermediates.noindex/SwiftNFD.build/Debug-appletvos/CNFD-t.build/Objects-normal/arm64/CNFD_dependency_info.dat -fobjc-arc -fobjc-link-runtime -o /Users/admin/builder/spi-builder-workspace/.derivedData/Build/Products/Debug-appletvos/CNFD.o
SwiftMergeGeneratedHeaders /Users/admin/builder/spi-builder-workspace/.derivedData/Build/Intermediates.noindex/GeneratedModuleMaps-appletvos/OpenCombine-Swift.h /Users/admin/builder/spi-builder-workspace/.derivedData/Build/Intermediates.noindex/OpenCombine.build/Debug-appletvos/OpenCombine-t.build/Objects-normal/arm64/OpenCombine-Swift.h (in target 'OpenCombine' from project 'OpenCombine')
cd /Users/admin/builder/spi-builder-workspace/.dependencies/checkouts/OpenCombine
builtin-swiftHeaderTool -arch arm64 /Users/admin/builder/spi-builder-workspace/.derivedData/Build/Intermediates.noindex/OpenCombine.build/Debug-appletvos/OpenCombine-t.build/Objects-normal/arm64/OpenCombine-Swift.h -o /Users/admin/builder/spi-builder-workspace/.derivedData/Build/Intermediates.noindex/GeneratedModuleMaps-appletvos/OpenCombine-Swift.h
Copy /Users/admin/builder/spi-builder-workspace/.derivedData/Build/Products/Debug-appletvos/OpenCombine.swiftmodule/arm64-apple-tvos.swiftmodule /Users/admin/builder/spi-builder-workspace/.derivedData/Build/Intermediates.noindex/OpenCombine.build/Debug-appletvos/OpenCombine-t.build/Objects-normal/arm64/OpenCombine.swiftmodule (in target 'OpenCombine' from project 'OpenCombine')
cd /Users/admin/builder/spi-builder-workspace/.dependencies/checkouts/OpenCombine
builtin-copy -exclude .DS_Store -exclude CVS -exclude .svn -exclude .git -exclude .hg -resolve-src-symlinks -rename /Users/admin/builder/spi-builder-workspace/.derivedData/Build/Intermediates.noindex/OpenCombine.build/Debug-appletvos/OpenCombine-t.build/Objects-normal/arm64/OpenCombine.swiftmodule /Users/admin/builder/spi-builder-workspace/.derivedData/Build/Products/Debug-appletvos/OpenCombine.swiftmodule/arm64-apple-tvos.swiftmodule
Copy /Users/admin/builder/spi-builder-workspace/.derivedData/Build/Products/Debug-appletvos/OpenCombine.swiftmodule/arm64-apple-tvos.swiftdoc /Users/admin/builder/spi-builder-workspace/.derivedData/Build/Intermediates.noindex/OpenCombine.build/Debug-appletvos/OpenCombine-t.build/Objects-normal/arm64/OpenCombine.swiftdoc (in target 'OpenCombine' from project 'OpenCombine')
cd /Users/admin/builder/spi-builder-workspace/.dependencies/checkouts/OpenCombine
builtin-copy -exclude .DS_Store -exclude CVS -exclude .svn -exclude .git -exclude .hg -resolve-src-symlinks -rename /Users/admin/builder/spi-builder-workspace/.derivedData/Build/Intermediates.noindex/OpenCombine.build/Debug-appletvos/OpenCombine-t.build/Objects-normal/arm64/OpenCombine.swiftdoc /Users/admin/builder/spi-builder-workspace/.derivedData/Build/Products/Debug-appletvos/OpenCombine.swiftmodule/arm64-apple-tvos.swiftdoc
Copy /Users/admin/builder/spi-builder-workspace/.derivedData/Build/Products/Debug-appletvos/OpenCombine.swiftmodule/arm64-apple-tvos.abi.json /Users/admin/builder/spi-builder-workspace/.derivedData/Build/Intermediates.noindex/OpenCombine.build/Debug-appletvos/OpenCombine-t.build/Objects-normal/arm64/OpenCombine.abi.json (in target 'OpenCombine' from project 'OpenCombine')
cd /Users/admin/builder/spi-builder-workspace/.dependencies/checkouts/OpenCombine
builtin-copy -exclude .DS_Store -exclude CVS -exclude .svn -exclude .git -exclude .hg -resolve-src-symlinks -rename /Users/admin/builder/spi-builder-workspace/.derivedData/Build/Intermediates.noindex/OpenCombine.build/Debug-appletvos/OpenCombine-t.build/Objects-normal/arm64/OpenCombine.abi.json /Users/admin/builder/spi-builder-workspace/.derivedData/Build/Products/Debug-appletvos/OpenCombine.swiftmodule/arm64-apple-tvos.abi.json
Copy /Users/admin/builder/spi-builder-workspace/.derivedData/Build/Products/Debug-appletvos/OpenCombine.swiftmodule/Project/arm64-apple-tvos.swiftsourceinfo /Users/admin/builder/spi-builder-workspace/.derivedData/Build/Intermediates.noindex/OpenCombine.build/Debug-appletvos/OpenCombine-t.build/Objects-normal/arm64/OpenCombine.swiftsourceinfo (in target 'OpenCombine' from project 'OpenCombine')
cd /Users/admin/builder/spi-builder-workspace/.dependencies/checkouts/OpenCombine
builtin-copy -exclude .DS_Store -exclude CVS -exclude .svn -exclude .git -exclude .hg -resolve-src-symlinks -rename /Users/admin/builder/spi-builder-workspace/.derivedData/Build/Intermediates.noindex/OpenCombine.build/Debug-appletvos/OpenCombine-t.build/Objects-normal/arm64/OpenCombine.swiftsourceinfo /Users/admin/builder/spi-builder-workspace/.derivedData/Build/Products/Debug-appletvos/OpenCombine.swiftmodule/Project/arm64-apple-tvos.swiftsourceinfo
SwiftExplicitDependencyGeneratePcm arm64 /Users/admin/builder/spi-builder-workspace/.derivedData/SDKExplicitPrecompiledModules/CoreFoundation-7TPJ7ENDC4L1A1ESHYI9TXS0D.pcm
SwiftExplicitDependencyGeneratePcm arm64 /Users/admin/builder/spi-builder-workspace/.derivedData/SDKExplicitPrecompiledModules/XPC-6O2DJFT3QUJ7QKTD3SNUB6PCR.pcm
SwiftCompile normal arm64 Compiling\ Publishers.Debounce.swift,\ Publishers.Delay.swift,\ Publishers.Drop.swift,\ Publishers.DropUntilOutput.swift,\ Publishers.DropWhile.swift,\ Publishers.Filter.swift,\ Publishers.First.swift,\ Publishers.FlatMap.swift,\ Publishers.HandleEvents.swift,\ Publishers.IgnoreOutput.swift /Users/admin/builder/spi-builder-workspace/.dependencies/checkouts/OpenCombine/Sources/OpenCombine/Publishers/Publishers.Debounce.swift /Users/admin/builder/spi-builder-workspace/.dependencies/checkouts/OpenCombine/Sources/OpenCombine/Publishers/Publishers.Delay.swift /Users/admin/builder/spi-builder-workspace/.dependencies/checkouts/OpenCombine/Sources/OpenCombine/Publishers/Publishers.Drop.swift /Users/admin/builder/spi-builder-workspace/.dependencies/checkouts/OpenCombine/Sources/OpenCombine/Publishers/Publishers.DropUntilOutput.swift /Users/admin/builder/spi-builder-workspace/.dependencies/checkouts/OpenCombine/Sources/OpenCombine/Publishers/Publishers.DropWhile.swift /Users/admin/builder/spi-builder-workspace/.dependencies/checkouts/OpenCombine/Sources/OpenCombine/Publishers/Publishers.Filter.swift /Users/admin/builder/spi-builder-workspace/.dependencies/checkouts/OpenCombine/Sources/OpenCombine/Publishers/Publishers.First.swift /Users/admin/builder/spi-builder-workspace/.dependencies/checkouts/OpenCombine/Sources/OpenCombine/Publishers/Publishers.FlatMap.swift /Users/admin/builder/spi-builder-workspace/.dependencies/checkouts/OpenCombine/Sources/OpenCombine/Publishers/Publishers.HandleEvents.swift /Users/admin/builder/spi-builder-workspace/.dependencies/checkouts/OpenCombine/Sources/OpenCombine/Publishers/Publishers.IgnoreOutput.swift (in target 'OpenCombine' from project 'OpenCombine')
SwiftCompile normal arm64 /Users/admin/builder/spi-builder-workspace/.dependencies/checkouts/OpenCombine/Sources/OpenCombine/Publishers/Publishers.Debounce.swift (in target 'OpenCombine' from project 'OpenCombine')
cd /Users/admin/builder/spi-builder-workspace/.swiftpm/xcode
builtin-SwiftPerFileCompile Publishers.Debounce.swift
SwiftCompile normal arm64 /Users/admin/builder/spi-builder-workspace/.dependencies/checkouts/OpenCombine/Sources/OpenCombine/Publishers/Publishers.Delay.swift (in target 'OpenCombine' from project 'OpenCombine')
cd /Users/admin/builder/spi-builder-workspace/.swiftpm/xcode
builtin-SwiftPerFileCompile Publishers.Delay.swift
SwiftCompile normal arm64 /Users/admin/builder/spi-builder-workspace/.dependencies/checkouts/OpenCombine/Sources/OpenCombine/Publishers/Publishers.Drop.swift (in target 'OpenCombine' from project 'OpenCombine')
cd /Users/admin/builder/spi-builder-workspace/.swiftpm/xcode
builtin-SwiftPerFileCompile Publishers.Drop.swift
SwiftCompile normal arm64 /Users/admin/builder/spi-builder-workspace/.dependencies/checkouts/OpenCombine/Sources/OpenCombine/Publishers/Publishers.DropUntilOutput.swift (in target 'OpenCombine' from project 'OpenCombine')
cd /Users/admin/builder/spi-builder-workspace/.swiftpm/xcode
builtin-SwiftPerFileCompile Publishers.DropUntilOutput.swift
SwiftCompile normal arm64 /Users/admin/builder/spi-builder-workspace/.dependencies/checkouts/OpenCombine/Sources/OpenCombine/Publishers/Publishers.DropWhile.swift (in target 'OpenCombine' from project 'OpenCombine')
cd /Users/admin/builder/spi-builder-workspace/.swiftpm/xcode
builtin-SwiftPerFileCompile Publishers.DropWhile.swift
SwiftCompile normal arm64 /Users/admin/builder/spi-builder-workspace/.dependencies/checkouts/OpenCombine/Sources/OpenCombine/Publishers/Publishers.Filter.swift (in target 'OpenCombine' from project 'OpenCombine')
cd /Users/admin/builder/spi-builder-workspace/.swiftpm/xcode
builtin-SwiftPerFileCompile Publishers.Filter.swift
SwiftCompile normal arm64 /Users/admin/builder/spi-builder-workspace/.dependencies/checkouts/OpenCombine/Sources/OpenCombine/Publishers/Publishers.First.swift (in target 'OpenCombine' from project 'OpenCombine')
cd /Users/admin/builder/spi-builder-workspace/.swiftpm/xcode
builtin-SwiftPerFileCompile Publishers.First.swift
SwiftCompile normal arm64 /Users/admin/builder/spi-builder-workspace/.dependencies/checkouts/OpenCombine/Sources/OpenCombine/Publishers/Publishers.FlatMap.swift (in target 'OpenCombine' from project 'OpenCombine')
cd /Users/admin/builder/spi-builder-workspace/.swiftpm/xcode
builtin-SwiftPerFileCompile Publishers.FlatMap.swift
SwiftCompile normal arm64 /Users/admin/builder/spi-builder-workspace/.dependencies/checkouts/OpenCombine/Sources/OpenCombine/Publishers/Publishers.HandleEvents.swift (in target 'OpenCombine' from project 'OpenCombine')
cd /Users/admin/builder/spi-builder-workspace/.swiftpm/xcode
builtin-SwiftPerFileCompile Publishers.HandleEvents.swift
SwiftCompile normal arm64 /Users/admin/builder/spi-builder-workspace/.dependencies/checkouts/OpenCombine/Sources/OpenCombine/Publishers/Publishers.IgnoreOutput.swift (in target 'OpenCombine' from project 'OpenCombine')
cd /Users/admin/builder/spi-builder-workspace/.swiftpm/xcode
builtin-SwiftPerFileCompile Publishers.IgnoreOutput.swift
SwiftExplicitDependencyGeneratePcm arm64 /Users/admin/builder/spi-builder-workspace/.derivedData/SDKExplicitPrecompiledModules/os-3GJI8H0BNAEZPQPQ1V0VVY3FY.pcm
Ld /Users/admin/builder/spi-builder-workspace/.derivedData/Build/Products/Debug-appletvos/CStbImage.o normal (in target 'CStbImage' from project 'Swim')
cd /Users/admin/builder/spi-builder-workspace/.dependencies/checkouts/swim
/Applications/Xcode-27.0.0-Release.Candidate.app/Contents/Developer/Toolchains/XcodeDefault.xctoolchain/usr/bin/clang -Xlinker -reproducible -target arm64-apple-tvos15.0 -r -isysroot /Applications/Xcode-27.0.0-Release.Candidate.app/Contents/Developer/Platforms/AppleTVOS.platform/Developer/SDKs/AppleTVOS27.0.sdk -O0 -w -Xlinker -no_warn_duplicate_libraries -F/Users/admin/builder/spi-builder-workspace/.derivedData/Build/Intermediates.noindex/EagerLinkingTBDs/Debug-appletvos -F/Users/admin/builder/spi-builder-workspace/.derivedData/Build/Products/Debug-appletvos -iframework /Applications/Xcode-27.0.0-Release.Candidate.app/Contents/Developer/Platforms/AppleTVOS.platform/Developer/Library/Frameworks -iframework /Applications/Xcode-27.0.0-Release.Candidate.app/Contents/Developer/Platforms/AppleTVOS.platform/Developer/SDKs/AppleTVOS27.0.sdk/Developer/Library/Frameworks -filelist /Users/admin/builder/spi-builder-workspace/.derivedData/Build/Intermediates.noindex/Swim.build/Debug-appletvos/CStbImage-t.build/Objects-normal/arm64/CStbImage.LinkFileList -nostdlib -Xlinker -object_path_lto -Xlinker /Users/admin/builder/spi-builder-workspace/.derivedData/Build/Intermediates.noindex/Swim.build/Debug-appletvos/CStbImage-t.build/Objects-normal/arm64/CStbImage_lto.o -Xlinker -no_deduplicate -Xlinker -dependency_info -Xlinker /Users/admin/builder/spi-builder-workspace/.derivedData/Build/Intermediates.noindex/Swim.build/Debug-appletvos/CStbImage-t.build/Objects-normal/arm64/CStbImage_dependency_info.dat -o /Users/admin/builder/spi-builder-workspace/.derivedData/Build/Products/Debug-appletvos/CStbImage.o
SwiftExplicitDependencyGeneratePcm arm64 /Users/admin/builder/spi-builder-workspace/.derivedData/SDKExplicitPrecompiledModules/CoreGraphics-CWSP3J98S2658BYCVL6RP99T3.pcm
SwiftExplicitDependencyGeneratePcm arm64 /Users/admin/builder/spi-builder-workspace/.derivedData/SDKExplicitPrecompiledModules/Security-8VMXEKVDA3MHUH9AOTP905DID.pcm
SwiftExplicitDependencyGeneratePcm arm64 /Users/admin/builder/spi-builder-workspace/.derivedData/SDKExplicitPrecompiledModules/CFNetwork-2CUR2VK9S3S3WPFXPNXNUWYGN.pcm
SwiftDriverJobDiscovery normal arm64 Compiling Publishers.SubscribeOn.swift, Publishers.SwitchToLatest.swift, Publishers.Throttle.swift, Publishers.Timeout.swift, Publishers.Zip.swift, Publishers.swift, Record.swift, Result.Publisher.swift, Result.swift, Scheduler.swift (in target 'OpenCombine' from project 'OpenCombine')
SwiftDriverJobDiscovery normal arm64 Compiling SDL2.swift (in target 'SDL' from project 'SDL')
SwiftCompile normal arm64 Compiling\ Deferred.swift,\ Empty.swift,\ Fail.swift,\ GENERATED-Publishers.Catch.swift,\ GENERATED-Publishers.Encode.swift,\ GENERATED-Publishers.MapKeyPath.swift,\ Just.swift,\ Optional.Publisher.swift,\ Publishers.AllSatisfy.swift,\ Publishers.AssertNoFailure.swift /Users/admin/builder/spi-builder-workspace/.dependencies/checkouts/OpenCombine/Sources/OpenCombine/Publishers/Deferred.swift /Users/admin/builder/spi-builder-workspace/.dependencies/checkouts/OpenCombine/Sources/OpenCombine/Publishers/Empty.swift /Users/admin/builder/spi-builder-workspace/.dependencies/checkouts/OpenCombine/Sources/OpenCombine/Publishers/Fail.swift /Users/admin/builder/spi-builder-workspace/.dependencies/checkouts/OpenCombine/Sources/OpenCombine/Publishers/GENERATED-Publishers.Catch.swift /Users/admin/builder/spi-builder-workspace/.dependencies/checkouts/OpenCombine/Sources/OpenCombine/Publishers/GENERATED-Publishers.Encode.swift /Users/admin/builder/spi-builder-workspace/.dependencies/checkouts/OpenCombine/Sources/OpenCombine/Publishers/GENERATED-Publishers.MapKeyPath.swift /Users/admin/builder/spi-builder-workspace/.dependencies/checkouts/OpenCombine/Sources/OpenCombine/Publishers/Just.swift /Users/admin/builder/spi-builder-workspace/.dependencies/checkouts/OpenCombine/Sources/OpenCombine/Publishers/Optional.Publisher.swift /Users/admin/builder/spi-builder-workspace/.dependencies/checkouts/OpenCombine/Sources/OpenCombine/Publishers/Publishers.AllSatisfy.swift /Users/admin/builder/spi-builder-workspace/.dependencies/checkouts/OpenCombine/Sources/OpenCombine/Publishers/Publishers.AssertNoFailure.swift (in target 'OpenCombine' from project 'OpenCombine')
SwiftCompile normal arm64 /Users/admin/builder/spi-builder-workspace/.dependencies/checkouts/OpenCombine/Sources/OpenCombine/Publishers/Deferred.swift (in target 'OpenCombine' from project 'OpenCombine')
cd /Users/admin/builder/spi-builder-workspace/.swiftpm/xcode
builtin-SwiftPerFileCompile Deferred.swift
SwiftCompile normal arm64 /Users/admin/builder/spi-builder-workspace/.dependencies/checkouts/OpenCombine/Sources/OpenCombine/Publishers/Empty.swift (in target 'OpenCombine' from project 'OpenCombine')
cd /Users/admin/builder/spi-builder-workspace/.swiftpm/xcode
builtin-SwiftPerFileCompile Empty.swift
SwiftCompile normal arm64 /Users/admin/builder/spi-builder-workspace/.dependencies/checkouts/OpenCombine/Sources/OpenCombine/Publishers/Fail.swift (in target 'OpenCombine' from project 'OpenCombine')
cd /Users/admin/builder/spi-builder-workspace/.swiftpm/xcode
builtin-SwiftPerFileCompile Fail.swift
SwiftCompile normal arm64 /Users/admin/builder/spi-builder-workspace/.dependencies/checkouts/OpenCombine/Sources/OpenCombine/Publishers/GENERATED-Publishers.Catch.swift (in target 'OpenCombine' from project 'OpenCombine')
cd /Users/admin/builder/spi-builder-workspace/.swiftpm/xcode
builtin-SwiftPerFileCompile GENERATED-Publishers.Catch.swift
SwiftCompile normal arm64 /Users/admin/builder/spi-builder-workspace/.dependencies/checkouts/OpenCombine/Sources/OpenCombine/Publishers/GENERATED-Publishers.Encode.swift (in target 'OpenCombine' from project 'OpenCombine')
cd /Users/admin/builder/spi-builder-workspace/.swiftpm/xcode
builtin-SwiftPerFileCompile GENERATED-Publishers.Encode.swift
SwiftCompile normal arm64 /Users/admin/builder/spi-builder-workspace/.dependencies/checkouts/OpenCombine/Sources/OpenCombine/Publishers/GENERATED-Publishers.MapKeyPath.swift (in target 'OpenCombine' from project 'OpenCombine')
cd /Users/admin/builder/spi-builder-workspace/.swiftpm/xcode
builtin-SwiftPerFileCompile GENERATED-Publishers.MapKeyPath.swift
SwiftCompile normal arm64 /Users/admin/builder/spi-builder-workspace/.dependencies/checkouts/OpenCombine/Sources/OpenCombine/Publishers/Just.swift (in target 'OpenCombine' from project 'OpenCombine')
cd /Users/admin/builder/spi-builder-workspace/.swiftpm/xcode
builtin-SwiftPerFileCompile Just.swift
SwiftCompile normal arm64 /Users/admin/builder/spi-builder-workspace/.dependencies/checkouts/OpenCombine/Sources/OpenCombine/Publishers/Optional.Publisher.swift (in target 'OpenCombine' from project 'OpenCombine')
cd /Users/admin/builder/spi-builder-workspace/.swiftpm/xcode
builtin-SwiftPerFileCompile Optional.Publisher.swift
SwiftCompile normal arm64 /Users/admin/builder/spi-builder-workspace/.dependencies/checkouts/OpenCombine/Sources/OpenCombine/Publishers/Publishers.AllSatisfy.swift (in target 'OpenCombine' from project 'OpenCombine')
cd /Users/admin/builder/spi-builder-workspace/.swiftpm/xcode
builtin-SwiftPerFileCompile Publishers.AllSatisfy.swift
SwiftCompile normal arm64 /Users/admin/builder/spi-builder-workspace/.dependencies/checkouts/OpenCombine/Sources/OpenCombine/Publishers/Publishers.AssertNoFailure.swift (in target 'OpenCombine' from project 'OpenCombine')
cd /Users/admin/builder/spi-builder-workspace/.swiftpm/xcode
builtin-SwiftPerFileCompile Publishers.AssertNoFailure.swift
PruneExplicitPrecompiledModules /Users/admin/builder/spi-builder-workspace/.derivedData/Build/Intermediates.noindex/ExplicitPrecompiledModules
PruneExplicitPrecompiledModules /Users/admin/builder/spi-builder-workspace/.derivedData/Build/Intermediates.noindex/SwiftExplicitPrecompiledModules
PruneExplicitPrecompiledModules /Users/admin/builder/spi-builder-workspace/.derivedData/SDKExplicitPrecompiledModules
2026-09-19 05:43:05.916 xcodebuild[1190:6350] [MT] IDERunDestination: Supported platforms for the buildables in the current scheme is empty.
** BUILD FAILED **
The following build commands failed:
SwiftEmitModule normal arm64 Emitting\ module\ for\ FirebladeMath (in target 'FirebladeMath' from project 'FirebladeMath')
SwiftCompile normal arm64 (in target 'FirebladeMath' from project 'FirebladeMath')
Building workspace VertexGUI with scheme VertexGUI-Package
(3 failures)
Command line invocation:
/Applications/Xcode-27.0.0-Release.Candidate.app/Contents/Developer/usr/bin/xcodebuild -IDEClonedSourcePackagesDirPathOverride=/Users/admin/builder/spi-builder-workspace/.dependencies -resolvePackageDependencies
Resolve Package Graph
Invalid Resource 'Resources': File not found.Invalid Resource 'Resources': File not found.failed to retrieve search paths with pkg-config; maybe pkg-config is not installedcouldn't find pc file for sdl2you may be able to install vulkan using your system-packager:
brew install vulkan-sdk
Resolved source packages:
VertexGUI: /Users/admin/builder/spi-builder-workspace
Swim: https://github.com/UnGast/swim.git @ master (571022a)
FirebladePAL: https://github.com/fireblade-engine/pal.git @ main (3f58cd4)
XML: https://github.com/kelvin13/swiftxml @ master (91ae89c)
OpenCombine: https://github.com/OpenCombine/OpenCombine.git @ master (1c6f02c)
FirebladeMath: https://github.com/fireblade-engine/math.git @ 0.13.0
Vulkan: https://github.com/ctreffs/SwiftVulkan @ 0.2.1
SDL: https://github.com/ctreffs/SwiftSDL2.git @ 1.4.1
GfxMath: https://github.com/UnGast/swift-gfx-math.git @ master (2491615)
GL: https://github.com/UnGast/swift-opengl @ master (8dfcb2e)
SwiftNFD: https://github.com/ctreffs/SwiftNFD.git @ 1.0.2
ColorizeSwift: https://github.com/mtynior/ColorizeSwift.git @ 1.7.0
FirebladeTime: https://github.com/fireblade-engine/time.git @ 0.2.0
SkiaKit: https://github.com/UnGast/SkiaKit @ main (1924d72)
resolved source packages: VertexGUI, Swim, FirebladePAL, XML, OpenCombine, FirebladeMath, Vulkan, SDL, GfxMath, GL, SwiftNFD, ColorizeSwift, FirebladeTime, SkiaKit
2026-09-19 05:43:13.097 xcodebuild[1413:7548] [MT] IDERunDestination: Supported platforms for the buildables in the current scheme is empty.
{
"dependencies" : [
{
"identity" : "swift-opengl",
"requirement" : {
"branch" : [
"master"
]
},
"type" : "sourceControl",
"url" : "https://github.com/UnGast/swift-opengl"
},
{
"identity" : "swim",
"requirement" : {
"branch" : [
"master"
]
},
"type" : "sourceControl",
"url" : "https://github.com/UnGast/swim.git"
},
{
"identity" : "swift-gfx-math",
"requirement" : {
"branch" : [
"master"
]
},
"type" : "sourceControl",
"url" : "https://github.com/UnGast/swift-gfx-math.git"
},
{
"identity" : "opencombine",
"requirement" : {
"branch" : [
"master"
]
},
"type" : "sourceControl",
"url" : "https://github.com/OpenCombine/OpenCombine.git"
},
{
"identity" : "colorizeswift",
"requirement" : {
"range" : [
{
"lower_bound" : "1.6.0",
"upper_bound" : "2.0.0"
}
]
},
"type" : "sourceControl",
"url" : "https://github.com/mtynior/ColorizeSwift.git"
},
{
"identity" : "skiakit",
"requirement" : {
"branch" : [
"main"
]
},
"type" : "sourceControl",
"url" : "https://github.com/UnGast/SkiaKit"
},
{
"identity" : "pal",
"requirement" : {
"branch" : [
"main"
]
},
"type" : "sourceControl",
"url" : "https://github.com/fireblade-engine/pal.git"
}
],
"manifest_display_name" : "VertexGUI",
"name" : "VertexGUI",
"path" : "/Users/admin/builder/spi-builder-workspace",
"platforms" : [
{
"name" : "macos",
"version" : "11.0"
}
],
"products" : [
{
"name" : "VertexGUI",
"targets" : [
"VertexGUI"
],
"type" : {
"library" : [
"automatic"
]
}
},
{
"name" : "MinimalDemo",
"targets" : [
"MinimalDemo"
],
"type" : {
"executable" : null
}
},
{
"name" : "DevApp",
"targets" : [
"DevApp"
],
"type" : {
"executable" : null
}
},
{
"name" : "TaskOrganizerDemo",
"targets" : [
"TaskOrganizerDemo"
],
"type" : {
"executable" : null
}
}
],
"targets" : [
{
"c99name" : "WidgetGUI",
"module_type" : "SwiftTarget",
"name" : "WidgetGUI",
"path" : "Sources/WidgetGUI",
"product_dependencies" : [
"OpenCombine",
"OpenCombineDispatch",
"GfxMath",
"ColorizeSwift",
"SkiaKit"
],
"product_memberships" : [
"VertexGUI",
"MinimalDemo",
"DevApp",
"TaskOrganizerDemo"
],
"resources" : [
{
"path" : "/Users/admin/builder/spi-builder-workspace/Sources/WidgetGUI/Resources/LICENSE.txt",
"rule" : {
"process" : {
}
}
},
{
"path" : "/Users/admin/builder/spi-builder-workspace/Sources/WidgetGUI/Resources/materialdesignicons-webfont.ttf",
"rule" : {
"process" : {
}
}
}
],
"sources" : [
"Base/Child.swift",
"Base/Parent.swift",
"Base/PseudoElement.swift",
"Base/Root.swift",
"Base/Widget/Lifecycle/Widget+LifecycleFlag.swift",
"Base/Widget/Lifecycle/Widget+LifecycleManager.swift",
"Base/Widget/Lifecycle/Widget+LifecycleMethod.swift",
"Base/Widget/Lifecycle/Widget+LifecycleMethodInvocationAbortionReason.swift",
"Base/Widget/Lifecycle/Widget+LifecycleMethodInvocationQueue.swift",
"Base/Widget/Lifecycle/Widget+LifecycleMethodInvocationReason.swift",
"Base/Widget/Lifecycle/Widget+LifecycleMethodInvocationSignal.swift",
"Base/Widget/Lifecycle/Widget+LifecycleMethodInvocationSignalGroup.swift",
"Base/Widget/Signaling/Signal.swift",
"Base/Widget/Signaling/Widget+signaling.swift",
"Base/Widget/Widget+CallCounter.swift",
"Base/Widget/Widget+Debugging.swift",
"Base/Widget/Widget+PostInitConfigurableWidget.swift",
"Base/Widget/Widget+ScrollBar.swift",
"Base/Widget/Widget+TreeOperations.swift",
"Base/Widget/Widget+inputEventHandlerRegistration.swift",
"Base/Widget/Widget+invalidateRootSizeDependentThings.swift",
"Base/Widget/Widget+otherEventHandlerRegistration.swift",
"Base/Widget/Widget+resolveWidgetDimensionSize.swift",
"Base/Widget/Widget+with.swift",
"Base/Widget/Widget.swift",
"Base/WidgetBus.swift",
"Base/WidgetContext.swift",
"Base/WidgetTreeManager.swift",
"Composition/ComposeBuilder.swift",
"Composition/ComposedContent.swift",
"Composition/ComposedWidget.swift",
"Composition/Content.swift",
"Composition/DirectContent.swift",
"Composition/DirectContentBuilder.swift",
"Composition/Dynamic.swift",
"Composition/Slot.swift",
"Composition/SlotAcceptingWidgetProtocol.swift",
"Composition/SlotContent.swift",
"Composition/SlotContentBuilder.swift",
"Composition/SlotContentDefinition.swift",
"Composition/SlotContentManager.swift",
"ContextMenu/ContextMenu+Item.swift",
"ContextMenu/ContextMenu.swift",
"CumulatedValues/CumulatedValuesProcessor.swift",
"CumulatedValues/Widget+invalidateCumulatedValues.swift",
"DeveloperTools/DeveloperTools+InspectorView.swift",
"DeveloperTools/DeveloperTools+MainRoute.swift",
"DeveloperTools/DeveloperTools+MainView.swift",
"DeveloperTools/DeveloperTools+MessagesView.swift",
"DeveloperTools/DeveloperTools+PerformanceView.swift",
"DeveloperTools/DeveloperTools+Store.swift",
"DeveloperTools/DeveloperTools+Theme.swift",
"DeveloperTools/DeveloperTools+WidgetNestingView.swift",
"DeveloperTools/DeveloperTools.swift",
"DeveloperTools/WidgetPropertiesView.swift",
"Drawing/DrawingManager.swift",
"Drawing/LeafWidget.swift",
"Drawing/SkiaKitExtensions/Canvas.swift",
"Drawing/SkiaKitExtensions/Color.swift",
"Drawing/SkiaKitExtensions/Font.swift",
"Drawing/SkiaKitExtensions/Image+initFromSwimImage.swift",
"Drawing/SkiaKitExtensions/Paint.swift",
"Drawing/SkiaKitExtensions/Path.swift",
"Drawing/SkiaKitExtensions/Point.swift",
"Drawing/SkiaKitExtensions/Rect.swift",
"Focus/FocusManager.swift",
"Focus/Widget+Focusable.swift",
"Helpers/BurstLimiter.swift",
"Helpers/DefinitiveDict.swift",
"Helpers/Logger.swift",
"Helpers/Reference.swift",
"Helpers/Tree/Mirror+allChildren.swift",
"Helpers/Tree/Tree.swift",
"Helpers/Tree/TreeMask.swift",
"Helpers/Tree/TreePath.swift",
"Helpers/Tree/TreeRange.swift",
"Helpers/WeakBox.swift",
"Helpers/WidgetBuilder.swift",
"Helpers/WidgetEventHandlerManager.swift",
"Input/Cursor.swift",
"Input/Key.swift",
"Input/KeyStatesContainer.swift",
"Input/MouseButton.swift",
"Input/RawEvents/RawKeyboardEvent.swift",
"Input/RawEvents/RawMouseEvent.swift",
"Input/RawEvents/RawTextInputEvent.swift",
"Input/Root+KeyboardEventManager.swift",
"Input/Root+TextInputEventManager.swift",
"Input/Widget+internalProcessInputEvents.swift",
"Input/WidgetEvents/GUIKeyboardEvent.swift",
"Input/WidgetEvents/GUIMouseEvent.swift",
"Input/WidgetEvents/GUITextEvent.swift",
"Input/WidgetTreeMouseEventManager.swift",
"Layouts/AbsoluteLayout.swift",
"Layouts/FlexLayout.swift",
"Layouts/Layout.swift",
"Layouts/LayoutProperty.swift",
"Layouts/SimpleLinearLayout.swift",
"Platform/Screen.swift",
"Platform/Window.swift",
"Primitives/Axis.swift",
"Primitives/BorderWidth.swift",
"Primitives/Bounded.swift",
"Primitives/BoxConstraints.swift",
"Primitives/CornerRadii.swift",
"Primitives/Insets.swift",
"Primitives/Margins.swift",
"Primitives/Overflow.swift",
"Primitives/TextTransform.swift",
"Primitives/Tick.swift",
"Primitives/Visibility.swift",
"Primitives/WidgetDimensionSize.swift",
"State/Dependencies/Dependency.swift",
"State/Dependencies/DependencyManager.swift",
"State/Dependencies/Inject.swift",
"State/Dependencies/Widget+provideDependencies.swift",
"State/ImmutableBinding.swift",
"State/MutableBinding.swift",
"State/MutableReactiveProperty.swift",
"State/ObservableDictionary.swift",
"State/PropertyPublisher.swift",
"State/ReactiveProperty.swift",
"State/ReactivePropertyProjection.swift",
"State/State.swift",
"State/Store.swift",
"Style/PseudoClass.swift",
"Style/Style.swift",
"Style/StyleManager.swift",
"Style/StyleParser.swift",
"Style/StyleProperty.swift",
"Style/StylePropertyValue.swift",
"Style/StylePropertyValueDefinition.swift",
"Style/StylePropertyValueDefinitionsBuilder.swift",
"Style/StyleSelector.swift",
"Style/StyleSelectorPart.swift",
"Style/Theme/FlatTheme.swift",
"Style/Theme/Theme.swift",
"Style/Widget+PseudoClass.swift",
"Style/Widget+StylePropertiesContainer.swift",
"Style/Widget+inStyleScope.swift",
"Style/Widget+internalPseudoClassManagement.swift",
"Style/Widget+invalidateMatchedStyles.swift",
"Style/Widget+invalidateResolvedStyleProperties.swift",
"Style/Widget+notifySelectorChanged.swift",
"Style/Widget+resolveStyleProperties.swift",
"Widgets/Standard/Charting/BarChart.swift",
"Widgets/Standard/Container.swift",
"Widgets/Standard/Controls/Button.swift",
"Widgets/Standard/Controls/Checkbox.swift",
"Widgets/Standard/Controls/ColorPicker.swift",
"Widgets/Standard/Controls/RadioButton.swift",
"Widgets/Standard/Controls/Select.swift",
"Widgets/Standard/Controls/TextInput.swift",
"Widgets/Standard/Controls/ToggleButton.swift",
"Widgets/Standard/Drawing.swift",
"Widgets/Standard/Icons/MaterialDesignIcon+Identifier.swift",
"Widgets/Standard/Icons/MaterialDesignIcon.swift",
"Widgets/Standard/ImageView.swift",
"Widgets/Standard/Layout/Flex+TwoItemStrategy.swift",
"Widgets/Standard/Layout/Flex+UniversalStrategy.swift",
"Widgets/Standard/Layout/Flex.swift",
"Widgets/Standard/List.swift",
"Widgets/Standard/Space.swift",
"Widgets/Standard/Text.swift"
],
"target_dependencies" : [
"Events",
"Drawing"
],
"type" : "library"
},
{
"c99name" : "VertexGUI",
"module_type" : "SwiftTarget",
"name" : "VertexGUI",
"path" : "Sources/VertexGUI",
"product_dependencies" : [
"GfxMath"
],
"product_memberships" : [
"VertexGUI",
"MinimalDemo",
"DevApp",
"TaskOrganizerDemo"
],
"sources" : [
"lib.swift"
],
"target_dependencies" : [
"WidgetGUI",
"Events",
"Application",
"Drawing"
],
"type" : "library"
},
{
"c99name" : "TaskOrganizerDemo",
"module_type" : "SwiftTarget",
"name" : "TaskOrganizerDemo",
"path" : "Sources/TaskOrganizerDemo",
"product_dependencies" : [
"Swim",
"OpenCombine"
],
"product_memberships" : [
"TaskOrganizerDemo"
],
"sources" : [
"Data/MainViewRoute.swift",
"Data/TodoItem.swift",
"Data/TodoList.swift",
"Data/TodoSearchResult.swift",
"Data/TodoSearcher.swift",
"Data/TodoStore.swift",
"UI/AppTheme.swift",
"UI/SearchResultsView.swift",
"UI/TaskCompletionButton.swift",
"UI/TodoAppView.swift",
"UI/TodoListItemView.swift",
"UI/TodoListView.swift",
"main.swift"
],
"target_dependencies" : [
"VertexGUI"
],
"type" : "executable"
},
{
"c99name" : "MinimalDemo",
"module_type" : "SwiftTarget",
"name" : "MinimalDemo",
"path" : "Sources/MinimalDemo",
"product_memberships" : [
"MinimalDemo"
],
"sources" : [
"MainView.swift",
"main.swift"
],
"target_dependencies" : [
"VertexGUI"
],
"type" : "executable"
},
{
"c99name" : "Events",
"module_type" : "SwiftTarget",
"name" : "Events",
"path" : "Sources/Events",
"product_dependencies" : [
"OpenCombine"
],
"product_memberships" : [
"VertexGUI",
"MinimalDemo",
"DevApp",
"TaskOrganizerDemo"
],
"sources" : [
"EventHandlerManager.swift",
"EventfulObject.swift",
"PublishingEventManager.swift"
],
"type" : "library"
},
{
"c99name" : "Drawing",
"module_type" : "SwiftTarget",
"name" : "Drawing",
"path" : "Sources/Drawing",
"product_dependencies" : [
"GfxMath",
"FirebladePAL",
"Swim"
],
"product_memberships" : [
"VertexGUI",
"MinimalDemo",
"DevApp",
"TaskOrganizerDemo"
],
"sources" : [
"DrawingBackend.swift",
"DrawingContext.swift",
"Image.swift",
"MockDrawingBackend.swift",
"Paint.swift",
"TextPaint.swift"
],
"type" : "library"
},
{
"c99name" : "DevApp",
"module_type" : "SwiftTarget",
"name" : "DevApp",
"path" : "Sources/DevApp",
"product_dependencies" : [
"Swim"
],
"product_memberships" : [
"DevApp"
],
"sources" : [
"MainView.swift",
"TestWidget.swift",
"main.swift"
],
"target_dependencies" : [
"VertexGUI"
],
"type" : "executable"
},
{
"c99name" : "Application",
"module_type" : "SwiftTarget",
"name" : "Application",
"path" : "Sources/Application",
"product_dependencies" : [
"FirebladePAL",
"GfxMath",
"GL"
],
"product_memberships" : [
"VertexGUI",
"MinimalDemo",
"DevApp",
"TaskOrganizerDemo"
],
"sources" : [
"Application.swift"
],
"target_dependencies" : [
"WidgetGUI",
"Drawing"
],
"type" : "library"
}
],
"tools_version" : "5.3"
}
warning: 'spi-builder-workspace': Invalid Resource 'Resources': File not found.
warning: 'spi-builder-workspace': Invalid Resource 'Resources': File not found.
{
"workspace" : {
"name" : "VertexGUI",
"schemes" : [
"DevApp",
"MinimalDemo",
"TaskOrganizerDemo",
"VertexGUI",
"VertexGUI-Package"
]
}
}
2026-09-19 05:43:14.786 xcodebuild[1428:7624] [MT] IDERunDestination: Supported platforms for the buildables in the current scheme is empty.
Running build ...
env DEVELOPER_DIR=/Applications/Xcode-27.0.0-Release.Candidate.app xcrun xcodebuild -IDEClonedSourcePackagesDirPathOverride=$PWD/.dependencies -skipMacroValidation -skipPackagePluginValidation -derivedDataPath $PWD/.derivedData build -scheme VertexGUI-Package -destination generic/platform=tvOS
Command line invocation:
/Applications/Xcode-27.0.0-Release.Candidate.app/Contents/Developer/usr/bin/xcodebuild -IDEClonedSourcePackagesDirPathOverride=/Users/admin/builder/spi-builder-workspace/.dependencies -skipMacroValidation -skipPackagePluginValidation -derivedDataPath /Users/admin/builder/spi-builder-workspace/.derivedData build -scheme VertexGUI-Package -destination generic/platform=tvOS
Resolve Package Graph
Invalid Resource 'Resources': File not found.Invalid Resource 'Resources': File not found.you may be able to install vulkan using your system-packager:
brew install vulkan-sdk
failed to retrieve search paths with pkg-config; maybe pkg-config is not installedcouldn't find pc file for sdl2
Resolved source packages:
OpenCombine: https://github.com/OpenCombine/OpenCombine.git @ master (1c6f02c)
FirebladeMath: https://github.com/fireblade-engine/math.git @ 0.13.0
SDL: https://github.com/ctreffs/SwiftSDL2.git @ 1.4.1
Swim: https://github.com/UnGast/swim.git @ master (571022a)
FirebladePAL: https://github.com/fireblade-engine/pal.git @ main (3f58cd4)
ColorizeSwift: https://github.com/mtynior/ColorizeSwift.git @ 1.7.0
GfxMath: https://github.com/UnGast/swift-gfx-math.git @ master (2491615)
SwiftNFD: https://github.com/ctreffs/SwiftNFD.git @ 1.0.2
FirebladeTime: https://github.com/fireblade-engine/time.git @ 0.2.0
Vulkan: https://github.com/ctreffs/SwiftVulkan @ 0.2.1
SkiaKit: https://github.com/UnGast/SkiaKit @ main (1924d72)
XML: https://github.com/kelvin13/swiftxml @ master (91ae89c)
GL: https://github.com/UnGast/swift-opengl @ master (8dfcb2e)
VertexGUI: /Users/admin/builder/spi-builder-workspace
ComputePackagePrebuildTargetDependencyGraph
Prepare packages
CreateBuildRequest
SendProjectDescription
CreateBuildOperation
ComputeTargetDependencyGraph
note: Building targets in dependency order
note: Target dependency graph (40 targets)
Target 'TaskOrganizerDemo-product' in project 'VertexGUI'
➜ Explicit dependency on target 'Events' in project 'VertexGUI'
➜ Explicit dependency on target 'Drawing' in project 'VertexGUI'
➜ Explicit dependency on target 'WidgetGUI' in project 'VertexGUI'
➜ Explicit dependency on target 'Application' in project 'VertexGUI'
➜ Explicit dependency on target 'VertexGUI' in project 'VertexGUI'
➜ Explicit dependency on target 'OpenCombine-product' in project 'OpenCombine'
➜ Explicit dependency on target 'GfxMath-product' in project 'GfxMath'
➜ Explicit dependency on target 'FirebladePAL-product' in project 'FirebladePAL'
➜ Explicit dependency on target 'Swim-product' in project 'Swim'
➜ Explicit dependency on target 'OpenCombineDispatch-product' in project 'OpenCombine'
➜ Explicit dependency on target 'ColorizeSwift-product' in project 'ColorizeSwift'
➜ Explicit dependency on target 'SkiaKit-product' in project 'SkiaKit'
➜ Explicit dependency on target 'GL-product' in project 'GL'
Target 'DevApp-product' in project 'VertexGUI'
➜ Explicit dependency on target 'Events' in project 'VertexGUI'
➜ Explicit dependency on target 'Drawing' in project 'VertexGUI'
➜ Explicit dependency on target 'WidgetGUI' in project 'VertexGUI'
➜ Explicit dependency on target 'Application' in project 'VertexGUI'
➜ Explicit dependency on target 'VertexGUI' in project 'VertexGUI'
➜ Explicit dependency on target 'OpenCombine-product' in project 'OpenCombine'
➜ Explicit dependency on target 'GfxMath-product' in project 'GfxMath'
➜ Explicit dependency on target 'FirebladePAL-product' in project 'FirebladePAL'
➜ Explicit dependency on target 'Swim-product' in project 'Swim'
➜ Explicit dependency on target 'OpenCombineDispatch-product' in project 'OpenCombine'
➜ Explicit dependency on target 'ColorizeSwift-product' in project 'ColorizeSwift'
➜ Explicit dependency on target 'SkiaKit-product' in project 'SkiaKit'
➜ Explicit dependency on target 'GL-product' in project 'GL'
Target 'MinimalDemo-product' in project 'VertexGUI'
➜ Explicit dependency on target 'Events' in project 'VertexGUI'
➜ Explicit dependency on target 'Drawing' in project 'VertexGUI'
➜ Explicit dependency on target 'WidgetGUI' in project 'VertexGUI'
➜ Explicit dependency on target 'Application' in project 'VertexGUI'
➜ Explicit dependency on target 'VertexGUI' in project 'VertexGUI'
➜ Explicit dependency on target 'OpenCombine-product' in project 'OpenCombine'
➜ Explicit dependency on target 'GfxMath-product' in project 'GfxMath'
➜ Explicit dependency on target 'FirebladePAL-product' in project 'FirebladePAL'
➜ Explicit dependency on target 'Swim-product' in project 'Swim'
➜ Explicit dependency on target 'OpenCombineDispatch-product' in project 'OpenCombine'
➜ Explicit dependency on target 'ColorizeSwift-product' in project 'ColorizeSwift'
➜ Explicit dependency on target 'SkiaKit-product' in project 'SkiaKit'
➜ Explicit dependency on target 'GL-product' in project 'GL'
Target 'VertexGUI-product' in project 'VertexGUI'
➜ Explicit dependency on target 'VertexGUI' in project 'VertexGUI'
➜ Explicit dependency on target 'Events' in project 'VertexGUI'
➜ Explicit dependency on target 'Drawing' in project 'VertexGUI'
➜ Explicit dependency on target 'WidgetGUI' in project 'VertexGUI'
➜ Explicit dependency on target 'Application' in project 'VertexGUI'
➜ Explicit dependency on target 'OpenCombine-product' in project 'OpenCombine'
➜ Explicit dependency on target 'GfxMath-product' in project 'GfxMath'
➜ Explicit dependency on target 'FirebladePAL-product' in project 'FirebladePAL'
➜ Explicit dependency on target 'Swim-product' in project 'Swim'
➜ Explicit dependency on target 'OpenCombineDispatch-product' in project 'OpenCombine'
➜ Explicit dependency on target 'ColorizeSwift-product' in project 'ColorizeSwift'
➜ Explicit dependency on target 'SkiaKit-product' in project 'SkiaKit'
➜ Explicit dependency on target 'GL-product' in project 'GL'
Target 'VertexGUI' in project 'VertexGUI'
➜ Explicit dependency on target 'Events' in project 'VertexGUI'
➜ Explicit dependency on target 'Drawing' in project 'VertexGUI'
➜ Explicit dependency on target 'WidgetGUI' in project 'VertexGUI'
➜ Explicit dependency on target 'Application' in project 'VertexGUI'
➜ Explicit dependency on target 'OpenCombine-product' in project 'OpenCombine'
➜ Explicit dependency on target 'GfxMath-product' in project 'GfxMath'
➜ Explicit dependency on target 'FirebladePAL-product' in project 'FirebladePAL'
➜ Explicit dependency on target 'Swim-product' in project 'Swim'
➜ Explicit dependency on target 'OpenCombineDispatch-product' in project 'OpenCombine'
➜ Explicit dependency on target 'ColorizeSwift-product' in project 'ColorizeSwift'
➜ Explicit dependency on target 'SkiaKit-product' in project 'SkiaKit'
➜ Explicit dependency on target 'GL-product' in project 'GL'
Target 'Application' in project 'VertexGUI'
➜ Explicit dependency on target 'Events' in project 'VertexGUI'
➜ Explicit dependency on target 'Drawing' in project 'VertexGUI'
➜ Explicit dependency on target 'WidgetGUI' in project 'VertexGUI'
➜ Explicit dependency on target 'OpenCombine-product' in project 'OpenCombine'
➜ Explicit dependency on target 'GfxMath-product' in project 'GfxMath'
➜ Explicit dependency on target 'FirebladePAL-product' in project 'FirebladePAL'
➜ Explicit dependency on target 'Swim-product' in project 'Swim'
➜ Explicit dependency on target 'OpenCombineDispatch-product' in project 'OpenCombine'
➜ Explicit dependency on target 'ColorizeSwift-product' in project 'ColorizeSwift'
➜ Explicit dependency on target 'SkiaKit-product' in project 'SkiaKit'
➜ Explicit dependency on target 'GL-product' in project 'GL'
Target 'GL-product' in project 'GL'
➜ Explicit dependency on target 'GL' in project 'GL'
Target 'GL' in project 'GL' (no dependencies)
Target 'WidgetGUI' in project 'VertexGUI'
➜ Explicit dependency on target 'VertexGUI_WidgetGUI' in project 'VertexGUI'
➜ Explicit dependency on target 'Events' in project 'VertexGUI'
➜ Explicit dependency on target 'Drawing' in project 'VertexGUI'
➜ Explicit dependency on target 'OpenCombine-product' in project 'OpenCombine'
➜ Explicit dependency on target 'GfxMath-product' in project 'GfxMath'
➜ Explicit dependency on target 'FirebladePAL-product' in project 'FirebladePAL'
➜ Explicit dependency on target 'Swim-product' in project 'Swim'
➜ Explicit dependency on target 'OpenCombineDispatch-product' in project 'OpenCombine'
➜ Explicit dependency on target 'ColorizeSwift-product' in project 'ColorizeSwift'
➜ Explicit dependency on target 'SkiaKit-product' in project 'SkiaKit'
Target 'SkiaKit-product' in project 'SkiaKit'
➜ Explicit dependency on target 'SkiaKit' in project 'SkiaKit'
➜ Explicit dependency on target 'CSkia' in project 'SkiaKit'
Target 'SkiaKit' in project 'SkiaKit'
➜ Explicit dependency on target 'CSkia' in project 'SkiaKit'
Target 'CSkia' in project 'SkiaKit' (no dependencies)
Target 'ColorizeSwift-product' in project 'ColorizeSwift'
➜ Explicit dependency on target 'ColorizeSwift' in project 'ColorizeSwift'
Target 'ColorizeSwift' in project 'ColorizeSwift' (no dependencies)
Target 'OpenCombineDispatch-product' in project 'OpenCombine'
➜ Explicit dependency on target 'OpenCombineDispatch' in project 'OpenCombine'
➜ Explicit dependency on target 'COpenCombineHelpers' in project 'OpenCombine'
➜ Explicit dependency on target 'OpenCombine' in project 'OpenCombine'
Target 'OpenCombineDispatch' in project 'OpenCombine'
➜ Explicit dependency on target 'COpenCombineHelpers' in project 'OpenCombine'
➜ Explicit dependency on target 'OpenCombine' in project 'OpenCombine'
Target 'VertexGUI_WidgetGUI' in project 'VertexGUI' (no dependencies)
Target 'Drawing' in project 'VertexGUI'
➜ Explicit dependency on target 'GfxMath-product' in project 'GfxMath'
➜ Explicit dependency on target 'FirebladePAL-product' in project 'FirebladePAL'
➜ Explicit dependency on target 'Swim-product' in project 'Swim'
Target 'Swim-product' in project 'Swim'
➜ Explicit dependency on target 'Swim' in project 'Swim'
➜ Explicit dependency on target 'CStbImage' in project 'Swim'
Target 'Swim' in project 'Swim'
➜ Explicit dependency on target 'CStbImage' in project 'Swim'
Target 'CStbImage' in project 'Swim' (no dependencies)
Target 'FirebladePAL-product' in project 'FirebladePAL'
➜ Explicit dependency on target 'FirebladePAL' in project 'FirebladePAL'
➜ Explicit dependency on target 'FirebladeMath-product' in project 'FirebladeMath'
➜ Explicit dependency on target 'FirebladeTime-product' in project 'FirebladeTime'
➜ Explicit dependency on target 'SDL-product' in project 'SDL'
➜ Explicit dependency on target 'Vulkan-product' in project 'Vulkan'
➜ Explicit dependency on target 'NFD-product' in project 'SwiftNFD'
Target 'FirebladePAL' in project 'FirebladePAL'
➜ Explicit dependency on target 'FirebladeMath-product' in project 'FirebladeMath'
➜ Explicit dependency on target 'FirebladeTime-product' in project 'FirebladeTime'
➜ Explicit dependency on target 'SDL-product' in project 'SDL'
➜ Explicit dependency on target 'Vulkan-product' in project 'Vulkan'
➜ Explicit dependency on target 'NFD-product' in project 'SwiftNFD'
Target 'NFD-product' in project 'SwiftNFD'
➜ Explicit dependency on target 'NFD' in project 'SwiftNFD'
➜ Explicit dependency on target 'CNFD' in project 'SwiftNFD'
Target 'NFD' in project 'SwiftNFD'
➜ Explicit dependency on target 'CNFD' in project 'SwiftNFD'
Target 'CNFD' in project 'SwiftNFD' (no dependencies)
Target 'Vulkan-product' in project 'Vulkan'
➜ Explicit dependency on target 'Vulkan' in project 'Vulkan'
Target 'Vulkan' in project 'Vulkan' (no dependencies)
Target 'SDL-product' in project 'SDL'
➜ Explicit dependency on target 'SDL' in project 'SDL'
Target 'SDL' in project 'SDL' (no dependencies)
Target 'FirebladeTime-product' in project 'FirebladeTime'
➜ Explicit dependency on target 'FirebladeTime' in project 'FirebladeTime'
Target 'FirebladeTime' in project 'FirebladeTime' (no dependencies)
Target 'FirebladeMath-product' in project 'FirebladeMath'
➜ Explicit dependency on target 'FirebladeMath' in project 'FirebladeMath'
Target 'FirebladeMath' in project 'FirebladeMath' (no dependencies)
Target 'GfxMath-product' in project 'GfxMath'
➜ Explicit dependency on target 'GfxMath' in project 'GfxMath'
Target 'GfxMath' in project 'GfxMath' (no dependencies)
Target 'Events' in project 'VertexGUI'
➜ Explicit dependency on target 'OpenCombine-product' in project 'OpenCombine'
Target 'OpenCombine-product' in project 'OpenCombine'
➜ Explicit dependency on target 'OpenCombine' in project 'OpenCombine'
➜ Explicit dependency on target 'COpenCombineHelpers' in project 'OpenCombine'
Target 'OpenCombine' in project 'OpenCombine'
➜ Explicit dependency on target 'COpenCombineHelpers' in project 'OpenCombine'
Target 'COpenCombineHelpers' in project 'OpenCombine' (no dependencies)
GatherProvisioningInputs
CreateBuildDescription
ClangStatCache /Applications/Xcode-27.0.0-Release.Candidate.app/Contents/Developer/Toolchains/XcodeDefault.xctoolchain/usr/bin/clang-stat-cache /Applications/Xcode-27.0.0-Release.Candidate.app/Contents/Developer/Platforms/AppleTVOS.platform/Developer/SDKs/AppleTVOS27.0.sdk /Users/admin/builder/spi-builder-workspace/.derivedData/SDKStatCaches.noindex/appletvos27.0-24J360-e829b21a6f8c9b70876ba0858053c044b32bfd8d43560033f8d89884cdb90028.sdkstatcache
cd /Users/admin/builder/spi-builder-workspace/.swiftpm/xcode
/Applications/Xcode-27.0.0-Release.Candidate.app/Contents/Developer/Toolchains/XcodeDefault.xctoolchain/usr/bin/clang-stat-cache /Applications/Xcode-27.0.0-Release.Candidate.app/Contents/Developer/Platforms/AppleTVOS.platform/Developer/SDKs/AppleTVOS27.0.sdk -o /Users/admin/builder/spi-builder-workspace/.derivedData/SDKStatCaches.noindex/appletvos27.0-24J360-e829b21a6f8c9b70876ba0858053c044b32bfd8d43560033f8d89884cdb90028.sdkstatcache
SwiftDriver Swim normal arm64 com.apple.xcode.tools.swift.compiler (in target 'Swim' from project 'Swim')
cd /Users/admin/builder/spi-builder-workspace/.swiftpm/xcode
builtin-SwiftDriver -- /Applications/Xcode-27.0.0-Release.Candidate.app/Contents/Developer/Toolchains/XcodeDefault.xctoolchain/usr/bin/swiftc -parse-as-library -module-name Swim -Onone @/Users/admin/builder/spi-builder-workspace/.derivedData/Build/Intermediates.noindex/Swim.build/Debug-appletvos/Swim-t.build/Objects-normal/arm64/Swim.SwiftFileList -DSWIFT_PACKAGE -DDEBUG -DSWIFT_MODULE_RESOURCE_BUNDLE_UNAVAILABLE -Xcc -fmodule-map-file\=/Users/admin/builder/spi-builder-workspace/.derivedData/Build/Intermediates.noindex/GeneratedModuleMaps-appletvos/CStbImage.modulemap -DXcode -plugin-path /Applications/Xcode-27.0.0-Release.Candidate.app/Contents/Developer/Toolchains/XcodeDefault.xctoolchain/usr/lib/swift/host/plugins/testing -enable-experimental-feature DebugDescriptionMacro -sdk /Applications/Xcode-27.0.0-Release.Candidate.app/Contents/Developer/Platforms/AppleTVOS.platform/Developer/SDKs/AppleTVOS27.0.sdk -target arm64-apple-tvos15.0 -g -module-cache-path /Users/admin/builder/spi-builder-workspace/.derivedData/ModuleCache.noindex -Xfrontend -serialize-debugging-options -enable-testing -suppress-warnings -index-store-path /Users/admin/builder/spi-builder-workspace/.derivedData/Index.noindex/DataStore -Xcc -D_LIBCPP_HARDENING_MODE\=_LIBCPP_HARDENING_MODE_DEBUG -swift-version 5 -I /Users/admin/builder/spi-builder-workspace/.derivedData/Build/Products/Debug-appletvos -Isystem /Applications/Xcode-27.0.0-Release.Candidate.app/Contents/Developer/Platforms/AppleTVOS.platform/Developer/usr/lib -F /Users/admin/builder/spi-builder-workspace/.derivedData/Build/Products/Debug-appletvos/PackageFrameworks -F /Users/admin/builder/spi-builder-workspace/.derivedData/Build/Products/Debug-appletvos -F /Applications/Xcode-27.0.0-Release.Candidate.app/Contents/Developer/Platforms/AppleTVOS.platform/Developer/Library/Frameworks -F /Applications/Xcode-27.0.0-Release.Candidate.app/Contents/Developer/Platforms/AppleTVOS.platform/Developer/SDKs/AppleTVOS27.0.sdk/Developer/Library/Frameworks -c -j10 -enable-batch-mode -incremental -Xcc -ivfsstatcache -Xcc /Users/admin/builder/spi-builder-workspace/.derivedData/SDKStatCaches.noindex/appletvos27.0-24J360-e829b21a6f8c9b70876ba0858053c044b32bfd8d43560033f8d89884cdb90028.sdkstatcache -output-file-map /Users/admin/builder/spi-builder-workspace/.derivedData/Build/Intermediates.noindex/Swim.build/Debug-appletvos/Swim-t.build/Objects-normal/arm64/Swim-OutputFileMap.json -save-temps -no-color-diagnostics -explicit-module-build -module-cache-path /Users/admin/builder/spi-builder-workspace/.derivedData/Build/Intermediates.noindex/SwiftExplicitPrecompiledModules -clang-scanner-module-cache-path /Users/admin/builder/spi-builder-workspace/.derivedData/ModuleCache.noindex -sdk-module-cache-path /Users/admin/builder/spi-builder-workspace/.derivedData/SDKExplicitPrecompiledModules -emit-dependencies -emit-module -emit-module-path /Users/admin/builder/spi-builder-workspace/.derivedData/Build/Intermediates.noindex/Swim.build/Debug-appletvos/Swim-t.build/Objects-normal/arm64/Swim.swiftmodule -serialize-diagnostics -dependency-scan-serialize-diagnostics-path /Users/admin/builder/spi-builder-workspace/.derivedData/Build/Intermediates.noindex/Swim.build/Debug-appletvos/Swim-t.build/Objects-normal/arm64/Swim-dependency-scan.dia -validate-clang-modules-once -clang-build-session-file /Users/admin/builder/spi-builder-workspace/.derivedData/ModuleCache.noindex/Session.modulevalidation -Xcc -fmodules-prune-interval\=86400 -Xcc -fmodules-prune-after\=345600 -emit-const-values -const-gather-protocols-list /Users/admin/builder/spi-builder-workspace/.derivedData/Build/Intermediates.noindex/Swim.build/Debug-appletvos/Swim-t.build/Objects-normal/arm64/Swim_const_extract_protocols.json -Xcc -I/Users/admin/builder/spi-builder-workspace/.dependencies/checkouts/swim/Sources/CStbImage/include -Xcc -I/Users/admin/builder/spi-builder-workspace/.derivedData/Build/Products/Debug-appletvos/include -Xcc -I/Users/admin/builder/spi-builder-workspace/.derivedData/Build/Intermediates.noindex/Swim.build/Debug-appletvos/Swim-t.build/DerivedSources-normal/arm64 -Xcc -I/Users/admin/builder/spi-builder-workspace/.derivedData/Build/Intermediates.noindex/Swim.build/Debug-appletvos/Swim-t.build/DerivedSources/arm64 -Xcc -I/Users/admin/builder/spi-builder-workspace/.derivedData/Build/Intermediates.noindex/Swim.build/Debug-appletvos/Swim-t.build/DerivedSources -Xcc -DSWIFT_PACKAGE -Xcc -DDEBUG\=1 -emit-objc-header -emit-objc-header-path /Users/admin/builder/spi-builder-workspace/.derivedData/Build/Intermediates.noindex/Swim.build/Debug-appletvos/Swim-t.build/Objects-normal/arm64/Swim-Swift.h -working-directory /Users/admin/builder/spi-builder-workspace/.swiftpm/xcode -experimental-emit-module-separately -disable-cmo
SwiftDriver SkiaKit normal arm64 com.apple.xcode.tools.swift.compiler (in target 'SkiaKit' from project 'SkiaKit')
cd /Users/admin/builder/spi-builder-workspace/.swiftpm/xcode
builtin-SwiftDriver -- /Applications/Xcode-27.0.0-Release.Candidate.app/Contents/Developer/Toolchains/XcodeDefault.xctoolchain/usr/bin/swiftc -parse-as-library -module-name SkiaKit -Onone @/Users/admin/builder/spi-builder-workspace/.derivedData/Build/Intermediates.noindex/SkiaKit.build/Debug-appletvos/SkiaKit-t.build/Objects-normal/arm64/SkiaKit.SwiftFileList -DSWIFT_PACKAGE -DDEBUG -DSWIFT_MODULE_RESOURCE_BUNDLE_UNAVAILABLE -Xcc -fmodule-map-file\=/Users/admin/builder/spi-builder-workspace/.derivedData/Build/Intermediates.noindex/GeneratedModuleMaps-appletvos/CSkia.modulemap -DXcode -plugin-path /Applications/Xcode-27.0.0-Release.Candidate.app/Contents/Developer/Toolchains/XcodeDefault.xctoolchain/usr/lib/swift/host/plugins/testing -enable-experimental-feature DebugDescriptionMacro -sdk /Applications/Xcode-27.0.0-Release.Candidate.app/Contents/Developer/Platforms/AppleTVOS.platform/Developer/SDKs/AppleTVOS27.0.sdk -target arm64-apple-tvos15.0 -g -module-cache-path /Users/admin/builder/spi-builder-workspace/.derivedData/ModuleCache.noindex -Xfrontend -serialize-debugging-options -enable-testing -suppress-warnings -index-store-path /Users/admin/builder/spi-builder-workspace/.derivedData/Index.noindex/DataStore -Xcc -D_LIBCPP_HARDENING_MODE\=_LIBCPP_HARDENING_MODE_DEBUG -swift-version 5 -I /Users/admin/builder/spi-builder-workspace/.derivedData/Build/Products/Debug-appletvos -Isystem /Applications/Xcode-27.0.0-Release.Candidate.app/Contents/Developer/Platforms/AppleTVOS.platform/Developer/usr/lib -F /Users/admin/builder/spi-builder-workspace/.derivedData/Build/Products/Debug-appletvos/PackageFrameworks -F /Users/admin/builder/spi-builder-workspace/.derivedData/Build/Products/Debug-appletvos -F /Applications/Xcode-27.0.0-Release.Candidate.app/Contents/Developer/Platforms/AppleTVOS.platform/Developer/Library/Frameworks -F /Applications/Xcode-27.0.0-Release.Candidate.app/Contents/Developer/Platforms/AppleTVOS.platform/Developer/SDKs/AppleTVOS27.0.sdk/Developer/Library/Frameworks -c -j10 -enable-batch-mode -incremental -Xcc -ivfsstatcache -Xcc /Users/admin/builder/spi-builder-workspace/.derivedData/SDKStatCaches.noindex/appletvos27.0-24J360-e829b21a6f8c9b70876ba0858053c044b32bfd8d43560033f8d89884cdb90028.sdkstatcache -output-file-map /Users/admin/builder/spi-builder-workspace/.derivedData/Build/Intermediates.noindex/SkiaKit.build/Debug-appletvos/SkiaKit-t.build/Objects-normal/arm64/SkiaKit-OutputFileMap.json -save-temps -no-color-diagnostics -explicit-module-build -module-cache-path /Users/admin/builder/spi-builder-workspace/.derivedData/Build/Intermediates.noindex/SwiftExplicitPrecompiledModules -clang-scanner-module-cache-path /Users/admin/builder/spi-builder-workspace/.derivedData/ModuleCache.noindex -sdk-module-cache-path /Users/admin/builder/spi-builder-workspace/.derivedData/SDKExplicitPrecompiledModules -emit-dependencies -emit-module -emit-module-path /Users/admin/builder/spi-builder-workspace/.derivedData/Build/Intermediates.noindex/SkiaKit.build/Debug-appletvos/SkiaKit-t.build/Objects-normal/arm64/SkiaKit.swiftmodule -serialize-diagnostics -dependency-scan-serialize-diagnostics-path /Users/admin/builder/spi-builder-workspace/.derivedData/Build/Intermediates.noindex/SkiaKit.build/Debug-appletvos/SkiaKit-t.build/Objects-normal/arm64/SkiaKit-dependency-scan.dia -validate-clang-modules-once -clang-build-session-file /Users/admin/builder/spi-builder-workspace/.derivedData/ModuleCache.noindex/Session.modulevalidation -Xcc -fmodules-prune-interval\=86400 -Xcc -fmodules-prune-after\=345600 -emit-const-values -const-gather-protocols-list /Users/admin/builder/spi-builder-workspace/.derivedData/Build/Intermediates.noindex/SkiaKit.build/Debug-appletvos/SkiaKit-t.build/Objects-normal/arm64/SkiaKit_const_extract_protocols.json -Xcc -I/Users/admin/builder/spi-builder-workspace/.dependencies/checkouts/SkiaKit/Sources/CSkia/include -Xcc -I/Users/admin/builder/spi-builder-workspace/.derivedData/Build/Products/Debug-appletvos/include -Xcc -I/Users/admin/builder/spi-builder-workspace/.derivedData/Build/Intermediates.noindex/SkiaKit.build/Debug-appletvos/SkiaKit-t.build/DerivedSources-normal/arm64 -Xcc -I/Users/admin/builder/spi-builder-workspace/.derivedData/Build/Intermediates.noindex/SkiaKit.build/Debug-appletvos/SkiaKit-t.build/DerivedSources/arm64 -Xcc -I/Users/admin/builder/spi-builder-workspace/.derivedData/Build/Intermediates.noindex/SkiaKit.build/Debug-appletvos/SkiaKit-t.build/DerivedSources -Xcc -DSWIFT_PACKAGE -Xcc -DDEBUG\=1 -emit-objc-header -emit-objc-header-path /Users/admin/builder/spi-builder-workspace/.derivedData/Build/Intermediates.noindex/SkiaKit.build/Debug-appletvos/SkiaKit-t.build/Objects-normal/arm64/SkiaKit-Swift.h -working-directory /Users/admin/builder/spi-builder-workspace/.swiftpm/xcode -experimental-emit-module-separately -disable-cmo
SwiftDriver SDL normal arm64 com.apple.xcode.tools.swift.compiler (in target 'SDL' from project 'SDL')
cd /Users/admin/builder/spi-builder-workspace/.swiftpm/xcode
builtin-SwiftDriver -- /Applications/Xcode-27.0.0-Release.Candidate.app/Contents/Developer/Toolchains/XcodeDefault.xctoolchain/usr/bin/swiftc -parse-as-library -module-name SDL -Onone @/Users/admin/builder/spi-builder-workspace/.derivedData/Build/Intermediates.noindex/SDL.build/Debug-appletvos/SDL-t.build/Objects-normal/arm64/SDL.SwiftFileList -DSWIFT_PACKAGE -DDEBUG -DSWIFT_MODULE_RESOURCE_BUNDLE_UNAVAILABLE -DXcode -plugin-path /Applications/Xcode-27.0.0-Release.Candidate.app/Contents/Developer/Toolchains/XcodeDefault.xctoolchain/usr/lib/swift/host/plugins/testing -enable-experimental-feature DebugDescriptionMacro -sdk /Applications/Xcode-27.0.0-Release.Candidate.app/Contents/Developer/Platforms/AppleTVOS.platform/Developer/SDKs/AppleTVOS27.0.sdk -target arm64-apple-tvos15.0 -g -module-cache-path /Users/admin/builder/spi-builder-workspace/.derivedData/ModuleCache.noindex -Xfrontend -serialize-debugging-options -enable-testing -suppress-warnings -index-store-path /Users/admin/builder/spi-builder-workspace/.derivedData/Index.noindex/DataStore -Xcc -D_LIBCPP_HARDENING_MODE\=_LIBCPP_HARDENING_MODE_DEBUG -swift-version 5 -I /Users/admin/builder/spi-builder-workspace/.derivedData/Build/Products/Debug-appletvos -Isystem /Applications/Xcode-27.0.0-Release.Candidate.app/Contents/Developer/Platforms/AppleTVOS.platform/Developer/usr/lib -F /Users/admin/builder/spi-builder-workspace/.derivedData/Build/Products/Debug-appletvos -F /Applications/Xcode-27.0.0-Release.Candidate.app/Contents/Developer/Platforms/AppleTVOS.platform/Developer/Library/Frameworks -F /Applications/Xcode-27.0.0-Release.Candidate.app/Contents/Developer/Platforms/AppleTVOS.platform/Developer/SDKs/AppleTVOS27.0.sdk/Developer/Library/Frameworks -c -j10 -enable-batch-mode -incremental -Xcc -ivfsstatcache -Xcc /Users/admin/builder/spi-builder-workspace/.derivedData/SDKStatCaches.noindex/appletvos27.0-24J360-e829b21a6f8c9b70876ba0858053c044b32bfd8d43560033f8d89884cdb90028.sdkstatcache -output-file-map /Users/admin/builder/spi-builder-workspace/.derivedData/Build/Intermediates.noindex/SDL.build/Debug-appletvos/SDL-t.build/Objects-normal/arm64/SDL-OutputFileMap.json -save-temps -no-color-diagnostics -explicit-module-build -module-cache-path /Users/admin/builder/spi-builder-workspace/.derivedData/Build/Intermediates.noindex/SwiftExplicitPrecompiledModules -clang-scanner-module-cache-path /Users/admin/builder/spi-builder-workspace/.derivedData/ModuleCache.noindex -sdk-module-cache-path /Users/admin/builder/spi-builder-workspace/.derivedData/SDKExplicitPrecompiledModules -emit-dependencies -emit-module -emit-module-path /Users/admin/builder/spi-builder-workspace/.derivedData/Build/Intermediates.noindex/SDL.build/Debug-appletvos/SDL-t.build/Objects-normal/arm64/SDL.swiftmodule -serialize-diagnostics -dependency-scan-serialize-diagnostics-path /Users/admin/builder/spi-builder-workspace/.derivedData/Build/Intermediates.noindex/SDL.build/Debug-appletvos/SDL-t.build/Objects-normal/arm64/SDL-dependency-scan.dia -validate-clang-modules-once -clang-build-session-file /Users/admin/builder/spi-builder-workspace/.derivedData/ModuleCache.noindex/Session.modulevalidation -Xcc -fmodules-prune-interval\=86400 -Xcc -fmodules-prune-after\=345600 -emit-const-values -const-gather-protocols-list /Users/admin/builder/spi-builder-workspace/.derivedData/Build/Intermediates.noindex/SDL.build/Debug-appletvos/SDL-t.build/Objects-normal/arm64/SDL_const_extract_protocols.json -Xcc -I/Users/admin/builder/spi-builder-workspace/.derivedData/Build/Products/Debug-appletvos/include -Xcc -I/Users/admin/builder/spi-builder-workspace/.derivedData/Build/Intermediates.noindex/SDL.build/Debug-appletvos/SDL-t.build/DerivedSources-normal/arm64 -Xcc -I/Users/admin/builder/spi-builder-workspace/.derivedData/Build/Intermediates.noindex/SDL.build/Debug-appletvos/SDL-t.build/DerivedSources/arm64 -Xcc -I/Users/admin/builder/spi-builder-workspace/.derivedData/Build/Intermediates.noindex/SDL.build/Debug-appletvos/SDL-t.build/DerivedSources -Xcc -DSWIFT_PACKAGE -Xcc -DDEBUG\=1 -emit-objc-header -emit-objc-header-path /Users/admin/builder/spi-builder-workspace/.derivedData/Build/Intermediates.noindex/SDL.build/Debug-appletvos/SDL-t.build/Objects-normal/arm64/SDL-Swift.h -working-directory /Users/admin/builder/spi-builder-workspace/.swiftpm/xcode -experimental-emit-module-separately -disable-cmo
SwiftDriver OpenCombine normal arm64 com.apple.xcode.tools.swift.compiler (in target 'OpenCombine' from project 'OpenCombine')
cd /Users/admin/builder/spi-builder-workspace/.swiftpm/xcode
builtin-SwiftDriver -- /Applications/Xcode-27.0.0-Release.Candidate.app/Contents/Developer/Toolchains/XcodeDefault.xctoolchain/usr/bin/swiftc -parse-as-library -module-name OpenCombine -Onone @/Users/admin/builder/spi-builder-workspace/.derivedData/Build/Intermediates.noindex/OpenCombine.build/Debug-appletvos/OpenCombine-t.build/Objects-normal/arm64/OpenCombine.SwiftFileList -DSWIFT_PACKAGE -DDEBUG -DSWIFT_MODULE_RESOURCE_BUNDLE_UNAVAILABLE -Xcc -fmodule-map-file\=/Users/admin/builder/spi-builder-workspace/.dependencies/checkouts/OpenCombine/Sources/COpenCombineHelpers/include/module.modulemap -DXcode -plugin-path /Applications/Xcode-27.0.0-Release.Candidate.app/Contents/Developer/Toolchains/XcodeDefault.xctoolchain/usr/lib/swift/host/plugins/testing -enable-experimental-feature DebugDescriptionMacro -sdk /Applications/Xcode-27.0.0-Release.Candidate.app/Contents/Developer/Platforms/AppleTVOS.platform/Developer/SDKs/AppleTVOS27.0.sdk -target arm64-apple-tvos15.0 -g -module-cache-path /Users/admin/builder/spi-builder-workspace/.derivedData/ModuleCache.noindex -Xfrontend -serialize-debugging-options -enable-testing -suppress-warnings -index-store-path /Users/admin/builder/spi-builder-workspace/.derivedData/Index.noindex/DataStore -Xcc -D_LIBCPP_HARDENING_MODE\=_LIBCPP_HARDENING_MODE_DEBUG -swift-version 5 -I /Users/admin/builder/spi-builder-workspace/.derivedData/Build/Products/Debug-appletvos -Isystem /Applications/Xcode-27.0.0-Release.Candidate.app/Contents/Developer/Platforms/AppleTVOS.platform/Developer/usr/lib -F /Users/admin/builder/spi-builder-workspace/.derivedData/Build/Products/Debug-appletvos/PackageFrameworks -F /Users/admin/builder/spi-builder-workspace/.derivedData/Build/Products/Debug-appletvos -F /Applications/Xcode-27.0.0-Release.Candidate.app/Contents/Developer/Platforms/AppleTVOS.platform/Developer/Library/Frameworks -F /Applications/Xcode-27.0.0-Release.Candidate.app/Contents/Developer/Platforms/AppleTVOS.platform/Developer/SDKs/AppleTVOS27.0.sdk/Developer/Library/Frameworks -c -j10 -enable-batch-mode -incremental -Xcc -ivfsstatcache -Xcc /Users/admin/builder/spi-builder-workspace/.derivedData/SDKStatCaches.noindex/appletvos27.0-24J360-e829b21a6f8c9b70876ba0858053c044b32bfd8d43560033f8d89884cdb90028.sdkstatcache -output-file-map /Users/admin/builder/spi-builder-workspace/.derivedData/Build/Intermediates.noindex/OpenCombine.build/Debug-appletvos/OpenCombine-t.build/Objects-normal/arm64/OpenCombine-OutputFileMap.json -save-temps -no-color-diagnostics -explicit-module-build -module-cache-path /Users/admin/builder/spi-builder-workspace/.derivedData/Build/Intermediates.noindex/SwiftExplicitPrecompiledModules -clang-scanner-module-cache-path /Users/admin/builder/spi-builder-workspace/.derivedData/ModuleCache.noindex -sdk-module-cache-path /Users/admin/builder/spi-builder-workspace/.derivedData/SDKExplicitPrecompiledModules -emit-dependencies -emit-module -emit-module-path /Users/admin/builder/spi-builder-workspace/.derivedData/Build/Intermediates.noindex/OpenCombine.build/Debug-appletvos/OpenCombine-t.build/Objects-normal/arm64/OpenCombine.swiftmodule -serialize-diagnostics -dependency-scan-serialize-diagnostics-path /Users/admin/builder/spi-builder-workspace/.derivedData/Build/Intermediates.noindex/OpenCombine.build/Debug-appletvos/OpenCombine-t.build/Objects-normal/arm64/OpenCombine-dependency-scan.dia -validate-clang-modules-once -clang-build-session-file /Users/admin/builder/spi-builder-workspace/.derivedData/ModuleCache.noindex/Session.modulevalidation -Xcc -fmodules-prune-interval\=86400 -Xcc -fmodules-prune-after\=345600 -emit-const-values -const-gather-protocols-list /Users/admin/builder/spi-builder-workspace/.derivedData/Build/Intermediates.noindex/OpenCombine.build/Debug-appletvos/OpenCombine-t.build/Objects-normal/arm64/OpenCombine_const_extract_protocols.json -Xcc -I/Users/admin/builder/spi-builder-workspace/.dependencies/checkouts/OpenCombine/Sources/COpenCombineHelpers/include -Xcc -I/Users/admin/builder/spi-builder-workspace/.derivedData/Build/Products/Debug-appletvos/include -Xcc -I/Users/admin/builder/spi-builder-workspace/.derivedData/Build/Intermediates.noindex/OpenCombine.build/Debug-appletvos/OpenCombine-t.build/DerivedSources-normal/arm64 -Xcc -I/Users/admin/builder/spi-builder-workspace/.derivedData/Build/Intermediates.noindex/OpenCombine.build/Debug-appletvos/OpenCombine-t.build/DerivedSources/arm64 -Xcc -I/Users/admin/builder/spi-builder-workspace/.derivedData/Build/Intermediates.noindex/OpenCombine.build/Debug-appletvos/OpenCombine-t.build/DerivedSources -Xcc -DSWIFT_PACKAGE -Xcc -DDEBUG\=1 -emit-objc-header -emit-objc-header-path /Users/admin/builder/spi-builder-workspace/.derivedData/Build/Intermediates.noindex/OpenCombine.build/Debug-appletvos/OpenCombine-t.build/Objects-normal/arm64/OpenCombine-Swift.h -working-directory /Users/admin/builder/spi-builder-workspace/.swiftpm/xcode -experimental-emit-module-separately -disable-cmo
SwiftDriver NFD normal arm64 com.apple.xcode.tools.swift.compiler (in target 'NFD' from project 'SwiftNFD')
cd /Users/admin/builder/spi-builder-workspace/.swiftpm/xcode
builtin-SwiftDriver -- /Applications/Xcode-27.0.0-Release.Candidate.app/Contents/Developer/Toolchains/XcodeDefault.xctoolchain/usr/bin/swiftc -parse-as-library -module-name NFD -Onone @/Users/admin/builder/spi-builder-workspace/.derivedData/Build/Intermediates.noindex/SwiftNFD.build/Debug-appletvos/NFD-t.build/Objects-normal/arm64/NFD.SwiftFileList -DSWIFT_PACKAGE -DDEBUG -DSWIFT_MODULE_RESOURCE_BUNDLE_UNAVAILABLE -Xcc -fmodule-map-file\=/Users/admin/builder/spi-builder-workspace/.derivedData/Build/Intermediates.noindex/GeneratedModuleMaps-appletvos/CNFD.modulemap -DXcode -plugin-path /Applications/Xcode-27.0.0-Release.Candidate.app/Contents/Developer/Toolchains/XcodeDefault.xctoolchain/usr/lib/swift/host/plugins/testing -enable-experimental-feature DebugDescriptionMacro -sdk /Applications/Xcode-27.0.0-Release.Candidate.app/Contents/Developer/Platforms/AppleTVOS.platform/Developer/SDKs/AppleTVOS27.0.sdk -target arm64-apple-tvos15.0 -g -module-cache-path /Users/admin/builder/spi-builder-workspace/.derivedData/ModuleCache.noindex -Xfrontend -serialize-debugging-options -enable-testing -suppress-warnings -index-store-path /Users/admin/builder/spi-builder-workspace/.derivedData/Index.noindex/DataStore -Xcc -D_LIBCPP_HARDENING_MODE\=_LIBCPP_HARDENING_MODE_DEBUG -swift-version 5 -I /Users/admin/builder/spi-builder-workspace/.derivedData/Build/Products/Debug-appletvos -Isystem /Applications/Xcode-27.0.0-Release.Candidate.app/Contents/Developer/Platforms/AppleTVOS.platform/Developer/usr/lib -F /Users/admin/builder/spi-builder-workspace/.derivedData/Build/Products/Debug-appletvos/PackageFrameworks -F /Users/admin/builder/spi-builder-workspace/.derivedData/Build/Products/Debug-appletvos -F /Applications/Xcode-27.0.0-Release.Candidate.app/Contents/Developer/Platforms/AppleTVOS.platform/Developer/Library/Frameworks -F /Applications/Xcode-27.0.0-Release.Candidate.app/Contents/Developer/Platforms/AppleTVOS.platform/Developer/SDKs/AppleTVOS27.0.sdk/Developer/Library/Frameworks -c -j10 -enable-batch-mode -incremental -Xcc -ivfsstatcache -Xcc /Users/admin/builder/spi-builder-workspace/.derivedData/SDKStatCaches.noindex/appletvos27.0-24J360-e829b21a6f8c9b70876ba0858053c044b32bfd8d43560033f8d89884cdb90028.sdkstatcache -output-file-map /Users/admin/builder/spi-builder-workspace/.derivedData/Build/Intermediates.noindex/SwiftNFD.build/Debug-appletvos/NFD-t.build/Objects-normal/arm64/NFD-OutputFileMap.json -save-temps -no-color-diagnostics -explicit-module-build -module-cache-path /Users/admin/builder/spi-builder-workspace/.derivedData/Build/Intermediates.noindex/SwiftExplicitPrecompiledModules -clang-scanner-module-cache-path /Users/admin/builder/spi-builder-workspace/.derivedData/ModuleCache.noindex -sdk-module-cache-path /Users/admin/builder/spi-builder-workspace/.derivedData/SDKExplicitPrecompiledModules -emit-dependencies -emit-module -emit-module-path /Users/admin/builder/spi-builder-workspace/.derivedData/Build/Intermediates.noindex/SwiftNFD.build/Debug-appletvos/NFD-t.build/Objects-normal/arm64/NFD.swiftmodule -serialize-diagnostics -dependency-scan-serialize-diagnostics-path /Users/admin/builder/spi-builder-workspace/.derivedData/Build/Intermediates.noindex/SwiftNFD.build/Debug-appletvos/NFD-t.build/Objects-normal/arm64/NFD-dependency-scan.dia -validate-clang-modules-once -clang-build-session-file /Users/admin/builder/spi-builder-workspace/.derivedData/ModuleCache.noindex/Session.modulevalidation -Xcc -fmodules-prune-interval\=86400 -Xcc -fmodules-prune-after\=345600 -emit-const-values -const-gather-protocols-list /Users/admin/builder/spi-builder-workspace/.derivedData/Build/Intermediates.noindex/SwiftNFD.build/Debug-appletvos/NFD-t.build/Objects-normal/arm64/NFD_const_extract_protocols.json -Xcc -I/Users/admin/builder/spi-builder-workspace/.dependencies/checkouts/SwiftNFD/Sources/CNFD/include -Xcc -I/Users/admin/builder/spi-builder-workspace/.derivedData/Build/Products/Debug-appletvos/include -Xcc -I/Users/admin/builder/spi-builder-workspace/.derivedData/Build/Intermediates.noindex/SwiftNFD.build/Debug-appletvos/NFD-t.build/DerivedSources-normal/arm64 -Xcc -I/Users/admin/builder/spi-builder-workspace/.derivedData/Build/Intermediates.noindex/SwiftNFD.build/Debug-appletvos/NFD-t.build/DerivedSources/arm64 -Xcc -I/Users/admin/builder/spi-builder-workspace/.derivedData/Build/Intermediates.noindex/SwiftNFD.build/Debug-appletvos/NFD-t.build/DerivedSources -Xcc -DSWIFT_PACKAGE -Xcc -DDEBUG\=1 -emit-objc-header -emit-objc-header-path /Users/admin/builder/spi-builder-workspace/.derivedData/Build/Intermediates.noindex/SwiftNFD.build/Debug-appletvos/NFD-t.build/Objects-normal/arm64/NFD-Swift.h -working-directory /Users/admin/builder/spi-builder-workspace/.swiftpm/xcode -experimental-emit-module-separately -disable-cmo
SwiftDriver GfxMath normal arm64 com.apple.xcode.tools.swift.compiler (in target 'GfxMath' from project 'GfxMath')
cd /Users/admin/builder/spi-builder-workspace/.swiftpm/xcode
builtin-SwiftDriver -- /Applications/Xcode-27.0.0-Release.Candidate.app/Contents/Developer/Toolchains/XcodeDefault.xctoolchain/usr/bin/swiftc -parse-as-library -module-name GfxMath -Onone @/Users/admin/builder/spi-builder-workspace/.derivedData/Build/Intermediates.noindex/GfxMath.build/Debug-appletvos/GfxMath-t.build/Objects-normal/arm64/GfxMath.SwiftFileList -DSWIFT_PACKAGE -DDEBUG -DSWIFT_MODULE_RESOURCE_BUNDLE_UNAVAILABLE -DXcode -plugin-path /Applications/Xcode-27.0.0-Release.Candidate.app/Contents/Developer/Toolchains/XcodeDefault.xctoolchain/usr/lib/swift/host/plugins/testing -enable-experimental-feature DebugDescriptionMacro -sdk /Applications/Xcode-27.0.0-Release.Candidate.app/Contents/Developer/Platforms/AppleTVOS.platform/Developer/SDKs/AppleTVOS27.0.sdk -target arm64-apple-tvos15.0 -g -module-cache-path /Users/admin/builder/spi-builder-workspace/.derivedData/ModuleCache.noindex -Xfrontend -serialize-debugging-options -enable-testing -suppress-warnings -index-store-path /Users/admin/builder/spi-builder-workspace/.derivedData/Index.noindex/DataStore -Xcc -D_LIBCPP_HARDENING_MODE\=_LIBCPP_HARDENING_MODE_DEBUG -swift-version 5 -I /Users/admin/builder/spi-builder-workspace/.derivedData/Build/Products/Debug-appletvos -Isystem /Applications/Xcode-27.0.0-Release.Candidate.app/Contents/Developer/Platforms/AppleTVOS.platform/Developer/usr/lib -F /Users/admin/builder/spi-builder-workspace/.derivedData/Build/Products/Debug-appletvos -F /Applications/Xcode-27.0.0-Release.Candidate.app/Contents/Developer/Platforms/AppleTVOS.platform/Developer/Library/Frameworks -F /Applications/Xcode-27.0.0-Release.Candidate.app/Contents/Developer/Platforms/AppleTVOS.platform/Developer/SDKs/AppleTVOS27.0.sdk/Developer/Library/Frameworks -c -j10 -enable-batch-mode -incremental -Xcc -ivfsstatcache -Xcc /Users/admin/builder/spi-builder-workspace/.derivedData/SDKStatCaches.noindex/appletvos27.0-24J360-e829b21a6f8c9b70876ba0858053c044b32bfd8d43560033f8d89884cdb90028.sdkstatcache -output-file-map /Users/admin/builder/spi-builder-workspace/.derivedData/Build/Intermediates.noindex/GfxMath.build/Debug-appletvos/GfxMath-t.build/Objects-normal/arm64/GfxMath-OutputFileMap.json -save-temps -no-color-diagnostics -explicit-module-build -module-cache-path /Users/admin/builder/spi-builder-workspace/.derivedData/Build/Intermediates.noindex/SwiftExplicitPrecompiledModules -clang-scanner-module-cache-path /Users/admin/builder/spi-builder-workspace/.derivedData/ModuleCache.noindex -sdk-module-cache-path /Users/admin/builder/spi-builder-workspace/.derivedData/SDKExplicitPrecompiledModules -emit-dependencies -emit-module -emit-module-path /Users/admin/builder/spi-builder-workspace/.derivedData/Build/Intermediates.noindex/GfxMath.build/Debug-appletvos/GfxMath-t.build/Objects-normal/arm64/GfxMath.swiftmodule -serialize-diagnostics -dependency-scan-serialize-diagnostics-path /Users/admin/builder/spi-builder-workspace/.derivedData/Build/Intermediates.noindex/GfxMath.build/Debug-appletvos/GfxMath-t.build/Objects-normal/arm64/GfxMath-dependency-scan.dia -validate-clang-modules-once -clang-build-session-file /Users/admin/builder/spi-builder-workspace/.derivedData/ModuleCache.noindex/Session.modulevalidation -Xcc -fmodules-prune-interval\=86400 -Xcc -fmodules-prune-after\=345600 -emit-const-values -const-gather-protocols-list /Users/admin/builder/spi-builder-workspace/.derivedData/Build/Intermediates.noindex/GfxMath.build/Debug-appletvos/GfxMath-t.build/Objects-normal/arm64/GfxMath_const_extract_protocols.json -Xcc -I/Users/admin/builder/spi-builder-workspace/.derivedData/Build/Products/Debug-appletvos/include -Xcc -I/Users/admin/builder/spi-builder-workspace/.derivedData/Build/Intermediates.noindex/GfxMath.build/Debug-appletvos/GfxMath-t.build/DerivedSources-normal/arm64 -Xcc -I/Users/admin/builder/spi-builder-workspace/.derivedData/Build/Intermediates.noindex/GfxMath.build/Debug-appletvos/GfxMath-t.build/DerivedSources/arm64 -Xcc -I/Users/admin/builder/spi-builder-workspace/.derivedData/Build/Intermediates.noindex/GfxMath.build/Debug-appletvos/GfxMath-t.build/DerivedSources -Xcc -DSWIFT_PACKAGE -Xcc -DDEBUG\=1 -emit-objc-header -emit-objc-header-path /Users/admin/builder/spi-builder-workspace/.derivedData/Build/Intermediates.noindex/GfxMath.build/Debug-appletvos/GfxMath-t.build/Objects-normal/arm64/GfxMath-Swift.h -working-directory /Users/admin/builder/spi-builder-workspace/.swiftpm/xcode -experimental-emit-module-separately -disable-cmo
SwiftDriver GL normal arm64 com.apple.xcode.tools.swift.compiler (in target 'GL' from project 'GL')
cd /Users/admin/builder/spi-builder-workspace/.swiftpm/xcode
builtin-SwiftDriver -- /Applications/Xcode-27.0.0-Release.Candidate.app/Contents/Developer/Toolchains/XcodeDefault.xctoolchain/usr/bin/swiftc -parse-as-library -module-name GL -Onone @/Users/admin/builder/spi-builder-workspace/.derivedData/Build/Intermediates.noindex/GL.build/Debug-appletvos/GL-t.build/Objects-normal/arm64/GL.SwiftFileList -DSWIFT_PACKAGE -DDEBUG -DSWIFT_MODULE_RESOURCE_BUNDLE_UNAVAILABLE -DXcode -plugin-path /Applications/Xcode-27.0.0-Release.Candidate.app/Contents/Developer/Toolchains/XcodeDefault.xctoolchain/usr/lib/swift/host/plugins/testing -enable-experimental-feature DebugDescriptionMacro -sdk /Applications/Xcode-27.0.0-Release.Candidate.app/Contents/Developer/Platforms/AppleTVOS.platform/Developer/SDKs/AppleTVOS27.0.sdk -target arm64-apple-tvos15.0 -g -module-cache-path /Users/admin/builder/spi-builder-workspace/.derivedData/ModuleCache.noindex -Xfrontend -serialize-debugging-options -enable-testing -suppress-warnings -index-store-path /Users/admin/builder/spi-builder-workspace/.derivedData/Index.noindex/DataStore -Xcc -D_LIBCPP_HARDENING_MODE\=_LIBCPP_HARDENING_MODE_DEBUG -swift-version 5 -I /Users/admin/builder/spi-builder-workspace/.derivedData/Build/Products/Debug-appletvos -Isystem /Applications/Xcode-27.0.0-Release.Candidate.app/Contents/Developer/Platforms/AppleTVOS.platform/Developer/usr/lib -F /Users/admin/builder/spi-builder-workspace/.derivedData/Build/Products/Debug-appletvos -F /Applications/Xcode-27.0.0-Release.Candidate.app/Contents/Developer/Platforms/AppleTVOS.platform/Developer/Library/Frameworks -F /Applications/Xcode-27.0.0-Release.Candidate.app/Contents/Developer/Platforms/AppleTVOS.platform/Developer/SDKs/AppleTVOS27.0.sdk/Developer/Library/Frameworks -c -j10 -enable-batch-mode -incremental -Xcc -ivfsstatcache -Xcc /Users/admin/builder/spi-builder-workspace/.derivedData/SDKStatCaches.noindex/appletvos27.0-24J360-e829b21a6f8c9b70876ba0858053c044b32bfd8d43560033f8d89884cdb90028.sdkstatcache -output-file-map /Users/admin/builder/spi-builder-workspace/.derivedData/Build/Intermediates.noindex/GL.build/Debug-appletvos/GL-t.build/Objects-normal/arm64/GL-OutputFileMap.json -save-temps -no-color-diagnostics -explicit-module-build -module-cache-path /Users/admin/builder/spi-builder-workspace/.derivedData/Build/Intermediates.noindex/SwiftExplicitPrecompiledModules -clang-scanner-module-cache-path /Users/admin/builder/spi-builder-workspace/.derivedData/ModuleCache.noindex -sdk-module-cache-path /Users/admin/builder/spi-builder-workspace/.derivedData/SDKExplicitPrecompiledModules -emit-dependencies -emit-module -emit-module-path /Users/admin/builder/spi-builder-workspace/.derivedData/Build/Intermediates.noindex/GL.build/Debug-appletvos/GL-t.build/Objects-normal/arm64/GL.swiftmodule -serialize-diagnostics -dependency-scan-serialize-diagnostics-path /Users/admin/builder/spi-builder-workspace/.derivedData/Build/Intermediates.noindex/GL.build/Debug-appletvos/GL-t.build/Objects-normal/arm64/GL-dependency-scan.dia -validate-clang-modules-once -clang-build-session-file /Users/admin/builder/spi-builder-workspace/.derivedData/ModuleCache.noindex/Session.modulevalidation -Xcc -fmodules-prune-interval\=86400 -Xcc -fmodules-prune-after\=345600 -emit-const-values -const-gather-protocols-list /Users/admin/builder/spi-builder-workspace/.derivedData/Build/Intermediates.noindex/GL.build/Debug-appletvos/GL-t.build/Objects-normal/arm64/GL_const_extract_protocols.json -Xcc -I/Users/admin/builder/spi-builder-workspace/.derivedData/Build/Products/Debug-appletvos/include -Xcc -I/Users/admin/builder/spi-builder-workspace/.derivedData/Build/Intermediates.noindex/GL.build/Debug-appletvos/GL-t.build/DerivedSources-normal/arm64 -Xcc -I/Users/admin/builder/spi-builder-workspace/.derivedData/Build/Intermediates.noindex/GL.build/Debug-appletvos/GL-t.build/DerivedSources/arm64 -Xcc -I/Users/admin/builder/spi-builder-workspace/.derivedData/Build/Intermediates.noindex/GL.build/Debug-appletvos/GL-t.build/DerivedSources -Xcc -DSWIFT_PACKAGE -Xcc -DDEBUG\=1 -emit-objc-header -emit-objc-header-path /Users/admin/builder/spi-builder-workspace/.derivedData/Build/Intermediates.noindex/GL.build/Debug-appletvos/GL-t.build/Objects-normal/arm64/GL-Swift.h -working-directory /Users/admin/builder/spi-builder-workspace/.swiftpm/xcode -experimental-emit-module-separately -disable-cmo
SwiftDriver FirebladeTime normal arm64 com.apple.xcode.tools.swift.compiler (in target 'FirebladeTime' from project 'FirebladeTime')
cd /Users/admin/builder/spi-builder-workspace/.swiftpm/xcode
builtin-SwiftDriver -- /Applications/Xcode-27.0.0-Release.Candidate.app/Contents/Developer/Toolchains/XcodeDefault.xctoolchain/usr/bin/swiftc -parse-as-library -module-name FirebladeTime -Onone @/Users/admin/builder/spi-builder-workspace/.derivedData/Build/Intermediates.noindex/FirebladeTime.build/Debug-appletvos/FirebladeTime-t.build/Objects-normal/arm64/FirebladeTime.SwiftFileList -DSWIFT_PACKAGE -DDEBUG -DSWIFT_MODULE_RESOURCE_BUNDLE_UNAVAILABLE -DFRB_USE_MACH_TIME -DFRB_USE_POSIX_CLOCK -DFRB_USE_POSIX_TOD -DXcode -plugin-path /Applications/Xcode-27.0.0-Release.Candidate.app/Contents/Developer/Toolchains/XcodeDefault.xctoolchain/usr/lib/swift/host/plugins/testing -enable-experimental-feature DebugDescriptionMacro -sdk /Applications/Xcode-27.0.0-Release.Candidate.app/Contents/Developer/Platforms/AppleTVOS.platform/Developer/SDKs/AppleTVOS27.0.sdk -target arm64-apple-tvos15.0 -g -module-cache-path /Users/admin/builder/spi-builder-workspace/.derivedData/ModuleCache.noindex -Xfrontend -serialize-debugging-options -enable-testing -suppress-warnings -index-store-path /Users/admin/builder/spi-builder-workspace/.derivedData/Index.noindex/DataStore -Xcc -D_LIBCPP_HARDENING_MODE\=_LIBCPP_HARDENING_MODE_DEBUG -swift-version 5 -I /Users/admin/builder/spi-builder-workspace/.derivedData/Build/Products/Debug-appletvos -Isystem /Applications/Xcode-27.0.0-Release.Candidate.app/Contents/Developer/Platforms/AppleTVOS.platform/Developer/usr/lib -F /Users/admin/builder/spi-builder-workspace/.derivedData/Build/Products/Debug-appletvos -F /Applications/Xcode-27.0.0-Release.Candidate.app/Contents/Developer/Platforms/AppleTVOS.platform/Developer/Library/Frameworks -F /Applications/Xcode-27.0.0-Release.Candidate.app/Contents/Developer/Platforms/AppleTVOS.platform/Developer/SDKs/AppleTVOS27.0.sdk/Developer/Library/Frameworks -c -j10 -enable-batch-mode -incremental -Xcc -ivfsstatcache -Xcc /Users/admin/builder/spi-builder-workspace/.derivedData/SDKStatCaches.noindex/appletvos27.0-24J360-e829b21a6f8c9b70876ba0858053c044b32bfd8d43560033f8d89884cdb90028.sdkstatcache -output-file-map /Users/admin/builder/spi-builder-workspace/.derivedData/Build/Intermediates.noindex/FirebladeTime.build/Debug-appletvos/FirebladeTime-t.build/Objects-normal/arm64/FirebladeTime-OutputFileMap.json -save-temps -no-color-diagnostics -explicit-module-build -module-cache-path /Users/admin/builder/spi-builder-workspace/.derivedData/Build/Intermediates.noindex/SwiftExplicitPrecompiledModules -clang-scanner-module-cache-path /Users/admin/builder/spi-builder-workspace/.derivedData/ModuleCache.noindex -sdk-module-cache-path /Users/admin/builder/spi-builder-workspace/.derivedData/SDKExplicitPrecompiledModules -emit-dependencies -emit-module -emit-module-path /Users/admin/builder/spi-builder-workspace/.derivedData/Build/Intermediates.noindex/FirebladeTime.build/Debug-appletvos/FirebladeTime-t.build/Objects-normal/arm64/FirebladeTime.swiftmodule -serialize-diagnostics -dependency-scan-serialize-diagnostics-path /Users/admin/builder/spi-builder-workspace/.derivedData/Build/Intermediates.noindex/FirebladeTime.build/Debug-appletvos/FirebladeTime-t.build/Objects-normal/arm64/FirebladeTime-dependency-scan.dia -validate-clang-modules-once -clang-build-session-file /Users/admin/builder/spi-builder-workspace/.derivedData/ModuleCache.noindex/Session.modulevalidation -Xcc -fmodules-prune-interval\=86400 -Xcc -fmodules-prune-after\=345600 -emit-const-values -const-gather-protocols-list /Users/admin/builder/spi-builder-workspace/.derivedData/Build/Intermediates.noindex/FirebladeTime.build/Debug-appletvos/FirebladeTime-t.build/Objects-normal/arm64/FirebladeTime_const_extract_protocols.json -Xcc -I/Users/admin/builder/spi-builder-workspace/.derivedData/Build/Products/Debug-appletvos/include -Xcc -I/Users/admin/builder/spi-builder-workspace/.derivedData/Build/Intermediates.noindex/FirebladeTime.build/Debug-appletvos/FirebladeTime-t.build/DerivedSources-normal/arm64 -Xcc -I/Users/admin/builder/spi-builder-workspace/.derivedData/Build/Intermediates.noindex/FirebladeTime.build/Debug-appletvos/FirebladeTime-t.build/DerivedSources/arm64 -Xcc -I/Users/admin/builder/spi-builder-workspace/.derivedData/Build/Intermediates.noindex/FirebladeTime.build/Debug-appletvos/FirebladeTime-t.build/DerivedSources -Xcc -DSWIFT_PACKAGE -Xcc -DDEBUG\=1 -emit-objc-header -emit-objc-header-path /Users/admin/builder/spi-builder-workspace/.derivedData/Build/Intermediates.noindex/FirebladeTime.build/Debug-appletvos/FirebladeTime-t.build/Objects-normal/arm64/FirebladeTime-Swift.h -working-directory /Users/admin/builder/spi-builder-workspace/.swiftpm/xcode -experimental-emit-module-separately -disable-cmo
SwiftDriver FirebladeMath normal arm64 com.apple.xcode.tools.swift.compiler (in target 'FirebladeMath' from project 'FirebladeMath')
cd /Users/admin/builder/spi-builder-workspace/.swiftpm/xcode
builtin-SwiftDriver -- /Applications/Xcode-27.0.0-Release.Candidate.app/Contents/Developer/Toolchains/XcodeDefault.xctoolchain/usr/bin/swiftc -parse-as-library -module-name FirebladeMath -Onone @/Users/admin/builder/spi-builder-workspace/.derivedData/Build/Intermediates.noindex/FirebladeMath.build/Debug-appletvos/FirebladeMath-t.build/Objects-normal/arm64/FirebladeMath.SwiftFileList -DSWIFT_PACKAGE -DDEBUG -DSWIFT_MODULE_RESOURCE_BUNDLE_UNAVAILABLE -DFRB_MATH_USE_SIMD -DFRB_MATH_DARWIN -DXcode -plugin-path /Applications/Xcode-27.0.0-Release.Candidate.app/Contents/Developer/Toolchains/XcodeDefault.xctoolchain/usr/lib/swift/host/plugins/testing -enable-experimental-feature DebugDescriptionMacro -sdk /Applications/Xcode-27.0.0-Release.Candidate.app/Contents/Developer/Platforms/AppleTVOS.platform/Developer/SDKs/AppleTVOS27.0.sdk -target arm64-apple-tvos15.0 -g -module-cache-path /Users/admin/builder/spi-builder-workspace/.derivedData/ModuleCache.noindex -Xfrontend -serialize-debugging-options -enable-testing -suppress-warnings -index-store-path /Users/admin/builder/spi-builder-workspace/.derivedData/Index.noindex/DataStore -Xcc -D_LIBCPP_HARDENING_MODE\=_LIBCPP_HARDENING_MODE_DEBUG -swift-version 5 -I /Users/admin/builder/spi-builder-workspace/.derivedData/Build/Products/Debug-appletvos -Isystem /Applications/Xcode-27.0.0-Release.Candidate.app/Contents/Developer/Platforms/AppleTVOS.platform/Developer/usr/lib -F /Users/admin/builder/spi-builder-workspace/.derivedData/Build/Products/Debug-appletvos -F /Applications/Xcode-27.0.0-Release.Candidate.app/Contents/Developer/Platforms/AppleTVOS.platform/Developer/Library/Frameworks -F /Applications/Xcode-27.0.0-Release.Candidate.app/Contents/Developer/Platforms/AppleTVOS.platform/Developer/SDKs/AppleTVOS27.0.sdk/Developer/Library/Frameworks -c -j10 -enable-batch-mode -incremental -Xcc -ivfsstatcache -Xcc /Users/admin/builder/spi-builder-workspace/.derivedData/SDKStatCaches.noindex/appletvos27.0-24J360-e829b21a6f8c9b70876ba0858053c044b32bfd8d43560033f8d89884cdb90028.sdkstatcache -output-file-map /Users/admin/builder/spi-builder-workspace/.derivedData/Build/Intermediates.noindex/FirebladeMath.build/Debug-appletvos/FirebladeMath-t.build/Objects-normal/arm64/FirebladeMath-OutputFileMap.json -save-temps -no-color-diagnostics -explicit-module-build -module-cache-path /Users/admin/builder/spi-builder-workspace/.derivedData/Build/Intermediates.noindex/SwiftExplicitPrecompiledModules -clang-scanner-module-cache-path /Users/admin/builder/spi-builder-workspace/.derivedData/ModuleCache.noindex -sdk-module-cache-path /Users/admin/builder/spi-builder-workspace/.derivedData/SDKExplicitPrecompiledModules -emit-dependencies -emit-module -emit-module-path /Users/admin/builder/spi-builder-workspace/.derivedData/Build/Intermediates.noindex/FirebladeMath.build/Debug-appletvos/FirebladeMath-t.build/Objects-normal/arm64/FirebladeMath.swiftmodule -serialize-diagnostics -dependency-scan-serialize-diagnostics-path /Users/admin/builder/spi-builder-workspace/.derivedData/Build/Intermediates.noindex/FirebladeMath.build/Debug-appletvos/FirebladeMath-t.build/Objects-normal/arm64/FirebladeMath-dependency-scan.dia -validate-clang-modules-once -clang-build-session-file /Users/admin/builder/spi-builder-workspace/.derivedData/ModuleCache.noindex/Session.modulevalidation -Xcc -fmodules-prune-interval\=86400 -Xcc -fmodules-prune-after\=345600 -emit-const-values -const-gather-protocols-list /Users/admin/builder/spi-builder-workspace/.derivedData/Build/Intermediates.noindex/FirebladeMath.build/Debug-appletvos/FirebladeMath-t.build/Objects-normal/arm64/FirebladeMath_const_extract_protocols.json -Xcc -I/Users/admin/builder/spi-builder-workspace/.derivedData/Build/Products/Debug-appletvos/include -Xcc -I/Users/admin/builder/spi-builder-workspace/.derivedData/Build/Intermediates.noindex/FirebladeMath.build/Debug-appletvos/FirebladeMath-t.build/DerivedSources-normal/arm64 -Xcc -I/Users/admin/builder/spi-builder-workspace/.derivedData/Build/Intermediates.noindex/FirebladeMath.build/Debug-appletvos/FirebladeMath-t.build/DerivedSources/arm64 -Xcc -I/Users/admin/builder/spi-builder-workspace/.derivedData/Build/Intermediates.noindex/FirebladeMath.build/Debug-appletvos/FirebladeMath-t.build/DerivedSources -Xcc -DSWIFT_PACKAGE -Xcc -DDEBUG\=1 -emit-objc-header -emit-objc-header-path /Users/admin/builder/spi-builder-workspace/.derivedData/Build/Intermediates.noindex/FirebladeMath.build/Debug-appletvos/FirebladeMath-t.build/Objects-normal/arm64/FirebladeMath-Swift.h -working-directory /Users/admin/builder/spi-builder-workspace/.swiftpm/xcode -experimental-emit-module-separately -disable-cmo
SwiftDriver ColorizeSwift normal arm64 com.apple.xcode.tools.swift.compiler (in target 'ColorizeSwift' from project 'ColorizeSwift')
cd /Users/admin/builder/spi-builder-workspace/.swiftpm/xcode
builtin-SwiftDriver -- /Applications/Xcode-27.0.0-Release.Candidate.app/Contents/Developer/Toolchains/XcodeDefault.xctoolchain/usr/bin/swiftc -parse-as-library -module-name ColorizeSwift -Onone @/Users/admin/builder/spi-builder-workspace/.derivedData/Build/Intermediates.noindex/ColorizeSwift.build/Debug-appletvos/ColorizeSwift-t.build/Objects-normal/arm64/ColorizeSwift.SwiftFileList -DSWIFT_PACKAGE -DDEBUG -DSWIFT_MODULE_RESOURCE_BUNDLE_UNAVAILABLE -DXcode -plugin-path /Applications/Xcode-27.0.0-Release.Candidate.app/Contents/Developer/Toolchains/XcodeDefault.xctoolchain/usr/lib/swift/host/plugins/testing -enable-experimental-feature DebugDescriptionMacro -sdk /Applications/Xcode-27.0.0-Release.Candidate.app/Contents/Developer/Platforms/AppleTVOS.platform/Developer/SDKs/AppleTVOS27.0.sdk -target arm64-apple-tvos15.0 -g -module-cache-path /Users/admin/builder/spi-builder-workspace/.derivedData/ModuleCache.noindex -Xfrontend -serialize-debugging-options -enable-testing -suppress-warnings -index-store-path /Users/admin/builder/spi-builder-workspace/.derivedData/Index.noindex/DataStore -Xcc -D_LIBCPP_HARDENING_MODE\=_LIBCPP_HARDENING_MODE_DEBUG -swift-version 4 -I /Users/admin/builder/spi-builder-workspace/.derivedData/Build/Products/Debug-appletvos -Isystem /Applications/Xcode-27.0.0-Release.Candidate.app/Contents/Developer/Platforms/AppleTVOS.platform/Developer/usr/lib -F /Users/admin/builder/spi-builder-workspace/.derivedData/Build/Products/Debug-appletvos -F /Applications/Xcode-27.0.0-Release.Candidate.app/Contents/Developer/Platforms/AppleTVOS.platform/Developer/Library/Frameworks -F /Applications/Xcode-27.0.0-Release.Candidate.app/Contents/Developer/Platforms/AppleTVOS.platform/Developer/SDKs/AppleTVOS27.0.sdk/Developer/Library/Frameworks -c -j10 -enable-batch-mode -incremental -Xcc -ivfsstatcache -Xcc /Users/admin/builder/spi-builder-workspace/.derivedData/SDKStatCaches.noindex/appletvos27.0-24J360-e829b21a6f8c9b70876ba0858053c044b32bfd8d43560033f8d89884cdb90028.sdkstatcache -output-file-map /Users/admin/builder/spi-builder-workspace/.derivedData/Build/Intermediates.noindex/ColorizeSwift.build/Debug-appletvos/ColorizeSwift-t.build/Objects-normal/arm64/ColorizeSwift-OutputFileMap.json -save-temps -no-color-diagnostics -emit-dependencies -emit-module -emit-module-path /Users/admin/builder/spi-builder-workspace/.derivedData/Build/Intermediates.noindex/ColorizeSwift.build/Debug-appletvos/ColorizeSwift-t.build/Objects-normal/arm64/ColorizeSwift.swiftmodule -serialize-diagnostics -validate-clang-modules-once -clang-build-session-file /Users/admin/builder/spi-builder-workspace/.derivedData/ModuleCache.noindex/Session.modulevalidation -Xcc -fmodules-prune-interval\=86400 -Xcc -fmodules-prune-after\=345600 -emit-const-values -const-gather-protocols-list /Users/admin/builder/spi-builder-workspace/.derivedData/Build/Intermediates.noindex/ColorizeSwift.build/Debug-appletvos/ColorizeSwift-t.build/Objects-normal/arm64/ColorizeSwift_const_extract_protocols.json -Xcc -I/Users/admin/builder/spi-builder-workspace/.derivedData/Build/Products/Debug-appletvos/include -Xcc -I/Users/admin/builder/spi-builder-workspace/.derivedData/Build/Intermediates.noindex/ColorizeSwift.build/Debug-appletvos/ColorizeSwift-t.build/DerivedSources-normal/arm64 -Xcc -I/Users/admin/builder/spi-builder-workspace/.derivedData/Build/Intermediates.noindex/ColorizeSwift.build/Debug-appletvos/ColorizeSwift-t.build/DerivedSources/arm64 -Xcc -I/Users/admin/builder/spi-builder-workspace/.derivedData/Build/Intermediates.noindex/ColorizeSwift.build/Debug-appletvos/ColorizeSwift-t.build/DerivedSources -Xcc -DSWIFT_PACKAGE -Xcc -DDEBUG\=1 -emit-objc-header -emit-objc-header-path /Users/admin/builder/spi-builder-workspace/.derivedData/Build/Intermediates.noindex/ColorizeSwift.build/Debug-appletvos/ColorizeSwift-t.build/Objects-normal/arm64/ColorizeSwift-Swift.h -working-directory /Users/admin/builder/spi-builder-workspace/.swiftpm/xcode -experimental-emit-module-separately -disable-cmo
SwiftEmitModule normal arm64 Emitting\ module\ for\ ColorizeSwift (in target 'ColorizeSwift' from project 'ColorizeSwift')
SwiftCompile normal arm64 (in target 'ColorizeSwift' from project 'ColorizeSwift')
cd /Users/admin/builder/spi-builder-workspace/.swiftpm/xcode
SwiftDriver\ Compilation NFD normal arm64 com.apple.xcode.tools.swift.compiler (in target 'NFD' from project 'SwiftNFD')
cd /Users/admin/builder/spi-builder-workspace/.swiftpm/xcode
builtin-Swift-Compilation -- /Applications/Xcode-27.0.0-Release.Candidate.app/Contents/Developer/Toolchains/XcodeDefault.xctoolchain/usr/bin/swiftc -parse-as-library -module-name NFD -Onone @/Users/admin/builder/spi-builder-workspace/.derivedData/Build/Intermediates.noindex/SwiftNFD.build/Debug-appletvos/NFD-t.build/Objects-normal/arm64/NFD.SwiftFileList -DSWIFT_PACKAGE -DDEBUG -DSWIFT_MODULE_RESOURCE_BUNDLE_UNAVAILABLE -Xcc -fmodule-map-file\=/Users/admin/builder/spi-builder-workspace/.derivedData/Build/Intermediates.noindex/GeneratedModuleMaps-appletvos/CNFD.modulemap -DXcode -plugin-path /Applications/Xcode-27.0.0-Release.Candidate.app/Contents/Developer/Toolchains/XcodeDefault.xctoolchain/usr/lib/swift/host/plugins/testing -enable-experimental-feature DebugDescriptionMacro -sdk /Applications/Xcode-27.0.0-Release.Candidate.app/Contents/Developer/Platforms/AppleTVOS.platform/Developer/SDKs/AppleTVOS27.0.sdk -target arm64-apple-tvos15.0 -g -module-cache-path /Users/admin/builder/spi-builder-workspace/.derivedData/ModuleCache.noindex -Xfrontend -serialize-debugging-options -enable-testing -suppress-warnings -index-store-path /Users/admin/builder/spi-builder-workspace/.derivedData/Index.noindex/DataStore -Xcc -D_LIBCPP_HARDENING_MODE\=_LIBCPP_HARDENING_MODE_DEBUG -swift-version 5 -I /Users/admin/builder/spi-builder-workspace/.derivedData/Build/Products/Debug-appletvos -Isystem /Applications/Xcode-27.0.0-Release.Candidate.app/Contents/Developer/Platforms/AppleTVOS.platform/Developer/usr/lib -F /Users/admin/builder/spi-builder-workspace/.derivedData/Build/Products/Debug-appletvos/PackageFrameworks -F /Users/admin/builder/spi-builder-workspace/.derivedData/Build/Products/Debug-appletvos -F /Applications/Xcode-27.0.0-Release.Candidate.app/Contents/Developer/Platforms/AppleTVOS.platform/Developer/Library/Frameworks -F /Applications/Xcode-27.0.0-Release.Candidate.app/Contents/Developer/Platforms/AppleTVOS.platform/Developer/SDKs/AppleTVOS27.0.sdk/Developer/Library/Frameworks -c -j10 -enable-batch-mode -incremental -Xcc -ivfsstatcache -Xcc /Users/admin/builder/spi-builder-workspace/.derivedData/SDKStatCaches.noindex/appletvos27.0-24J360-e829b21a6f8c9b70876ba0858053c044b32bfd8d43560033f8d89884cdb90028.sdkstatcache -output-file-map /Users/admin/builder/spi-builder-workspace/.derivedData/Build/Intermediates.noindex/SwiftNFD.build/Debug-appletvos/NFD-t.build/Objects-normal/arm64/NFD-OutputFileMap.json -save-temps -no-color-diagnostics -explicit-module-build -module-cache-path /Users/admin/builder/spi-builder-workspace/.derivedData/Build/Intermediates.noindex/SwiftExplicitPrecompiledModules -clang-scanner-module-cache-path /Users/admin/builder/spi-builder-workspace/.derivedData/ModuleCache.noindex -sdk-module-cache-path /Users/admin/builder/spi-builder-workspace/.derivedData/SDKExplicitPrecompiledModules -emit-dependencies -emit-module -emit-module-path /Users/admin/builder/spi-builder-workspace/.derivedData/Build/Intermediates.noindex/SwiftNFD.build/Debug-appletvos/NFD-t.build/Objects-normal/arm64/NFD.swiftmodule -serialize-diagnostics -dependency-scan-serialize-diagnostics-path /Users/admin/builder/spi-builder-workspace/.derivedData/Build/Intermediates.noindex/SwiftNFD.build/Debug-appletvos/NFD-t.build/Objects-normal/arm64/NFD-dependency-scan.dia -validate-clang-modules-once -clang-build-session-file /Users/admin/builder/spi-builder-workspace/.derivedData/ModuleCache.noindex/Session.modulevalidation -Xcc -fmodules-prune-interval\=86400 -Xcc -fmodules-prune-after\=345600 -emit-const-values -const-gather-protocols-list /Users/admin/builder/spi-builder-workspace/.derivedData/Build/Intermediates.noindex/SwiftNFD.build/Debug-appletvos/NFD-t.build/Objects-normal/arm64/NFD_const_extract_protocols.json -Xcc -I/Users/admin/builder/spi-builder-workspace/.dependencies/checkouts/SwiftNFD/Sources/CNFD/include -Xcc -I/Users/admin/builder/spi-builder-workspace/.derivedData/Build/Products/Debug-appletvos/include -Xcc -I/Users/admin/builder/spi-builder-workspace/.derivedData/Build/Intermediates.noindex/SwiftNFD.build/Debug-appletvos/NFD-t.build/DerivedSources-normal/arm64 -Xcc -I/Users/admin/builder/spi-builder-workspace/.derivedData/Build/Intermediates.noindex/SwiftNFD.build/Debug-appletvos/NFD-t.build/DerivedSources/arm64 -Xcc -I/Users/admin/builder/spi-builder-workspace/.derivedData/Build/Intermediates.noindex/SwiftNFD.build/Debug-appletvos/NFD-t.build/DerivedSources -Xcc -DSWIFT_PACKAGE -Xcc -DDEBUG\=1 -emit-objc-header -emit-objc-header-path /Users/admin/builder/spi-builder-workspace/.derivedData/Build/Intermediates.noindex/SwiftNFD.build/Debug-appletvos/NFD-t.build/Objects-normal/arm64/NFD-Swift.h -working-directory /Users/admin/builder/spi-builder-workspace/.swiftpm/xcode -experimental-emit-module-separately -disable-cmo
SwiftCompile normal arm64 Compiling\ ColorizeSwift.swift /Users/admin/builder/spi-builder-workspace/.dependencies/checkouts/ColorizeSwift/Sources/ColorizeSwift/ColorizeSwift.swift (in target 'ColorizeSwift' from project 'ColorizeSwift')
SwiftCompile normal arm64 /Users/admin/builder/spi-builder-workspace/.dependencies/checkouts/ColorizeSwift/Sources/ColorizeSwift/ColorizeSwift.swift (in target 'ColorizeSwift' from project 'ColorizeSwift')
cd /Users/admin/builder/spi-builder-workspace/.swiftpm/xcode
builtin-SwiftPerFileCompile ColorizeSwift.swift
SwiftDriver\ Compilation SDL normal arm64 com.apple.xcode.tools.swift.compiler (in target 'SDL' from project 'SDL')
cd /Users/admin/builder/spi-builder-workspace/.swiftpm/xcode
builtin-Swift-Compilation -- /Applications/Xcode-27.0.0-Release.Candidate.app/Contents/Developer/Toolchains/XcodeDefault.xctoolchain/usr/bin/swiftc -parse-as-library -module-name SDL -Onone @/Users/admin/builder/spi-builder-workspace/.derivedData/Build/Intermediates.noindex/SDL.build/Debug-appletvos/SDL-t.build/Objects-normal/arm64/SDL.SwiftFileList -DSWIFT_PACKAGE -DDEBUG -DSWIFT_MODULE_RESOURCE_BUNDLE_UNAVAILABLE -DXcode -plugin-path /Applications/Xcode-27.0.0-Release.Candidate.app/Contents/Developer/Toolchains/XcodeDefault.xctoolchain/usr/lib/swift/host/plugins/testing -enable-experimental-feature DebugDescriptionMacro -sdk /Applications/Xcode-27.0.0-Release.Candidate.app/Contents/Developer/Platforms/AppleTVOS.platform/Developer/SDKs/AppleTVOS27.0.sdk -target arm64-apple-tvos15.0 -g -module-cache-path /Users/admin/builder/spi-builder-workspace/.derivedData/ModuleCache.noindex -Xfrontend -serialize-debugging-options -enable-testing -suppress-warnings -index-store-path /Users/admin/builder/spi-builder-workspace/.derivedData/Index.noindex/DataStore -Xcc -D_LIBCPP_HARDENING_MODE\=_LIBCPP_HARDENING_MODE_DEBUG -swift-version 5 -I /Users/admin/builder/spi-builder-workspace/.derivedData/Build/Products/Debug-appletvos -Isystem /Applications/Xcode-27.0.0-Release.Candidate.app/Contents/Developer/Platforms/AppleTVOS.platform/Developer/usr/lib -F /Users/admin/builder/spi-builder-workspace/.derivedData/Build/Products/Debug-appletvos -F /Applications/Xcode-27.0.0-Release.Candidate.app/Contents/Developer/Platforms/AppleTVOS.platform/Developer/Library/Frameworks -F /Applications/Xcode-27.0.0-Release.Candidate.app/Contents/Developer/Platforms/AppleTVOS.platform/Developer/SDKs/AppleTVOS27.0.sdk/Developer/Library/Frameworks -c -j10 -enable-batch-mode -incremental -Xcc -ivfsstatcache -Xcc /Users/admin/builder/spi-builder-workspace/.derivedData/SDKStatCaches.noindex/appletvos27.0-24J360-e829b21a6f8c9b70876ba0858053c044b32bfd8d43560033f8d89884cdb90028.sdkstatcache -output-file-map /Users/admin/builder/spi-builder-workspace/.derivedData/Build/Intermediates.noindex/SDL.build/Debug-appletvos/SDL-t.build/Objects-normal/arm64/SDL-OutputFileMap.json -save-temps -no-color-diagnostics -explicit-module-build -module-cache-path /Users/admin/builder/spi-builder-workspace/.derivedData/Build/Intermediates.noindex/SwiftExplicitPrecompiledModules -clang-scanner-module-cache-path /Users/admin/builder/spi-builder-workspace/.derivedData/ModuleCache.noindex -sdk-module-cache-path /Users/admin/builder/spi-builder-workspace/.derivedData/SDKExplicitPrecompiledModules -emit-dependencies -emit-module -emit-module-path /Users/admin/builder/spi-builder-workspace/.derivedData/Build/Intermediates.noindex/SDL.build/Debug-appletvos/SDL-t.build/Objects-normal/arm64/SDL.swiftmodule -serialize-diagnostics -dependency-scan-serialize-diagnostics-path /Users/admin/builder/spi-builder-workspace/.derivedData/Build/Intermediates.noindex/SDL.build/Debug-appletvos/SDL-t.build/Objects-normal/arm64/SDL-dependency-scan.dia -validate-clang-modules-once -clang-build-session-file /Users/admin/builder/spi-builder-workspace/.derivedData/ModuleCache.noindex/Session.modulevalidation -Xcc -fmodules-prune-interval\=86400 -Xcc -fmodules-prune-after\=345600 -emit-const-values -const-gather-protocols-list /Users/admin/builder/spi-builder-workspace/.derivedData/Build/Intermediates.noindex/SDL.build/Debug-appletvos/SDL-t.build/Objects-normal/arm64/SDL_const_extract_protocols.json -Xcc -I/Users/admin/builder/spi-builder-workspace/.derivedData/Build/Products/Debug-appletvos/include -Xcc -I/Users/admin/builder/spi-builder-workspace/.derivedData/Build/Intermediates.noindex/SDL.build/Debug-appletvos/SDL-t.build/DerivedSources-normal/arm64 -Xcc -I/Users/admin/builder/spi-builder-workspace/.derivedData/Build/Intermediates.noindex/SDL.build/Debug-appletvos/SDL-t.build/DerivedSources/arm64 -Xcc -I/Users/admin/builder/spi-builder-workspace/.derivedData/Build/Intermediates.noindex/SDL.build/Debug-appletvos/SDL-t.build/DerivedSources -Xcc -DSWIFT_PACKAGE -Xcc -DDEBUG\=1 -emit-objc-header -emit-objc-header-path /Users/admin/builder/spi-builder-workspace/.derivedData/Build/Intermediates.noindex/SDL.build/Debug-appletvos/SDL-t.build/Objects-normal/arm64/SDL-Swift.h -working-directory /Users/admin/builder/spi-builder-workspace/.swiftpm/xcode -experimental-emit-module-separately -disable-cmo
Ld /Users/admin/builder/spi-builder-workspace/.derivedData/Build/Products/Debug-appletvos/SDL.o normal (in target 'SDL' from project 'SDL')
cd /Users/admin/builder/spi-builder-workspace/.dependencies/checkouts/SwiftSDL2
/Applications/Xcode-27.0.0-Release.Candidate.app/Contents/Developer/Toolchains/XcodeDefault.xctoolchain/usr/bin/clang -Xlinker -reproducible -target arm64-apple-tvos15.0 -r -isysroot /Applications/Xcode-27.0.0-Release.Candidate.app/Contents/Developer/Platforms/AppleTVOS.platform/Developer/SDKs/AppleTVOS27.0.sdk -O0 -w -Xlinker -no_warn_duplicate_libraries -F/Users/admin/builder/spi-builder-workspace/.derivedData/Build/Intermediates.noindex/EagerLinkingTBDs/Debug-appletvos -F/Users/admin/builder/spi-builder-workspace/.derivedData/Build/Products/Debug-appletvos -iframework /Applications/Xcode-27.0.0-Release.Candidate.app/Contents/Developer/Platforms/AppleTVOS.platform/Developer/Library/Frameworks -iframework /Applications/Xcode-27.0.0-Release.Candidate.app/Contents/Developer/Platforms/AppleTVOS.platform/Developer/SDKs/AppleTVOS27.0.sdk/Developer/Library/Frameworks -filelist /Users/admin/builder/spi-builder-workspace/.derivedData/Build/Intermediates.noindex/SDL.build/Debug-appletvos/SDL-t.build/Objects-normal/arm64/SDL.LinkFileList -nostdlib -Xlinker -object_path_lto -Xlinker /Users/admin/builder/spi-builder-workspace/.derivedData/Build/Intermediates.noindex/SDL.build/Debug-appletvos/SDL-t.build/Objects-normal/arm64/SDL_lto.o -Xlinker -no_deduplicate -Xlinker -dependency_info -Xlinker /Users/admin/builder/spi-builder-workspace/.derivedData/Build/Intermediates.noindex/SDL.build/Debug-appletvos/SDL-t.build/Objects-normal/arm64/SDL_dependency_info.dat -fobjc-link-runtime -L/Applications/Xcode-27.0.0-Release.Candidate.app/Contents/Developer/Toolchains/XcodeDefault.xctoolchain/usr/lib/swift/appletvos -L/usr/lib/swift -Xlinker -add_ast_path -Xlinker /Users/admin/builder/spi-builder-workspace/.derivedData/Build/Intermediates.noindex/SDL.build/Debug-appletvos/SDL-t.build/Objects-normal/arm64/SDL.swiftmodule -o /Users/admin/builder/spi-builder-workspace/.derivedData/Build/Products/Debug-appletvos/SDL.o
ExtractAppIntentsMetadata (in target 'SDL' from project 'SDL')
cd /Users/admin/builder/spi-builder-workspace/.dependencies/checkouts/SwiftSDL2
/Applications/Xcode-27.0.0-Release.Candidate.app/Contents/Developer/Toolchains/XcodeDefault.xctoolchain/usr/bin/appintentsmetadataprocessor --toolchain-dir /var/run/com.apple.security.cryptexd/mnt/com.apple.MobileAsset.MetalToolchain-v27.1.266.1.VeBJfw/Metal.xctoolchain --module-name SDL --sdk-root /Applications/Xcode-27.0.0-Release.Candidate.app/Contents/Developer/Platforms/AppleTVOS.platform/Developer/SDKs/AppleTVOS27.0.sdk --xcode-version 27A266a --platform-family tvOS --deployment-target 15.0 --bundle-identifier swiftsdl2.SDL --output /Users/admin/builder/spi-builder-workspace/.derivedData/Build/Products/Debug-appletvos/SDL.appintents --target-triple arm64-apple-tvos15.0 --binary-file /Users/admin/builder/spi-builder-workspace/.derivedData/Build/Products/Debug-appletvos/SDL.o --dependency-file /Users/admin/builder/spi-builder-workspace/.derivedData/Build/Intermediates.noindex/SDL.build/Debug-appletvos/SDL-t.build/Objects-normal/arm64/SDL_dependency_info.dat --stringsdata-file /Users/admin/builder/spi-builder-workspace/.derivedData/Build/Intermediates.noindex/SDL.build/Debug-appletvos/SDL-t.build/Objects-normal/arm64/ExtractedAppShortcutsMetadata.stringsdata --source-file-list /Users/admin/builder/spi-builder-workspace/.derivedData/Build/Intermediates.noindex/SDL.build/Debug-appletvos/SDL-t.build/Objects-normal/arm64/SDL.SwiftFileList --metadata-file-list /Users/admin/builder/spi-builder-workspace/.derivedData/Build/Intermediates.noindex/SDL.build/Debug-appletvos/SDL-t.build/SDL.DependencyMetadataFileList --static-metadata-file-list /Users/admin/builder/spi-builder-workspace/.derivedData/Build/Intermediates.noindex/SDL.build/Debug-appletvos/SDL-t.build/SDL.DependencyStaticMetadataFileList --swift-const-vals-list /Users/admin/builder/spi-builder-workspace/.derivedData/Build/Intermediates.noindex/SDL.build/Debug-appletvos/SDL-t.build/Objects-normal/arm64/SDL.SwiftConstValuesFileList --force --compile-time-extraction --deployment-aware-processing --no-app-shortcuts-localization
2026-09-19 05:43:18.238 appintentsmetadataprocessor[1450:7789] Starting appintentsmetadataprocessor export
2026-09-19 05:43:18.399 appintentsmetadataprocessor[1450:7789] Extracted no relevant App Intents symbols, skipping writing output
SwiftDriver OpenCombineDispatch normal arm64 com.apple.xcode.tools.swift.compiler (in target 'OpenCombineDispatch' from project 'OpenCombine')
cd /Users/admin/builder/spi-builder-workspace/.swiftpm/xcode
builtin-SwiftDriver -- /Applications/Xcode-27.0.0-Release.Candidate.app/Contents/Developer/Toolchains/XcodeDefault.xctoolchain/usr/bin/swiftc -parse-as-library -module-name OpenCombineDispatch -Onone @/Users/admin/builder/spi-builder-workspace/.derivedData/Build/Intermediates.noindex/OpenCombine.build/Debug-appletvos/OpenCombineDispatch-t.build/Objects-normal/arm64/OpenCombineDispatch.SwiftFileList -DSWIFT_PACKAGE -DDEBUG -DSWIFT_MODULE_RESOURCE_BUNDLE_UNAVAILABLE -Xcc -fmodule-map-file\=/Users/admin/builder/spi-builder-workspace/.dependencies/checkouts/OpenCombine/Sources/COpenCombineHelpers/include/module.modulemap -DXcode -plugin-path /Applications/Xcode-27.0.0-Release.Candidate.app/Contents/Developer/Toolchains/XcodeDefault.xctoolchain/usr/lib/swift/host/plugins/testing -enable-experimental-feature DebugDescriptionMacro -sdk /Applications/Xcode-27.0.0-Release.Candidate.app/Contents/Developer/Platforms/AppleTVOS.platform/Developer/SDKs/AppleTVOS27.0.sdk -target arm64-apple-tvos15.0 -g -module-cache-path /Users/admin/builder/spi-builder-workspace/.derivedData/ModuleCache.noindex -Xfrontend -serialize-debugging-options -enable-testing -suppress-warnings -index-store-path /Users/admin/builder/spi-builder-workspace/.derivedData/Index.noindex/DataStore -Xcc -D_LIBCPP_HARDENING_MODE\=_LIBCPP_HARDENING_MODE_DEBUG -swift-version 5 -I /Users/admin/builder/spi-builder-workspace/.derivedData/Build/Products/Debug-appletvos -Isystem /Applications/Xcode-27.0.0-Release.Candidate.app/Contents/Developer/Platforms/AppleTVOS.platform/Developer/usr/lib -F /Users/admin/builder/spi-builder-workspace/.derivedData/Build/Products/Debug-appletvos/PackageFrameworks -F /Users/admin/builder/spi-builder-workspace/.derivedData/Build/Products/Debug-appletvos -F /Applications/Xcode-27.0.0-Release.Candidate.app/Contents/Developer/Platforms/AppleTVOS.platform/Developer/Library/Frameworks -F /Applications/Xcode-27.0.0-Release.Candidate.app/Contents/Developer/Platforms/AppleTVOS.platform/Developer/SDKs/AppleTVOS27.0.sdk/Developer/Library/Frameworks -c -j10 -enable-batch-mode -incremental -Xcc -ivfsstatcache -Xcc /Users/admin/builder/spi-builder-workspace/.derivedData/SDKStatCaches.noindex/appletvos27.0-24J360-e829b21a6f8c9b70876ba0858053c044b32bfd8d43560033f8d89884cdb90028.sdkstatcache -output-file-map /Users/admin/builder/spi-builder-workspace/.derivedData/Build/Intermediates.noindex/OpenCombine.build/Debug-appletvos/OpenCombineDispatch-t.build/Objects-normal/arm64/OpenCombineDispatch-OutputFileMap.json -save-temps -no-color-diagnostics -explicit-module-build -module-cache-path /Users/admin/builder/spi-builder-workspace/.derivedData/Build/Intermediates.noindex/SwiftExplicitPrecompiledModules -clang-scanner-module-cache-path /Users/admin/builder/spi-builder-workspace/.derivedData/ModuleCache.noindex -sdk-module-cache-path /Users/admin/builder/spi-builder-workspace/.derivedData/SDKExplicitPrecompiledModules -emit-dependencies -emit-module -emit-module-path /Users/admin/builder/spi-builder-workspace/.derivedData/Build/Intermediates.noindex/OpenCombine.build/Debug-appletvos/OpenCombineDispatch-t.build/Objects-normal/arm64/OpenCombineDispatch.swiftmodule -serialize-diagnostics -dependency-scan-serialize-diagnostics-path /Users/admin/builder/spi-builder-workspace/.derivedData/Build/Intermediates.noindex/OpenCombine.build/Debug-appletvos/OpenCombineDispatch-t.build/Objects-normal/arm64/OpenCombineDispatch-dependency-scan.dia -validate-clang-modules-once -clang-build-session-file /Users/admin/builder/spi-builder-workspace/.derivedData/ModuleCache.noindex/Session.modulevalidation -Xcc -fmodules-prune-interval\=86400 -Xcc -fmodules-prune-after\=345600 -emit-const-values -const-gather-protocols-list /Users/admin/builder/spi-builder-workspace/.derivedData/Build/Intermediates.noindex/OpenCombine.build/Debug-appletvos/OpenCombineDispatch-t.build/Objects-normal/arm64/OpenCombineDispatch_const_extract_protocols.json -Xcc -I/Users/admin/builder/spi-builder-workspace/.dependencies/checkouts/OpenCombine/Sources/COpenCombineHelpers/include -Xcc -I/Users/admin/builder/spi-builder-workspace/.derivedData/Build/Products/Debug-appletvos/include -Xcc -I/Users/admin/builder/spi-builder-workspace/.derivedData/Build/Intermediates.noindex/OpenCombine.build/Debug-appletvos/OpenCombineDispatch-t.build/DerivedSources-normal/arm64 -Xcc -I/Users/admin/builder/spi-builder-workspace/.derivedData/Build/Intermediates.noindex/OpenCombine.build/Debug-appletvos/OpenCombineDispatch-t.build/DerivedSources/arm64 -Xcc -I/Users/admin/builder/spi-builder-workspace/.derivedData/Build/Intermediates.noindex/OpenCombine.build/Debug-appletvos/OpenCombineDispatch-t.build/DerivedSources -Xcc -DSWIFT_PACKAGE -Xcc -DDEBUG\=1 -emit-objc-header -emit-objc-header-path /Users/admin/builder/spi-builder-workspace/.derivedData/Build/Intermediates.noindex/OpenCombine.build/Debug-appletvos/OpenCombineDispatch-t.build/Objects-normal/arm64/OpenCombineDispatch-Swift.h -working-directory /Users/admin/builder/spi-builder-workspace/.swiftpm/xcode -experimental-emit-module-separately -disable-cmo
SwiftCompile normal arm64 Compiling\ Duration.swift /Users/admin/builder/spi-builder-workspace/.dependencies/checkouts/time/Sources/FirebladeTime/Duration.swift (in target 'FirebladeTime' from project 'FirebladeTime')
SwiftCompile normal arm64 /Users/admin/builder/spi-builder-workspace/.dependencies/checkouts/time/Sources/FirebladeTime/Duration.swift (in target 'FirebladeTime' from project 'FirebladeTime')
cd /Users/admin/builder/spi-builder-workspace/.swiftpm/xcode
builtin-SwiftPerFileCompile Duration.swift
SwiftEmitModule normal arm64 Emitting\ module\ for\ FirebladeTime (in target 'FirebladeTime' from project 'FirebladeTime')
SwiftCompile normal arm64 (in target 'FirebladeTime' from project 'FirebladeTime')
cd /Users/admin/builder/spi-builder-workspace/.swiftpm/xcode
SwiftEmitModule normal arm64 Emitting\ module\ for\ GL (in target 'GL' from project 'GL')
SwiftCompile normal arm64 (in target 'GL' from project 'GL')
cd /Users/admin/builder/spi-builder-workspace/.swiftpm/xcode
SwiftExplicitDependencyGeneratePcm arm64 /Users/admin/builder/spi-builder-workspace/.derivedData/SDKExplicitPrecompiledModules/Security-8VMXEKVDA3MHUH9AOTP905DID.pcm
SwiftExplicitDependencyGeneratePcm arm64 /Users/admin/builder/spi-builder-workspace/.derivedData/SDKExplicitPrecompiledModules/CFNetwork-2CUR2VK9S3S3WPFXPNXNUWYGN.pcm
SwiftCompile normal arm64 Compiling\ constants.swift /Users/admin/builder/spi-builder-workspace/.dependencies/checkouts/swift-opengl/sources/opengl/constants.swift (in target 'GL' from project 'GL')
SwiftCompile normal arm64 /Users/admin/builder/spi-builder-workspace/.dependencies/checkouts/swift-opengl/sources/opengl/constants.swift (in target 'GL' from project 'GL')
cd /Users/admin/builder/spi-builder-workspace/.swiftpm/xcode
builtin-SwiftPerFileCompile constants.swift
SwiftCompile normal arm64 Compiling\ loader.swift /Users/admin/builder/spi-builder-workspace/.dependencies/checkouts/swift-opengl/sources/opengl/loader.swift (in target 'GL' from project 'GL')
SwiftCompile normal arm64 /Users/admin/builder/spi-builder-workspace/.dependencies/checkouts/swift-opengl/sources/opengl/loader.swift (in target 'GL' from project 'GL')
cd /Users/admin/builder/spi-builder-workspace/.swiftpm/xcode
builtin-SwiftPerFileCompile loader.swift
SwiftExplicitDependencyGeneratePcm arm64 /Users/admin/builder/spi-builder-workspace/.derivedData/SDKExplicitPrecompiledModules/Foundation-BSSIP64DIGUKMAYJOG1WPQ78X.pcm
SwiftEmitModule normal arm64 Emitting\ module\ for\ OpenCombineDispatch (in target 'OpenCombineDispatch' from project 'OpenCombine')
SwiftCompile normal arm64 (in target 'OpenCombineDispatch' from project 'OpenCombine')
cd /Users/admin/builder/spi-builder-workspace/.swiftpm/xcode
SwiftCompile normal arm64 Compiling\ DispatchQueue+Scheduler.swift /Users/admin/builder/spi-builder-workspace/.dependencies/checkouts/OpenCombine/Sources/OpenCombineDispatch/DispatchQueue+Scheduler.swift (in target 'OpenCombineDispatch' from project 'OpenCombine')
SwiftCompile normal arm64 /Users/admin/builder/spi-builder-workspace/.dependencies/checkouts/OpenCombine/Sources/OpenCombineDispatch/DispatchQueue+Scheduler.swift (in target 'OpenCombineDispatch' from project 'OpenCombine')
cd /Users/admin/builder/spi-builder-workspace/.swiftpm/xcode
builtin-SwiftPerFileCompile DispatchQueue+Scheduler.swift
SwiftEmitModule normal arm64 Emitting\ module\ for\ FirebladeMath (in target 'FirebladeMath' from project 'FirebladeMath')
/Users/admin/builder/spi-builder-workspace/.dependencies/checkouts/math/Sources/FirebladeMath/Functions/abs.swift:6:8: error: no such module 'Darwin.C.math'
4 |
5 | #if FRB_MATH_DARWIN
6 | import Darwin.C.math
| `- error: no such module 'Darwin.C.math'
7 | #endif
8 |
Failed frontend command:
/Applications/Xcode-27.0.0-Release.Candidate.app/Contents/Developer/Toolchains/XcodeDefault.xctoolchain/usr/bin/swift-frontend -frontend -emit-module -experimental-skip-non-inlinable-function-bodies-without-types /Users/admin/builder/spi-builder-workspace/.dependencies/checkouts/math/Sources/FirebladeMath/Constants.swift /Users/admin/builder/spi-builder-workspace/.dependencies/checkouts/math/Sources/FirebladeMath/Functions/abs.swift /Users/admin/builder/spi-builder-workspace/.dependencies/checkouts/math/Sources/FirebladeMath/Functions/acos.swift /Users/admin/builder/spi-builder-workspace/.dependencies/checkouts/math/Sources/FirebladeMath/Functions/acosh.swift /Users/admin/builder/spi-builder-workspace/.dependencies/checkouts/math/Sources/FirebladeMath/Functions/adjugate.swift /Users/admin/builder/spi-builder-workspace/.dependencies/checkouts/math/Sources/FirebladeMath/Functions/angle.swift /Users/admin/builder/spi-builder-workspace/.dependencies/checkouts/math/Sources/FirebladeMath/Functions/asin.swift /Users/admin/builder/spi-builder-workspace/.dependencies/checkouts/math/Sources/FirebladeMath/Functions/asinh.swift /Users/admin/builder/spi-builder-workspace/.dependencies/checkouts/math/Sources/FirebladeMath/Functions/atan.swift /Users/admin/builder/spi-builder-workspace/.dependencies/checkouts/math/Sources/FirebladeMath/Functions/atan2.swift /Users/admin/builder/spi-builder-workspace/.dependencies/checkouts/math/Sources/FirebladeMath/Functions/atanh.swift /Users/admin/builder/spi-builder-workspace/.dependencies/checkouts/math/Sources/FirebladeMath/Functions/axis.swift /Users/admin/builder/spi-builder-workspace/.dependencies/checkouts/math/Sources/FirebladeMath/Functions/ceil.swift /Users/admin/builder/spi-builder-workspace/.dependencies/checkouts/math/Sources/FirebladeMath/Functions/clamp.swift /Users/admin/builder/spi-builder-workspace/.dependencies/checkouts/math/Sources/FirebladeMath/Functions/conjugate.swift /Users/admin/builder/spi-builder-workspace/.dependencies/checkouts/math/Sources/FirebladeMath/Functions/copysign.swift /Users/admin/builder/spi-builder-workspace/.dependencies/checkouts/math/Sources/FirebladeMath/Functions/cos.swift /Users/admin/builder/spi-builder-workspace/.dependencies/checkouts/math/Sources/FirebladeMath/Functions/cosh.swift /Users/admin/builder/spi-builder-workspace/.dependencies/checkouts/math/Sources/FirebladeMath/Functions/cross.swift /Users/admin/builder/spi-builder-workspace/.dependencies/checkouts/math/Sources/FirebladeMath/Functions/degrees.swift /Users/admin/builder/spi-builder-workspace/.dependencies/checkouts/math/Sources/FirebladeMath/Functions/determinant.swift /Users/admin/builder/spi-builder-workspace/.dependencies/checkouts/math/Sources/FirebladeMath/Functions/distance.swift /Users/admin/builder/spi-builder-workspace/.dependencies/checkouts/math/Sources/FirebladeMath/Functions/dot.swift /Users/admin/builder/spi-builder-workspace/.dependencies/checkouts/math/Sources/FirebladeMath/Functions/exp.swift /Users/admin/builder/spi-builder-workspace/.dependencies/checkouts/math/Sources/FirebladeMath/Functions/exp2.swift /Users/admin/builder/spi-builder-workspace/.dependencies/checkouts/math/Sources/FirebladeMath/Functions/faceforward.swift /Users/admin/builder/spi-builder-workspace/.dependencies/checkouts/math/Sources/FirebladeMath/Functions/floor.swift /Users/admin/builder/spi-builder-workspace/.dependencies/checkouts/math/Sources/FirebladeMath/Functions/fract.swift /Users/admin/builder/spi-builder-workspace/.dependencies/checkouts/math/Sources/FirebladeMath/Functions/hypot.swift /Users/admin/builder/spi-builder-workspace/.dependencies/checkouts/math/Sources/FirebladeMath/Functions/inverse.swift /Users/admin/builder/spi-builder-workspace/.dependencies/checkouts/math/Sources/FirebladeMath/Functions/isInfinite.swift /Users/admin/builder/spi-builder-workspace/.dependencies/checkouts/math/Sources/FirebladeMath/Functions/isNegativeInfinity.swift /Users/admin/builder/spi-builder-workspace/.dependencies/checkouts/math/Sources/FirebladeMath/Functions/isNegativeZero.swift /Users/admin/builder/spi-builder-workspace/.dependencies/checkouts/math/Sources/FirebladeMath/Functions/isPositiveInfinity.swift /Users/admin/builder/spi-builder-workspace/.dependencies/checkouts/math/Sources/FirebladeMath/Functions/isPositiveZero.swift /Users/admin/builder/spi-builder-workspace/.dependencies/checkouts/math/Sources/FirebladeMath/Functions/length.swift /Users/admin/builder/spi-builder-workspace/.dependencies/checkouts/math/Sources/FirebladeMath/Functions/lerp+mix.swift /Users/admin/builder/spi-builder-workspace/.dependencies/checkouts/math/Sources/FirebladeMath/Functions/log.swift /Users/admin/builder/spi-builder-workspace/.dependencies/checkouts/math/Sources/FirebladeMath/Functions/log10.swift /Users/admin/builder/spi-builder-workspace/.dependencies/checkouts/math/Sources/FirebladeMath/Functions/log2.swift /Users/admin/builder/spi-builder-workspace/.dependencies/checkouts/math/Sources/FirebladeMath/Functions/matrix.swift /Users/admin/builder/spi-builder-workspace/.dependencies/checkouts/math/Sources/FirebladeMath/Functions/max.swift /Users/admin/builder/spi-builder-workspace/.dependencies/checkouts/math/Sources/FirebladeMath/Functions/min.swift /Users/admin/builder/spi-builder-workspace/.dependencies/checkouts/math/Sources/FirebladeMath/Functions/mod.swift /Users/admin/builder/spi-builder-workspace/.dependencies/checkouts/math/Sources/FirebladeMath/Functions/normalize.swift /Users/admin/builder/spi-builder-workspace/.dependencies/checkouts/math/Sources/FirebladeMath/Functions/pow.swift /Users/admin/builder/spi-builder-workspace/.dependencies/checkouts/math/Sources/FirebladeMath/Functions/pow2.swift /Users/admin/builder/spi-builder-workspace/.dependencies/checkouts/math/Sources/FirebladeMath/Functions/quaternion.swift /Users/admin/builder/spi-builder-workspace/.dependencies/checkouts/math/Sources/FirebladeMath/Functions/radians.swift /Users/admin/builder/spi-builder-workspace/.dependencies/checkouts/math/Sources/FirebladeMath/Functions/reflect.swift /Users/admin/builder/spi-builder-workspace/.dependencies/checkouts/math/Sources/FirebladeMath/Functions/refract.swift /Users/admin/builder/spi-builder-workspace/.dependencies/checkouts/math/Sources/FirebladeMath/Functions/remap.swift /Users/admin/builder/spi-builder-workspace/.dependencies/checkouts/math/Sources/FirebladeMath/Functions/rotate.swift /Users/admin/builder/spi-builder-workspace/.dependencies/checkouts/math/Sources/FirebladeMath/Functions/rsqrt.swift /Users/admin/builder/spi-builder-workspace/.dependencies/checkouts/math/Sources/FirebladeMath/Functions/saturate.swift /Users/admin/builder/spi-builder-workspace/.dependencies/checkouts/math/Sources/FirebladeMath/Functions/sign.swift /Users/admin/builder/spi-builder-workspace/.dependencies/checkouts/math/Sources/FirebladeMath/Functions/sin.swift /Users/admin/builder/spi-builder-workspace/.dependencies/checkouts/math/Sources/FirebladeMath/Functions/sinh.swift /Users/admin/builder/spi-builder-workspace/.dependencies/checkouts/math/Sources/FirebladeMath/Functions/smoothstep.swift /Users/admin/builder/spi-builder-workspace/.dependencies/checkouts/math/Sources/FirebladeMath/Functions/sqrt.swift /Users/admin/builder/spi-builder-workspace/.dependencies/checkouts/math/Sources/FirebladeMath/Functions/step.swift /Users/admin/builder/spi-builder-workspace/.dependencies/checkouts/math/Sources/FirebladeMath/Functions/tan.swift /Users/admin/builder/spi-builder-workspace/.dependencies/checkouts/math/Sources/FirebladeMath/Functions/tanh.swift /Users/admin/builder/spi-builder-workspace/.dependencies/checkouts/math/Sources/FirebladeMath/Functions/transpose.swift /Users/admin/builder/spi-builder-workspace/.dependencies/checkouts/math/Sources/FirebladeMath/Matrix/Mat3x3f.swift /Users/admin/builder/spi-builder-workspace/.dependencies/checkouts/math/Sources/FirebladeMath/Matrix/Mat4x4f.swift /Users/admin/builder/spi-builder-workspace/.dependencies/checkouts/math/Sources/FirebladeMath/Matrix/Matrices.swift /Users/admin/builder/spi-builder-workspace/.dependencies/checkouts/math/Sources/FirebladeMath/Matrix/Matrix+Identity.swift /Users/admin/builder/spi-builder-workspace/.dependencies/checkouts/math/Sources/FirebladeMath/Matrix/Matrix+Multiplication.swift /Users/admin/builder/spi-builder-workspace/.dependencies/checkouts/math/Sources/FirebladeMath/Matrix/Matrix+Operators.swift /Users/admin/builder/spi-builder-workspace/.dependencies/checkouts/math/Sources/FirebladeMath/Matrix/Matrix+Quaternion.swift /Users/admin/builder/spi-builder-workspace/.dependencies/checkouts/math/Sources/FirebladeMath/Matrix/Matrix2x2.swift /Users/admin/builder/spi-builder-workspace/.dependencies/checkouts/math/Sources/FirebladeMath/Matrix/Matrix3x3.swift /Users/admin/builder/spi-builder-workspace/.dependencies/checkouts/math/Sources/FirebladeMath/Matrix/Matrix4x4+Projections.swift /Users/admin/builder/spi-builder-workspace/.dependencies/checkouts/math/Sources/FirebladeMath/Matrix/Matrix4x4.swift /Users/admin/builder/spi-builder-workspace/.dependencies/checkouts/math/Sources/FirebladeMath/Matrix/MatrixStorage+NO_SIMD.swift /Users/admin/builder/spi-builder-workspace/.dependencies/checkouts/math/Sources/FirebladeMath/Matrix/MatrixStorage+SIMD.swift /Users/admin/builder/spi-builder-workspace/.dependencies/checkouts/math/Sources/FirebladeMath/Matrix/MatrixStorage.swift /Users/admin/builder/spi-builder-workspace/.dependencies/checkouts/math/Sources/FirebladeMath/Point.swift /Users/admin/builder/spi-builder-workspace/.dependencies/checkouts/math/Sources/FirebladeMath/Quat/Quat.swift /Users/admin/builder/spi-builder-workspace/.dependencies/checkouts/math/Sources/FirebladeMath/Quat/Quat4d.swift /Users/admin/builder/spi-builder-workspace/.dependencies/checkouts/math/Sources/FirebladeMath/Quat/Quat4f+Euler.swift /Users/admin/builder/spi-builder-workspace/.dependencies/checkouts/math/Sources/FirebladeMath/Quat/Quat4f.swift /Users/admin/builder/spi-builder-workspace/.dependencies/checkouts/math/Sources/FirebladeMath/Quat/Quaternion+Identity.swift /Users/admin/builder/spi-builder-workspace/.dependencies/checkouts/math/Sources/FirebladeMath/Quat/Quaternion+Multiplication.swift /Users/admin/builder/spi-builder-workspace/.dependencies/checkouts/math/Sources/FirebladeMath/Quat/Quaternion+Operators.swift /Users/admin/builder/spi-builder-workspace/.dependencies/checkouts/math/Sources/FirebladeMath/Quat/QuaternionStorage+NO_SIMD.swift /Users/admin/builder/spi-builder-workspace/.dependencies/checkouts/math/Sources/FirebladeMath/Quat/QuaternionStorage+SIMD.swift /Users/admin/builder/spi-builder-workspace/.dependencies/checkouts/math/Sources/FirebladeMath/Quat/QuaternionStorage.swift /Users/admin/builder/spi-builder-workspace/.dependencies/checkouts/math/Sources/FirebladeMath/Quat/Quaternions.swift /Users/admin/builder/spi-builder-workspace/.dependencies/checkouts/math/Sources/FirebladeMath/Rect.swift /Users/admin/builder/spi-builder-workspace/.dependencies/checkouts/math/Sources/FirebladeMath/Size.swift /Users/admin/builder/spi-builder-workspace/.dependencies/checkouts/math/Sources/FirebladeMath/StorageScalar.swift /Users/admin/builder/spi-builder-workspace/.dependencies/checkouts/math/Sources/FirebladeMath/Vector/SIMD+Extensions.swift /Users/admin/builder/spi-builder-workspace/.dependencies/checkouts/math/Sources/FirebladeMath/Vector/SIMD2+Extensions.swift /Users/admin/builder/spi-builder-workspace/.dependencies/checkouts/math/Sources/FirebladeMath/Vector/SIMD3+Extensions.swift /Users/admin/builder/spi-builder-workspace/.dependencies/checkouts/math/Sources/FirebladeMath/Vector/SIMD4+Extensions.swift /Users/admin/builder/spi-builder-workspace/.dependencies/checkouts/math/Sources/FirebladeMath/Vector/Vec3+Axes.swift /Users/admin/builder/spi-builder-workspace/.dependencies/checkouts/math/Sources/FirebladeMath/Vector/Vectors.swift -target arm64-apple-tvos15.0 -disable-cross-import-overlay-search -swift-module-cross-import Darwin /Applications/Xcode-27.0.0-Release.Candidate.app/Contents/Developer/Platforms/AppleTVOS.platform/Developer/SDKs/AppleTVOS.sdk/usr/include/Darwin.swiftcrossimport/xlocale.swiftoverlay -load-resolved-plugin /Applications/Xcode-27.0.0-Release.Candidate.app/Contents/Developer/Platforms/AppleTVOS.platform/Developer/usr/lib/swift/host/plugins/libSwiftMacros.dylib\#/Applications/Xcode-27.0.0-Release.Candidate.app/Contents/Developer/Platforms/AppleTVOS.platform/Developer/usr/bin/swift-plugin-server\#SwiftMacros -disable-implicit-swift-modules -Xcc -fno-implicit-modules -Xcc -fno-implicit-module-maps -explicit-swift-module-map-file /Users/admin/builder/spi-builder-workspace/.derivedData/Build/Intermediates.noindex/FirebladeMath.build/Debug-appletvos/FirebladeMath-t.build/Objects-normal/arm64/FirebladeMath-dependencies-1.json -Xllvm -aarch64-use-tbi -enable-objc-interop -stack-check -sdk /Applications/Xcode-27.0.0-Release.Candidate.app/Contents/Developer/Platforms/AppleTVOS.platform/Developer/SDKs/AppleTVOS27.0.sdk -I /Users/admin/builder/spi-builder-workspace/.derivedData/Build/Products/Debug-appletvos -Isystem /Applications/Xcode-27.0.0-Release.Candidate.app/Contents/Developer/Platforms/AppleTVOS.platform/Developer/usr/lib -F /Users/admin/builder/spi-builder-workspace/.derivedData/Build/Products/Debug-appletvos -F /Applications/Xcode-27.0.0-Release.Candidate.app/Contents/Developer/Platforms/AppleTVOS.platform/Developer/Library/Frameworks -F /Applications/Xcode-27.0.0-Release.Candidate.app/Contents/Developer/Platforms/AppleTVOS.platform/Developer/SDKs/AppleTVOS27.0.sdk/Developer/Library/Frameworks -module-cache-path /Users/admin/builder/spi-builder-workspace/.derivedData/Build/Intermediates.noindex/SwiftExplicitPrecompiledModules -no-color-diagnostics -Xcc -fno-color-diagnostics -enable-testing -g -debug-info-format\=dwarf -dwarf-version\=4 -suppress-warnings -swift-version 5 -Onone -D SWIFT_PACKAGE -D DEBUG -D SWIFT_MODULE_RESOURCE_BUNDLE_UNAVAILABLE -D FRB_MATH_USE_SIMD -D FRB_MATH_DARWIN -D Xcode -serialize-debugging-options -enable-experimental-feature DebugDescriptionMacro -empty-abi-descriptor -validate-clang-modules-once -clang-build-session-file /Users/admin/builder/spi-builder-workspace/.derivedData/ModuleCache.noindex/Session.modulevalidation -Xcc -working-directory -Xcc /Users/admin/builder/spi-builder-workspace/.swiftpm/xcode -enable-anonymous-context-mangled-names -file-compilation-dir /Users/admin/builder/spi-builder-workspace/.swiftpm/xcode -Xcc -D_LIBCPP_HARDENING_MODE\=_LIBCPP_HARDENING_MODE_DEBUG -Xcc -ivfsstatcache -Xcc /Users/admin/builder/spi-builder-workspace/.derivedData/SDKStatCaches.noindex/appletvos27.0-24J360-e829b21a6f8c9b70876ba0858053c044b32bfd8d43560033f8d89884cdb90028.sdkstatcache -Xcc -fmodules-prune-interval\=86400 -Xcc -fmodules-prune-after\=345600 -Xcc -I/Users/admin/builder/spi-builder-workspace/.derivedData/Build/Products/Debug-appletvos/include -Xcc -I/Users/admin/builder/spi-builder-workspace/.derivedData/Build/Intermediates.noindex/FirebladeMath.build/Debug-appletvos/FirebladeMath-t.build/DerivedSources-normal/arm64 -Xcc -I/Users/admin/builder/spi-builder-workspace/.derivedData/Build/Intermediates.noindex/FirebladeMath.build/Debug-appletvos/FirebladeMath-t.build/DerivedSources/arm64 -Xcc -I/Users/admin/builder/spi-builder-workspace/.derivedData/Build/Intermediates.noindex/FirebladeMath.build/Debug-appletvos/FirebladeMath-t.build/DerivedSources -Xcc -DSWIFT_PACKAGE -Xcc -DDEBUG\=1 -no-auto-bridging-header-chaining -module-name FirebladeMath -const-gather-protocols-file /Users/admin/builder/spi-builder-workspace/.derivedData/Build/Intermediates.noindex/FirebladeMath.build/Debug-appletvos/FirebladeMath-t.build/Objects-normal/arm64/FirebladeMath_const_extract_protocols.json -disable-clang-spi -clang-target arm64-apple-tvos27.0 -target-sdk-version 27.0 -target-sdk-name appletvos27.0 -in-process-plugin-server-path /Applications/Xcode-27.0.0-Release.Candidate.app/Contents/Developer/Toolchains/XcodeDefault.xctoolchain/usr/lib/swift/host/libSwiftInProcPluginServer.dylib -emit-module-doc-path /Users/admin/builder/spi-builder-workspace/.derivedData/Build/Intermediates.noindex/FirebladeMath.build/Debug-appletvos/FirebladeMath-t.build/Objects-normal/arm64/FirebladeMath.swiftdoc -emit-module-source-info-path /Users/admin/builder/spi-builder-workspace/.derivedData/Build/Intermediates.noindex/FirebladeMath.build/Debug-appletvos/FirebladeMath-t.build/Objects-normal/arm64/FirebladeMath.swiftsourceinfo -emit-objc-header-path /Users/admin/builder/spi-builder-workspace/.derivedData/Build/Intermediates.noindex/FirebladeMath.build/Debug-appletvos/FirebladeMath-t.build/Objects-normal/arm64/FirebladeMath-Swift.h -serialize-diagnostics-path /Users/admin/builder/spi-builder-workspace/.derivedData/Build/Intermediates.noindex/FirebladeMath.build/Debug-appletvos/FirebladeMath-t.build/Objects-normal/arm64/FirebladeMath-primary-emit-module.dia -emit-dependencies-path /Users/admin/builder/spi-builder-workspace/.derivedData/Build/Intermediates.noindex/FirebladeMath.build/Debug-appletvos/FirebladeMath-t.build/Objects-normal/arm64/FirebladeMath-primary-emit-module.d -parse-as-library -o /Users/admin/builder/spi-builder-workspace/.derivedData/Build/Intermediates.noindex/FirebladeMath.build/Debug-appletvos/FirebladeMath-t.build/Objects-normal/arm64/FirebladeMath.swiftmodule -emit-abi-descriptor-path /Users/admin/builder/spi-builder-workspace/.derivedData/Build/Intermediates.noindex/FirebladeMath.build/Debug-appletvos/FirebladeMath-t.build/Objects-normal/arm64/FirebladeMath.abi.json
SwiftCompile normal arm64 (in target 'FirebladeMath' from project 'FirebladeMath')
cd /Users/admin/builder/spi-builder-workspace/.swiftpm/xcode
SwiftEmitModule normal arm64 Emitting\ module\ for\ OpenCombine (in target 'OpenCombine' from project 'OpenCombine')
SwiftCompile normal arm64 (in target 'OpenCombine' from project 'OpenCombine')
cd /Users/admin/builder/spi-builder-workspace/.swiftpm/xcode
SwiftDriverJobDiscovery normal arm64 Compiling Duration.swift (in target 'FirebladeTime' from project 'FirebladeTime')
SwiftCompile normal arm64 Compiling\ AnyCancellable.swift,\ AnyPublisher.swift,\ AnySubscriber.swift,\ Cancellable.swift,\ Codable.swift,\ CombineIdentifier.swift,\ ConcurrencyHelpers.swift,\ Future+Concurrency.swift,\ GENERATED-Publisher+Concurrency.swift /Users/admin/builder/spi-builder-workspace/.dependencies/checkouts/OpenCombine/Sources/OpenCombine/AnyCancellable.swift /Users/admin/builder/spi-builder-workspace/.dependencies/checkouts/OpenCombine/Sources/OpenCombine/AnyPublisher.swift /Users/admin/builder/spi-builder-workspace/.dependencies/checkouts/OpenCombine/Sources/OpenCombine/AnySubscriber.swift /Users/admin/builder/spi-builder-workspace/.dependencies/checkouts/OpenCombine/Sources/OpenCombine/Cancellable.swift /Users/admin/builder/spi-builder-workspace/.dependencies/checkouts/OpenCombine/Sources/OpenCombine/Codable.swift /Users/admin/builder/spi-builder-workspace/.dependencies/checkouts/OpenCombine/Sources/OpenCombine/CombineIdentifier.swift /Users/admin/builder/spi-builder-workspace/.dependencies/checkouts/OpenCombine/Sources/OpenCombine/Concurrency/ConcurrencyHelpers.swift /Users/admin/builder/spi-builder-workspace/.dependencies/checkouts/OpenCombine/Sources/OpenCombine/Concurrency/Future+Concurrency.swift /Users/admin/builder/spi-builder-workspace/.dependencies/checkouts/OpenCombine/Sources/OpenCombine/Concurrency/GENERATED-Publisher+Concurrency.swift (in target 'OpenCombine' from project 'OpenCombine')
SwiftCompile normal arm64 /Users/admin/builder/spi-builder-workspace/.dependencies/checkouts/OpenCombine/Sources/OpenCombine/AnyCancellable.swift (in target 'OpenCombine' from project 'OpenCombine')
cd /Users/admin/builder/spi-builder-workspace/.swiftpm/xcode
builtin-SwiftPerFileCompile AnyCancellable.swift
SwiftCompile normal arm64 /Users/admin/builder/spi-builder-workspace/.dependencies/checkouts/OpenCombine/Sources/OpenCombine/AnyPublisher.swift (in target 'OpenCombine' from project 'OpenCombine')
cd /Users/admin/builder/spi-builder-workspace/.swiftpm/xcode
builtin-SwiftPerFileCompile AnyPublisher.swift
SwiftCompile normal arm64 /Users/admin/builder/spi-builder-workspace/.dependencies/checkouts/OpenCombine/Sources/OpenCombine/AnySubscriber.swift (in target 'OpenCombine' from project 'OpenCombine')
cd /Users/admin/builder/spi-builder-workspace/.swiftpm/xcode
builtin-SwiftPerFileCompile AnySubscriber.swift
SwiftCompile normal arm64 /Users/admin/builder/spi-builder-workspace/.dependencies/checkouts/OpenCombine/Sources/OpenCombine/Cancellable.swift (in target 'OpenCombine' from project 'OpenCombine')
cd /Users/admin/builder/spi-builder-workspace/.swiftpm/xcode
builtin-SwiftPerFileCompile Cancellable.swift
SwiftCompile normal arm64 /Users/admin/builder/spi-builder-workspace/.dependencies/checkouts/OpenCombine/Sources/OpenCombine/Codable.swift (in target 'OpenCombine' from project 'OpenCombine')
cd /Users/admin/builder/spi-builder-workspace/.swiftpm/xcode
builtin-SwiftPerFileCompile Codable.swift
SwiftCompile normal arm64 /Users/admin/builder/spi-builder-workspace/.dependencies/checkouts/OpenCombine/Sources/OpenCombine/CombineIdentifier.swift (in target 'OpenCombine' from project 'OpenCombine')
cd /Users/admin/builder/spi-builder-workspace/.swiftpm/xcode
builtin-SwiftPerFileCompile CombineIdentifier.swift
SwiftCompile normal arm64 /Users/admin/builder/spi-builder-workspace/.dependencies/checkouts/OpenCombine/Sources/OpenCombine/Concurrency/ConcurrencyHelpers.swift (in target 'OpenCombine' from project 'OpenCombine')
cd /Users/admin/builder/spi-builder-workspace/.swiftpm/xcode
builtin-SwiftPerFileCompile ConcurrencyHelpers.swift
SwiftCompile normal arm64 /Users/admin/builder/spi-builder-workspace/.dependencies/checkouts/OpenCombine/Sources/OpenCombine/Concurrency/Future+Concurrency.swift (in target 'OpenCombine' from project 'OpenCombine')
cd /Users/admin/builder/spi-builder-workspace/.swiftpm/xcode
builtin-SwiftPerFileCompile Future+Concurrency.swift
SwiftCompile normal arm64 /Users/admin/builder/spi-builder-workspace/.dependencies/checkouts/OpenCombine/Sources/OpenCombine/Concurrency/GENERATED-Publisher+Concurrency.swift (in target 'OpenCombine' from project 'OpenCombine')
cd /Users/admin/builder/spi-builder-workspace/.swiftpm/xcode
builtin-SwiftPerFileCompile GENERATED-Publisher+Concurrency.swift
SwiftExplicitDependencyGeneratePcm arm64 /Users/admin/builder/spi-builder-workspace/.derivedData/SDKExplicitPrecompiledModules/CoreGraphics-CWSP3J98S2658BYCVL6RP99T3.pcm
SwiftDriverJobDiscovery normal arm64 Emitting module for OpenCombineDispatch (in target 'OpenCombineDispatch' from project 'OpenCombine')
SwiftDriver\ Compilation\ Requirements OpenCombineDispatch normal arm64 com.apple.xcode.tools.swift.compiler (in target 'OpenCombineDispatch' from project 'OpenCombine')
cd /Users/admin/builder/spi-builder-workspace/.swiftpm/xcode
builtin-Swift-Compilation-Requirements -- /Applications/Xcode-27.0.0-Release.Candidate.app/Contents/Developer/Toolchains/XcodeDefault.xctoolchain/usr/bin/swiftc -parse-as-library -module-name OpenCombineDispatch -Onone @/Users/admin/builder/spi-builder-workspace/.derivedData/Build/Intermediates.noindex/OpenCombine.build/Debug-appletvos/OpenCombineDispatch-t.build/Objects-normal/arm64/OpenCombineDispatch.SwiftFileList -DSWIFT_PACKAGE -DDEBUG -DSWIFT_MODULE_RESOURCE_BUNDLE_UNAVAILABLE -Xcc -fmodule-map-file\=/Users/admin/builder/spi-builder-workspace/.dependencies/checkouts/OpenCombine/Sources/COpenCombineHelpers/include/module.modulemap -DXcode -plugin-path /Applications/Xcode-27.0.0-Release.Candidate.app/Contents/Developer/Toolchains/XcodeDefault.xctoolchain/usr/lib/swift/host/plugins/testing -enable-experimental-feature DebugDescriptionMacro -sdk /Applications/Xcode-27.0.0-Release.Candidate.app/Contents/Developer/Platforms/AppleTVOS.platform/Developer/SDKs/AppleTVOS27.0.sdk -target arm64-apple-tvos15.0 -g -module-cache-path /Users/admin/builder/spi-builder-workspace/.derivedData/ModuleCache.noindex -Xfrontend -serialize-debugging-options -enable-testing -suppress-warnings -index-store-path /Users/admin/builder/spi-builder-workspace/.derivedData/Index.noindex/DataStore -Xcc -D_LIBCPP_HARDENING_MODE\=_LIBCPP_HARDENING_MODE_DEBUG -swift-version 5 -I /Users/admin/builder/spi-builder-workspace/.derivedData/Build/Products/Debug-appletvos -Isystem /Applications/Xcode-27.0.0-Release.Candidate.app/Contents/Developer/Platforms/AppleTVOS.platform/Developer/usr/lib -F /Users/admin/builder/spi-builder-workspace/.derivedData/Build/Products/Debug-appletvos/PackageFrameworks -F /Users/admin/builder/spi-builder-workspace/.derivedData/Build/Products/Debug-appletvos -F /Applications/Xcode-27.0.0-Release.Candidate.app/Contents/Developer/Platforms/AppleTVOS.platform/Developer/Library/Frameworks -F /Applications/Xcode-27.0.0-Release.Candidate.app/Contents/Developer/Platforms/AppleTVOS.platform/Developer/SDKs/AppleTVOS27.0.sdk/Developer/Library/Frameworks -c -j10 -enable-batch-mode -incremental -Xcc -ivfsstatcache -Xcc /Users/admin/builder/spi-builder-workspace/.derivedData/SDKStatCaches.noindex/appletvos27.0-24J360-e829b21a6f8c9b70876ba0858053c044b32bfd8d43560033f8d89884cdb90028.sdkstatcache -output-file-map /Users/admin/builder/spi-builder-workspace/.derivedData/Build/Intermediates.noindex/OpenCombine.build/Debug-appletvos/OpenCombineDispatch-t.build/Objects-normal/arm64/OpenCombineDispatch-OutputFileMap.json -save-temps -no-color-diagnostics -explicit-module-build -module-cache-path /Users/admin/builder/spi-builder-workspace/.derivedData/Build/Intermediates.noindex/SwiftExplicitPrecompiledModules -clang-scanner-module-cache-path /Users/admin/builder/spi-builder-workspace/.derivedData/ModuleCache.noindex -sdk-module-cache-path /Users/admin/builder/spi-builder-workspace/.derivedData/SDKExplicitPrecompiledModules -emit-dependencies -emit-module -emit-module-path /Users/admin/builder/spi-builder-workspace/.derivedData/Build/Intermediates.noindex/OpenCombine.build/Debug-appletvos/OpenCombineDispatch-t.build/Objects-normal/arm64/OpenCombineDispatch.swiftmodule -serialize-diagnostics -dependency-scan-serialize-diagnostics-path /Users/admin/builder/spi-builder-workspace/.derivedData/Build/Intermediates.noindex/OpenCombine.build/Debug-appletvos/OpenCombineDispatch-t.build/Objects-normal/arm64/OpenCombineDispatch-dependency-scan.dia -validate-clang-modules-once -clang-build-session-file /Users/admin/builder/spi-builder-workspace/.derivedData/ModuleCache.noindex/Session.modulevalidation -Xcc -fmodules-prune-interval\=86400 -Xcc -fmodules-prune-after\=345600 -emit-const-values -const-gather-protocols-list /Users/admin/builder/spi-builder-workspace/.derivedData/Build/Intermediates.noindex/OpenCombine.build/Debug-appletvos/OpenCombineDispatch-t.build/Objects-normal/arm64/OpenCombineDispatch_const_extract_protocols.json -Xcc -I/Users/admin/builder/spi-builder-workspace/.dependencies/checkouts/OpenCombine/Sources/COpenCombineHelpers/include -Xcc -I/Users/admin/builder/spi-builder-workspace/.derivedData/Build/Products/Debug-appletvos/include -Xcc -I/Users/admin/builder/spi-builder-workspace/.derivedData/Build/Intermediates.noindex/OpenCombine.build/Debug-appletvos/OpenCombineDispatch-t.build/DerivedSources-normal/arm64 -Xcc -I/Users/admin/builder/spi-builder-workspace/.derivedData/Build/Intermediates.noindex/OpenCombine.build/Debug-appletvos/OpenCombineDispatch-t.build/DerivedSources/arm64 -Xcc -I/Users/admin/builder/spi-builder-workspace/.derivedData/Build/Intermediates.noindex/OpenCombine.build/Debug-appletvos/OpenCombineDispatch-t.build/DerivedSources -Xcc -DSWIFT_PACKAGE -Xcc -DDEBUG\=1 -emit-objc-header -emit-objc-header-path /Users/admin/builder/spi-builder-workspace/.derivedData/Build/Intermediates.noindex/OpenCombine.build/Debug-appletvos/OpenCombineDispatch-t.build/Objects-normal/arm64/OpenCombineDispatch-Swift.h -working-directory /Users/admin/builder/spi-builder-workspace/.swiftpm/xcode -experimental-emit-module-separately -disable-cmo
SwiftExplicitDependencyGeneratePcm arm64 /Users/admin/builder/spi-builder-workspace/.derivedData/SDKExplicitPrecompiledModules/CoreText-59NY7PABM0I4V978161FOC04A.pcm
SwiftMergeGeneratedHeaders /Users/admin/builder/spi-builder-workspace/.derivedData/Build/Intermediates.noindex/GeneratedModuleMaps-appletvos/OpenCombineDispatch-Swift.h /Users/admin/builder/spi-builder-workspace/.derivedData/Build/Intermediates.noindex/OpenCombine.build/Debug-appletvos/OpenCombineDispatch-t.build/Objects-normal/arm64/OpenCombineDispatch-Swift.h (in target 'OpenCombineDispatch' from project 'OpenCombine')
cd /Users/admin/builder/spi-builder-workspace/.dependencies/checkouts/OpenCombine
builtin-swiftHeaderTool -arch arm64 /Users/admin/builder/spi-builder-workspace/.derivedData/Build/Intermediates.noindex/OpenCombine.build/Debug-appletvos/OpenCombineDispatch-t.build/Objects-normal/arm64/OpenCombineDispatch-Swift.h -o /Users/admin/builder/spi-builder-workspace/.derivedData/Build/Intermediates.noindex/GeneratedModuleMaps-appletvos/OpenCombineDispatch-Swift.h
SwiftEmitModule normal arm64 Emitting\ module\ for\ SkiaKit (in target 'SkiaKit' from project 'SkiaKit')
SwiftCompile normal arm64 (in target 'SkiaKit' from project 'SkiaKit')
cd /Users/admin/builder/spi-builder-workspace/.swiftpm/xcode
Copy /Users/admin/builder/spi-builder-workspace/.derivedData/Build/Products/Debug-appletvos/OpenCombineDispatch.swiftmodule/arm64-apple-tvos.swiftmodule /Users/admin/builder/spi-builder-workspace/.derivedData/Build/Intermediates.noindex/OpenCombine.build/Debug-appletvos/OpenCombineDispatch-t.build/Objects-normal/arm64/OpenCombineDispatch.swiftmodule (in target 'OpenCombineDispatch' from project 'OpenCombine')
cd /Users/admin/builder/spi-builder-workspace/.dependencies/checkouts/OpenCombine
builtin-copy -exclude .DS_Store -exclude CVS -exclude .svn -exclude .git -exclude .hg -resolve-src-symlinks -rename /Users/admin/builder/spi-builder-workspace/.derivedData/Build/Intermediates.noindex/OpenCombine.build/Debug-appletvos/OpenCombineDispatch-t.build/Objects-normal/arm64/OpenCombineDispatch.swiftmodule /Users/admin/builder/spi-builder-workspace/.derivedData/Build/Products/Debug-appletvos/OpenCombineDispatch.swiftmodule/arm64-apple-tvos.swiftmodule
Copy /Users/admin/builder/spi-builder-workspace/.derivedData/Build/Products/Debug-appletvos/OpenCombineDispatch.swiftmodule/arm64-apple-tvos.swiftdoc /Users/admin/builder/spi-builder-workspace/.derivedData/Build/Intermediates.noindex/OpenCombine.build/Debug-appletvos/OpenCombineDispatch-t.build/Objects-normal/arm64/OpenCombineDispatch.swiftdoc (in target 'OpenCombineDispatch' from project 'OpenCombine')
cd /Users/admin/builder/spi-builder-workspace/.dependencies/checkouts/OpenCombine
builtin-copy -exclude .DS_Store -exclude CVS -exclude .svn -exclude .git -exclude .hg -resolve-src-symlinks -rename /Users/admin/builder/spi-builder-workspace/.derivedData/Build/Intermediates.noindex/OpenCombine.build/Debug-appletvos/OpenCombineDispatch-t.build/Objects-normal/arm64/OpenCombineDispatch.swiftdoc /Users/admin/builder/spi-builder-workspace/.derivedData/Build/Products/Debug-appletvos/OpenCombineDispatch.swiftmodule/arm64-apple-tvos.swiftdoc
Copy /Users/admin/builder/spi-builder-workspace/.derivedData/Build/Products/Debug-appletvos/OpenCombineDispatch.swiftmodule/arm64-apple-tvos.abi.json /Users/admin/builder/spi-builder-workspace/.derivedData/Build/Intermediates.noindex/OpenCombine.build/Debug-appletvos/OpenCombineDispatch-t.build/Objects-normal/arm64/OpenCombineDispatch.abi.json (in target 'OpenCombineDispatch' from project 'OpenCombine')
cd /Users/admin/builder/spi-builder-workspace/.dependencies/checkouts/OpenCombine
builtin-copy -exclude .DS_Store -exclude CVS -exclude .svn -exclude .git -exclude .hg -resolve-src-symlinks -rename /Users/admin/builder/spi-builder-workspace/.derivedData/Build/Intermediates.noindex/OpenCombine.build/Debug-appletvos/OpenCombineDispatch-t.build/Objects-normal/arm64/OpenCombineDispatch.abi.json /Users/admin/builder/spi-builder-workspace/.derivedData/Build/Products/Debug-appletvos/OpenCombineDispatch.swiftmodule/arm64-apple-tvos.abi.json
Copy /Users/admin/builder/spi-builder-workspace/.derivedData/Build/Products/Debug-appletvos/OpenCombineDispatch.swiftmodule/Project/arm64-apple-tvos.swiftsourceinfo /Users/admin/builder/spi-builder-workspace/.derivedData/Build/Intermediates.noindex/OpenCombine.build/Debug-appletvos/OpenCombineDispatch-t.build/Objects-normal/arm64/OpenCombineDispatch.swiftsourceinfo (in target 'OpenCombineDispatch' from project 'OpenCombine')
cd /Users/admin/builder/spi-builder-workspace/.dependencies/checkouts/OpenCombine
builtin-copy -exclude .DS_Store -exclude CVS -exclude .svn -exclude .git -exclude .hg -resolve-src-symlinks -rename /Users/admin/builder/spi-builder-workspace/.derivedData/Build/Intermediates.noindex/OpenCombine.build/Debug-appletvos/OpenCombineDispatch-t.build/Objects-normal/arm64/OpenCombineDispatch.swiftsourceinfo /Users/admin/builder/spi-builder-workspace/.derivedData/Build/Products/Debug-appletvos/OpenCombineDispatch.swiftmodule/Project/arm64-apple-tvos.swiftsourceinfo
SwiftEmitModule normal arm64 Emitting\ module\ for\ GfxMath (in target 'GfxMath' from project 'GfxMath')
SwiftCompile normal arm64 (in target 'GfxMath' from project 'GfxMath')
cd /Users/admin/builder/spi-builder-workspace/.swiftpm/xcode
SwiftExplicitDependencyGeneratePcm arm64 /Users/admin/builder/spi-builder-workspace/.derivedData/SDKExplicitPrecompiledModules/DataDetection-37JIYZ2GWDA1L166PP1D9JKAF.pcm
PruneExplicitPrecompiledModules /Users/admin/builder/spi-builder-workspace/.derivedData/Build/Intermediates.noindex/ExplicitPrecompiledModules
PruneExplicitPrecompiledModules /Users/admin/builder/spi-builder-workspace/.derivedData/SDKExplicitPrecompiledModules
PruneExplicitPrecompiledModules /Users/admin/builder/spi-builder-workspace/.derivedData/Build/Intermediates.noindex/SwiftExplicitPrecompiledModules
2026-09-19 05:43:16.152 xcodebuild[1436:7675] [MT] IDERunDestination: Supported platforms for the buildables in the current scheme is empty.
** BUILD FAILED **
The following build commands failed:
SwiftEmitModule normal arm64 Emitting\ module\ for\ FirebladeMath (in target 'FirebladeMath' from project 'FirebladeMath')
SwiftCompile normal arm64 (in target 'FirebladeMath' from project 'FirebladeMath')
Building workspace VertexGUI with scheme VertexGUI-Package
(3 failures)
BUILD FAILURE 6.4 tvOS