Build Information
Failed to build YAnalyticsAdobe, reference main (c37063), with Swift 6.4 for tvOS using Xcode 27.0 on 19 Sep 2026 18:00:34 UTC.
Build Command
No build command. This typically means the build failed at an early stage where we determine the build command.Build Log
========================================
RunAll
========================================
Builder version: 5.1.0
Interrupt handler set up.
========================================
Checkout
========================================
Clone URL: https://github.com/codeandtheory/yanalytics-adobe-ios.git
Reference: main
Initialized empty Git repository in /Users/admin/builder/spi-builder-workspace/.git/
From https://github.com/codeandtheory/yanalytics-adobe-ios
* branch main -> FETCH_HEAD
* [new branch] main -> origin/main
HEAD is now at c37063d Update README.md to add shield badges (#5)
Cloned https://github.com/codeandtheory/yanalytics-adobe-ios.git
Revision (git rev-parse @):
c37063de2cae204dd11994385cab2b2a0c4f40f3
SPI manifest file found: $PWD/.spi.yml
SUCCESS checkout https://github.com/codeandtheory/yanalytics-adobe-ios.git at main
========================================
Build
========================================
Selected platform: tvOS
Swift version: 6.4
Building package at path: $PWD
https://github.com/codeandtheory/yanalytics-adobe-ios.git
Command line invocation:
/Applications/Xcode-27.0.0-Release.Candidate.app/Contents/Developer/usr/bin/xcodebuild -IDEClonedSourcePackagesDirPathOverride=/Users/admin/builder/spi-builder-workspace/.dependencies -resolvePackageDependencies
Resolve Package Graph
Fetching from https://github.com/yml-org/yanalytics-ios.git
Fetching from https://github.com/adobe/aepsdk-analytics-ios.git
Fetching from https://github.com/adobe/aepsdk-core-ios.git
Fetching from https://github.com/adobe/aepsdk-rulesengine-ios.git
Creating working copy of package ‘yanalytics-ios’
Checking out 1.2.2 of package ‘yanalytics-ios’
Creating working copy of package ‘aepsdk-analytics-ios’
Checking out 3.2.0 of package ‘aepsdk-analytics-ios’
Creating working copy of package ‘aepsdk-core-ios’
Checking out 3.9.0 of package ‘aepsdk-core-ios’
Creating working copy of package ‘aepsdk-rulesengine-ios’
Checking out 1.2.3 of package ‘aepsdk-rulesengine-ios’
product 'YAnalytics' required by package 'spi-builder-workspace' target 'YAnalyticsAdobe' not found in package 'yanalytics-ios'. Did you mean '.product(name: "CTAnalytics", package: "yanalytics-ios")'?Resolve Package Graph
product 'YAnalytics' required by package 'spi-builder-workspace' target 'YAnalyticsAdobe' not found in package 'yanalytics-ios'. Did you mean '.product(name: "CTAnalytics", package: "yanalytics-ios")'?
Resolved source packages:
spi-builder-workspace: (null)
2026-09-19 14:00:07.326 xcodebuild[525:3014] [MT] IDERunDestination: Supported platforms for the buildables in the current scheme is empty.
2026-09-19 14:00:07.496 xcodebuild[525:3014] [MT] IDERunDestination: Supported platforms for the buildables in the current scheme is empty.
2026-09-19 14:00:09.176 xcodebuild[525:3014] [MT] IDERunDestination: Supported platforms for the buildables in the current scheme is empty.
2026-09-19 14:00:33.414 xcodebuild[525:3014] Writing error result bundle to /var/folders/xq/y_g06wb113726d38xsyx71_h0000gn/T/ResultBundle_2026-19-09_14-00-0033.xcresult
xcodebuild: error: Could not resolve package dependencies:
product 'YAnalytics' required by package 'spi-builder-workspace' target 'YAnalyticsAdobe' not found in package 'yanalytics-ios'. Did you mean '.product(name: "CTAnalytics", package: "yanalytics-ios")'?
Command line invocation:
/Applications/Xcode-27.0.0-Release.Candidate.app/Contents/Developer/usr/bin/xcodebuild -IDEClonedSourcePackagesDirPathOverride=/Users/admin/builder/spi-builder-workspace/.dependencies -resolvePackageDependencies
Resolve Package Graph
product 'YAnalytics' required by package 'spi-builder-workspace' target 'YAnalyticsAdobe' not found in package 'yanalytics-ios'. Did you mean '.product(name: "CTAnalytics", package: "yanalytics-ios")'?
Resolved source packages:
spi-builder-workspace: (null)
2026-09-19 14:00:34.323 xcodebuild[743:4302] [MT] IDERunDestination: Supported platforms for the buildables in the current scheme is empty.
2026-09-19 14:00:34.471 xcodebuild[743:4302] [MT] IDERunDestination: Supported platforms for the buildables in the current scheme is empty.
2026-09-19 14:00:34.574 xcodebuild[743:4302] Writing error result bundle to /var/folders/xq/y_g06wb113726d38xsyx71_h0000gn/T/ResultBundle_2026-19-09_14-00-0034.xcresult
xcodebuild: error: Could not resolve package dependencies:
product 'YAnalytics' required by package 'spi-builder-workspace' target 'YAnalyticsAdobe' not found in package 'yanalytics-ios'. Did you mean '.product(name: "CTAnalytics", package: "yanalytics-ios")'?
BUILD FAILURE 6.4 tvOS