The Swift Package Index logo.Swift Package Index

Build Information

Failed to build Conbini, reference 0.6.2 (cff128), with Swift 6.4 for Wasm on 20 Sep 2026 16:44:43 UTC.

Build Command

bash -c docker run --pull=always --rm -v "checkouts-53886769-1":/host -w "$PWD" -e JAVA_HOME="/root/.sdkman/candidates/java/current" -e SPI_BUILD="1" -e SPI_PROCESSING="1" registry.gitlab.com/saguaro1/spi-images:wasm-6.4-latest swift build --swift-sdk swift-6.4.x-DEVELOPMENT-SNAPSHOT-2026-09-04-a_wasm 2>&1

Build Log

========================================
RunAll
========================================
Builder version: 5.1.0
Interrupt handler set up.
========================================
Checkout
========================================
Clone URL: https://github.com/dehesa/package-conbini.git
Reference: 0.6.2
Initialized empty Git repository in /host/spi-builder-workspace/.git/
hint: Using 'master' as the name for the initial branch. This default branch name
hint: is subject to change. To configure the initial branch name to use in all
hint: of your new repositories, which will suppress this warning, call:
hint:
hint: 	git config --global init.defaultBranch <name>
hint:
hint: Names commonly chosen instead of 'master' are 'main', 'trunk' and
hint: 'development'. The just-created branch can be renamed via this command:
hint:
hint: 	git branch -m <name>
From https://github.com/dehesa/package-conbini
 * tag               0.6.2      -> FETCH_HEAD
HEAD is now at cff128f Await operator added
Cloned https://github.com/dehesa/package-conbini.git
Revision (git rev-parse @):
cff128fe48e7bc1fbdfbfc00b68df2a0bddef542
SUCCESS checkout https://github.com/dehesa/package-conbini.git at 0.6.2
========================================
Build
========================================
Selected platform:         wasm
Swift version:             6.4
Building package at path:  $PWD
https://github.com/dehesa/package-conbini.git
Running build ...
bash -c docker run --pull=always --rm -v "checkouts-53886769-1":/host -w "$PWD" -e JAVA_HOME="/root/.sdkman/candidates/java/current" -e SPI_BUILD="1" -e SPI_PROCESSING="1" registry.gitlab.com/saguaro1/spi-images:wasm-6.4-latest swift build --swift-sdk swift-6.4.x-DEVELOPMENT-SNAPSHOT-2026-09-04-a_wasm 2>&1
wasm-6.4-latest: Pulling from saguaro1/spi-images
Digest: sha256:4328fdb43c680d205c1d6761b1e3267aa38277eefdda9ddfb17b6a0f1a77857a
Status: Image is up to date for registry.gitlab.com/saguaro1/spi-images:wasm-6.4-latest
Building for debugging...
[Pre-planning 1 / 124]
[22 / 39] Conbini
error: SwiftCompile normal wasm32 failed with a nonzero exit code. Command line:     cd /host

/host/spi-builder-workspace/sources/testing/Expectations.swift:3:8: error: no such module 'Combine'
  1 | #if !os(watchOS)
  2 | import XCTest
  3 | import Combine
    |        `- error: no such module 'Combine'
  4 |
  5 | extension Publisher {
Failed frontend command:
/usr/bin/swift-frontend -frontend -emit-module -experimental-skip-non-inlinable-function-bodies-without-types /host/spi-builder-workspace/sources/testing/Expectations.swift /host/spi-builder-workspace/sources/testing/XCTestCase.swift -target wasm32-unknown-wasip1 -disable-objc-interop -sdk /root/.swiftpm/swift-sdks/swift-6.4.x-DEVELOPMENT-SNAPSHOT-2026-09-04-a_wasm.artifactbundle/swift-6.4.x-DEVELOPMENT-SNAPSHOT-2026-09-04-a_wasm/wasm32-unknown-wasip1/WASI.sdk -sysroot /root/.swiftpm/swift-sdks/swift-6.4.x-DEVELOPMENT-SNAPSHOT-2026-09-04-a_wasm.artifactbundle/swift-6.4.x-DEVELOPMENT-SNAPSHOT-2026-09-04-a_wasm/wasm32-unknown-wasip1/WASI.sdk -I /host/spi-builder-workspace/.build/out/Products/Debug-webassembly-wasm32 -module-cache-path /host/spi-builder-workspace/.build/out/ModuleCache.noindex -color-diagnostics -Xcc -fcolor-diagnostics -enable-testing -g -debug-info-format\=dwarf -dwarf-version\=4 -swift-version 5 -Onone -D SWIFT_PACKAGE -D DEBUG -D SWIFT_MODULE_RESOURCE_BUNDLE_UNAVAILABLE -D Xcode -serialize-debugging-options -enable-experimental-feature DebugDescriptionMacro -empty-abi-descriptor -external-plugin-path /usr/lib/swift/host/plugins/testing\#/usr/bin/swift-plugin-server -validate-clang-modules-once -clang-build-session-file /host/spi-builder-workspace/.build/out/ModuleCache.noindex/Session.modulevalidation -Xcc -working-directory -Xcc /host -resource-dir /root/.swiftpm/swift-sdks/swift-6.4.x-DEVELOPMENT-SNAPSHOT-2026-09-04-a_wasm.artifactbundle/swift-6.4.x-DEVELOPMENT-SNAPSHOT-2026-09-04-a_wasm/wasm32-unknown-wasip1/swift.xctoolchain/usr/lib/swift_static -use-static-resource-dir -enable-anonymous-context-mangled-names -file-compilation-dir /host -Xcc -resource-dir -Xcc /root/.swiftpm/swift-sdks/swift-6.4.x-DEVELOPMENT-SNAPSHOT-2026-09-04-a_wasm.artifactbundle/swift-6.4.x-DEVELOPMENT-SNAPSHOT-2026-09-04-a_wasm/wasm32-unknown-wasip1/swift.xctoolchain/usr/lib/swift_static/clang -Xcc -D_LIBCPP_HARDENING_MODE\=_LIBCPP_HARDENING_MODE_DEBUG -Xcc -fmodules-prune-interval\=86400 -Xcc -fmodules-prune-after\=345600 -Xcc -I/host/spi-builder-workspace/.build/out/Products/Debug-webassembly-wasm32/include -Xcc -I/host/spi-builder-workspace/.build/out/Intermediates.noindex/Conbini.build/Debug-webassembly-wasm32/ConbiniForTesting-t.build/DerivedSources-normal/wasm32 -Xcc -I/host/spi-builder-workspace/.build/out/Intermediates.noindex/Conbini.build/Debug-webassembly-wasm32/ConbiniForTesting-t.build/DerivedSources/wasm32 -Xcc -I/host/spi-builder-workspace/.build/out/Intermediates.noindex/Conbini.build/Debug-webassembly-wasm32/ConbiniForTesting-t.build/DerivedSources -Xcc -DSWIFT_PACKAGE -Xcc -DDEBUG\=1 -no-auto-bridging-header-chaining -module-name ConbiniForTesting -const-gather-protocols-file /host/spi-builder-workspace/.build/out/Intermediates.noindex/Conbini.build/Debug-webassembly-wasm32/ConbiniForTesting-t.build/Objects-normal/wasm32/ConbiniForTesting_const_extract_protocols.json -in-process-plugin-server-path /usr/lib/swift/host/libSwiftInProcPluginServer.so -plugin-path /usr/lib/swift/host/plugins -plugin-path /usr/local/lib/swift/host/plugins -emit-module-doc-path /host/spi-builder-workspace/.build/out/Intermediates.noindex/Conbini.build/Debug-webassembly-wasm32/ConbiniForTesting-t.build/Objects-normal/wasm32/Modules/ConbiniForTesting.swiftdoc -emit-module-source-info-path /host/spi-builder-workspace/.build/out/Intermediates.noindex/Conbini.build/Debug-webassembly-wasm32/ConbiniForTesting-t.build/Objects-normal/wasm32/Modules/ConbiniForTesting.swiftsourceinfo -emit-objc-header-path /host/spi-builder-workspace/.build/out/Intermediates.noindex/Conbini.build/Debug-webassembly-wasm32/ConbiniForTesting-t.build/Objects-normal/wasm32/ConbiniForTesting-Swift.h -serialize-diagnostics-path /host/spi-builder-workspace/.build/out/Intermediates.noindex/Conbini.build/Debug-webassembly-wasm32/ConbiniForTesting-t.build/Objects-normal/wasm32/ConbiniForTesting-primary-emit-module.dia -emit-dependencies-path /host/spi-builder-workspace/.build/out/Intermediates.noindex/Conbini.build/Debug-webassembly-wasm32/ConbiniForTesting-t.build/Objects-normal/wasm32/ConbiniForTesting-primary-emit-module.d -parse-as-library -o /host/spi-builder-workspace/.build/out/Intermediates.noindex/Conbini.build/Debug-webassembly-wasm32/ConbiniForTesting-t.build/Objects-normal/wasm32/Modules/ConbiniForTesting.swiftmodule
/host/spi-builder-workspace/sources/runtime/operators/AssignOp.swift:1:8: error: no such module 'Combine'
 1 | import Combine
   |        `- error: no such module 'Combine'
 2 |
 3 | extension Publisher where Self.Failure==Never {
Failed frontend command:
/usr/bin/swift-frontend -frontend -emit-module -experimental-skip-non-inlinable-function-bodies-without-types /host/spi-builder-workspace/sources/runtime/operators/AssignOp.swift /host/spi-builder-workspace/sources/runtime/operators/AwaitOp.swift /host/spi-builder-workspace/sources/runtime/operators/HandleEndOp.swift /host/spi-builder-workspace/sources/runtime/operators/ResultOp.swift /host/spi-builder-workspace/sources/runtime/operators/RetryOp.swift /host/spi-builder-workspace/sources/runtime/operators/SinkOp.swift /host/spi-builder-workspace/sources/runtime/operators/ThenOp.swift /host/spi-builder-workspace/sources/runtime/publishers/DeferredComplete.swift /host/spi-builder-workspace/sources/runtime/publishers/DeferredFuture.swift /host/spi-builder-workspace/sources/runtime/publishers/DeferredPassthrough.swift /host/spi-builder-workspace/sources/runtime/publishers/DeferredResult.swift /host/spi-builder-workspace/sources/runtime/publishers/DeferredTryComplete.swift /host/spi-builder-workspace/sources/runtime/publishers/DeferredTryValue.swift /host/spi-builder-workspace/sources/runtime/publishers/DeferredValue.swift /host/spi-builder-workspace/sources/runtime/publishers/HandleEnd.swift /host/spi-builder-workspace/sources/runtime/publishers/Retry.swift /host/spi-builder-workspace/sources/runtime/publishers/Then.swift /host/spi-builder-workspace/sources/runtime/subscribers/FixedSink.swift /host/spi-builder-workspace/sources/runtime/subscribers/GraduatedSink.swift /host/spi-builder-workspace/sources/runtime/utils/Buffer.swift /host/spi-builder-workspace/sources/runtime/utils/Lock.swift /host/spi-builder-workspace/sources/runtime/utils/State.swift -target wasm32-unknown-wasip1 -disable-objc-interop -sdk /root/.swiftpm/swift-sdks/swift-6.4.x-DEVELOPMENT-SNAPSHOT-2026-09-04-a_wasm.artifactbundle/swift-6.4.x-DEVELOPMENT-SNAPSHOT-2026-09-04-a_wasm/wasm32-unknown-wasip1/WASI.sdk -sysroot /root/.swiftpm/swift-sdks/swift-6.4.x-DEVELOPMENT-SNAPSHOT-2026-09-04-a_wasm.artifactbundle/swift-6.4.x-DEVELOPMENT-SNAPSHOT-2026-09-04-a_wasm/wasm32-unknown-wasip1/WASI.sdk -I /host/spi-builder-workspace/.build/out/Products/Debug-webassembly-wasm32 -module-cache-path /host/spi-builder-workspace/.build/out/ModuleCache.noindex -color-diagnostics -Xcc -fcolor-diagnostics -enable-testing -g -debug-info-format\=dwarf -dwarf-version\=4 -swift-version 5 -Onone -D SWIFT_PACKAGE -D DEBUG -D SWIFT_MODULE_RESOURCE_BUNDLE_UNAVAILABLE -D Xcode -serialize-debugging-options -enable-experimental-feature DebugDescriptionMacro -empty-abi-descriptor -external-plugin-path /usr/lib/swift/host/plugins/testing\#/usr/bin/swift-plugin-server -validate-clang-modules-once -clang-build-session-file /host/spi-builder-workspace/.build/out/ModuleCache.noindex/Session.modulevalidation -Xcc -working-directory -Xcc /host -resource-dir /root/.swiftpm/swift-sdks/swift-6.4.x-DEVELOPMENT-SNAPSHOT-2026-09-04-a_wasm.artifactbundle/swift-6.4.x-DEVELOPMENT-SNAPSHOT-2026-09-04-a_wasm/wasm32-unknown-wasip1/swift.xctoolchain/usr/lib/swift_static -use-static-resource-dir -enable-anonymous-context-mangled-names -file-compilation-dir /host -Xcc -resource-dir -Xcc /root/.swiftpm/swift-sdks/swift-6.4.x-DEVELOPMENT-SNAPSHOT-2026-09-04-a_wasm.artifactbundle/swift-6.4.x-DEVELOPMENT-SNAPSHOT-2026-09-04-a_wasm/wasm32-unknown-wasip1/swift.xctoolchain/usr/lib/swift_static/clang -Xcc -D_LIBCPP_HARDENING_MODE\=_LIBCPP_HARDENING_MODE_DEBUG -Xcc -fmodules-prune-interval\=86400 -Xcc -fmodules-prune-after\=345600 -Xcc -I/host/spi-builder-workspace/.build/out/Products/Debug-webassembly-wasm32/include -Xcc -I/host/spi-builder-workspace/.build/out/Intermediates.noindex/Conbini.build/Debug-webassembly-wasm32/Conbini-t.build/DerivedSources-normal/wasm32 -Xcc -I/host/spi-builder-workspace/.build/out/Intermediates.noindex/Conbini.build/Debug-webassembly-wasm32/Conbini-t.build/DerivedSources/wasm32 -Xcc -I/host/spi-builder-workspace/.build/out/Intermediates.noindex/Conbini.build/Debug-webassembly-wasm32/Conbini-t.build/DerivedSources -Xcc -DSWIFT_PACKAGE -Xcc -DDEBUG\=1 -no-auto-bridging-header-chaining -module-name Conbini -const-gather-protocols-file /host/spi-builder-workspace/.build/out/Intermediates.noindex/Conbini.build/Debug-webassembly-wasm32/Conbini-t.build/Objects-normal/wasm32/Conbini_const_extract_protocols.json -in-process-plugin-server-path /usr/lib/swift/host/libSwiftInProcPluginServer.so -plugin-path /usr/lib/swift/host/plugins -plugin-path /usr/local/lib/swift/host/plugins -emit-module-doc-path /host/spi-builder-workspace/.build/out/Intermediates.noindex/Conbini.build/Debug-webassembly-wasm32/Conbini-t.build/Objects-normal/wasm32/Modules/Conbini.swiftdoc -emit-module-source-info-path /host/spi-builder-workspace/.build/out/Intermediates.noindex/Conbini.build/Debug-webassembly-wasm32/Conbini-t.build/Objects-normal/wasm32/Modules/Conbini.swiftsourceinfo -emit-objc-header-path /host/spi-builder-workspace/.build/out/Intermediates.noindex/Conbini.build/Debug-webassembly-wasm32/Conbini-t.build/Objects-normal/wasm32/Conbini-Swift.h -serialize-diagnostics-path /host/spi-builder-workspace/.build/out/Intermediates.noindex/Conbini.build/Debug-webassembly-wasm32/Conbini-t.build/Objects-normal/wasm32/Conbini-primary-emit-module.dia -emit-dependencies-path /host/spi-builder-workspace/.build/out/Intermediates.noindex/Conbini.build/Debug-webassembly-wasm32/Conbini-t.build/Objects-normal/wasm32/Conbini-primary-emit-module.d -parse-as-library -o /host/spi-builder-workspace/.build/out/Intermediates.noindex/Conbini.build/Debug-webassembly-wasm32/Conbini-t.build/Objects-normal/wasm32/Modules/Conbini.swiftmodule
error: Build failed
BUILD FAILURE 6.4 wasm