The Swift Package Index logo.Swift Package Index

Build Information

Failed to build PGW, reference 4.7.1 (7d0f9a), with Swift 6.4 for visionOS using Xcode 27.0 on 21 Sep 2026 14:28:48 UTC.

Build Command

env DEVELOPER_DIR=/Applications/Xcode-27.0.0-Release.Candidate.app xcrun xcodebuild -IDEClonedSourcePackagesDirPathOverride=$PWD/.dependencies -skipMacroValidation -skipPackagePluginValidation -derivedDataPath $PWD/.derivedData build -scheme PGW -destination generic/platform=xrOS

Build Log

========================================
RunAll
========================================
Builder version: 5.1.0
Interrupt handler set up.
========================================
Checkout
========================================
Clone URL: https://github.com/2C2P/PGWSDK-SwiftPackage.git
Reference: 4.7.1
Initialized empty Git repository in /Users/admin/builder/spi-builder-workspace/.git/
From https://github.com/2C2P/PGWSDK-SwiftPackage
 * tag               4.7.1      -> FETCH_HEAD
HEAD is now at 7d0f9a8 - Update for PGW SDK v4.7.1.
Cloned https://github.com/2C2P/PGWSDK-SwiftPackage.git
Revision (git rev-parse @):
7d0f9a8573cffd978fc747a4641a6ae06e26dff3
SUCCESS checkout https://github.com/2C2P/PGWSDK-SwiftPackage.git at 4.7.1
========================================
Build
========================================
Selected platform:         visionOS
Swift version:             6.4
Building package at path:  $PWD
https://github.com/2C2P/PGWSDK-SwiftPackage.git
Command line invocation:
    /Applications/Xcode-27.0.0-Release.Candidate.app/Contents/Developer/usr/bin/xcodebuild -IDEClonedSourcePackagesDirPathOverride=/Users/admin/builder/spi-builder-workspace/.dependencies -resolvePackageDependencies
Resolve Package Graph
Resolve Package Graph
Resolve Package Graph
Resolved source packages:
  PGW: /Users/admin/builder/spi-builder-workspace
resolved source packages: PGW
2026-09-21 10:28:11.018 xcodebuild[525:2996] [MT] IDERunDestination: Supported platforms for the buildables in the current scheme is empty.
{
  "dependencies" : [
  ],
  "manifest_display_name" : "PGW",
  "name" : "PGW",
  "path" : "/Users/admin/builder/spi-builder-workspace",
  "platforms" : [
    {
      "name" : "ios",
      "version" : "12.0"
    }
  ],
  "products" : [
    {
      "name" : "PGW",
      "targets" : [
        "PGW"
      ],
      "type" : {
        "library" : [
          "automatic"
        ]
      }
    }
  ],
  "targets" : [
    {
      "c99name" : "PGW",
      "module_type" : "BinaryTarget",
      "name" : "PGW",
      "path" : "remote/archive/PGW_SDK_iOS_v4.7.1.zip",
      "product_memberships" : [
        "PGW"
      ],
      "sources" : [
      ],
      "type" : "binary"
    }
  ],
  "tools_version" : "5.10"
}
{
  "workspace" : {
    "name" : "PGW",
    "schemes" : [
      "PGW"
    ]
  }
}
2026-09-21 10:28:43.043 xcodebuild[634:3794] [MT] IDERunDestination: Supported platforms for the buildables in the current scheme is empty.
Running build ...
env DEVELOPER_DIR=/Applications/Xcode-27.0.0-Release.Candidate.app xcrun xcodebuild -IDEClonedSourcePackagesDirPathOverride=$PWD/.dependencies -skipMacroValidation -skipPackagePluginValidation -derivedDataPath $PWD/.derivedData build -scheme PGW -destination generic/platform=xrOS
Command line invocation:
    /Applications/Xcode-27.0.0-Release.Candidate.app/Contents/Developer/usr/bin/xcodebuild -IDEClonedSourcePackagesDirPathOverride=/Users/admin/builder/spi-builder-workspace/.dependencies -skipMacroValidation -skipPackagePluginValidation -derivedDataPath /Users/admin/builder/spi-builder-workspace/.derivedData build -scheme PGW -destination generic/platform=xrOS
Resolve Package Graph
Resolved source packages:
  PGW: /Users/admin/builder/spi-builder-workspace
ComputePackagePrebuildTargetDependencyGraph
Prepare packages
CreateBuildRequest
SendProjectDescription
CreateBuildOperation
ComputeTargetDependencyGraph
note: Building targets in dependency order
note: Target dependency graph (1 target)
    Target 'PGW-product' in project 'PGW' (no dependencies)
GatherProvisioningInputs
CreateBuildDescription
ExecuteExternalTool /Applications/Xcode-27.0.0-Release.Candidate.app/Contents/Developer/Toolchains/XcodeDefault.xctoolchain/usr/bin/clang -v -E -dM -isysroot /Applications/Xcode-27.0.0-Release.Candidate.app/Contents/Developer/Platforms/XROS.platform/Developer/SDKs/XROS27.0.sdk -x c -c /dev/null
Build description signature: fd208556668d1e96e5c38cb1cd889b6c
Build description path: /Users/admin/builder/spi-builder-workspace/.derivedData/Build/Intermediates.noindex/XCBuildData/fd208556668d1e96e5c38cb1cd889b6c.xcbuilddata
/Users/admin/builder/spi-builder-workspace/.dependencies/artifacts/spi-builder-workspace/PGW/PGW.xcframework:1:1: error: While building for visionOS, no library for this platform was found in '/Users/admin/builder/spi-builder-workspace/.dependencies/artifacts/spi-builder-workspace/PGW/PGW.xcframework'. (in target 'PGW-product' from project 'PGW')
2026-09-21 10:28:44.583 xcodebuild[635:3840] [MT] IDERunDestination: Supported platforms for the buildables in the current scheme is empty.
** BUILD FAILED **
The following build commands failed:
	Building workspace PGW with scheme PGW
(1 failure)
Command line invocation:
    /Applications/Xcode-27.0.0-Release.Candidate.app/Contents/Developer/usr/bin/xcodebuild -IDEClonedSourcePackagesDirPathOverride=/Users/admin/builder/spi-builder-workspace/.dependencies -resolvePackageDependencies
Resolve Package Graph
Resolved source packages:
  PGW: /Users/admin/builder/spi-builder-workspace
resolved source packages: PGW
2026-09-21 10:28:46.132 xcodebuild[647:3936] [MT] IDERunDestination: Supported platforms for the buildables in the current scheme is empty.
{
  "dependencies" : [
  ],
  "manifest_display_name" : "PGW",
  "name" : "PGW",
  "path" : "/Users/admin/builder/spi-builder-workspace",
  "platforms" : [
    {
      "name" : "ios",
      "version" : "12.0"
    }
  ],
  "products" : [
    {
      "name" : "PGW",
      "targets" : [
        "PGW"
      ],
      "type" : {
        "library" : [
          "automatic"
        ]
      }
    }
  ],
  "targets" : [
    {
      "c99name" : "PGW",
      "module_type" : "BinaryTarget",
      "name" : "PGW",
      "path" : "remote/archive/PGW_SDK_iOS_v4.7.1.zip",
      "product_memberships" : [
        "PGW"
      ],
      "sources" : [
      ],
      "type" : "binary"
    }
  ],
  "tools_version" : "5.10"
}
{
  "workspace" : {
    "name" : "PGW",
    "schemes" : [
      "PGW"
    ]
  }
}
2026-09-21 10:28:47.290 xcodebuild[655:3995] [MT] IDERunDestination: Supported platforms for the buildables in the current scheme is empty.
Running build ...
env DEVELOPER_DIR=/Applications/Xcode-27.0.0-Release.Candidate.app xcrun xcodebuild -IDEClonedSourcePackagesDirPathOverride=$PWD/.dependencies -skipMacroValidation -skipPackagePluginValidation -derivedDataPath $PWD/.derivedData build -scheme PGW -destination generic/platform=xrOS
Command line invocation:
    /Applications/Xcode-27.0.0-Release.Candidate.app/Contents/Developer/usr/bin/xcodebuild -IDEClonedSourcePackagesDirPathOverride=/Users/admin/builder/spi-builder-workspace/.dependencies -skipMacroValidation -skipPackagePluginValidation -derivedDataPath /Users/admin/builder/spi-builder-workspace/.derivedData build -scheme PGW -destination generic/platform=xrOS
Resolve Package Graph
Resolved source packages:
  PGW: /Users/admin/builder/spi-builder-workspace
ComputePackagePrebuildTargetDependencyGraph
Prepare packages
CreateBuildRequest
SendProjectDescription
CreateBuildOperation
ComputeTargetDependencyGraph
note: Building targets in dependency order
note: Target dependency graph (1 target)
    Target 'PGW-product' in project 'PGW' (no dependencies)
GatherProvisioningInputs
CreateBuildDescription
/Users/admin/builder/spi-builder-workspace/.dependencies/artifacts/spi-builder-workspace/PGW/PGW.xcframework:1:1: error: While building for visionOS, no library for this platform was found in '/Users/admin/builder/spi-builder-workspace/.dependencies/artifacts/spi-builder-workspace/PGW/PGW.xcframework'. (in target 'PGW-product' from project 'PGW')
2026-09-21 10:28:48.212 xcodebuild[656:4021] [MT] IDERunDestination: Supported platforms for the buildables in the current scheme is empty.
** BUILD FAILED **
The following build commands failed:
	Building workspace PGW with scheme PGW
(1 failure)
BUILD FAILURE 6.4 visionOS