The Swift Package Index logo.Swift Package Index

Build Information

Failed to build CocoaMQTT, reference release/2.x (4c5a9a), with Swift 6.4 for watchOS using Xcode 27.0 on 28 Sep 2026 01:44:35 UTC.

Build Command

env DEVELOPER_DIR=/Applications/Xcode-27.0.0-Release.Candidate.app xcrun xcodebuild -IDEClonedSourcePackagesDirPathOverride=$PWD/.dependencies -skipMacroValidation -skipPackagePluginValidation -derivedDataPath $PWD/.derivedData build -scheme CocoaMQTT-Package -destination generic/platform=watchOS

Build Log

========================================
RunAll
========================================
Builder version: 5.1.0
Interrupt handler set up.
========================================
Checkout
========================================
Clone URL: https://github.com/emqx/CocoaMQTT.git
Reference: release/2.x
Initialized empty Git repository in /Users/admin/builder/spi-builder-workspace/.git/
From https://github.com/emqx/CocoaMQTT
 * branch            release/2.x -> FETCH_HEAD
 * [new branch]      release/2.x -> origin/release/2.x
HEAD is now at 4c5a9a6 Merge pull request #741 from hjianbo/release/2.4.1
Cloned https://github.com/emqx/CocoaMQTT.git
Revision (git rev-parse @):
4c5a9a68eac0a4eab74ba504981e5a839d7e7593
SUCCESS checkout https://github.com/emqx/CocoaMQTT.git at release/2.x
========================================
Build
========================================
Selected platform:         watchOS
Swift version:             6.4
Building package at path:  $PWD
https://github.com/emqx/CocoaMQTT.git
Command line invocation:
    /Applications/Xcode-27.0.0-Release.Candidate.app/Contents/Developer/usr/bin/xcodebuild -IDEClonedSourcePackagesDirPathOverride=/Users/admin/builder/spi-builder-workspace/.dependencies -resolvePackageDependencies
Resolve Package Graph
Fetching from https://github.com/leeway1208/MqttCocoaAsyncSocket.git
Fetching from https://github.com/daltoniam/Starscream.git
Creating working copy of package ‘Starscream’
Creating working copy of package ‘MqttCocoaAsyncSocket’
Checking out 1.0.8 of package ‘MqttCocoaAsyncSocket’
Checking out 4.0.8 of package ‘Starscream’
Resolved source packages:
  MqttCocoaAsyncSocket: https://github.com/leeway1208/MqttCocoaAsyncSocket.git @ 1.0.8
  Starscream: https://github.com/daltoniam/Starscream.git @ 4.0.8
resolved source packages: MqttCocoaAsyncSocket, Starscream
{
  "dependencies" : [
    {
      "identity" : "starscream",
      "requirement" : {
        "range" : [
          {
            "lower_bound" : "4.0.8",
            "upper_bound" : "6.0.0"
          }
        ]
      },
      "type" : "sourceControl",
      "url" : "https://github.com/daltoniam/Starscream.git"
    },
    {
      "identity" : "mqttcocoaasyncsocket",
      "requirement" : {
        "range" : [
          {
            "lower_bound" : "1.0.8",
            "upper_bound" : "2.0.0"
          }
        ]
      },
      "type" : "sourceControl",
      "url" : "https://github.com/leeway1208/MqttCocoaAsyncSocket"
    }
  ],
  "manifest_display_name" : "CocoaMQTT",
  "name" : "CocoaMQTT",
  "path" : "/Users/admin/builder/spi-builder-workspace",
  "platforms" : [
    {
      "name" : "macos",
      "version" : "10.13"
    },
    {
      "name" : "ios",
      "version" : "12.0"
    },
    {
      "name" : "tvos",
      "version" : "12.0"
    }
  ],
  "products" : [
    {
      "name" : "CocoaMQTT",
      "targets" : [
        "CocoaMQTT"
      ],
      "type" : {
        "library" : [
          "automatic"
        ]
      }
    },
    {
      "name" : "CocoaMQTTWebSocket",
      "targets" : [
        "CocoaMQTTWebSocket"
      ],
      "type" : {
        "library" : [
          "automatic"
        ]
      }
    }
  ],
  "targets" : [
    {
      "c99name" : "CocoaMQTTWebSocket",
      "module_type" : "SwiftTarget",
      "name" : "CocoaMQTTWebSocket",
      "path" : "Source/WebSocket",
      "product_dependencies" : [
        "Starscream"
      ],
      "product_memberships" : [
        "CocoaMQTTWebSocket"
      ],
      "sources" : [
        "CocoaMQTTWebSocket.swift"
      ],
      "target_dependencies" : [
        "CocoaMQTT"
      ],
      "type" : "library"
    },
    {
      "c99name" : "CocoaMQTTTests",
      "module_type" : "SwiftTarget",
      "name" : "CocoaMQTTTests",
      "path" : "CocoaMQTTTests",
      "resources" : [
        {
          "path" : "/Users/admin/builder/spi-builder-workspace/CocoaMQTTTests/client-keycert.p12",
          "rule" : {
            "copy" : {
            }
          }
        }
      ],
      "sources" : [
        "AutoReconnectStateTests.swift",
        "ClientEventLoopTests.swift",
        "ClientIdentityTests.swift",
        "CocoaMQTT5DisconnectReasonStateTests.swift",
        "CocoaMQTT5PublishValidationTests.swift",
        "CocoaMQTT5ReasonCodeFallbackTests.swift",
        "CocoaMQTT5ReceiveMessageContentTypeTests.swift",
        "CocoaMQTTDeliverTests.swift",
        "CocoaMQTTReaderProtocolErrorTests.swift",
        "CocoaMQTTStorageTests.swift",
        "CocoaMQTTTests.swift",
        "CocoaMQTTWebSocketAuthenticationTests.swift",
        "ConcurrentAtomicTests.swift",
        "FrameTests.swift",
        "GracefulDisconnectTests.swift",
        "KeepAliveTests.swift",
        "MQTTAutoReconnectControllerTests.swift",
        "PrivacyManifestTests.swift",
        "PublicLoggerAPITests.swift",
        "SendingMessageLifecycleTests.swift",
        "TLSChallengeResolutionTests.swift",
        "TLSLoopbackIntegrationTests.swift",
        "TLSLoopbackTestSupport.swift",
        "ThreadSafetyRegressionTests.swift",
        "WebSocketMTLSIntegrationTests.swift"
      ],
      "target_dependencies" : [
        "CocoaMQTT",
        "CocoaMQTTWebSocket"
      ],
      "type" : "test"
    },
    {
      "c99name" : "CocoaMQTT",
      "module_type" : "SwiftTarget",
      "name" : "CocoaMQTT",
      "path" : "Source",
      "product_dependencies" : [
        "MqttCocoaAsyncSocket"
      ],
      "product_memberships" : [
        "CocoaMQTT",
        "CocoaMQTTWebSocket"
      ],
      "resources" : [
        {
          "path" : "/Users/admin/builder/spi-builder-workspace/Source/PrivacyInfo.xcprivacy",
          "rule" : {
            "copy" : {
            }
          }
        }
      ],
      "sources" : [
        "CocoaMQTT.swift",
        "CocoaMQTT5.swift",
        "CocoaMQTT5Message.swift",
        "CocoaMQTTClientIdentity.swift",
        "CocoaMQTTDeliver.swift",
        "CocoaMQTTLogger.swift",
        "CocoaMQTTMessage.swift",
        "CocoaMQTTProperty.swift",
        "CocoaMQTTReader.swift",
        "CocoaMQTTReasonCode.swift",
        "CocoaMQTTSocket.swift",
        "CocoaMQTTStorage.swift",
        "CocoaMQTTTimer.swift",
        "CocoaMQTTTypes.swift",
        "Frame.swift",
        "FrameAuth.swift",
        "FrameConnAck.swift",
        "FrameConnect.swift",
        "FrameDisconnect.swift",
        "FramePingReq.swift",
        "FramePingResp.swift",
        "FramePubAck.swift",
        "FramePubComp.swift",
        "FramePubRec.swift",
        "FramePubRel.swift",
        "FramePublish.swift",
        "FrameSubAck.swift",
        "FrameSubscribe.swift",
        "FrameUnsubAck.swift",
        "FrameUnsubscribe.swift",
        "MQTT5SessionState.swift",
        "MQTTAutoReconnectController.swift",
        "MQTTKeepAliveController.swift",
        "MQTTPacketIdentifierAllocator.swift",
        "MqttAuthProperties.swift",
        "MqttConnectProperties.swift",
        "MqttDecodeConnAck.swift",
        "MqttDecodePubAck.swift",
        "MqttDecodePubComp.swift",
        "MqttDecodePubRec.swift",
        "MqttDecodePubRel.swift",
        "MqttDecodePublish.swift",
        "MqttDecodeSubAck.swift",
        "MqttDecodeUnsubAck.swift",
        "MqttPublishProperties.swift",
        "MqttSubscription.swift",
        "ThreadSafeDictionary.swift",
        "utilities/ConcurrentAtomic.swift"
      ],
      "type" : "library"
    }
  ],
  "tools_version" : "5.7"
}
{
  "project" : {
    "configurations" : [
      "Debug",
      "Release"
    ],
    "name" : "CocoaMQTT",
    "schemes" : [
      "iOS Framework",
      "Mac Framework",
      "tvOS Framework"
    ],
    "targets" : [
      "iOS CocoaMQTT",
      "CocoaMQTT-Tests",
      "Mac CocoaMQTT",
      "tvOS CocoaMQTT"
    ]
  }
}
{
  "workspace" : {
    "name" : "CocoaMQTT",
    "schemes" : [
      "CocoaMQTT",
      "CocoaMQTT-Package",
      "CocoaMQTTWebSocket"
    ]
  }
}
2026-09-27 21:44:25.983 xcodebuild[725:4579] [MT] IDERunDestination: Supported platforms for the buildables in the current scheme is empty.
Running build ...
env DEVELOPER_DIR=/Applications/Xcode-27.0.0-Release.Candidate.app xcrun xcodebuild -IDEClonedSourcePackagesDirPathOverride=$PWD/.dependencies -skipMacroValidation -skipPackagePluginValidation -derivedDataPath $PWD/.derivedData build -scheme CocoaMQTT-Package -destination generic/platform=watchOS
Command line invocation:
    /Applications/Xcode-27.0.0-Release.Candidate.app/Contents/Developer/usr/bin/xcodebuild -IDEClonedSourcePackagesDirPathOverride=/Users/admin/builder/spi-builder-workspace/.dependencies -skipMacroValidation -skipPackagePluginValidation -derivedDataPath /Users/admin/builder/spi-builder-workspace/.derivedData build -scheme CocoaMQTT-Package -destination generic/platform=watchOS
Resolve Package Graph
Resolve Package Graph
Resolved source packages:
  Starscream: https://github.com/daltoniam/Starscream.git @ 4.0.8
  CocoaMQTT: /Users/admin/builder/spi-builder-workspace
  MqttCocoaAsyncSocket: https://github.com/leeway1208/MqttCocoaAsyncSocket.git @ 1.0.8
ComputePackagePrebuildTargetDependencyGraph
Prepare packages
CreateBuildRequest
SendProjectDescription
CreateBuildOperation
ComputeTargetDependencyGraph
note: Building targets in dependency order
note: Target dependency graph (10 targets)
    Target 'CocoaMQTTWebSocket-product' in project 'CocoaMQTT'
        ➜ Explicit dependency on target 'CocoaMQTTWebSocket' in project 'CocoaMQTT'
        ➜ Explicit dependency on target 'CocoaMQTT' in project 'CocoaMQTT'
        ➜ Explicit dependency on target 'MqttCocoaAsyncSocket-product' in project 'MqttCocoaAsyncSocket'
        ➜ Explicit dependency on target 'Starscream-product' in project 'Starscream'
    Target 'CocoaMQTTWebSocket' in project 'CocoaMQTT'
        ➜ Explicit dependency on target 'CocoaMQTT' in project 'CocoaMQTT'
        ➜ Explicit dependency on target 'MqttCocoaAsyncSocket-product' in project 'MqttCocoaAsyncSocket'
        ➜ Explicit dependency on target 'Starscream-product' in project 'Starscream'
    Target 'Starscream-product' in project 'Starscream'
        ➜ Explicit dependency on target 'Starscream' in project 'Starscream'
        ➜ Explicit dependency on target 'Starscream_Starscream' in project 'Starscream'
    Target 'Starscream' in project 'Starscream'
        ➜ Explicit dependency on target 'Starscream_Starscream' in project 'Starscream'
    Target 'Starscream_Starscream' in project 'Starscream' (no dependencies)
    Target 'CocoaMQTT-product' in project 'CocoaMQTT'
        ➜ Explicit dependency on target 'CocoaMQTT' in project 'CocoaMQTT'
        ➜ Explicit dependency on target 'CocoaMQTT_CocoaMQTT' in project 'CocoaMQTT'
        ➜ Explicit dependency on target 'MqttCocoaAsyncSocket-product' in project 'MqttCocoaAsyncSocket'
    Target 'CocoaMQTT' in project 'CocoaMQTT'
        ➜ Explicit dependency on target 'CocoaMQTT_CocoaMQTT' in project 'CocoaMQTT'
        ➜ Explicit dependency on target 'MqttCocoaAsyncSocket-product' in project 'MqttCocoaAsyncSocket'
    Target 'MqttCocoaAsyncSocket-product' in project 'MqttCocoaAsyncSocket'
        ➜ Explicit dependency on target 'MqttCocoaAsyncSocket' in project 'MqttCocoaAsyncSocket'
    Target 'MqttCocoaAsyncSocket' in project 'MqttCocoaAsyncSocket' (no dependencies)
    Target 'CocoaMQTT_CocoaMQTT' in project 'CocoaMQTT' (no dependencies)
GatherProvisioningInputs
CreateBuildDescription
ExecuteExternalTool /Applications/Xcode-27.0.0-Release.Candidate.app/Contents/Developer/Toolchains/XcodeDefault.xctoolchain/usr/bin/clang -v -E -dM -arch arm64 -isysroot /Applications/Xcode-27.0.0-Release.Candidate.app/Contents/Developer/Platforms/WatchOS.platform/Developer/SDKs/WatchOS27.0.sdk -x objective-c -c /dev/null
ExecuteExternalTool /Applications/Xcode-27.0.0-Release.Candidate.app/Contents/Developer/Toolchains/XcodeDefault.xctoolchain/usr/bin/swiftc --version
ExecuteExternalTool /Applications/Xcode-27.0.0-Release.Candidate.app/Contents/Developer/Toolchains/XcodeDefault.xctoolchain/usr/bin/clang -v -E -dM -isysroot /Applications/Xcode-27.0.0-Release.Candidate.app/Contents/Developer/Platforms/WatchOS.platform/Developer/SDKs/WatchOS27.0.sdk -x c -c /dev/null
ExecuteExternalTool /Applications/Xcode-27.0.0-Release.Candidate.app/Contents/Developer/Toolchains/XcodeDefault.xctoolchain/usr/bin/clang -v -E -dM -arch arm64 -isysroot /Applications/Xcode-27.0.0-Release.Candidate.app/Contents/Developer/Platforms/WatchOS.platform/Developer/SDKs/WatchOS27.0.sdk -x c -c /dev/null
ExecuteExternalTool /Applications/Xcode-27.0.0-Release.Candidate.app/Contents/Developer/Toolchains/XcodeDefault.xctoolchain/usr/bin/ld -version_details
ExecuteExternalTool /Applications/Xcode-27.0.0-Release.Candidate.app/Contents/Developer/Toolchains/XcodeDefault.xctoolchain/usr/bin/clang -v -E -dM -arch arm64_32 -isysroot /Applications/Xcode-27.0.0-Release.Candidate.app/Contents/Developer/Platforms/WatchOS.platform/Developer/SDKs/WatchOS27.0.sdk -x objective-c -c /dev/null
ExecuteExternalTool /Applications/Xcode-27.0.0-Release.Candidate.app/Contents/Developer/Toolchains/XcodeDefault.xctoolchain/usr/bin/clang -v -E -dM -arch arm64_32 -isysroot /Applications/Xcode-27.0.0-Release.Candidate.app/Contents/Developer/Platforms/WatchOS.platform/Developer/SDKs/WatchOS27.0.sdk -x c -c /dev/null
Build description signature: 71736048135fe5e4efa28e70ab35bd47
Build description path: /Users/admin/builder/spi-builder-workspace/.derivedData/Build/Intermediates.noindex/XCBuildData/71736048135fe5e4efa28e70ab35bd47.xcbuilddata
CreateBuildDirectory /Users/admin/builder/spi-builder-workspace/.derivedData/SDKExplicitPrecompiledModules
    cd /Users/admin/builder/spi-builder-workspace/.swiftpm/xcode
    builtin-create-build-directory /Users/admin/builder/spi-builder-workspace/.derivedData/SDKExplicitPrecompiledModules
CreateBuildDirectory /Users/admin/builder/spi-builder-workspace/.derivedData/ModuleCache.noindex
    cd /Users/admin/builder/spi-builder-workspace/.swiftpm/xcode
    builtin-create-build-directory /Users/admin/builder/spi-builder-workspace/.derivedData/ModuleCache.noindex
CreateBuildDirectory /Users/admin/builder/spi-builder-workspace/.derivedData/CompilationCache.noindex
    cd /Users/admin/builder/spi-builder-workspace/.swiftpm/xcode
    builtin-create-build-directory /Users/admin/builder/spi-builder-workspace/.derivedData/CompilationCache.noindex
CreateBuildDirectory /Users/admin/builder/spi-builder-workspace/.derivedData/Build/Products
    cd /Users/admin/builder/spi-builder-workspace/.swiftpm/xcode
    builtin-create-build-directory /Users/admin/builder/spi-builder-workspace/.derivedData/Build/Products
ClangStatCache /Applications/Xcode-27.0.0-Release.Candidate.app/Contents/Developer/Toolchains/XcodeDefault.xctoolchain/usr/bin/clang-stat-cache /Applications/Xcode-27.0.0-Release.Candidate.app/Contents/Developer/Platforms/WatchOS.platform/Developer/SDKs/WatchOS27.0.sdk /Users/admin/builder/spi-builder-workspace/.derivedData/SDKStatCaches.noindex/watchos27.0-24R360-e829b21a6f8c9b70876ba0858053c04477534ef55a1706bf4c1112bbb242f0a2.sdkstatcache
    cd /Users/admin/builder/spi-builder-workspace/.swiftpm/xcode
    /Applications/Xcode-27.0.0-Release.Candidate.app/Contents/Developer/Toolchains/XcodeDefault.xctoolchain/usr/bin/clang-stat-cache /Applications/Xcode-27.0.0-Release.Candidate.app/Contents/Developer/Platforms/WatchOS.platform/Developer/SDKs/WatchOS27.0.sdk -o /Users/admin/builder/spi-builder-workspace/.derivedData/SDKStatCaches.noindex/watchos27.0-24R360-e829b21a6f8c9b70876ba0858053c04477534ef55a1706bf4c1112bbb242f0a2.sdkstatcache
CreateBuildDirectory /Users/admin/builder/spi-builder-workspace/.derivedData/Build/Intermediates.noindex
    cd /Users/admin/builder/spi-builder-workspace/.swiftpm/xcode
    builtin-create-build-directory /Users/admin/builder/spi-builder-workspace/.derivedData/Build/Intermediates.noindex
CreateBuildDirectory /Users/admin/builder/spi-builder-workspace/.derivedData/Build/Intermediates.noindex/PrecompiledHeaders
    cd /Users/admin/builder/spi-builder-workspace/.swiftpm/xcode
    builtin-create-build-directory /Users/admin/builder/spi-builder-workspace/.derivedData/Build/Intermediates.noindex/PrecompiledHeaders
CreateBuildDirectory /Users/admin/builder/spi-builder-workspace/.derivedData/Build/Intermediates.noindex/ExplicitPrecompiledModules
    cd /Users/admin/builder/spi-builder-workspace/.swiftpm/xcode
    builtin-create-build-directory /Users/admin/builder/spi-builder-workspace/.derivedData/Build/Intermediates.noindex/ExplicitPrecompiledModules
CreateBuildDirectory /Users/admin/builder/spi-builder-workspace/.derivedData/Build/Intermediates.noindex/SwiftExplicitPrecompiledModules
    cd /Users/admin/builder/spi-builder-workspace/.swiftpm/xcode
    builtin-create-build-directory /Users/admin/builder/spi-builder-workspace/.derivedData/Build/Intermediates.noindex/SwiftExplicitPrecompiledModules
CreateBuildDirectory /Users/admin/builder/spi-builder-workspace/.derivedData/Build/Intermediates.noindex/EagerLinkingTBDs/Debug-watchos
    cd /Users/admin/builder/spi-builder-workspace/.swiftpm/xcode
    builtin-create-build-directory /Users/admin/builder/spi-builder-workspace/.derivedData/Build/Intermediates.noindex/EagerLinkingTBDs/Debug-watchos
CreateBuildDirectory /Users/admin/builder/spi-builder-workspace/.derivedData/Build/Products/Debug-watchos
    cd /Users/admin/builder/spi-builder-workspace/.swiftpm/xcode
    builtin-create-build-directory /Users/admin/builder/spi-builder-workspace/.derivedData/Build/Products/Debug-watchos
WriteAuxiliaryFile /Users/admin/builder/spi-builder-workspace/.derivedData/Build/Intermediates.noindex/Starscream.build/Debug-watchos/Starscream_Starscream-b.build/empty-Starscream_Starscream.plist (in target 'Starscream_Starscream' from project 'Starscream')
    cd /Users/admin/builder/spi-builder-workspace/.dependencies/checkouts/Starscream
    write-file /Users/admin/builder/spi-builder-workspace/.derivedData/Build/Intermediates.noindex/Starscream.build/Debug-watchos/Starscream_Starscream-b.build/empty-Starscream_Starscream.plist
WriteAuxiliaryFile /Users/admin/builder/spi-builder-workspace/.derivedData/Build/Intermediates.noindex/Starscream.build/Debug-watchos/Starscream_Starscream-b.build/Starscream_Starscream.DependencyMetadataFileList (in target 'Starscream_Starscream' from project 'Starscream')
    cd /Users/admin/builder/spi-builder-workspace/.dependencies/checkouts/Starscream
    write-file /Users/admin/builder/spi-builder-workspace/.derivedData/Build/Intermediates.noindex/Starscream.build/Debug-watchos/Starscream_Starscream-b.build/Starscream_Starscream.DependencyMetadataFileList
WriteAuxiliaryFile /Users/admin/builder/spi-builder-workspace/.derivedData/Build/Intermediates.noindex/Starscream.build/Debug-watchos/Starscream_Starscream-b.build/Starscream_Starscream.DependencyStaticMetadataFileList (in target 'Starscream_Starscream' from project 'Starscream')
    cd /Users/admin/builder/spi-builder-workspace/.dependencies/checkouts/Starscream
    write-file /Users/admin/builder/spi-builder-workspace/.derivedData/Build/Intermediates.noindex/Starscream.build/Debug-watchos/Starscream_Starscream-b.build/Starscream_Starscream.DependencyStaticMetadataFileList
WriteAuxiliaryFile /Users/admin/builder/spi-builder-workspace/.derivedData/Build/Intermediates.noindex/Starscream.build/Debug-watchos/Starscream-t.build/Starscream.DependencyMetadataFileList (in target 'Starscream' from project 'Starscream')
    cd /Users/admin/builder/spi-builder-workspace/.dependencies/checkouts/Starscream
    write-file /Users/admin/builder/spi-builder-workspace/.derivedData/Build/Intermediates.noindex/Starscream.build/Debug-watchos/Starscream-t.build/Starscream.DependencyMetadataFileList
WriteAuxiliaryFile /Users/admin/builder/spi-builder-workspace/.derivedData/Build/Intermediates.noindex/Starscream.build/Debug-watchos/Starscream-t.build/Starscream.DependencyStaticMetadataFileList (in target 'Starscream' from project 'Starscream')
    cd /Users/admin/builder/spi-builder-workspace/.dependencies/checkouts/Starscream
    write-file /Users/admin/builder/spi-builder-workspace/.derivedData/Build/Intermediates.noindex/Starscream.build/Debug-watchos/Starscream-t.build/Starscream.DependencyStaticMetadataFileList
WriteAuxiliaryFile /Users/admin/builder/spi-builder-workspace/.derivedData/Build/Intermediates.noindex/Starscream.build/Debug-watchos/Starscream-t.build/Starscream.modulemap (in target 'Starscream' from project 'Starscream')
    cd /Users/admin/builder/spi-builder-workspace/.dependencies/checkouts/Starscream
    write-file /Users/admin/builder/spi-builder-workspace/.derivedData/Build/Intermediates.noindex/Starscream.build/Debug-watchos/Starscream-t.build/Starscream.modulemap
WriteAuxiliaryFile /Users/admin/builder/spi-builder-workspace/.derivedData/Build/Intermediates.noindex/Starscream.build/Debug-watchos/Starscream-t.build/Objects-normal/arm64_32/Starscream_const_extract_protocols.json (in target 'Starscream' from project 'Starscream')
    cd /Users/admin/builder/spi-builder-workspace/.dependencies/checkouts/Starscream
    write-file /Users/admin/builder/spi-builder-workspace/.derivedData/Build/Intermediates.noindex/Starscream.build/Debug-watchos/Starscream-t.build/Objects-normal/arm64_32/Starscream_const_extract_protocols.json
WriteAuxiliaryFile /Users/admin/builder/spi-builder-workspace/.derivedData/Build/Intermediates.noindex/Starscream.build/Debug-watchos/Starscream-t.build/Objects-normal/arm64_32/Starscream.SwiftFileList (in target 'Starscream' from project 'Starscream')
    cd /Users/admin/builder/spi-builder-workspace/.dependencies/checkouts/Starscream
    write-file /Users/admin/builder/spi-builder-workspace/.derivedData/Build/Intermediates.noindex/Starscream.build/Debug-watchos/Starscream-t.build/Objects-normal/arm64_32/Starscream.SwiftFileList
WriteAuxiliaryFile /Users/admin/builder/spi-builder-workspace/.derivedData/Build/Intermediates.noindex/Starscream.build/Debug-watchos/Starscream-t.build/Objects-normal/arm64_32/Starscream.SwiftConstValuesFileList (in target 'Starscream' from project 'Starscream')
    cd /Users/admin/builder/spi-builder-workspace/.dependencies/checkouts/Starscream
    write-file /Users/admin/builder/spi-builder-workspace/.derivedData/Build/Intermediates.noindex/Starscream.build/Debug-watchos/Starscream-t.build/Objects-normal/arm64_32/Starscream.SwiftConstValuesFileList
WriteAuxiliaryFile /Users/admin/builder/spi-builder-workspace/.derivedData/Build/Intermediates.noindex/Starscream.build/Debug-watchos/Starscream-t.build/Objects-normal/arm64_32/Starscream.LinkFileList (in target 'Starscream' from project 'Starscream')
    cd /Users/admin/builder/spi-builder-workspace/.dependencies/checkouts/Starscream
    write-file /Users/admin/builder/spi-builder-workspace/.derivedData/Build/Intermediates.noindex/Starscream.build/Debug-watchos/Starscream-t.build/Objects-normal/arm64_32/Starscream.LinkFileList
WriteAuxiliaryFile /Users/admin/builder/spi-builder-workspace/.derivedData/Build/Intermediates.noindex/Starscream.build/Debug-watchos/Starscream-t.build/Objects-normal/arm64_32/Starscream-OutputFileMap.json (in target 'Starscream' from project 'Starscream')
    cd /Users/admin/builder/spi-builder-workspace/.dependencies/checkouts/Starscream
    write-file /Users/admin/builder/spi-builder-workspace/.derivedData/Build/Intermediates.noindex/Starscream.build/Debug-watchos/Starscream-t.build/Objects-normal/arm64_32/Starscream-OutputFileMap.json
WriteAuxiliaryFile /Users/admin/builder/spi-builder-workspace/.derivedData/Build/Intermediates.noindex/Starscream.build/Debug-watchos/Starscream-t.build/Objects-normal/arm64/Starscream_const_extract_protocols.json (in target 'Starscream' from project 'Starscream')
    cd /Users/admin/builder/spi-builder-workspace/.dependencies/checkouts/Starscream
    write-file /Users/admin/builder/spi-builder-workspace/.derivedData/Build/Intermediates.noindex/Starscream.build/Debug-watchos/Starscream-t.build/Objects-normal/arm64/Starscream_const_extract_protocols.json
WriteAuxiliaryFile /Users/admin/builder/spi-builder-workspace/.derivedData/Build/Intermediates.noindex/Starscream.build/Debug-watchos/Starscream-t.build/Objects-normal/arm64/Starscream.SwiftFileList (in target 'Starscream' from project 'Starscream')
    cd /Users/admin/builder/spi-builder-workspace/.dependencies/checkouts/Starscream
    write-file /Users/admin/builder/spi-builder-workspace/.derivedData/Build/Intermediates.noindex/Starscream.build/Debug-watchos/Starscream-t.build/Objects-normal/arm64/Starscream.SwiftFileList
WriteAuxiliaryFile /Users/admin/builder/spi-builder-workspace/.derivedData/Build/Intermediates.noindex/Starscream.build/Debug-watchos/Starscream-t.build/Objects-normal/arm64/Starscream.SwiftConstValuesFileList (in target 'Starscream' from project 'Starscream')
    cd /Users/admin/builder/spi-builder-workspace/.dependencies/checkouts/Starscream
    write-file /Users/admin/builder/spi-builder-workspace/.derivedData/Build/Intermediates.noindex/Starscream.build/Debug-watchos/Starscream-t.build/Objects-normal/arm64/Starscream.SwiftConstValuesFileList
WriteAuxiliaryFile /Users/admin/builder/spi-builder-workspace/.derivedData/Build/Intermediates.noindex/Starscream.build/Debug-watchos/Starscream-t.build/Objects-normal/arm64/Starscream.LinkFileList (in target 'Starscream' from project 'Starscream')
    cd /Users/admin/builder/spi-builder-workspace/.dependencies/checkouts/Starscream
    write-file /Users/admin/builder/spi-builder-workspace/.derivedData/Build/Intermediates.noindex/Starscream.build/Debug-watchos/Starscream-t.build/Objects-normal/arm64/Starscream.LinkFileList
WriteAuxiliaryFile /Users/admin/builder/spi-builder-workspace/.derivedData/Build/Intermediates.noindex/Starscream.build/Debug-watchos/Starscream-t.build/Objects-normal/arm64/Starscream-OutputFileMap.json (in target 'Starscream' from project 'Starscream')
    cd /Users/admin/builder/spi-builder-workspace/.dependencies/checkouts/Starscream
    write-file /Users/admin/builder/spi-builder-workspace/.derivedData/Build/Intermediates.noindex/Starscream.build/Debug-watchos/Starscream-t.build/Objects-normal/arm64/Starscream-OutputFileMap.json
WriteAuxiliaryFile /Users/admin/builder/spi-builder-workspace/.derivedData/Build/Intermediates.noindex/Starscream.build/Debug-watchos/Starscream-t.build/DerivedSources/resource_bundle_accessor.swift (in target 'Starscream' from project 'Starscream')
    cd /Users/admin/builder/spi-builder-workspace/.dependencies/checkouts/Starscream
    write-file /Users/admin/builder/spi-builder-workspace/.derivedData/Build/Intermediates.noindex/Starscream.build/Debug-watchos/Starscream-t.build/DerivedSources/resource_bundle_accessor.swift
Copy /Users/admin/builder/spi-builder-workspace/.derivedData/Build/Intermediates.noindex/GeneratedModuleMaps-watchos/Starscream.modulemap /Users/admin/builder/spi-builder-workspace/.derivedData/Build/Intermediates.noindex/Starscream.build/Debug-watchos/Starscream-t.build/Starscream.modulemap (in target 'Starscream' from project 'Starscream')
    cd /Users/admin/builder/spi-builder-workspace/.dependencies/checkouts/Starscream
    builtin-copy -exclude .DS_Store -exclude CVS -exclude .svn -exclude .git -exclude .hg -resolve-src-symlinks /Users/admin/builder/spi-builder-workspace/.derivedData/Build/Intermediates.noindex/Starscream.build/Debug-watchos/Starscream-t.build/Starscream.modulemap /Users/admin/builder/spi-builder-workspace/.derivedData/Build/Intermediates.noindex/GeneratedModuleMaps-watchos
WriteAuxiliaryFile /Users/admin/builder/spi-builder-workspace/.derivedData/Build/Intermediates.noindex/MqttCocoaAsyncSocket.build/Debug-watchos/MqttCocoaAsyncSocket-t.build/Objects-normal/arm64/e6072d4f65d7061329687fe24e3d63a7-common-args.resp (in target 'MqttCocoaAsyncSocket' from project 'MqttCocoaAsyncSocket')
    cd /Users/admin/builder/spi-builder-workspace/.dependencies/checkouts/MqttCocoaAsyncSocket
    write-file /Users/admin/builder/spi-builder-workspace/.derivedData/Build/Intermediates.noindex/MqttCocoaAsyncSocket.build/Debug-watchos/MqttCocoaAsyncSocket-t.build/Objects-normal/arm64/e6072d4f65d7061329687fe24e3d63a7-common-args.resp
-fobjc-arc -fmodules -gmodules '-fmodules-cache-path=/Users/admin/builder/spi-builder-workspace/.derivedData/ModuleCache.noindex' '-fmodule-name=MqttCocoaAsyncSocket' -fpascal-strings -O0 -DSWIFT_PACKAGE '-DDEBUG=1' '-DOBJC_OLD_DISPATCH_PROTOTYPES=1' -g -fprofile-instr-generate -fcoverage-mapping -I/Users/admin/builder/spi-builder-workspace/.derivedData/Build/Products/Debug-watchos/include -I/Users/admin/builder/spi-builder-workspace/.dependencies/checkouts/MqttCocoaAsyncSocket/Source/GCD -I/Users/admin/builder/spi-builder-workspace/.derivedData/Build/Intermediates.noindex/MqttCocoaAsyncSocket.build/Debug-watchos/MqttCocoaAsyncSocket-t.build/DerivedSources-normal/arm64 -I/Users/admin/builder/spi-builder-workspace/.derivedData/Build/Intermediates.noindex/MqttCocoaAsyncSocket.build/Debug-watchos/MqttCocoaAsyncSocket-t.build/DerivedSources/arm64 -I/Users/admin/builder/spi-builder-workspace/.derivedData/Build/Intermediates.noindex/MqttCocoaAsyncSocket.build/Debug-watchos/MqttCocoaAsyncSocket-t.build/DerivedSources -F/Users/admin/builder/spi-builder-workspace/.derivedData/Build/Products/Debug-watchos -iframework /Applications/Xcode-27.0.0-Release.Candidate.app/Contents/Developer/Platforms/WatchOS.platform/Developer/Library/Frameworks -iframework /Applications/Xcode-27.0.0-Release.Candidate.app/Contents/Developer/Platforms/WatchOS.platform/Developer/SDKs/WatchOS27.0.sdk/Developer/Library/Frameworks -DXcode
WriteAuxiliaryFile /Users/admin/builder/spi-builder-workspace/.derivedData/Build/Intermediates.noindex/MqttCocoaAsyncSocket.build/Debug-watchos/MqttCocoaAsyncSocket-t.build/Objects-normal/arm64_32/e6072d4f65d7061329687fe24e3d63a7-common-args.resp (in target 'MqttCocoaAsyncSocket' from project 'MqttCocoaAsyncSocket')
    cd /Users/admin/builder/spi-builder-workspace/.dependencies/checkouts/MqttCocoaAsyncSocket
    write-file /Users/admin/builder/spi-builder-workspace/.derivedData/Build/Intermediates.noindex/MqttCocoaAsyncSocket.build/Debug-watchos/MqttCocoaAsyncSocket-t.build/Objects-normal/arm64_32/e6072d4f65d7061329687fe24e3d63a7-common-args.resp
-fobjc-arc -fmodules -gmodules '-fmodules-cache-path=/Users/admin/builder/spi-builder-workspace/.derivedData/ModuleCache.noindex' '-fmodule-name=MqttCocoaAsyncSocket' -fpascal-strings -O0 -DSWIFT_PACKAGE '-DDEBUG=1' '-DOBJC_OLD_DISPATCH_PROTOTYPES=1' -g -fprofile-instr-generate -fcoverage-mapping -I/Users/admin/builder/spi-builder-workspace/.derivedData/Build/Products/Debug-watchos/include -I/Users/admin/builder/spi-builder-workspace/.dependencies/checkouts/MqttCocoaAsyncSocket/Source/GCD -I/Users/admin/builder/spi-builder-workspace/.derivedData/Build/Intermediates.noindex/MqttCocoaAsyncSocket.build/Debug-watchos/MqttCocoaAsyncSocket-t.build/DerivedSources-normal/arm64_32 -I/Users/admin/builder/spi-builder-workspace/.derivedData/Build/Intermediates.noindex/MqttCocoaAsyncSocket.build/Debug-watchos/MqttCocoaAsyncSocket-t.build/DerivedSources/arm64_32 -I/Users/admin/builder/spi-builder-workspace/.derivedData/Build/Intermediates.noindex/MqttCocoaAsyncSocket.build/Debug-watchos/MqttCocoaAsyncSocket-t.build/DerivedSources -F/Users/admin/builder/spi-builder-workspace/.derivedData/Build/Products/Debug-watchos -iframework /Applications/Xcode-27.0.0-Release.Candidate.app/Contents/Developer/Platforms/WatchOS.platform/Developer/Library/Frameworks -iframework /Applications/Xcode-27.0.0-Release.Candidate.app/Contents/Developer/Platforms/WatchOS.platform/Developer/SDKs/WatchOS27.0.sdk/Developer/Library/Frameworks -DXcode
WriteAuxiliaryFile /Users/admin/builder/spi-builder-workspace/.derivedData/Build/Intermediates.noindex/MqttCocoaAsyncSocket.build/Debug-watchos/MqttCocoaAsyncSocket-t.build/Objects-normal/arm64_32/MqttCocoaAsyncSocket.LinkFileList (in target 'MqttCocoaAsyncSocket' from project 'MqttCocoaAsyncSocket')
    cd /Users/admin/builder/spi-builder-workspace/.dependencies/checkouts/MqttCocoaAsyncSocket
    write-file /Users/admin/builder/spi-builder-workspace/.derivedData/Build/Intermediates.noindex/MqttCocoaAsyncSocket.build/Debug-watchos/MqttCocoaAsyncSocket-t.build/Objects-normal/arm64_32/MqttCocoaAsyncSocket.LinkFileList
WriteAuxiliaryFile /Users/admin/builder/spi-builder-workspace/.derivedData/Build/Intermediates.noindex/MqttCocoaAsyncSocket.build/Debug-watchos/MqttCocoaAsyncSocket-t.build/Objects-normal/arm64/MqttCocoaAsyncSocket.LinkFileList (in target 'MqttCocoaAsyncSocket' from project 'MqttCocoaAsyncSocket')
    cd /Users/admin/builder/spi-builder-workspace/.dependencies/checkouts/MqttCocoaAsyncSocket
    write-file /Users/admin/builder/spi-builder-workspace/.derivedData/Build/Intermediates.noindex/MqttCocoaAsyncSocket.build/Debug-watchos/MqttCocoaAsyncSocket-t.build/Objects-normal/arm64/MqttCocoaAsyncSocket.LinkFileList
WriteAuxiliaryFile /Users/admin/builder/spi-builder-workspace/.derivedData/Build/Intermediates.noindex/MqttCocoaAsyncSocket.build/Debug-watchos/MqttCocoaAsyncSocket-t.build/MqttCocoaAsyncSocket.modulemap (in target 'MqttCocoaAsyncSocket' from project 'MqttCocoaAsyncSocket')
    cd /Users/admin/builder/spi-builder-workspace/.dependencies/checkouts/MqttCocoaAsyncSocket
    write-file /Users/admin/builder/spi-builder-workspace/.derivedData/Build/Intermediates.noindex/MqttCocoaAsyncSocket.build/Debug-watchos/MqttCocoaAsyncSocket-t.build/MqttCocoaAsyncSocket.modulemap
WriteAuxiliaryFile /Users/admin/builder/spi-builder-workspace/.derivedData/Build/Intermediates.noindex/MqttCocoaAsyncSocket.build/Debug-watchos/MqttCocoaAsyncSocket-t.build/MqttCocoaAsyncSocket.DependencyStaticMetadataFileList (in target 'MqttCocoaAsyncSocket' from project 'MqttCocoaAsyncSocket')
    cd /Users/admin/builder/spi-builder-workspace/.dependencies/checkouts/MqttCocoaAsyncSocket
    write-file /Users/admin/builder/spi-builder-workspace/.derivedData/Build/Intermediates.noindex/MqttCocoaAsyncSocket.build/Debug-watchos/MqttCocoaAsyncSocket-t.build/MqttCocoaAsyncSocket.DependencyStaticMetadataFileList
WriteAuxiliaryFile /Users/admin/builder/spi-builder-workspace/.derivedData/Build/Intermediates.noindex/MqttCocoaAsyncSocket.build/Debug-watchos/MqttCocoaAsyncSocket-t.build/MqttCocoaAsyncSocket.DependencyMetadataFileList (in target 'MqttCocoaAsyncSocket' from project 'MqttCocoaAsyncSocket')
    cd /Users/admin/builder/spi-builder-workspace/.dependencies/checkouts/MqttCocoaAsyncSocket
    write-file /Users/admin/builder/spi-builder-workspace/.derivedData/Build/Intermediates.noindex/MqttCocoaAsyncSocket.build/Debug-watchos/MqttCocoaAsyncSocket-t.build/MqttCocoaAsyncSocket.DependencyMetadataFileList
WriteAuxiliaryFile /Users/admin/builder/spi-builder-workspace/.derivedData/Build/Intermediates.noindex/CocoaMQTT.build/Debug-watchos/CocoaMQTT_CocoaMQTT-b.build/empty-CocoaMQTT_CocoaMQTT.plist (in target 'CocoaMQTT_CocoaMQTT' from project 'CocoaMQTT')
    cd /Users/admin/builder/spi-builder-workspace
    write-file /Users/admin/builder/spi-builder-workspace/.derivedData/Build/Intermediates.noindex/CocoaMQTT.build/Debug-watchos/CocoaMQTT_CocoaMQTT-b.build/empty-CocoaMQTT_CocoaMQTT.plist
WriteAuxiliaryFile /Users/admin/builder/spi-builder-workspace/.derivedData/Build/Intermediates.noindex/CocoaMQTT.build/Debug-watchos/CocoaMQTT_CocoaMQTT-b.build/CocoaMQTT_CocoaMQTT.DependencyStaticMetadataFileList (in target 'CocoaMQTT_CocoaMQTT' from project 'CocoaMQTT')
    cd /Users/admin/builder/spi-builder-workspace
    write-file /Users/admin/builder/spi-builder-workspace/.derivedData/Build/Intermediates.noindex/CocoaMQTT.build/Debug-watchos/CocoaMQTT_CocoaMQTT-b.build/CocoaMQTT_CocoaMQTT.DependencyStaticMetadataFileList
WriteAuxiliaryFile /Users/admin/builder/spi-builder-workspace/.derivedData/Build/Intermediates.noindex/CocoaMQTT.build/Debug-watchos/CocoaMQTT_CocoaMQTT-b.build/CocoaMQTT_CocoaMQTT.DependencyMetadataFileList (in target 'CocoaMQTT_CocoaMQTT' from project 'CocoaMQTT')
    cd /Users/admin/builder/spi-builder-workspace
    write-file /Users/admin/builder/spi-builder-workspace/.derivedData/Build/Intermediates.noindex/CocoaMQTT.build/Debug-watchos/CocoaMQTT_CocoaMQTT-b.build/CocoaMQTT_CocoaMQTT.DependencyMetadataFileList
WriteAuxiliaryFile /Users/admin/builder/spi-builder-workspace/.derivedData/Build/Intermediates.noindex/CocoaMQTT.build/Debug-watchos/CocoaMQTTWebSocket-t.build/Objects-normal/arm64_32/CocoaMQTTWebSocket_const_extract_protocols.json (in target 'CocoaMQTTWebSocket' from project 'CocoaMQTT')
    cd /Users/admin/builder/spi-builder-workspace
    write-file /Users/admin/builder/spi-builder-workspace/.derivedData/Build/Intermediates.noindex/CocoaMQTT.build/Debug-watchos/CocoaMQTTWebSocket-t.build/Objects-normal/arm64_32/CocoaMQTTWebSocket_const_extract_protocols.json
WriteAuxiliaryFile /Users/admin/builder/spi-builder-workspace/.derivedData/Build/Intermediates.noindex/CocoaMQTT.build/Debug-watchos/CocoaMQTTWebSocket-t.build/Objects-normal/arm64_32/CocoaMQTTWebSocket.SwiftFileList (in target 'CocoaMQTTWebSocket' from project 'CocoaMQTT')
    cd /Users/admin/builder/spi-builder-workspace
    write-file /Users/admin/builder/spi-builder-workspace/.derivedData/Build/Intermediates.noindex/CocoaMQTT.build/Debug-watchos/CocoaMQTTWebSocket-t.build/Objects-normal/arm64_32/CocoaMQTTWebSocket.SwiftFileList
WriteAuxiliaryFile /Users/admin/builder/spi-builder-workspace/.derivedData/Build/Intermediates.noindex/CocoaMQTT.build/Debug-watchos/CocoaMQTTWebSocket-t.build/Objects-normal/arm64_32/CocoaMQTTWebSocket.SwiftConstValuesFileList (in target 'CocoaMQTTWebSocket' from project 'CocoaMQTT')
    cd /Users/admin/builder/spi-builder-workspace
    write-file /Users/admin/builder/spi-builder-workspace/.derivedData/Build/Intermediates.noindex/CocoaMQTT.build/Debug-watchos/CocoaMQTTWebSocket-t.build/Objects-normal/arm64_32/CocoaMQTTWebSocket.SwiftConstValuesFileList
Copy /Users/admin/builder/spi-builder-workspace/.derivedData/Build/Intermediates.noindex/GeneratedModuleMaps-watchos/MqttCocoaAsyncSocket.modulemap /Users/admin/builder/spi-builder-workspace/.derivedData/Build/Intermediates.noindex/MqttCocoaAsyncSocket.build/Debug-watchos/MqttCocoaAsyncSocket-t.build/MqttCocoaAsyncSocket.modulemap (in target 'MqttCocoaAsyncSocket' from project 'MqttCocoaAsyncSocket')
    cd /Users/admin/builder/spi-builder-workspace/.dependencies/checkouts/MqttCocoaAsyncSocket
    builtin-copy -exclude .DS_Store -exclude CVS -exclude .svn -exclude .git -exclude .hg -resolve-src-symlinks /Users/admin/builder/spi-builder-workspace/.derivedData/Build/Intermediates.noindex/MqttCocoaAsyncSocket.build/Debug-watchos/MqttCocoaAsyncSocket-t.build/MqttCocoaAsyncSocket.modulemap /Users/admin/builder/spi-builder-workspace/.derivedData/Build/Intermediates.noindex/GeneratedModuleMaps-watchos
WriteAuxiliaryFile /Users/admin/builder/spi-builder-workspace/.derivedData/Build/Intermediates.noindex/CocoaMQTT.build/Debug-watchos/CocoaMQTTWebSocket-t.build/Objects-normal/arm64_32/CocoaMQTTWebSocket.LinkFileList (in target 'CocoaMQTTWebSocket' from project 'CocoaMQTT')
    cd /Users/admin/builder/spi-builder-workspace
    write-file /Users/admin/builder/spi-builder-workspace/.derivedData/Build/Intermediates.noindex/CocoaMQTT.build/Debug-watchos/CocoaMQTTWebSocket-t.build/Objects-normal/arm64_32/CocoaMQTTWebSocket.LinkFileList
WriteAuxiliaryFile /Users/admin/builder/spi-builder-workspace/.derivedData/Build/Intermediates.noindex/CocoaMQTT.build/Debug-watchos/CocoaMQTTWebSocket-t.build/Objects-normal/arm64_32/CocoaMQTTWebSocket-OutputFileMap.json (in target 'CocoaMQTTWebSocket' from project 'CocoaMQTT')
    cd /Users/admin/builder/spi-builder-workspace
    write-file /Users/admin/builder/spi-builder-workspace/.derivedData/Build/Intermediates.noindex/CocoaMQTT.build/Debug-watchos/CocoaMQTTWebSocket-t.build/Objects-normal/arm64_32/CocoaMQTTWebSocket-OutputFileMap.json
WriteAuxiliaryFile /Users/admin/builder/spi-builder-workspace/.derivedData/Build/Intermediates.noindex/CocoaMQTT.build/Debug-watchos/CocoaMQTTWebSocket-t.build/Objects-normal/arm64/CocoaMQTTWebSocket_const_extract_protocols.json (in target 'CocoaMQTTWebSocket' from project 'CocoaMQTT')
    cd /Users/admin/builder/spi-builder-workspace
    write-file /Users/admin/builder/spi-builder-workspace/.derivedData/Build/Intermediates.noindex/CocoaMQTT.build/Debug-watchos/CocoaMQTTWebSocket-t.build/Objects-normal/arm64/CocoaMQTTWebSocket_const_extract_protocols.json
WriteAuxiliaryFile /Users/admin/builder/spi-builder-workspace/.derivedData/Build/Intermediates.noindex/CocoaMQTT.build/Debug-watchos/CocoaMQTTWebSocket-t.build/Objects-normal/arm64/CocoaMQTTWebSocket.SwiftFileList (in target 'CocoaMQTTWebSocket' from project 'CocoaMQTT')
    cd /Users/admin/builder/spi-builder-workspace
    write-file /Users/admin/builder/spi-builder-workspace/.derivedData/Build/Intermediates.noindex/CocoaMQTT.build/Debug-watchos/CocoaMQTTWebSocket-t.build/Objects-normal/arm64/CocoaMQTTWebSocket.SwiftFileList
WriteAuxiliaryFile /Users/admin/builder/spi-builder-workspace/.derivedData/Build/Intermediates.noindex/CocoaMQTT.build/Debug-watchos/CocoaMQTTWebSocket-t.build/Objects-normal/arm64/CocoaMQTTWebSocket.SwiftConstValuesFileList (in target 'CocoaMQTTWebSocket' from project 'CocoaMQTT')
    cd /Users/admin/builder/spi-builder-workspace
    write-file /Users/admin/builder/spi-builder-workspace/.derivedData/Build/Intermediates.noindex/CocoaMQTT.build/Debug-watchos/CocoaMQTTWebSocket-t.build/Objects-normal/arm64/CocoaMQTTWebSocket.SwiftConstValuesFileList
WriteAuxiliaryFile /Users/admin/builder/spi-builder-workspace/.derivedData/Build/Intermediates.noindex/CocoaMQTT.build/Debug-watchos/CocoaMQTTWebSocket-t.build/Objects-normal/arm64/CocoaMQTTWebSocket.LinkFileList (in target 'CocoaMQTTWebSocket' from project 'CocoaMQTT')
    cd /Users/admin/builder/spi-builder-workspace
    write-file /Users/admin/builder/spi-builder-workspace/.derivedData/Build/Intermediates.noindex/CocoaMQTT.build/Debug-watchos/CocoaMQTTWebSocket-t.build/Objects-normal/arm64/CocoaMQTTWebSocket.LinkFileList
WriteAuxiliaryFile /Users/admin/builder/spi-builder-workspace/.derivedData/Build/Intermediates.noindex/CocoaMQTT.build/Debug-watchos/CocoaMQTTWebSocket-t.build/Objects-normal/arm64/CocoaMQTTWebSocket-OutputFileMap.json (in target 'CocoaMQTTWebSocket' from project 'CocoaMQTT')
    cd /Users/admin/builder/spi-builder-workspace
    write-file /Users/admin/builder/spi-builder-workspace/.derivedData/Build/Intermediates.noindex/CocoaMQTT.build/Debug-watchos/CocoaMQTTWebSocket-t.build/Objects-normal/arm64/CocoaMQTTWebSocket-OutputFileMap.json
WriteAuxiliaryFile /Users/admin/builder/spi-builder-workspace/.derivedData/Build/Intermediates.noindex/CocoaMQTT.build/Debug-watchos/CocoaMQTTWebSocket-t.build/CocoaMQTTWebSocket.modulemap (in target 'CocoaMQTTWebSocket' from project 'CocoaMQTT')
    cd /Users/admin/builder/spi-builder-workspace
    write-file /Users/admin/builder/spi-builder-workspace/.derivedData/Build/Intermediates.noindex/CocoaMQTT.build/Debug-watchos/CocoaMQTTWebSocket-t.build/CocoaMQTTWebSocket.modulemap
WriteAuxiliaryFile /Users/admin/builder/spi-builder-workspace/.derivedData/Build/Intermediates.noindex/CocoaMQTT.build/Debug-watchos/CocoaMQTTWebSocket-t.build/CocoaMQTTWebSocket.DependencyStaticMetadataFileList (in target 'CocoaMQTTWebSocket' from project 'CocoaMQTT')
    cd /Users/admin/builder/spi-builder-workspace
    write-file /Users/admin/builder/spi-builder-workspace/.derivedData/Build/Intermediates.noindex/CocoaMQTT.build/Debug-watchos/CocoaMQTTWebSocket-t.build/CocoaMQTTWebSocket.DependencyStaticMetadataFileList
WriteAuxiliaryFile /Users/admin/builder/spi-builder-workspace/.derivedData/Build/Intermediates.noindex/CocoaMQTT.build/Debug-watchos/CocoaMQTTWebSocket-t.build/CocoaMQTTWebSocket.DependencyMetadataFileList (in target 'CocoaMQTTWebSocket' from project 'CocoaMQTT')
    cd /Users/admin/builder/spi-builder-workspace
    write-file /Users/admin/builder/spi-builder-workspace/.derivedData/Build/Intermediates.noindex/CocoaMQTT.build/Debug-watchos/CocoaMQTTWebSocket-t.build/CocoaMQTTWebSocket.DependencyMetadataFileList
MkDir /Users/admin/builder/spi-builder-workspace/.derivedData/Build/Products/Debug-watchos/Starscream_Starscream.bundle (in target 'Starscream_Starscream' from project 'Starscream')
    cd /Users/admin/builder/spi-builder-workspace/.dependencies/checkouts/Starscream
    /bin/mkdir -p /Users/admin/builder/spi-builder-workspace/.derivedData/Build/Products/Debug-watchos/Starscream_Starscream.bundle
Copy /Users/admin/builder/spi-builder-workspace/.derivedData/Build/Intermediates.noindex/GeneratedModuleMaps-watchos/CocoaMQTTWebSocket.modulemap /Users/admin/builder/spi-builder-workspace/.derivedData/Build/Intermediates.noindex/CocoaMQTT.build/Debug-watchos/CocoaMQTTWebSocket-t.build/CocoaMQTTWebSocket.modulemap (in target 'CocoaMQTTWebSocket' from project 'CocoaMQTT')
    cd /Users/admin/builder/spi-builder-workspace
    builtin-copy -exclude .DS_Store -exclude CVS -exclude .svn -exclude .git -exclude .hg -resolve-src-symlinks /Users/admin/builder/spi-builder-workspace/.derivedData/Build/Intermediates.noindex/CocoaMQTT.build/Debug-watchos/CocoaMQTTWebSocket-t.build/CocoaMQTTWebSocket.modulemap /Users/admin/builder/spi-builder-workspace/.derivedData/Build/Intermediates.noindex/GeneratedModuleMaps-watchos
MkDir /Users/admin/builder/spi-builder-workspace/.derivedData/Build/Products/Debug-watchos/CocoaMQTT_CocoaMQTT.bundle (in target 'CocoaMQTT_CocoaMQTT' from project 'CocoaMQTT')
    cd /Users/admin/builder/spi-builder-workspace
    /bin/mkdir -p /Users/admin/builder/spi-builder-workspace/.derivedData/Build/Products/Debug-watchos/CocoaMQTT_CocoaMQTT.bundle
WriteAuxiliaryFile /Users/admin/builder/spi-builder-workspace/.derivedData/Build/Intermediates.noindex/CocoaMQTT.build/Debug-watchos/CocoaMQTT-t.build/Objects-normal/arm64_32/CocoaMQTT_const_extract_protocols.json (in target 'CocoaMQTT' from project 'CocoaMQTT')
    cd /Users/admin/builder/spi-builder-workspace
    write-file /Users/admin/builder/spi-builder-workspace/.derivedData/Build/Intermediates.noindex/CocoaMQTT.build/Debug-watchos/CocoaMQTT-t.build/Objects-normal/arm64_32/CocoaMQTT_const_extract_protocols.json
WriteAuxiliaryFile /Users/admin/builder/spi-builder-workspace/.derivedData/Build/Intermediates.noindex/CocoaMQTT.build/Debug-watchos/CocoaMQTT-t.build/Objects-normal/arm64_32/CocoaMQTT.SwiftFileList (in target 'CocoaMQTT' from project 'CocoaMQTT')
    cd /Users/admin/builder/spi-builder-workspace
    write-file /Users/admin/builder/spi-builder-workspace/.derivedData/Build/Intermediates.noindex/CocoaMQTT.build/Debug-watchos/CocoaMQTT-t.build/Objects-normal/arm64_32/CocoaMQTT.SwiftFileList
WriteAuxiliaryFile /Users/admin/builder/spi-builder-workspace/.derivedData/Build/Intermediates.noindex/CocoaMQTT.build/Debug-watchos/CocoaMQTT-t.build/Objects-normal/arm64_32/CocoaMQTT.LinkFileList (in target 'CocoaMQTT' from project 'CocoaMQTT')
    cd /Users/admin/builder/spi-builder-workspace
    write-file /Users/admin/builder/spi-builder-workspace/.derivedData/Build/Intermediates.noindex/CocoaMQTT.build/Debug-watchos/CocoaMQTT-t.build/Objects-normal/arm64_32/CocoaMQTT.LinkFileList
WriteAuxiliaryFile /Users/admin/builder/spi-builder-workspace/.derivedData/Build/Intermediates.noindex/CocoaMQTT.build/Debug-watchos/CocoaMQTT-t.build/Objects-normal/arm64_32/CocoaMQTT-OutputFileMap.json (in target 'CocoaMQTT' from project 'CocoaMQTT')
    cd /Users/admin/builder/spi-builder-workspace
    write-file /Users/admin/builder/spi-builder-workspace/.derivedData/Build/Intermediates.noindex/CocoaMQTT.build/Debug-watchos/CocoaMQTT-t.build/Objects-normal/arm64_32/CocoaMQTT-OutputFileMap.json
WriteAuxiliaryFile /Users/admin/builder/spi-builder-workspace/.derivedData/Build/Intermediates.noindex/CocoaMQTT.build/Debug-watchos/CocoaMQTT-t.build/Objects-normal/arm64_32/CocoaMQTT.SwiftConstValuesFileList (in target 'CocoaMQTT' from project 'CocoaMQTT')
    cd /Users/admin/builder/spi-builder-workspace
    write-file /Users/admin/builder/spi-builder-workspace/.derivedData/Build/Intermediates.noindex/CocoaMQTT.build/Debug-watchos/CocoaMQTT-t.build/Objects-normal/arm64_32/CocoaMQTT.SwiftConstValuesFileList
WriteAuxiliaryFile /Users/admin/builder/spi-builder-workspace/.derivedData/Build/Intermediates.noindex/CocoaMQTT.build/Debug-watchos/CocoaMQTT-t.build/Objects-normal/arm64/CocoaMQTT.SwiftFileList (in target 'CocoaMQTT' from project 'CocoaMQTT')
    cd /Users/admin/builder/spi-builder-workspace
    write-file /Users/admin/builder/spi-builder-workspace/.derivedData/Build/Intermediates.noindex/CocoaMQTT.build/Debug-watchos/CocoaMQTT-t.build/Objects-normal/arm64/CocoaMQTT.SwiftFileList
WriteAuxiliaryFile /Users/admin/builder/spi-builder-workspace/.derivedData/Build/Intermediates.noindex/CocoaMQTT.build/Debug-watchos/CocoaMQTT-t.build/Objects-normal/arm64/CocoaMQTT_const_extract_protocols.json (in target 'CocoaMQTT' from project 'CocoaMQTT')
    cd /Users/admin/builder/spi-builder-workspace
    write-file /Users/admin/builder/spi-builder-workspace/.derivedData/Build/Intermediates.noindex/CocoaMQTT.build/Debug-watchos/CocoaMQTT-t.build/Objects-normal/arm64/CocoaMQTT_const_extract_protocols.json
WriteAuxiliaryFile /Users/admin/builder/spi-builder-workspace/.derivedData/Build/Intermediates.noindex/CocoaMQTT.build/Debug-watchos/CocoaMQTT-t.build/Objects-normal/arm64/CocoaMQTT.SwiftConstValuesFileList (in target 'CocoaMQTT' from project 'CocoaMQTT')
    cd /Users/admin/builder/spi-builder-workspace
    write-file /Users/admin/builder/spi-builder-workspace/.derivedData/Build/Intermediates.noindex/CocoaMQTT.build/Debug-watchos/CocoaMQTT-t.build/Objects-normal/arm64/CocoaMQTT.SwiftConstValuesFileList
WriteAuxiliaryFile /Users/admin/builder/spi-builder-workspace/.derivedData/Build/Intermediates.noindex/CocoaMQTT.build/Debug-watchos/CocoaMQTT-t.build/Objects-normal/arm64/CocoaMQTT.LinkFileList (in target 'CocoaMQTT' from project 'CocoaMQTT')
    cd /Users/admin/builder/spi-builder-workspace
    write-file /Users/admin/builder/spi-builder-workspace/.derivedData/Build/Intermediates.noindex/CocoaMQTT.build/Debug-watchos/CocoaMQTT-t.build/Objects-normal/arm64/CocoaMQTT.LinkFileList
WriteAuxiliaryFile /Users/admin/builder/spi-builder-workspace/.derivedData/Build/Intermediates.noindex/CocoaMQTT.build/Debug-watchos/CocoaMQTT-t.build/Objects-normal/arm64/CocoaMQTT-OutputFileMap.json (in target 'CocoaMQTT' from project 'CocoaMQTT')
    cd /Users/admin/builder/spi-builder-workspace
    write-file /Users/admin/builder/spi-builder-workspace/.derivedData/Build/Intermediates.noindex/CocoaMQTT.build/Debug-watchos/CocoaMQTT-t.build/Objects-normal/arm64/CocoaMQTT-OutputFileMap.json
WriteAuxiliaryFile /Users/admin/builder/spi-builder-workspace/.derivedData/Build/Intermediates.noindex/CocoaMQTT.build/Debug-watchos/CocoaMQTT-t.build/CocoaMQTT.modulemap (in target 'CocoaMQTT' from project 'CocoaMQTT')
    cd /Users/admin/builder/spi-builder-workspace
    write-file /Users/admin/builder/spi-builder-workspace/.derivedData/Build/Intermediates.noindex/CocoaMQTT.build/Debug-watchos/CocoaMQTT-t.build/CocoaMQTT.modulemap
WriteAuxiliaryFile /Users/admin/builder/spi-builder-workspace/.derivedData/Build/Intermediates.noindex/CocoaMQTT.build/Debug-watchos/CocoaMQTT-t.build/DerivedSources/resource_bundle_accessor.swift (in target 'CocoaMQTT' from project 'CocoaMQTT')
    cd /Users/admin/builder/spi-builder-workspace
    write-file /Users/admin/builder/spi-builder-workspace/.derivedData/Build/Intermediates.noindex/CocoaMQTT.build/Debug-watchos/CocoaMQTT-t.build/DerivedSources/resource_bundle_accessor.swift
WriteAuxiliaryFile /Users/admin/builder/spi-builder-workspace/.derivedData/Build/Intermediates.noindex/CocoaMQTT.build/Debug-watchos/CocoaMQTT-t.build/CocoaMQTT.DependencyStaticMetadataFileList (in target 'CocoaMQTT' from project 'CocoaMQTT')
    cd /Users/admin/builder/spi-builder-workspace
    write-file /Users/admin/builder/spi-builder-workspace/.derivedData/Build/Intermediates.noindex/CocoaMQTT.build/Debug-watchos/CocoaMQTT-t.build/CocoaMQTT.DependencyStaticMetadataFileList
WriteAuxiliaryFile /Users/admin/builder/spi-builder-workspace/.derivedData/Build/Intermediates.noindex/CocoaMQTT.build/Debug-watchos/CocoaMQTT-t.build/CocoaMQTT.DependencyMetadataFileList (in target 'CocoaMQTT' from project 'CocoaMQTT')
    cd /Users/admin/builder/spi-builder-workspace
    write-file /Users/admin/builder/spi-builder-workspace/.derivedData/Build/Intermediates.noindex/CocoaMQTT.build/Debug-watchos/CocoaMQTT-t.build/CocoaMQTT.DependencyMetadataFileList
Copy /Users/admin/builder/spi-builder-workspace/.derivedData/Build/Intermediates.noindex/GeneratedModuleMaps-watchos/CocoaMQTT.modulemap /Users/admin/builder/spi-builder-workspace/.derivedData/Build/Intermediates.noindex/CocoaMQTT.build/Debug-watchos/CocoaMQTT-t.build/CocoaMQTT.modulemap (in target 'CocoaMQTT' from project 'CocoaMQTT')
    cd /Users/admin/builder/spi-builder-workspace
    builtin-copy -exclude .DS_Store -exclude CVS -exclude .svn -exclude .git -exclude .hg -resolve-src-symlinks /Users/admin/builder/spi-builder-workspace/.derivedData/Build/Intermediates.noindex/CocoaMQTT.build/Debug-watchos/CocoaMQTT-t.build/CocoaMQTT.modulemap /Users/admin/builder/spi-builder-workspace/.derivedData/Build/Intermediates.noindex/GeneratedModuleMaps-watchos
CreateBuildDirectory /Users/admin/builder/spi-builder-workspace/.derivedData/Build/Products/Debug-watchos/PackageFrameworks
    cd /Users/admin/builder/spi-builder-workspace/.swiftpm/xcode
    builtin-create-build-directory /Users/admin/builder/spi-builder-workspace/.derivedData/Build/Products/Debug-watchos/PackageFrameworks
ProcessInfoPlistFile /Users/admin/builder/spi-builder-workspace/.derivedData/Build/Products/Debug-watchos/Starscream_Starscream.bundle/Info.plist /Users/admin/builder/spi-builder-workspace/.derivedData/Build/Intermediates.noindex/Starscream.build/Debug-watchos/Starscream_Starscream-b.build/empty-Starscream_Starscream.plist (in target 'Starscream_Starscream' from project 'Starscream')
    cd /Users/admin/builder/spi-builder-workspace/.dependencies/checkouts/Starscream
    builtin-infoPlistUtility /Users/admin/builder/spi-builder-workspace/.derivedData/Build/Intermediates.noindex/Starscream.build/Debug-watchos/Starscream_Starscream-b.build/empty-Starscream_Starscream.plist -producttype com.apple.product-type.bundle -expandbuildsettings -format binary -platform watchos -o /Users/admin/builder/spi-builder-workspace/.derivedData/Build/Products/Debug-watchos/Starscream_Starscream.bundle/Info.plist
CpResource /Users/admin/builder/spi-builder-workspace/.derivedData/Build/Products/Debug-watchos/Starscream_Starscream.bundle/PrivacyInfo.xcprivacy /Users/admin/builder/spi-builder-workspace/.dependencies/checkouts/Starscream/Sources/PrivacyInfo.xcprivacy (in target 'Starscream_Starscream' from project 'Starscream')
    cd /Users/admin/builder/spi-builder-workspace/.dependencies/checkouts/Starscream
    builtin-copy -exclude .DS_Store -exclude CVS -exclude .svn -exclude .git -exclude .hg -resolve-src-symlinks /Users/admin/builder/spi-builder-workspace/.dependencies/checkouts/Starscream/Sources/PrivacyInfo.xcprivacy /Users/admin/builder/spi-builder-workspace/.derivedData/Build/Products/Debug-watchos/Starscream_Starscream.bundle
ProcessInfoPlistFile /Users/admin/builder/spi-builder-workspace/.derivedData/Build/Products/Debug-watchos/CocoaMQTT_CocoaMQTT.bundle/Info.plist /Users/admin/builder/spi-builder-workspace/.derivedData/Build/Intermediates.noindex/CocoaMQTT.build/Debug-watchos/CocoaMQTT_CocoaMQTT-b.build/empty-CocoaMQTT_CocoaMQTT.plist (in target 'CocoaMQTT_CocoaMQTT' from project 'CocoaMQTT')
    cd /Users/admin/builder/spi-builder-workspace
    builtin-infoPlistUtility /Users/admin/builder/spi-builder-workspace/.derivedData/Build/Intermediates.noindex/CocoaMQTT.build/Debug-watchos/CocoaMQTT_CocoaMQTT-b.build/empty-CocoaMQTT_CocoaMQTT.plist -producttype com.apple.product-type.bundle -expandbuildsettings -format binary -platform watchos -o /Users/admin/builder/spi-builder-workspace/.derivedData/Build/Products/Debug-watchos/CocoaMQTT_CocoaMQTT.bundle/Info.plist
CpResource /Users/admin/builder/spi-builder-workspace/.derivedData/Build/Products/Debug-watchos/CocoaMQTT_CocoaMQTT.bundle/PrivacyInfo.xcprivacy /Users/admin/builder/spi-builder-workspace/Source/PrivacyInfo.xcprivacy (in target 'CocoaMQTT_CocoaMQTT' from project 'CocoaMQTT')
    cd /Users/admin/builder/spi-builder-workspace
    builtin-copy -exclude .DS_Store -exclude CVS -exclude .svn -exclude .git -exclude .hg -resolve-src-symlinks /Users/admin/builder/spi-builder-workspace/Source/PrivacyInfo.xcprivacy /Users/admin/builder/spi-builder-workspace/.derivedData/Build/Products/Debug-watchos/CocoaMQTT_CocoaMQTT.bundle
RegisterExecutionPolicyException /Users/admin/builder/spi-builder-workspace/.derivedData/Build/Products/Debug-watchos/Starscream_Starscream.bundle (in target 'Starscream_Starscream' from project 'Starscream')
    cd /Users/admin/builder/spi-builder-workspace/.dependencies/checkouts/Starscream
    builtin-RegisterExecutionPolicyException /Users/admin/builder/spi-builder-workspace/.derivedData/Build/Products/Debug-watchos/Starscream_Starscream.bundle
RegisterExecutionPolicyException /Users/admin/builder/spi-builder-workspace/.derivedData/Build/Products/Debug-watchos/CocoaMQTT_CocoaMQTT.bundle (in target 'CocoaMQTT_CocoaMQTT' from project 'CocoaMQTT')
    cd /Users/admin/builder/spi-builder-workspace
    builtin-RegisterExecutionPolicyException /Users/admin/builder/spi-builder-workspace/.derivedData/Build/Products/Debug-watchos/CocoaMQTT_CocoaMQTT.bundle
Touch /Users/admin/builder/spi-builder-workspace/.derivedData/Build/Products/Debug-watchos/Starscream_Starscream.bundle (in target 'Starscream_Starscream' from project 'Starscream')
    cd /Users/admin/builder/spi-builder-workspace/.dependencies/checkouts/Starscream
    /usr/bin/touch -c /Users/admin/builder/spi-builder-workspace/.derivedData/Build/Products/Debug-watchos/Starscream_Starscream.bundle
Touch /Users/admin/builder/spi-builder-workspace/.derivedData/Build/Products/Debug-watchos/CocoaMQTT_CocoaMQTT.bundle (in target 'CocoaMQTT_CocoaMQTT' from project 'CocoaMQTT')
    cd /Users/admin/builder/spi-builder-workspace
    /usr/bin/touch -c /Users/admin/builder/spi-builder-workspace/.derivedData/Build/Products/Debug-watchos/CocoaMQTT_CocoaMQTT.bundle
ScanDependencies /Users/admin/builder/spi-builder-workspace/.derivedData/Build/Intermediates.noindex/MqttCocoaAsyncSocket.build/Debug-watchos/MqttCocoaAsyncSocket-t.build/Objects-normal/arm64/MGCDAsyncUdpSocket.o /Users/admin/builder/spi-builder-workspace/.dependencies/checkouts/MqttCocoaAsyncSocket/Source/GCD/MGCDAsyncUdpSocket.m normal arm64 objective-c com.apple.compilers.llvm.clang.1_0.compiler (in target 'MqttCocoaAsyncSocket' from project 'MqttCocoaAsyncSocket')
    cd /Users/admin/builder/spi-builder-workspace/.swiftpm/xcode

    Using response file: /Users/admin/builder/spi-builder-workspace/.derivedData/Build/Intermediates.noindex/MqttCocoaAsyncSocket.build/Debug-watchos/MqttCocoaAsyncSocket-t.build/Objects-normal/arm64/e6072d4f65d7061329687fe24e3d63a7-common-args.resp

    builtin-ScanDependencies -o /Users/admin/builder/spi-builder-workspace/.derivedData/Build/Intermediates.noindex/MqttCocoaAsyncSocket.build/Debug-watchos/MqttCocoaAsyncSocket-t.build/Objects-normal/arm64/MGCDAsyncUdpSocket.o.scan -- /Applications/Xcode-27.0.0-Release.Candidate.app/Contents/Developer/Toolchains/XcodeDefault.xctoolchain/usr/bin/clang -x objective-c -ivfsstatcache /Users/admin/builder/spi-builder-workspace/.derivedData/SDKStatCaches.noindex/watchos27.0-24R360-e829b21a6f8c9b70876ba0858053c04477534ef55a1706bf4c1112bbb242f0a2.sdkstatcache -target arm64-apple-watchos9.0 -fmessage-length\=0 -fdiagnostics-show-note-include-stack -fmacro-backtrace-limit\=0 -fno-color-diagnostics -fmodules-prune-interval\=86400 -fmodules-prune-after\=345600 -fbuild-session-file\=/Users/admin/builder/spi-builder-workspace/.derivedData/ModuleCache.noindex/Session.modulevalidation -fmodules-validate-once-per-build-session -Wnon-modular-include-in-framework-module -Werror\=non-modular-include-in-framework-module -Wno-trigraphs -Wno-missing-field-initializers -Wno-missing-prototypes -Wno-return-type -Wno-implicit-atomic-properties -Wno-objc-interface-ivars -Wno-arc-repeated-use-of-weak -Wno-missing-braces -Wparentheses -Wswitch -Wno-unused-function -Wno-unused-label -Wno-unused-parameter -Wno-unused-variable -Wunused-value -Wno-empty-body -Wno-uninitialized -Wno-unknown-pragmas -w -Wno-shadow -Wno-four-char-constants -Wno-conversion -Wno-constant-conversion -Wno-int-conversion -Wno-bool-conversion -Wno-enum-conversion -Wno-float-conversion -Wno-non-literal-null-conversion -Wno-objc-literal-conversion -Wshorten-64-to-32 -Wpointer-sign -Wno-newline-eof -Wno-selector -Wno-strict-selector-match -Wno-undeclared-selector -Wno-deprecated-implementations -Wno-implicit-fallthrough -isysroot /Applications/Xcode-27.0.0-Release.Candidate.app/Contents/Developer/Platforms/WatchOS.platform/Developer/SDKs/WatchOS27.0.sdk -fstrict-aliasing -Wprotocol -Wdeprecated-declarations -Wno-sign-conversion -Wno-infinite-recursion -Wno-comma -Wno-block-capture-autoreleasing -Wno-strict-prototypes -Wno-semicolon-before-method-body -index-store-path /Users/admin/builder/spi-builder-workspace/.derivedData/Index.noindex/DataStore @/Users/admin/builder/spi-builder-workspace/.derivedData/Build/Intermediates.noindex/MqttCocoaAsyncSocket.build/Debug-watchos/MqttCocoaAsyncSocket-t.build/Objects-normal/arm64/e6072d4f65d7061329687fe24e3d63a7-common-args.resp -MMD -MT dependencies -MF /Users/admin/builder/spi-builder-workspace/.derivedData/Build/Intermediates.noindex/MqttCocoaAsyncSocket.build/Debug-watchos/MqttCocoaAsyncSocket-t.build/Objects-normal/arm64/MGCDAsyncUdpSocket.d --serialize-diagnostics /Users/admin/builder/spi-builder-workspace/.derivedData/Build/Intermediates.noindex/MqttCocoaAsyncSocket.build/Debug-watchos/MqttCocoaAsyncSocket-t.build/Objects-normal/arm64/MGCDAsyncUdpSocket.dia -c /Users/admin/builder/spi-builder-workspace/.dependencies/checkouts/MqttCocoaAsyncSocket/Source/GCD/MGCDAsyncUdpSocket.m -o /Users/admin/builder/spi-builder-workspace/.derivedData/Build/Intermediates.noindex/MqttCocoaAsyncSocket.build/Debug-watchos/MqttCocoaAsyncSocket-t.build/Objects-normal/arm64/MGCDAsyncUdpSocket.o -index-unit-output-path /MqttCocoaAsyncSocket.build/Debug-watchos/MqttCocoaAsyncSocket-t.build/Objects-normal/arm64/MGCDAsyncUdpSocket.o
/Users/admin/builder/spi-builder-workspace/.dependencies/checkouts/MqttCocoaAsyncSocket/Source/GCD/MGCDAsyncUdpSocket.m:19:11: error: 'CFNetwork/CFNetwork.h' file not found (in target 'MqttCocoaAsyncSocket' from project 'MqttCocoaAsyncSocket')
    note: Did not find header 'CFNetwork.h' in framework 'CFNetwork' (loaded from '/Applications/Xcode-27.0.0-Release.Candidate.app/Contents/Developer/Platforms/WatchOS.platform/Developer/SDKs/WatchOS27.0.sdk/System/Library/Frameworks')
ScanDependencies /Users/admin/builder/spi-builder-workspace/.derivedData/Build/Intermediates.noindex/MqttCocoaAsyncSocket.build/Debug-watchos/MqttCocoaAsyncSocket-t.build/Objects-normal/arm64_32/MGCDAsyncUdpSocket.o /Users/admin/builder/spi-builder-workspace/.dependencies/checkouts/MqttCocoaAsyncSocket/Source/GCD/MGCDAsyncUdpSocket.m normal arm64_32 objective-c com.apple.compilers.llvm.clang.1_0.compiler (in target 'MqttCocoaAsyncSocket' from project 'MqttCocoaAsyncSocket')
    cd /Users/admin/builder/spi-builder-workspace/.swiftpm/xcode

    Using response file: /Users/admin/builder/spi-builder-workspace/.derivedData/Build/Intermediates.noindex/MqttCocoaAsyncSocket.build/Debug-watchos/MqttCocoaAsyncSocket-t.build/Objects-normal/arm64_32/e6072d4f65d7061329687fe24e3d63a7-common-args.resp

    builtin-ScanDependencies -o /Users/admin/builder/spi-builder-workspace/.derivedData/Build/Intermediates.noindex/MqttCocoaAsyncSocket.build/Debug-watchos/MqttCocoaAsyncSocket-t.build/Objects-normal/arm64_32/MGCDAsyncUdpSocket.o.scan -- /Applications/Xcode-27.0.0-Release.Candidate.app/Contents/Developer/Toolchains/XcodeDefault.xctoolchain/usr/bin/clang -x objective-c -ivfsstatcache /Users/admin/builder/spi-builder-workspace/.derivedData/SDKStatCaches.noindex/watchos27.0-24R360-e829b21a6f8c9b70876ba0858053c04477534ef55a1706bf4c1112bbb242f0a2.sdkstatcache -target arm64_32-apple-watchos9.0 -fmessage-length\=0 -fdiagnostics-show-note-include-stack -fmacro-backtrace-limit\=0 -fno-color-diagnostics -fmodules-prune-interval\=86400 -fmodules-prune-after\=345600 -fbuild-session-file\=/Users/admin/builder/spi-builder-workspace/.derivedData/ModuleCache.noindex/Session.modulevalidation -fmodules-validate-once-per-build-session -Wnon-modular-include-in-framework-module -Werror\=non-modular-include-in-framework-module -Wno-trigraphs -Wno-missing-field-initializers -Wno-missing-prototypes -Wno-return-type -Wno-implicit-atomic-properties -Wno-objc-interface-ivars -Wno-arc-repeated-use-of-weak -Wno-missing-braces -Wparentheses -Wswitch -Wno-unused-function -Wno-unused-label -Wno-unused-parameter -Wno-unused-variable -Wunused-value -Wno-empty-body -Wno-uninitialized -Wno-unknown-pragmas -w -Wno-shadow -Wno-four-char-constants -Wno-conversion -Wno-constant-conversion -Wno-int-conversion -Wno-bool-conversion -Wno-enum-conversion -Wno-float-conversion -Wno-non-literal-null-conversion -Wno-objc-literal-conversion -Wno-shorten-64-to-32 -Wpointer-sign -Wno-newline-eof -Wno-selector -Wno-strict-selector-match -Wno-undeclared-selector -Wno-deprecated-implementations -Wno-implicit-fallthrough -isysroot /Applications/Xcode-27.0.0-Release.Candidate.app/Contents/Developer/Platforms/WatchOS.platform/Developer/SDKs/WatchOS27.0.sdk -fstrict-aliasing -Wprotocol -Wdeprecated-declarations -Wno-sign-conversion -Wno-infinite-recursion -Wno-comma -Wno-block-capture-autoreleasing -Wno-strict-prototypes -Wno-semicolon-before-method-body -index-store-path /Users/admin/builder/spi-builder-workspace/.derivedData/Index.noindex/DataStore @/Users/admin/builder/spi-builder-workspace/.derivedData/Build/Intermediates.noindex/MqttCocoaAsyncSocket.build/Debug-watchos/MqttCocoaAsyncSocket-t.build/Objects-normal/arm64_32/e6072d4f65d7061329687fe24e3d63a7-common-args.resp -MMD -MT dependencies -MF /Users/admin/builder/spi-builder-workspace/.derivedData/Build/Intermediates.noindex/MqttCocoaAsyncSocket.build/Debug-watchos/MqttCocoaAsyncSocket-t.build/Objects-normal/arm64_32/MGCDAsyncUdpSocket.d --serialize-diagnostics /Users/admin/builder/spi-builder-workspace/.derivedData/Build/Intermediates.noindex/MqttCocoaAsyncSocket.build/Debug-watchos/MqttCocoaAsyncSocket-t.build/Objects-normal/arm64_32/MGCDAsyncUdpSocket.dia -c /Users/admin/builder/spi-builder-workspace/.dependencies/checkouts/MqttCocoaAsyncSocket/Source/GCD/MGCDAsyncUdpSocket.m -o /Users/admin/builder/spi-builder-workspace/.derivedData/Build/Intermediates.noindex/MqttCocoaAsyncSocket.build/Debug-watchos/MqttCocoaAsyncSocket-t.build/Objects-normal/arm64_32/MGCDAsyncUdpSocket.o -index-unit-output-path /MqttCocoaAsyncSocket.build/Debug-watchos/MqttCocoaAsyncSocket-t.build/Objects-normal/arm64_32/MGCDAsyncUdpSocket.o
/Users/admin/builder/spi-builder-workspace/.dependencies/checkouts/MqttCocoaAsyncSocket/Source/GCD/MGCDAsyncUdpSocket.m:19:11: error: 'CFNetwork/CFNetwork.h' file not found (in target 'MqttCocoaAsyncSocket' from project 'MqttCocoaAsyncSocket')
    note: Did not find header 'CFNetwork.h' in framework 'CFNetwork' (loaded from '/Applications/Xcode-27.0.0-Release.Candidate.app/Contents/Developer/Platforms/WatchOS.platform/Developer/SDKs/WatchOS27.0.sdk/System/Library/Frameworks')
ScanDependencies /Users/admin/builder/spi-builder-workspace/.derivedData/Build/Intermediates.noindex/MqttCocoaAsyncSocket.build/Debug-watchos/MqttCocoaAsyncSocket-t.build/Objects-normal/arm64_32/MGCDAsyncSocket.o /Users/admin/builder/spi-builder-workspace/.dependencies/checkouts/MqttCocoaAsyncSocket/Source/GCD/MGCDAsyncSocket.m normal arm64_32 objective-c com.apple.compilers.llvm.clang.1_0.compiler (in target 'MqttCocoaAsyncSocket' from project 'MqttCocoaAsyncSocket')
    cd /Users/admin/builder/spi-builder-workspace/.swiftpm/xcode

    Using response file: /Users/admin/builder/spi-builder-workspace/.derivedData/Build/Intermediates.noindex/MqttCocoaAsyncSocket.build/Debug-watchos/MqttCocoaAsyncSocket-t.build/Objects-normal/arm64_32/e6072d4f65d7061329687fe24e3d63a7-common-args.resp

    builtin-ScanDependencies -o /Users/admin/builder/spi-builder-workspace/.derivedData/Build/Intermediates.noindex/MqttCocoaAsyncSocket.build/Debug-watchos/MqttCocoaAsyncSocket-t.build/Objects-normal/arm64_32/MGCDAsyncSocket.o.scan -- /Applications/Xcode-27.0.0-Release.Candidate.app/Contents/Developer/Toolchains/XcodeDefault.xctoolchain/usr/bin/clang -x objective-c -ivfsstatcache /Users/admin/builder/spi-builder-workspace/.derivedData/SDKStatCaches.noindex/watchos27.0-24R360-e829b21a6f8c9b70876ba0858053c04477534ef55a1706bf4c1112bbb242f0a2.sdkstatcache -target arm64_32-apple-watchos9.0 -fmessage-length\=0 -fdiagnostics-show-note-include-stack -fmacro-backtrace-limit\=0 -fno-color-diagnostics -fmodules-prune-interval\=86400 -fmodules-prune-after\=345600 -fbuild-session-file\=/Users/admin/builder/spi-builder-workspace/.derivedData/ModuleCache.noindex/Session.modulevalidation -fmodules-validate-once-per-build-session -Wnon-modular-include-in-framework-module -Werror\=non-modular-include-in-framework-module -Wno-trigraphs -Wno-missing-field-initializers -Wno-missing-prototypes -Wno-return-type -Wno-implicit-atomic-properties -Wno-objc-interface-ivars -Wno-arc-repeated-use-of-weak -Wno-missing-braces -Wparentheses -Wswitch -Wno-unused-function -Wno-unused-label -Wno-unused-parameter -Wno-unused-variable -Wunused-value -Wno-empty-body -Wno-uninitialized -Wno-unknown-pragmas -w -Wno-shadow -Wno-four-char-constants -Wno-conversion -Wno-constant-conversion -Wno-int-conversion -Wno-bool-conversion -Wno-enum-conversion -Wno-float-conversion -Wno-non-literal-null-conversion -Wno-objc-literal-conversion -Wno-shorten-64-to-32 -Wpointer-sign -Wno-newline-eof -Wno-selector -Wno-strict-selector-match -Wno-undeclared-selector -Wno-deprecated-implementations -Wno-implicit-fallthrough -isysroot /Applications/Xcode-27.0.0-Release.Candidate.app/Contents/Developer/Platforms/WatchOS.platform/Developer/SDKs/WatchOS27.0.sdk -fstrict-aliasing -Wprotocol -Wdeprecated-declarations -Wno-sign-conversion -Wno-infinite-recursion -Wno-comma -Wno-block-capture-autoreleasing -Wno-strict-prototypes -Wno-semicolon-before-method-body -index-store-path /Users/admin/builder/spi-builder-workspace/.derivedData/Index.noindex/DataStore @/Users/admin/builder/spi-builder-workspace/.derivedData/Build/Intermediates.noindex/MqttCocoaAsyncSocket.build/Debug-watchos/MqttCocoaAsyncSocket-t.build/Objects-normal/arm64_32/e6072d4f65d7061329687fe24e3d63a7-common-args.resp -MMD -MT dependencies -MF /Users/admin/builder/spi-builder-workspace/.derivedData/Build/Intermediates.noindex/MqttCocoaAsyncSocket.build/Debug-watchos/MqttCocoaAsyncSocket-t.build/Objects-normal/arm64_32/MGCDAsyncSocket.d --serialize-diagnostics /Users/admin/builder/spi-builder-workspace/.derivedData/Build/Intermediates.noindex/MqttCocoaAsyncSocket.build/Debug-watchos/MqttCocoaAsyncSocket-t.build/Objects-normal/arm64_32/MGCDAsyncSocket.dia -c /Users/admin/builder/spi-builder-workspace/.dependencies/checkouts/MqttCocoaAsyncSocket/Source/GCD/MGCDAsyncSocket.m -o /Users/admin/builder/spi-builder-workspace/.derivedData/Build/Intermediates.noindex/MqttCocoaAsyncSocket.build/Debug-watchos/MqttCocoaAsyncSocket-t.build/Objects-normal/arm64_32/MGCDAsyncSocket.o -index-unit-output-path /MqttCocoaAsyncSocket.build/Debug-watchos/MqttCocoaAsyncSocket-t.build/Objects-normal/arm64_32/MGCDAsyncSocket.o
/Users/admin/builder/spi-builder-workspace/.dependencies/checkouts/MqttCocoaAsyncSocket/Source/GCD/MGCDAsyncSocket.m:14:9: error: 'CFNetwork/CFNetwork.h' file not found (in target 'MqttCocoaAsyncSocket' from project 'MqttCocoaAsyncSocket')
    note: Did not find header 'CFNetwork.h' in framework 'CFNetwork' (loaded from '/Applications/Xcode-27.0.0-Release.Candidate.app/Contents/Developer/Platforms/WatchOS.platform/Developer/SDKs/WatchOS27.0.sdk/System/Library/Frameworks')
ScanDependencies /Users/admin/builder/spi-builder-workspace/.derivedData/Build/Intermediates.noindex/MqttCocoaAsyncSocket.build/Debug-watchos/MqttCocoaAsyncSocket-t.build/Objects-normal/arm64/MGCDAsyncSocket.o /Users/admin/builder/spi-builder-workspace/.dependencies/checkouts/MqttCocoaAsyncSocket/Source/GCD/MGCDAsyncSocket.m normal arm64 objective-c com.apple.compilers.llvm.clang.1_0.compiler (in target 'MqttCocoaAsyncSocket' from project 'MqttCocoaAsyncSocket')
    cd /Users/admin/builder/spi-builder-workspace/.swiftpm/xcode

    Using response file: /Users/admin/builder/spi-builder-workspace/.derivedData/Build/Intermediates.noindex/MqttCocoaAsyncSocket.build/Debug-watchos/MqttCocoaAsyncSocket-t.build/Objects-normal/arm64/e6072d4f65d7061329687fe24e3d63a7-common-args.resp

    builtin-ScanDependencies -o /Users/admin/builder/spi-builder-workspace/.derivedData/Build/Intermediates.noindex/MqttCocoaAsyncSocket.build/Debug-watchos/MqttCocoaAsyncSocket-t.build/Objects-normal/arm64/MGCDAsyncSocket.o.scan -- /Applications/Xcode-27.0.0-Release.Candidate.app/Contents/Developer/Toolchains/XcodeDefault.xctoolchain/usr/bin/clang -x objective-c -ivfsstatcache /Users/admin/builder/spi-builder-workspace/.derivedData/SDKStatCaches.noindex/watchos27.0-24R360-e829b21a6f8c9b70876ba0858053c04477534ef55a1706bf4c1112bbb242f0a2.sdkstatcache -target arm64-apple-watchos9.0 -fmessage-length\=0 -fdiagnostics-show-note-include-stack -fmacro-backtrace-limit\=0 -fno-color-diagnostics -fmodules-prune-interval\=86400 -fmodules-prune-after\=345600 -fbuild-session-file\=/Users/admin/builder/spi-builder-workspace/.derivedData/ModuleCache.noindex/Session.modulevalidation -fmodules-validate-once-per-build-session -Wnon-modular-include-in-framework-module -Werror\=non-modular-include-in-framework-module -Wno-trigraphs -Wno-missing-field-initializers -Wno-missing-prototypes -Wno-return-type -Wno-implicit-atomic-properties -Wno-objc-interface-ivars -Wno-arc-repeated-use-of-weak -Wno-missing-braces -Wparentheses -Wswitch -Wno-unused-function -Wno-unused-label -Wno-unused-parameter -Wno-unused-variable -Wunused-value -Wno-empty-body -Wno-uninitialized -Wno-unknown-pragmas -w -Wno-shadow -Wno-four-char-constants -Wno-conversion -Wno-constant-conversion -Wno-int-conversion -Wno-bool-conversion -Wno-enum-conversion -Wno-float-conversion -Wno-non-literal-null-conversion -Wno-objc-literal-conversion -Wshorten-64-to-32 -Wpointer-sign -Wno-newline-eof -Wno-selector -Wno-strict-selector-match -Wno-undeclared-selector -Wno-deprecated-implementations -Wno-implicit-fallthrough -isysroot /Applications/Xcode-27.0.0-Release.Candidate.app/Contents/Developer/Platforms/WatchOS.platform/Developer/SDKs/WatchOS27.0.sdk -fstrict-aliasing -Wprotocol -Wdeprecated-declarations -Wno-sign-conversion -Wno-infinite-recursion -Wno-comma -Wno-block-capture-autoreleasing -Wno-strict-prototypes -Wno-semicolon-before-method-body -index-store-path /Users/admin/builder/spi-builder-workspace/.derivedData/Index.noindex/DataStore @/Users/admin/builder/spi-builder-workspace/.derivedData/Build/Intermediates.noindex/MqttCocoaAsyncSocket.build/Debug-watchos/MqttCocoaAsyncSocket-t.build/Objects-normal/arm64/e6072d4f65d7061329687fe24e3d63a7-common-args.resp -MMD -MT dependencies -MF /Users/admin/builder/spi-builder-workspace/.derivedData/Build/Intermediates.noindex/MqttCocoaAsyncSocket.build/Debug-watchos/MqttCocoaAsyncSocket-t.build/Objects-normal/arm64/MGCDAsyncSocket.d --serialize-diagnostics /Users/admin/builder/spi-builder-workspace/.derivedData/Build/Intermediates.noindex/MqttCocoaAsyncSocket.build/Debug-watchos/MqttCocoaAsyncSocket-t.build/Objects-normal/arm64/MGCDAsyncSocket.dia -c /Users/admin/builder/spi-builder-workspace/.dependencies/checkouts/MqttCocoaAsyncSocket/Source/GCD/MGCDAsyncSocket.m -o /Users/admin/builder/spi-builder-workspace/.derivedData/Build/Intermediates.noindex/MqttCocoaAsyncSocket.build/Debug-watchos/MqttCocoaAsyncSocket-t.build/Objects-normal/arm64/MGCDAsyncSocket.o -index-unit-output-path /MqttCocoaAsyncSocket.build/Debug-watchos/MqttCocoaAsyncSocket-t.build/Objects-normal/arm64/MGCDAsyncSocket.o
/Users/admin/builder/spi-builder-workspace/.dependencies/checkouts/MqttCocoaAsyncSocket/Source/GCD/MGCDAsyncSocket.m:14:9: error: 'CFNetwork/CFNetwork.h' file not found (in target 'MqttCocoaAsyncSocket' from project 'MqttCocoaAsyncSocket')
    note: Did not find header 'CFNetwork.h' in framework 'CFNetwork' (loaded from '/Applications/Xcode-27.0.0-Release.Candidate.app/Contents/Developer/Platforms/WatchOS.platform/Developer/SDKs/WatchOS27.0.sdk/System/Library/Frameworks')
SwiftDriver Starscream normal arm64 com.apple.xcode.tools.swift.compiler (in target 'Starscream' from project 'Starscream')
    cd /Users/admin/builder/spi-builder-workspace/.swiftpm/xcode
    builtin-SwiftDriver -- /Applications/Xcode-27.0.0-Release.Candidate.app/Contents/Developer/Toolchains/XcodeDefault.xctoolchain/usr/bin/swiftc -parse-as-library -module-name Starscream -Onone @/Users/admin/builder/spi-builder-workspace/.derivedData/Build/Intermediates.noindex/Starscream.build/Debug-watchos/Starscream-t.build/Objects-normal/arm64/Starscream.SwiftFileList -DSWIFT_PACKAGE -DDEBUG -DSWIFT_MODULE_RESOURCE_BUNDLE_AVAILABLE -DXcode -plugin-path /Applications/Xcode-27.0.0-Release.Candidate.app/Contents/Developer/Toolchains/XcodeDefault.xctoolchain/usr/lib/swift/host/plugins/testing -enable-experimental-feature DebugDescriptionMacro -sdk /Applications/Xcode-27.0.0-Release.Candidate.app/Contents/Developer/Platforms/WatchOS.platform/Developer/SDKs/WatchOS27.0.sdk -target arm64-apple-watchos9.0 -g -module-cache-path /Users/admin/builder/spi-builder-workspace/.derivedData/ModuleCache.noindex -Xfrontend -serialize-debugging-options -profile-coverage-mapping -profile-generate -enable-testing -suppress-warnings -index-store-path /Users/admin/builder/spi-builder-workspace/.derivedData/Index.noindex/DataStore -Xcc -D_LIBCPP_HARDENING_MODE\=_LIBCPP_HARDENING_MODE_DEBUG -swift-version 5 -I /Users/admin/builder/spi-builder-workspace/.derivedData/Build/Products/Debug-watchos -Isystem /Applications/Xcode-27.0.0-Release.Candidate.app/Contents/Developer/Platforms/WatchOS.platform/Developer/usr/lib -F /Users/admin/builder/spi-builder-workspace/.derivedData/Build/Products/Debug-watchos -F /Applications/Xcode-27.0.0-Release.Candidate.app/Contents/Developer/Platforms/WatchOS.platform/Developer/Library/Frameworks -F /Applications/Xcode-27.0.0-Release.Candidate.app/Contents/Developer/Platforms/WatchOS.platform/Developer/SDKs/WatchOS27.0.sdk/Developer/Library/Frameworks -c -j10 -enable-batch-mode -incremental -Xcc -ivfsstatcache -Xcc /Users/admin/builder/spi-builder-workspace/.derivedData/SDKStatCaches.noindex/watchos27.0-24R360-e829b21a6f8c9b70876ba0858053c04477534ef55a1706bf4c1112bbb242f0a2.sdkstatcache -output-file-map /Users/admin/builder/spi-builder-workspace/.derivedData/Build/Intermediates.noindex/Starscream.build/Debug-watchos/Starscream-t.build/Objects-normal/arm64/Starscream-OutputFileMap.json -save-temps -no-color-diagnostics -explicit-module-build -module-cache-path /Users/admin/builder/spi-builder-workspace/.derivedData/Build/Intermediates.noindex/SwiftExplicitPrecompiledModules -clang-scanner-module-cache-path /Users/admin/builder/spi-builder-workspace/.derivedData/ModuleCache.noindex -sdk-module-cache-path /Users/admin/builder/spi-builder-workspace/.derivedData/SDKExplicitPrecompiledModules -emit-dependencies -emit-module -emit-module-path /Users/admin/builder/spi-builder-workspace/.derivedData/Build/Intermediates.noindex/Starscream.build/Debug-watchos/Starscream-t.build/Objects-normal/arm64/Starscream.swiftmodule -serialize-diagnostics -dependency-scan-serialize-diagnostics-path /Users/admin/builder/spi-builder-workspace/.derivedData/Build/Intermediates.noindex/Starscream.build/Debug-watchos/Starscream-t.build/Objects-normal/arm64/Starscream-dependency-scan.dia -validate-clang-modules-once -clang-build-session-file /Users/admin/builder/spi-builder-workspace/.derivedData/ModuleCache.noindex/Session.modulevalidation -Xcc -fmodules-prune-interval\=86400 -Xcc -fmodules-prune-after\=345600 -emit-const-values -const-gather-protocols-list /Users/admin/builder/spi-builder-workspace/.derivedData/Build/Intermediates.noindex/Starscream.build/Debug-watchos/Starscream-t.build/Objects-normal/arm64/Starscream_const_extract_protocols.json -Xcc -I/Users/admin/builder/spi-builder-workspace/.derivedData/Build/Products/Debug-watchos/include -Xcc -I/Users/admin/builder/spi-builder-workspace/.derivedData/Build/Intermediates.noindex/Starscream.build/Debug-watchos/Starscream-t.build/DerivedSources-normal/arm64 -Xcc -I/Users/admin/builder/spi-builder-workspace/.derivedData/Build/Intermediates.noindex/Starscream.build/Debug-watchos/Starscream-t.build/DerivedSources/arm64 -Xcc -I/Users/admin/builder/spi-builder-workspace/.derivedData/Build/Intermediates.noindex/Starscream.build/Debug-watchos/Starscream-t.build/DerivedSources -Xcc -DSWIFT_PACKAGE -Xcc -DDEBUG\=1 -emit-objc-header -emit-objc-header-path /Users/admin/builder/spi-builder-workspace/.derivedData/Build/Intermediates.noindex/Starscream.build/Debug-watchos/Starscream-t.build/Objects-normal/arm64/Starscream-Swift.h -working-directory /Users/admin/builder/spi-builder-workspace/.swiftpm/xcode -experimental-emit-module-separately -disable-cmo
SwiftDriver CocoaMQTT normal arm64 com.apple.xcode.tools.swift.compiler (in target 'CocoaMQTT' from project 'CocoaMQTT')
    cd /Users/admin/builder/spi-builder-workspace/.swiftpm/xcode
    builtin-SwiftDriver -- /Applications/Xcode-27.0.0-Release.Candidate.app/Contents/Developer/Toolchains/XcodeDefault.xctoolchain/usr/bin/swiftc -parse-as-library -module-name CocoaMQTT -Onone @/Users/admin/builder/spi-builder-workspace/.derivedData/Build/Intermediates.noindex/CocoaMQTT.build/Debug-watchos/CocoaMQTT-t.build/Objects-normal/arm64/CocoaMQTT.SwiftFileList -DSWIFT_PACKAGE -DDEBUG -DSWIFT_MODULE_RESOURCE_BUNDLE_AVAILABLE -DIS_SWIFT_PACKAGE -Xcc -fmodule-map-file\=/Users/admin/builder/spi-builder-workspace/.derivedData/Build/Intermediates.noindex/GeneratedModuleMaps-watchos/MqttCocoaAsyncSocket.modulemap -DXcode -plugin-path /Applications/Xcode-27.0.0-Release.Candidate.app/Contents/Developer/Toolchains/XcodeDefault.xctoolchain/usr/lib/swift/host/plugins/testing -enable-experimental-feature DebugDescriptionMacro -sdk /Applications/Xcode-27.0.0-Release.Candidate.app/Contents/Developer/Platforms/WatchOS.platform/Developer/SDKs/WatchOS27.0.sdk -target arm64-apple-watchos9.0 -g -module-cache-path /Users/admin/builder/spi-builder-workspace/.derivedData/ModuleCache.noindex -Xfrontend -serialize-debugging-options -profile-coverage-mapping -profile-generate -enable-testing -index-store-path /Users/admin/builder/spi-builder-workspace/.derivedData/Index.noindex/DataStore -Xcc -D_LIBCPP_HARDENING_MODE\=_LIBCPP_HARDENING_MODE_DEBUG -swift-version 5 -I /Users/admin/builder/spi-builder-workspace/.derivedData/Build/Products/Debug-watchos -Isystem /Applications/Xcode-27.0.0-Release.Candidate.app/Contents/Developer/Platforms/WatchOS.platform/Developer/usr/lib -F /Users/admin/builder/spi-builder-workspace/.derivedData/Build/Products/Debug-watchos/PackageFrameworks -F /Users/admin/builder/spi-builder-workspace/.derivedData/Build/Products/Debug-watchos -F /Applications/Xcode-27.0.0-Release.Candidate.app/Contents/Developer/Platforms/WatchOS.platform/Developer/Library/Frameworks -F /Applications/Xcode-27.0.0-Release.Candidate.app/Contents/Developer/Platforms/WatchOS.platform/Developer/SDKs/WatchOS27.0.sdk/Developer/Library/Frameworks -c -j10 -enable-batch-mode -incremental -Xcc -ivfsstatcache -Xcc /Users/admin/builder/spi-builder-workspace/.derivedData/SDKStatCaches.noindex/watchos27.0-24R360-e829b21a6f8c9b70876ba0858053c04477534ef55a1706bf4c1112bbb242f0a2.sdkstatcache -output-file-map /Users/admin/builder/spi-builder-workspace/.derivedData/Build/Intermediates.noindex/CocoaMQTT.build/Debug-watchos/CocoaMQTT-t.build/Objects-normal/arm64/CocoaMQTT-OutputFileMap.json -save-temps -no-color-diagnostics -explicit-module-build -module-cache-path /Users/admin/builder/spi-builder-workspace/.derivedData/Build/Intermediates.noindex/SwiftExplicitPrecompiledModules -clang-scanner-module-cache-path /Users/admin/builder/spi-builder-workspace/.derivedData/ModuleCache.noindex -sdk-module-cache-path /Users/admin/builder/spi-builder-workspace/.derivedData/SDKExplicitPrecompiledModules -emit-dependencies -emit-module -emit-module-path /Users/admin/builder/spi-builder-workspace/.derivedData/Build/Intermediates.noindex/CocoaMQTT.build/Debug-watchos/CocoaMQTT-t.build/Objects-normal/arm64/CocoaMQTT.swiftmodule -serialize-diagnostics -dependency-scan-serialize-diagnostics-path /Users/admin/builder/spi-builder-workspace/.derivedData/Build/Intermediates.noindex/CocoaMQTT.build/Debug-watchos/CocoaMQTT-t.build/Objects-normal/arm64/CocoaMQTT-dependency-scan.dia -validate-clang-modules-once -clang-build-session-file /Users/admin/builder/spi-builder-workspace/.derivedData/ModuleCache.noindex/Session.modulevalidation -Xcc -fmodules-prune-interval\=86400 -Xcc -fmodules-prune-after\=345600 -emit-const-values -const-gather-protocols-list /Users/admin/builder/spi-builder-workspace/.derivedData/Build/Intermediates.noindex/CocoaMQTT.build/Debug-watchos/CocoaMQTT-t.build/Objects-normal/arm64/CocoaMQTT_const_extract_protocols.json -Xcc -I/Users/admin/builder/spi-builder-workspace/.dependencies/checkouts/MqttCocoaAsyncSocket/Source/GCD -Xcc -I/Users/admin/builder/spi-builder-workspace/.derivedData/Build/Products/Debug-watchos/include -Xcc -I/Users/admin/builder/spi-builder-workspace/.derivedData/Build/Intermediates.noindex/CocoaMQTT.build/Debug-watchos/CocoaMQTT-t.build/DerivedSources-normal/arm64 -Xcc -I/Users/admin/builder/spi-builder-workspace/.derivedData/Build/Intermediates.noindex/CocoaMQTT.build/Debug-watchos/CocoaMQTT-t.build/DerivedSources/arm64 -Xcc -I/Users/admin/builder/spi-builder-workspace/.derivedData/Build/Intermediates.noindex/CocoaMQTT.build/Debug-watchos/CocoaMQTT-t.build/DerivedSources -Xcc -DSWIFT_PACKAGE -Xcc -DDEBUG\=1 -emit-objc-header -emit-objc-header-path /Users/admin/builder/spi-builder-workspace/.derivedData/Build/Intermediates.noindex/CocoaMQTT.build/Debug-watchos/CocoaMQTT-t.build/Objects-normal/arm64/CocoaMQTT-Swift.h -working-directory /Users/admin/builder/spi-builder-workspace/.swiftpm/xcode -experimental-emit-module-separately -disable-cmo
SwiftDriver CocoaMQTT normal arm64_32 com.apple.xcode.tools.swift.compiler (in target 'CocoaMQTT' from project 'CocoaMQTT')
    cd /Users/admin/builder/spi-builder-workspace/.swiftpm/xcode
    builtin-SwiftDriver -- /Applications/Xcode-27.0.0-Release.Candidate.app/Contents/Developer/Toolchains/XcodeDefault.xctoolchain/usr/bin/swiftc -parse-as-library -module-name CocoaMQTT -Onone @/Users/admin/builder/spi-builder-workspace/.derivedData/Build/Intermediates.noindex/CocoaMQTT.build/Debug-watchos/CocoaMQTT-t.build/Objects-normal/arm64_32/CocoaMQTT.SwiftFileList -DSWIFT_PACKAGE -DDEBUG -DSWIFT_MODULE_RESOURCE_BUNDLE_AVAILABLE -DIS_SWIFT_PACKAGE -Xcc -fmodule-map-file\=/Users/admin/builder/spi-builder-workspace/.derivedData/Build/Intermediates.noindex/GeneratedModuleMaps-watchos/MqttCocoaAsyncSocket.modulemap -DXcode -plugin-path /Applications/Xcode-27.0.0-Release.Candidate.app/Contents/Developer/Toolchains/XcodeDefault.xctoolchain/usr/lib/swift/host/plugins/testing -enable-experimental-feature DebugDescriptionMacro -sdk /Applications/Xcode-27.0.0-Release.Candidate.app/Contents/Developer/Platforms/WatchOS.platform/Developer/SDKs/WatchOS27.0.sdk -target arm64_32-apple-watchos9.0 -g -module-cache-path /Users/admin/builder/spi-builder-workspace/.derivedData/ModuleCache.noindex -Xfrontend -serialize-debugging-options -profile-coverage-mapping -profile-generate -enable-testing -index-store-path /Users/admin/builder/spi-builder-workspace/.derivedData/Index.noindex/DataStore -Xcc -D_LIBCPP_HARDENING_MODE\=_LIBCPP_HARDENING_MODE_DEBUG -swift-version 5 -I /Users/admin/builder/spi-builder-workspace/.derivedData/Build/Products/Debug-watchos -Isystem /Applications/Xcode-27.0.0-Release.Candidate.app/Contents/Developer/Platforms/WatchOS.platform/Developer/usr/lib -F /Users/admin/builder/spi-builder-workspace/.derivedData/Build/Products/Debug-watchos/PackageFrameworks -F /Users/admin/builder/spi-builder-workspace/.derivedData/Build/Products/Debug-watchos -F /Applications/Xcode-27.0.0-Release.Candidate.app/Contents/Developer/Platforms/WatchOS.platform/Developer/Library/Frameworks -F /Applications/Xcode-27.0.0-Release.Candidate.app/Contents/Developer/Platforms/WatchOS.platform/Developer/SDKs/WatchOS27.0.sdk/Developer/Library/Frameworks -c -j10 -enable-batch-mode -incremental -Xcc -ivfsstatcache -Xcc /Users/admin/builder/spi-builder-workspace/.derivedData/SDKStatCaches.noindex/watchos27.0-24R360-e829b21a6f8c9b70876ba0858053c04477534ef55a1706bf4c1112bbb242f0a2.sdkstatcache -output-file-map /Users/admin/builder/spi-builder-workspace/.derivedData/Build/Intermediates.noindex/CocoaMQTT.build/Debug-watchos/CocoaMQTT-t.build/Objects-normal/arm64_32/CocoaMQTT-OutputFileMap.json -save-temps -no-color-diagnostics -explicit-module-build -module-cache-path /Users/admin/builder/spi-builder-workspace/.derivedData/Build/Intermediates.noindex/SwiftExplicitPrecompiledModules -clang-scanner-module-cache-path /Users/admin/builder/spi-builder-workspace/.derivedData/ModuleCache.noindex -sdk-module-cache-path /Users/admin/builder/spi-builder-workspace/.derivedData/SDKExplicitPrecompiledModules -emit-dependencies -emit-module -emit-module-path /Users/admin/builder/spi-builder-workspace/.derivedData/Build/Intermediates.noindex/CocoaMQTT.build/Debug-watchos/CocoaMQTT-t.build/Objects-normal/arm64_32/CocoaMQTT.swiftmodule -serialize-diagnostics -dependency-scan-serialize-diagnostics-path /Users/admin/builder/spi-builder-workspace/.derivedData/Build/Intermediates.noindex/CocoaMQTT.build/Debug-watchos/CocoaMQTT-t.build/Objects-normal/arm64_32/CocoaMQTT-dependency-scan.dia -validate-clang-modules-once -clang-build-session-file /Users/admin/builder/spi-builder-workspace/.derivedData/ModuleCache.noindex/Session.modulevalidation -Xcc -fmodules-prune-interval\=86400 -Xcc -fmodules-prune-after\=345600 -emit-const-values -const-gather-protocols-list /Users/admin/builder/spi-builder-workspace/.derivedData/Build/Intermediates.noindex/CocoaMQTT.build/Debug-watchos/CocoaMQTT-t.build/Objects-normal/arm64_32/CocoaMQTT_const_extract_protocols.json -Xcc -I/Users/admin/builder/spi-builder-workspace/.dependencies/checkouts/MqttCocoaAsyncSocket/Source/GCD -Xcc -I/Users/admin/builder/spi-builder-workspace/.derivedData/Build/Products/Debug-watchos/include -Xcc -I/Users/admin/builder/spi-builder-workspace/.derivedData/Build/Intermediates.noindex/CocoaMQTT.build/Debug-watchos/CocoaMQTT-t.build/DerivedSources-normal/arm64_32 -Xcc -I/Users/admin/builder/spi-builder-workspace/.derivedData/Build/Intermediates.noindex/CocoaMQTT.build/Debug-watchos/CocoaMQTT-t.build/DerivedSources/arm64_32 -Xcc -I/Users/admin/builder/spi-builder-workspace/.derivedData/Build/Intermediates.noindex/CocoaMQTT.build/Debug-watchos/CocoaMQTT-t.build/DerivedSources -Xcc -DSWIFT_PACKAGE -Xcc -DDEBUG\=1 -emit-objc-header -emit-objc-header-path /Users/admin/builder/spi-builder-workspace/.derivedData/Build/Intermediates.noindex/CocoaMQTT.build/Debug-watchos/CocoaMQTT-t.build/Objects-normal/arm64_32/CocoaMQTT-Swift.h -working-directory /Users/admin/builder/spi-builder-workspace/.swiftpm/xcode -experimental-emit-module-separately -disable-cmo
SwiftDriver Starscream normal arm64_32 com.apple.xcode.tools.swift.compiler (in target 'Starscream' from project 'Starscream')
    cd /Users/admin/builder/spi-builder-workspace/.swiftpm/xcode
    builtin-SwiftDriver -- /Applications/Xcode-27.0.0-Release.Candidate.app/Contents/Developer/Toolchains/XcodeDefault.xctoolchain/usr/bin/swiftc -parse-as-library -module-name Starscream -Onone @/Users/admin/builder/spi-builder-workspace/.derivedData/Build/Intermediates.noindex/Starscream.build/Debug-watchos/Starscream-t.build/Objects-normal/arm64_32/Starscream.SwiftFileList -DSWIFT_PACKAGE -DDEBUG -DSWIFT_MODULE_RESOURCE_BUNDLE_AVAILABLE -DXcode -plugin-path /Applications/Xcode-27.0.0-Release.Candidate.app/Contents/Developer/Toolchains/XcodeDefault.xctoolchain/usr/lib/swift/host/plugins/testing -enable-experimental-feature DebugDescriptionMacro -sdk /Applications/Xcode-27.0.0-Release.Candidate.app/Contents/Developer/Platforms/WatchOS.platform/Developer/SDKs/WatchOS27.0.sdk -target arm64_32-apple-watchos9.0 -g -module-cache-path /Users/admin/builder/spi-builder-workspace/.derivedData/ModuleCache.noindex -Xfrontend -serialize-debugging-options -profile-coverage-mapping -profile-generate -enable-testing -suppress-warnings -index-store-path /Users/admin/builder/spi-builder-workspace/.derivedData/Index.noindex/DataStore -Xcc -D_LIBCPP_HARDENING_MODE\=_LIBCPP_HARDENING_MODE_DEBUG -swift-version 5 -I /Users/admin/builder/spi-builder-workspace/.derivedData/Build/Products/Debug-watchos -Isystem /Applications/Xcode-27.0.0-Release.Candidate.app/Contents/Developer/Platforms/WatchOS.platform/Developer/usr/lib -F /Users/admin/builder/spi-builder-workspace/.derivedData/Build/Products/Debug-watchos -F /Applications/Xcode-27.0.0-Release.Candidate.app/Contents/Developer/Platforms/WatchOS.platform/Developer/Library/Frameworks -F /Applications/Xcode-27.0.0-Release.Candidate.app/Contents/Developer/Platforms/WatchOS.platform/Developer/SDKs/WatchOS27.0.sdk/Developer/Library/Frameworks -c -j10 -enable-batch-mode -incremental -Xcc -ivfsstatcache -Xcc /Users/admin/builder/spi-builder-workspace/.derivedData/SDKStatCaches.noindex/watchos27.0-24R360-e829b21a6f8c9b70876ba0858053c04477534ef55a1706bf4c1112bbb242f0a2.sdkstatcache -output-file-map /Users/admin/builder/spi-builder-workspace/.derivedData/Build/Intermediates.noindex/Starscream.build/Debug-watchos/Starscream-t.build/Objects-normal/arm64_32/Starscream-OutputFileMap.json -save-temps -no-color-diagnostics -explicit-module-build -module-cache-path /Users/admin/builder/spi-builder-workspace/.derivedData/Build/Intermediates.noindex/SwiftExplicitPrecompiledModules -clang-scanner-module-cache-path /Users/admin/builder/spi-builder-workspace/.derivedData/ModuleCache.noindex -sdk-module-cache-path /Users/admin/builder/spi-builder-workspace/.derivedData/SDKExplicitPrecompiledModules -emit-dependencies -emit-module -emit-module-path /Users/admin/builder/spi-builder-workspace/.derivedData/Build/Intermediates.noindex/Starscream.build/Debug-watchos/Starscream-t.build/Objects-normal/arm64_32/Starscream.swiftmodule -serialize-diagnostics -dependency-scan-serialize-diagnostics-path /Users/admin/builder/spi-builder-workspace/.derivedData/Build/Intermediates.noindex/Starscream.build/Debug-watchos/Starscream-t.build/Objects-normal/arm64_32/Starscream-dependency-scan.dia -validate-clang-modules-once -clang-build-session-file /Users/admin/builder/spi-builder-workspace/.derivedData/ModuleCache.noindex/Session.modulevalidation -Xcc -fmodules-prune-interval\=86400 -Xcc -fmodules-prune-after\=345600 -emit-const-values -const-gather-protocols-list /Users/admin/builder/spi-builder-workspace/.derivedData/Build/Intermediates.noindex/Starscream.build/Debug-watchos/Starscream-t.build/Objects-normal/arm64_32/Starscream_const_extract_protocols.json -Xcc -I/Users/admin/builder/spi-builder-workspace/.derivedData/Build/Products/Debug-watchos/include -Xcc -I/Users/admin/builder/spi-builder-workspace/.derivedData/Build/Intermediates.noindex/Starscream.build/Debug-watchos/Starscream-t.build/DerivedSources-normal/arm64_32 -Xcc -I/Users/admin/builder/spi-builder-workspace/.derivedData/Build/Intermediates.noindex/Starscream.build/Debug-watchos/Starscream-t.build/DerivedSources/arm64_32 -Xcc -I/Users/admin/builder/spi-builder-workspace/.derivedData/Build/Intermediates.noindex/Starscream.build/Debug-watchos/Starscream-t.build/DerivedSources -Xcc -DSWIFT_PACKAGE -Xcc -DDEBUG\=1 -emit-objc-header -emit-objc-header-path /Users/admin/builder/spi-builder-workspace/.derivedData/Build/Intermediates.noindex/Starscream.build/Debug-watchos/Starscream-t.build/Objects-normal/arm64_32/Starscream-Swift.h -working-directory /Users/admin/builder/spi-builder-workspace/.swiftpm/xcode -experimental-emit-module-separately -disable-cmo
PruneExplicitPrecompiledModules /Users/admin/builder/spi-builder-workspace/.derivedData/Build/Intermediates.noindex/ExplicitPrecompiledModules
PruneExplicitPrecompiledModules /Users/admin/builder/spi-builder-workspace/.derivedData/Build/Intermediates.noindex/SwiftExplicitPrecompiledModules
PruneExplicitPrecompiledModules /Users/admin/builder/spi-builder-workspace/.derivedData/SDKExplicitPrecompiledModules
2026-09-27 21:44:28.508 xcodebuild[734:4655] [MT] IDERunDestination: Supported platforms for the buildables in the current scheme is empty.
** BUILD FAILED **
The following build commands failed:
	ScanDependencies /Users/admin/builder/spi-builder-workspace/.derivedData/Build/Intermediates.noindex/MqttCocoaAsyncSocket.build/Debug-watchos/MqttCocoaAsyncSocket-t.build/Objects-normal/arm64/MGCDAsyncUdpSocket.o /Users/admin/builder/spi-builder-workspace/.dependencies/checkouts/MqttCocoaAsyncSocket/Source/GCD/MGCDAsyncUdpSocket.m normal arm64 objective-c com.apple.compilers.llvm.clang.1_0.compiler (in target 'MqttCocoaAsyncSocket' from project 'MqttCocoaAsyncSocket')
	ScanDependencies /Users/admin/builder/spi-builder-workspace/.derivedData/Build/Intermediates.noindex/MqttCocoaAsyncSocket.build/Debug-watchos/MqttCocoaAsyncSocket-t.build/Objects-normal/arm64_32/MGCDAsyncUdpSocket.o /Users/admin/builder/spi-builder-workspace/.dependencies/checkouts/MqttCocoaAsyncSocket/Source/GCD/MGCDAsyncUdpSocket.m normal arm64_32 objective-c com.apple.compilers.llvm.clang.1_0.compiler (in target 'MqttCocoaAsyncSocket' from project 'MqttCocoaAsyncSocket')
	ScanDependencies /Users/admin/builder/spi-builder-workspace/.derivedData/Build/Intermediates.noindex/MqttCocoaAsyncSocket.build/Debug-watchos/MqttCocoaAsyncSocket-t.build/Objects-normal/arm64_32/MGCDAsyncSocket.o /Users/admin/builder/spi-builder-workspace/.dependencies/checkouts/MqttCocoaAsyncSocket/Source/GCD/MGCDAsyncSocket.m normal arm64_32 objective-c com.apple.compilers.llvm.clang.1_0.compiler (in target 'MqttCocoaAsyncSocket' from project 'MqttCocoaAsyncSocket')
	ScanDependencies /Users/admin/builder/spi-builder-workspace/.derivedData/Build/Intermediates.noindex/MqttCocoaAsyncSocket.build/Debug-watchos/MqttCocoaAsyncSocket-t.build/Objects-normal/arm64/MGCDAsyncSocket.o /Users/admin/builder/spi-builder-workspace/.dependencies/checkouts/MqttCocoaAsyncSocket/Source/GCD/MGCDAsyncSocket.m normal arm64 objective-c com.apple.compilers.llvm.clang.1_0.compiler (in target 'MqttCocoaAsyncSocket' from project 'MqttCocoaAsyncSocket')
	Building workspace CocoaMQTT with scheme CocoaMQTT-Package
(5 failures)
Command line invocation:
    /Applications/Xcode-27.0.0-Release.Candidate.app/Contents/Developer/usr/bin/xcodebuild -IDEClonedSourcePackagesDirPathOverride=/Users/admin/builder/spi-builder-workspace/.dependencies -resolvePackageDependencies
Resolve Package Graph
Resolved source packages:
  CocoaMQTT: /Users/admin/builder/spi-builder-workspace
  Starscream: https://github.com/daltoniam/Starscream.git @ 4.0.8
  MqttCocoaAsyncSocket: https://github.com/leeway1208/MqttCocoaAsyncSocket.git @ 1.0.8
resolved source packages: CocoaMQTT, Starscream, MqttCocoaAsyncSocket
2026-09-27 21:44:32.109 xcodebuild[775:5091] [MT] IDERunDestination: Supported platforms for the buildables in the current scheme is empty.
{
  "dependencies" : [
    {
      "identity" : "starscream",
      "requirement" : {
        "range" : [
          {
            "lower_bound" : "4.0.8",
            "upper_bound" : "6.0.0"
          }
        ]
      },
      "type" : "sourceControl",
      "url" : "https://github.com/daltoniam/Starscream.git"
    },
    {
      "identity" : "mqttcocoaasyncsocket",
      "requirement" : {
        "range" : [
          {
            "lower_bound" : "1.0.8",
            "upper_bound" : "2.0.0"
          }
        ]
      },
      "type" : "sourceControl",
      "url" : "https://github.com/leeway1208/MqttCocoaAsyncSocket"
    }
  ],
  "manifest_display_name" : "CocoaMQTT",
  "name" : "CocoaMQTT",
  "path" : "/Users/admin/builder/spi-builder-workspace",
  "platforms" : [
    {
      "name" : "macos",
      "version" : "10.13"
    },
    {
      "name" : "ios",
      "version" : "12.0"
    },
    {
      "name" : "tvos",
      "version" : "12.0"
    }
  ],
  "products" : [
    {
      "name" : "CocoaMQTT",
      "targets" : [
        "CocoaMQTT"
      ],
      "type" : {
        "library" : [
          "automatic"
        ]
      }
    },
    {
      "name" : "CocoaMQTTWebSocket",
      "targets" : [
        "CocoaMQTTWebSocket"
      ],
      "type" : {
        "library" : [
          "automatic"
        ]
      }
    }
  ],
  "targets" : [
    {
      "c99name" : "CocoaMQTTWebSocket",
      "module_type" : "SwiftTarget",
      "name" : "CocoaMQTTWebSocket",
      "path" : "Source/WebSocket",
      "product_dependencies" : [
        "Starscream"
      ],
      "product_memberships" : [
        "CocoaMQTTWebSocket"
      ],
      "sources" : [
        "CocoaMQTTWebSocket.swift"
      ],
      "target_dependencies" : [
        "CocoaMQTT"
      ],
      "type" : "library"
    },
    {
      "c99name" : "CocoaMQTTTests",
      "module_type" : "SwiftTarget",
      "name" : "CocoaMQTTTests",
      "path" : "CocoaMQTTTests",
      "resources" : [
        {
          "path" : "/Users/admin/builder/spi-builder-workspace/CocoaMQTTTests/client-keycert.p12",
          "rule" : {
            "copy" : {
            }
          }
        }
      ],
      "sources" : [
        "AutoReconnectStateTests.swift",
        "ClientEventLoopTests.swift",
        "ClientIdentityTests.swift",
        "CocoaMQTT5DisconnectReasonStateTests.swift",
        "CocoaMQTT5PublishValidationTests.swift",
        "CocoaMQTT5ReasonCodeFallbackTests.swift",
        "CocoaMQTT5ReceiveMessageContentTypeTests.swift",
        "CocoaMQTTDeliverTests.swift",
        "CocoaMQTTReaderProtocolErrorTests.swift",
        "CocoaMQTTStorageTests.swift",
        "CocoaMQTTTests.swift",
        "CocoaMQTTWebSocketAuthenticationTests.swift",
        "ConcurrentAtomicTests.swift",
        "FrameTests.swift",
        "GracefulDisconnectTests.swift",
        "KeepAliveTests.swift",
        "MQTTAutoReconnectControllerTests.swift",
        "PrivacyManifestTests.swift",
        "PublicLoggerAPITests.swift",
        "SendingMessageLifecycleTests.swift",
        "TLSChallengeResolutionTests.swift",
        "TLSLoopbackIntegrationTests.swift",
        "TLSLoopbackTestSupport.swift",
        "ThreadSafetyRegressionTests.swift",
        "WebSocketMTLSIntegrationTests.swift"
      ],
      "target_dependencies" : [
        "CocoaMQTT",
        "CocoaMQTTWebSocket"
      ],
      "type" : "test"
    },
    {
      "c99name" : "CocoaMQTT",
      "module_type" : "SwiftTarget",
      "name" : "CocoaMQTT",
      "path" : "Source",
      "product_dependencies" : [
        "MqttCocoaAsyncSocket"
      ],
      "product_memberships" : [
        "CocoaMQTT",
        "CocoaMQTTWebSocket"
      ],
      "resources" : [
        {
          "path" : "/Users/admin/builder/spi-builder-workspace/Source/PrivacyInfo.xcprivacy",
          "rule" : {
            "copy" : {
            }
          }
        }
      ],
      "sources" : [
        "CocoaMQTT.swift",
        "CocoaMQTT5.swift",
        "CocoaMQTT5Message.swift",
        "CocoaMQTTClientIdentity.swift",
        "CocoaMQTTDeliver.swift",
        "CocoaMQTTLogger.swift",
        "CocoaMQTTMessage.swift",
        "CocoaMQTTProperty.swift",
        "CocoaMQTTReader.swift",
        "CocoaMQTTReasonCode.swift",
        "CocoaMQTTSocket.swift",
        "CocoaMQTTStorage.swift",
        "CocoaMQTTTimer.swift",
        "CocoaMQTTTypes.swift",
        "Frame.swift",
        "FrameAuth.swift",
        "FrameConnAck.swift",
        "FrameConnect.swift",
        "FrameDisconnect.swift",
        "FramePingReq.swift",
        "FramePingResp.swift",
        "FramePubAck.swift",
        "FramePubComp.swift",
        "FramePubRec.swift",
        "FramePubRel.swift",
        "FramePublish.swift",
        "FrameSubAck.swift",
        "FrameSubscribe.swift",
        "FrameUnsubAck.swift",
        "FrameUnsubscribe.swift",
        "MQTT5SessionState.swift",
        "MQTTAutoReconnectController.swift",
        "MQTTKeepAliveController.swift",
        "MQTTPacketIdentifierAllocator.swift",
        "MqttAuthProperties.swift",
        "MqttConnectProperties.swift",
        "MqttDecodeConnAck.swift",
        "MqttDecodePubAck.swift",
        "MqttDecodePubComp.swift",
        "MqttDecodePubRec.swift",
        "MqttDecodePubRel.swift",
        "MqttDecodePublish.swift",
        "MqttDecodeSubAck.swift",
        "MqttDecodeUnsubAck.swift",
        "MqttPublishProperties.swift",
        "MqttSubscription.swift",
        "ThreadSafeDictionary.swift",
        "utilities/ConcurrentAtomic.swift"
      ],
      "type" : "library"
    }
  ],
  "tools_version" : "5.7"
}
{
  "workspace" : {
    "name" : "CocoaMQTT",
    "schemes" : [
      "CocoaMQTT",
      "CocoaMQTT-Package",
      "CocoaMQTTWebSocket"
    ]
  }
}
2026-09-27 21:44:33.502 xcodebuild[783:5155] [MT] IDERunDestination: Supported platforms for the buildables in the current scheme is empty.
Running build ...
env DEVELOPER_DIR=/Applications/Xcode-27.0.0-Release.Candidate.app xcrun xcodebuild -IDEClonedSourcePackagesDirPathOverride=$PWD/.dependencies -skipMacroValidation -skipPackagePluginValidation -derivedDataPath $PWD/.derivedData build -scheme CocoaMQTT-Package -destination generic/platform=watchOS
Command line invocation:
    /Applications/Xcode-27.0.0-Release.Candidate.app/Contents/Developer/usr/bin/xcodebuild -IDEClonedSourcePackagesDirPathOverride=/Users/admin/builder/spi-builder-workspace/.dependencies -skipMacroValidation -skipPackagePluginValidation -derivedDataPath /Users/admin/builder/spi-builder-workspace/.derivedData build -scheme CocoaMQTT-Package -destination generic/platform=watchOS
Resolve Package Graph
Resolved source packages:
  Starscream: https://github.com/daltoniam/Starscream.git @ 4.0.8
  MqttCocoaAsyncSocket: https://github.com/leeway1208/MqttCocoaAsyncSocket.git @ 1.0.8
  CocoaMQTT: /Users/admin/builder/spi-builder-workspace
ComputePackagePrebuildTargetDependencyGraph
Prepare packages
CreateBuildRequest
SendProjectDescription
CreateBuildOperation
ComputeTargetDependencyGraph
note: Building targets in dependency order
note: Target dependency graph (10 targets)
    Target 'CocoaMQTTWebSocket-product' in project 'CocoaMQTT'
        ➜ Explicit dependency on target 'CocoaMQTTWebSocket' in project 'CocoaMQTT'
        ➜ Explicit dependency on target 'CocoaMQTT' in project 'CocoaMQTT'
        ➜ Explicit dependency on target 'MqttCocoaAsyncSocket-product' in project 'MqttCocoaAsyncSocket'
        ➜ Explicit dependency on target 'Starscream-product' in project 'Starscream'
    Target 'CocoaMQTTWebSocket' in project 'CocoaMQTT'
        ➜ Explicit dependency on target 'CocoaMQTT' in project 'CocoaMQTT'
        ➜ Explicit dependency on target 'MqttCocoaAsyncSocket-product' in project 'MqttCocoaAsyncSocket'
        ➜ Explicit dependency on target 'Starscream-product' in project 'Starscream'
    Target 'Starscream-product' in project 'Starscream'
        ➜ Explicit dependency on target 'Starscream' in project 'Starscream'
        ➜ Explicit dependency on target 'Starscream_Starscream' in project 'Starscream'
    Target 'Starscream' in project 'Starscream'
        ➜ Explicit dependency on target 'Starscream_Starscream' in project 'Starscream'
    Target 'Starscream_Starscream' in project 'Starscream' (no dependencies)
    Target 'CocoaMQTT-product' in project 'CocoaMQTT'
        ➜ Explicit dependency on target 'CocoaMQTT' in project 'CocoaMQTT'
        ➜ Explicit dependency on target 'CocoaMQTT_CocoaMQTT' in project 'CocoaMQTT'
        ➜ Explicit dependency on target 'MqttCocoaAsyncSocket-product' in project 'MqttCocoaAsyncSocket'
    Target 'CocoaMQTT' in project 'CocoaMQTT'
        ➜ Explicit dependency on target 'CocoaMQTT_CocoaMQTT' in project 'CocoaMQTT'
        ➜ Explicit dependency on target 'MqttCocoaAsyncSocket-product' in project 'MqttCocoaAsyncSocket'
    Target 'MqttCocoaAsyncSocket-product' in project 'MqttCocoaAsyncSocket'
        ➜ Explicit dependency on target 'MqttCocoaAsyncSocket' in project 'MqttCocoaAsyncSocket'
    Target 'MqttCocoaAsyncSocket' in project 'MqttCocoaAsyncSocket' (no dependencies)
    Target 'CocoaMQTT_CocoaMQTT' in project 'CocoaMQTT' (no dependencies)
GatherProvisioningInputs
CreateBuildDescription
ClangStatCache /Applications/Xcode-27.0.0-Release.Candidate.app/Contents/Developer/Toolchains/XcodeDefault.xctoolchain/usr/bin/clang-stat-cache /Applications/Xcode-27.0.0-Release.Candidate.app/Contents/Developer/Platforms/WatchOS.platform/Developer/SDKs/WatchOS27.0.sdk /Users/admin/builder/spi-builder-workspace/.derivedData/SDKStatCaches.noindex/watchos27.0-24R360-e829b21a6f8c9b70876ba0858053c04477534ef55a1706bf4c1112bbb242f0a2.sdkstatcache
    cd /Users/admin/builder/spi-builder-workspace/.swiftpm/xcode
    /Applications/Xcode-27.0.0-Release.Candidate.app/Contents/Developer/Toolchains/XcodeDefault.xctoolchain/usr/bin/clang-stat-cache /Applications/Xcode-27.0.0-Release.Candidate.app/Contents/Developer/Platforms/WatchOS.platform/Developer/SDKs/WatchOS27.0.sdk -o /Users/admin/builder/spi-builder-workspace/.derivedData/SDKStatCaches.noindex/watchos27.0-24R360-e829b21a6f8c9b70876ba0858053c04477534ef55a1706bf4c1112bbb242f0a2.sdkstatcache
ScanDependencies /Users/admin/builder/spi-builder-workspace/.derivedData/Build/Intermediates.noindex/MqttCocoaAsyncSocket.build/Debug-watchos/MqttCocoaAsyncSocket-t.build/Objects-normal/arm64/MGCDAsyncUdpSocket.o /Users/admin/builder/spi-builder-workspace/.dependencies/checkouts/MqttCocoaAsyncSocket/Source/GCD/MGCDAsyncUdpSocket.m normal arm64 objective-c com.apple.compilers.llvm.clang.1_0.compiler (in target 'MqttCocoaAsyncSocket' from project 'MqttCocoaAsyncSocket')
    cd /Users/admin/builder/spi-builder-workspace/.swiftpm/xcode

    Using response file: /Users/admin/builder/spi-builder-workspace/.derivedData/Build/Intermediates.noindex/MqttCocoaAsyncSocket.build/Debug-watchos/MqttCocoaAsyncSocket-t.build/Objects-normal/arm64/e6072d4f65d7061329687fe24e3d63a7-common-args.resp

    builtin-ScanDependencies -o /Users/admin/builder/spi-builder-workspace/.derivedData/Build/Intermediates.noindex/MqttCocoaAsyncSocket.build/Debug-watchos/MqttCocoaAsyncSocket-t.build/Objects-normal/arm64/MGCDAsyncUdpSocket.o.scan -- /Applications/Xcode-27.0.0-Release.Candidate.app/Contents/Developer/Toolchains/XcodeDefault.xctoolchain/usr/bin/clang -x objective-c -ivfsstatcache /Users/admin/builder/spi-builder-workspace/.derivedData/SDKStatCaches.noindex/watchos27.0-24R360-e829b21a6f8c9b70876ba0858053c04477534ef55a1706bf4c1112bbb242f0a2.sdkstatcache -target arm64-apple-watchos9.0 -fmessage-length\=0 -fdiagnostics-show-note-include-stack -fmacro-backtrace-limit\=0 -fno-color-diagnostics -fmodules-prune-interval\=86400 -fmodules-prune-after\=345600 -fbuild-session-file\=/Users/admin/builder/spi-builder-workspace/.derivedData/ModuleCache.noindex/Session.modulevalidation -fmodules-validate-once-per-build-session -Wnon-modular-include-in-framework-module -Werror\=non-modular-include-in-framework-module -Wno-trigraphs -Wno-missing-field-initializers -Wno-missing-prototypes -Wno-return-type -Wno-implicit-atomic-properties -Wno-objc-interface-ivars -Wno-arc-repeated-use-of-weak -Wno-missing-braces -Wparentheses -Wswitch -Wno-unused-function -Wno-unused-label -Wno-unused-parameter -Wno-unused-variable -Wunused-value -Wno-empty-body -Wno-uninitialized -Wno-unknown-pragmas -w -Wno-shadow -Wno-four-char-constants -Wno-conversion -Wno-constant-conversion -Wno-int-conversion -Wno-bool-conversion -Wno-enum-conversion -Wno-float-conversion -Wno-non-literal-null-conversion -Wno-objc-literal-conversion -Wshorten-64-to-32 -Wpointer-sign -Wno-newline-eof -Wno-selector -Wno-strict-selector-match -Wno-undeclared-selector -Wno-deprecated-implementations -Wno-implicit-fallthrough -isysroot /Applications/Xcode-27.0.0-Release.Candidate.app/Contents/Developer/Platforms/WatchOS.platform/Developer/SDKs/WatchOS27.0.sdk -fstrict-aliasing -Wprotocol -Wdeprecated-declarations -Wno-sign-conversion -Wno-infinite-recursion -Wno-comma -Wno-block-capture-autoreleasing -Wno-strict-prototypes -Wno-semicolon-before-method-body -index-store-path /Users/admin/builder/spi-builder-workspace/.derivedData/Index.noindex/DataStore @/Users/admin/builder/spi-builder-workspace/.derivedData/Build/Intermediates.noindex/MqttCocoaAsyncSocket.build/Debug-watchos/MqttCocoaAsyncSocket-t.build/Objects-normal/arm64/e6072d4f65d7061329687fe24e3d63a7-common-args.resp -MMD -MT dependencies -MF /Users/admin/builder/spi-builder-workspace/.derivedData/Build/Intermediates.noindex/MqttCocoaAsyncSocket.build/Debug-watchos/MqttCocoaAsyncSocket-t.build/Objects-normal/arm64/MGCDAsyncUdpSocket.d --serialize-diagnostics /Users/admin/builder/spi-builder-workspace/.derivedData/Build/Intermediates.noindex/MqttCocoaAsyncSocket.build/Debug-watchos/MqttCocoaAsyncSocket-t.build/Objects-normal/arm64/MGCDAsyncUdpSocket.dia -c /Users/admin/builder/spi-builder-workspace/.dependencies/checkouts/MqttCocoaAsyncSocket/Source/GCD/MGCDAsyncUdpSocket.m -o /Users/admin/builder/spi-builder-workspace/.derivedData/Build/Intermediates.noindex/MqttCocoaAsyncSocket.build/Debug-watchos/MqttCocoaAsyncSocket-t.build/Objects-normal/arm64/MGCDAsyncUdpSocket.o -index-unit-output-path /MqttCocoaAsyncSocket.build/Debug-watchos/MqttCocoaAsyncSocket-t.build/Objects-normal/arm64/MGCDAsyncUdpSocket.o
/Users/admin/builder/spi-builder-workspace/.dependencies/checkouts/MqttCocoaAsyncSocket/Source/GCD/MGCDAsyncUdpSocket.m:19:11: error: 'CFNetwork/CFNetwork.h' file not found (in target 'MqttCocoaAsyncSocket' from project 'MqttCocoaAsyncSocket')
    note: Did not find header 'CFNetwork.h' in framework 'CFNetwork' (loaded from '/Applications/Xcode-27.0.0-Release.Candidate.app/Contents/Developer/Platforms/WatchOS.platform/Developer/SDKs/WatchOS27.0.sdk/System/Library/Frameworks')
ScanDependencies /Users/admin/builder/spi-builder-workspace/.derivedData/Build/Intermediates.noindex/MqttCocoaAsyncSocket.build/Debug-watchos/MqttCocoaAsyncSocket-t.build/Objects-normal/arm64_32/MGCDAsyncUdpSocket.o /Users/admin/builder/spi-builder-workspace/.dependencies/checkouts/MqttCocoaAsyncSocket/Source/GCD/MGCDAsyncUdpSocket.m normal arm64_32 objective-c com.apple.compilers.llvm.clang.1_0.compiler (in target 'MqttCocoaAsyncSocket' from project 'MqttCocoaAsyncSocket')
    cd /Users/admin/builder/spi-builder-workspace/.swiftpm/xcode

    Using response file: /Users/admin/builder/spi-builder-workspace/.derivedData/Build/Intermediates.noindex/MqttCocoaAsyncSocket.build/Debug-watchos/MqttCocoaAsyncSocket-t.build/Objects-normal/arm64_32/e6072d4f65d7061329687fe24e3d63a7-common-args.resp

    builtin-ScanDependencies -o /Users/admin/builder/spi-builder-workspace/.derivedData/Build/Intermediates.noindex/MqttCocoaAsyncSocket.build/Debug-watchos/MqttCocoaAsyncSocket-t.build/Objects-normal/arm64_32/MGCDAsyncUdpSocket.o.scan -- /Applications/Xcode-27.0.0-Release.Candidate.app/Contents/Developer/Toolchains/XcodeDefault.xctoolchain/usr/bin/clang -x objective-c -ivfsstatcache /Users/admin/builder/spi-builder-workspace/.derivedData/SDKStatCaches.noindex/watchos27.0-24R360-e829b21a6f8c9b70876ba0858053c04477534ef55a1706bf4c1112bbb242f0a2.sdkstatcache -target arm64_32-apple-watchos9.0 -fmessage-length\=0 -fdiagnostics-show-note-include-stack -fmacro-backtrace-limit\=0 -fno-color-diagnostics -fmodules-prune-interval\=86400 -fmodules-prune-after\=345600 -fbuild-session-file\=/Users/admin/builder/spi-builder-workspace/.derivedData/ModuleCache.noindex/Session.modulevalidation -fmodules-validate-once-per-build-session -Wnon-modular-include-in-framework-module -Werror\=non-modular-include-in-framework-module -Wno-trigraphs -Wno-missing-field-initializers -Wno-missing-prototypes -Wno-return-type -Wno-implicit-atomic-properties -Wno-objc-interface-ivars -Wno-arc-repeated-use-of-weak -Wno-missing-braces -Wparentheses -Wswitch -Wno-unused-function -Wno-unused-label -Wno-unused-parameter -Wno-unused-variable -Wunused-value -Wno-empty-body -Wno-uninitialized -Wno-unknown-pragmas -w -Wno-shadow -Wno-four-char-constants -Wno-conversion -Wno-constant-conversion -Wno-int-conversion -Wno-bool-conversion -Wno-enum-conversion -Wno-float-conversion -Wno-non-literal-null-conversion -Wno-objc-literal-conversion -Wno-shorten-64-to-32 -Wpointer-sign -Wno-newline-eof -Wno-selector -Wno-strict-selector-match -Wno-undeclared-selector -Wno-deprecated-implementations -Wno-implicit-fallthrough -isysroot /Applications/Xcode-27.0.0-Release.Candidate.app/Contents/Developer/Platforms/WatchOS.platform/Developer/SDKs/WatchOS27.0.sdk -fstrict-aliasing -Wprotocol -Wdeprecated-declarations -Wno-sign-conversion -Wno-infinite-recursion -Wno-comma -Wno-block-capture-autoreleasing -Wno-strict-prototypes -Wno-semicolon-before-method-body -index-store-path /Users/admin/builder/spi-builder-workspace/.derivedData/Index.noindex/DataStore @/Users/admin/builder/spi-builder-workspace/.derivedData/Build/Intermediates.noindex/MqttCocoaAsyncSocket.build/Debug-watchos/MqttCocoaAsyncSocket-t.build/Objects-normal/arm64_32/e6072d4f65d7061329687fe24e3d63a7-common-args.resp -MMD -MT dependencies -MF /Users/admin/builder/spi-builder-workspace/.derivedData/Build/Intermediates.noindex/MqttCocoaAsyncSocket.build/Debug-watchos/MqttCocoaAsyncSocket-t.build/Objects-normal/arm64_32/MGCDAsyncUdpSocket.d --serialize-diagnostics /Users/admin/builder/spi-builder-workspace/.derivedData/Build/Intermediates.noindex/MqttCocoaAsyncSocket.build/Debug-watchos/MqttCocoaAsyncSocket-t.build/Objects-normal/arm64_32/MGCDAsyncUdpSocket.dia -c /Users/admin/builder/spi-builder-workspace/.dependencies/checkouts/MqttCocoaAsyncSocket/Source/GCD/MGCDAsyncUdpSocket.m -o /Users/admin/builder/spi-builder-workspace/.derivedData/Build/Intermediates.noindex/MqttCocoaAsyncSocket.build/Debug-watchos/MqttCocoaAsyncSocket-t.build/Objects-normal/arm64_32/MGCDAsyncUdpSocket.o -index-unit-output-path /MqttCocoaAsyncSocket.build/Debug-watchos/MqttCocoaAsyncSocket-t.build/Objects-normal/arm64_32/MGCDAsyncUdpSocket.o
/Users/admin/builder/spi-builder-workspace/.dependencies/checkouts/MqttCocoaAsyncSocket/Source/GCD/MGCDAsyncUdpSocket.m:19:11: error: 'CFNetwork/CFNetwork.h' file not found (in target 'MqttCocoaAsyncSocket' from project 'MqttCocoaAsyncSocket')
    note: Did not find header 'CFNetwork.h' in framework 'CFNetwork' (loaded from '/Applications/Xcode-27.0.0-Release.Candidate.app/Contents/Developer/Platforms/WatchOS.platform/Developer/SDKs/WatchOS27.0.sdk/System/Library/Frameworks')
ScanDependencies /Users/admin/builder/spi-builder-workspace/.derivedData/Build/Intermediates.noindex/MqttCocoaAsyncSocket.build/Debug-watchos/MqttCocoaAsyncSocket-t.build/Objects-normal/arm64_32/MGCDAsyncSocket.o /Users/admin/builder/spi-builder-workspace/.dependencies/checkouts/MqttCocoaAsyncSocket/Source/GCD/MGCDAsyncSocket.m normal arm64_32 objective-c com.apple.compilers.llvm.clang.1_0.compiler (in target 'MqttCocoaAsyncSocket' from project 'MqttCocoaAsyncSocket')
    cd /Users/admin/builder/spi-builder-workspace/.swiftpm/xcode

    Using response file: /Users/admin/builder/spi-builder-workspace/.derivedData/Build/Intermediates.noindex/MqttCocoaAsyncSocket.build/Debug-watchos/MqttCocoaAsyncSocket-t.build/Objects-normal/arm64_32/e6072d4f65d7061329687fe24e3d63a7-common-args.resp

    builtin-ScanDependencies -o /Users/admin/builder/spi-builder-workspace/.derivedData/Build/Intermediates.noindex/MqttCocoaAsyncSocket.build/Debug-watchos/MqttCocoaAsyncSocket-t.build/Objects-normal/arm64_32/MGCDAsyncSocket.o.scan -- /Applications/Xcode-27.0.0-Release.Candidate.app/Contents/Developer/Toolchains/XcodeDefault.xctoolchain/usr/bin/clang -x objective-c -ivfsstatcache /Users/admin/builder/spi-builder-workspace/.derivedData/SDKStatCaches.noindex/watchos27.0-24R360-e829b21a6f8c9b70876ba0858053c04477534ef55a1706bf4c1112bbb242f0a2.sdkstatcache -target arm64_32-apple-watchos9.0 -fmessage-length\=0 -fdiagnostics-show-note-include-stack -fmacro-backtrace-limit\=0 -fno-color-diagnostics -fmodules-prune-interval\=86400 -fmodules-prune-after\=345600 -fbuild-session-file\=/Users/admin/builder/spi-builder-workspace/.derivedData/ModuleCache.noindex/Session.modulevalidation -fmodules-validate-once-per-build-session -Wnon-modular-include-in-framework-module -Werror\=non-modular-include-in-framework-module -Wno-trigraphs -Wno-missing-field-initializers -Wno-missing-prototypes -Wno-return-type -Wno-implicit-atomic-properties -Wno-objc-interface-ivars -Wno-arc-repeated-use-of-weak -Wno-missing-braces -Wparentheses -Wswitch -Wno-unused-function -Wno-unused-label -Wno-unused-parameter -Wno-unused-variable -Wunused-value -Wno-empty-body -Wno-uninitialized -Wno-unknown-pragmas -w -Wno-shadow -Wno-four-char-constants -Wno-conversion -Wno-constant-conversion -Wno-int-conversion -Wno-bool-conversion -Wno-enum-conversion -Wno-float-conversion -Wno-non-literal-null-conversion -Wno-objc-literal-conversion -Wno-shorten-64-to-32 -Wpointer-sign -Wno-newline-eof -Wno-selector -Wno-strict-selector-match -Wno-undeclared-selector -Wno-deprecated-implementations -Wno-implicit-fallthrough -isysroot /Applications/Xcode-27.0.0-Release.Candidate.app/Contents/Developer/Platforms/WatchOS.platform/Developer/SDKs/WatchOS27.0.sdk -fstrict-aliasing -Wprotocol -Wdeprecated-declarations -Wno-sign-conversion -Wno-infinite-recursion -Wno-comma -Wno-block-capture-autoreleasing -Wno-strict-prototypes -Wno-semicolon-before-method-body -index-store-path /Users/admin/builder/spi-builder-workspace/.derivedData/Index.noindex/DataStore @/Users/admin/builder/spi-builder-workspace/.derivedData/Build/Intermediates.noindex/MqttCocoaAsyncSocket.build/Debug-watchos/MqttCocoaAsyncSocket-t.build/Objects-normal/arm64_32/e6072d4f65d7061329687fe24e3d63a7-common-args.resp -MMD -MT dependencies -MF /Users/admin/builder/spi-builder-workspace/.derivedData/Build/Intermediates.noindex/MqttCocoaAsyncSocket.build/Debug-watchos/MqttCocoaAsyncSocket-t.build/Objects-normal/arm64_32/MGCDAsyncSocket.d --serialize-diagnostics /Users/admin/builder/spi-builder-workspace/.derivedData/Build/Intermediates.noindex/MqttCocoaAsyncSocket.build/Debug-watchos/MqttCocoaAsyncSocket-t.build/Objects-normal/arm64_32/MGCDAsyncSocket.dia -c /Users/admin/builder/spi-builder-workspace/.dependencies/checkouts/MqttCocoaAsyncSocket/Source/GCD/MGCDAsyncSocket.m -o /Users/admin/builder/spi-builder-workspace/.derivedData/Build/Intermediates.noindex/MqttCocoaAsyncSocket.build/Debug-watchos/MqttCocoaAsyncSocket-t.build/Objects-normal/arm64_32/MGCDAsyncSocket.o -index-unit-output-path /MqttCocoaAsyncSocket.build/Debug-watchos/MqttCocoaAsyncSocket-t.build/Objects-normal/arm64_32/MGCDAsyncSocket.o
/Users/admin/builder/spi-builder-workspace/.dependencies/checkouts/MqttCocoaAsyncSocket/Source/GCD/MGCDAsyncSocket.m:14:9: error: 'CFNetwork/CFNetwork.h' file not found (in target 'MqttCocoaAsyncSocket' from project 'MqttCocoaAsyncSocket')
    note: Did not find header 'CFNetwork.h' in framework 'CFNetwork' (loaded from '/Applications/Xcode-27.0.0-Release.Candidate.app/Contents/Developer/Platforms/WatchOS.platform/Developer/SDKs/WatchOS27.0.sdk/System/Library/Frameworks')
SwiftDriver Starscream normal arm64_32 com.apple.xcode.tools.swift.compiler (in target 'Starscream' from project 'Starscream')
    cd /Users/admin/builder/spi-builder-workspace/.swiftpm/xcode
    builtin-SwiftDriver -- /Applications/Xcode-27.0.0-Release.Candidate.app/Contents/Developer/Toolchains/XcodeDefault.xctoolchain/usr/bin/swiftc -parse-as-library -module-name Starscream -Onone @/Users/admin/builder/spi-builder-workspace/.derivedData/Build/Intermediates.noindex/Starscream.build/Debug-watchos/Starscream-t.build/Objects-normal/arm64_32/Starscream.SwiftFileList -DSWIFT_PACKAGE -DDEBUG -DSWIFT_MODULE_RESOURCE_BUNDLE_AVAILABLE -DXcode -plugin-path /Applications/Xcode-27.0.0-Release.Candidate.app/Contents/Developer/Toolchains/XcodeDefault.xctoolchain/usr/lib/swift/host/plugins/testing -enable-experimental-feature DebugDescriptionMacro -sdk /Applications/Xcode-27.0.0-Release.Candidate.app/Contents/Developer/Platforms/WatchOS.platform/Developer/SDKs/WatchOS27.0.sdk -target arm64_32-apple-watchos9.0 -g -module-cache-path /Users/admin/builder/spi-builder-workspace/.derivedData/ModuleCache.noindex -Xfrontend -serialize-debugging-options -profile-coverage-mapping -profile-generate -enable-testing -suppress-warnings -index-store-path /Users/admin/builder/spi-builder-workspace/.derivedData/Index.noindex/DataStore -Xcc -D_LIBCPP_HARDENING_MODE\=_LIBCPP_HARDENING_MODE_DEBUG -swift-version 5 -I /Users/admin/builder/spi-builder-workspace/.derivedData/Build/Products/Debug-watchos -Isystem /Applications/Xcode-27.0.0-Release.Candidate.app/Contents/Developer/Platforms/WatchOS.platform/Developer/usr/lib -F /Users/admin/builder/spi-builder-workspace/.derivedData/Build/Products/Debug-watchos -F /Applications/Xcode-27.0.0-Release.Candidate.app/Contents/Developer/Platforms/WatchOS.platform/Developer/Library/Frameworks -F /Applications/Xcode-27.0.0-Release.Candidate.app/Contents/Developer/Platforms/WatchOS.platform/Developer/SDKs/WatchOS27.0.sdk/Developer/Library/Frameworks -c -j10 -enable-batch-mode -incremental -Xcc -ivfsstatcache -Xcc /Users/admin/builder/spi-builder-workspace/.derivedData/SDKStatCaches.noindex/watchos27.0-24R360-e829b21a6f8c9b70876ba0858053c04477534ef55a1706bf4c1112bbb242f0a2.sdkstatcache -output-file-map /Users/admin/builder/spi-builder-workspace/.derivedData/Build/Intermediates.noindex/Starscream.build/Debug-watchos/Starscream-t.build/Objects-normal/arm64_32/Starscream-OutputFileMap.json -save-temps -no-color-diagnostics -explicit-module-build -module-cache-path /Users/admin/builder/spi-builder-workspace/.derivedData/Build/Intermediates.noindex/SwiftExplicitPrecompiledModules -clang-scanner-module-cache-path /Users/admin/builder/spi-builder-workspace/.derivedData/ModuleCache.noindex -sdk-module-cache-path /Users/admin/builder/spi-builder-workspace/.derivedData/SDKExplicitPrecompiledModules -emit-dependencies -emit-module -emit-module-path /Users/admin/builder/spi-builder-workspace/.derivedData/Build/Intermediates.noindex/Starscream.build/Debug-watchos/Starscream-t.build/Objects-normal/arm64_32/Starscream.swiftmodule -serialize-diagnostics -dependency-scan-serialize-diagnostics-path /Users/admin/builder/spi-builder-workspace/.derivedData/Build/Intermediates.noindex/Starscream.build/Debug-watchos/Starscream-t.build/Objects-normal/arm64_32/Starscream-dependency-scan.dia -validate-clang-modules-once -clang-build-session-file /Users/admin/builder/spi-builder-workspace/.derivedData/ModuleCache.noindex/Session.modulevalidation -Xcc -fmodules-prune-interval\=86400 -Xcc -fmodules-prune-after\=345600 -emit-const-values -const-gather-protocols-list /Users/admin/builder/spi-builder-workspace/.derivedData/Build/Intermediates.noindex/Starscream.build/Debug-watchos/Starscream-t.build/Objects-normal/arm64_32/Starscream_const_extract_protocols.json -Xcc -I/Users/admin/builder/spi-builder-workspace/.derivedData/Build/Products/Debug-watchos/include -Xcc -I/Users/admin/builder/spi-builder-workspace/.derivedData/Build/Intermediates.noindex/Starscream.build/Debug-watchos/Starscream-t.build/DerivedSources-normal/arm64_32 -Xcc -I/Users/admin/builder/spi-builder-workspace/.derivedData/Build/Intermediates.noindex/Starscream.build/Debug-watchos/Starscream-t.build/DerivedSources/arm64_32 -Xcc -I/Users/admin/builder/spi-builder-workspace/.derivedData/Build/Intermediates.noindex/Starscream.build/Debug-watchos/Starscream-t.build/DerivedSources -Xcc -DSWIFT_PACKAGE -Xcc -DDEBUG\=1 -emit-objc-header -emit-objc-header-path /Users/admin/builder/spi-builder-workspace/.derivedData/Build/Intermediates.noindex/Starscream.build/Debug-watchos/Starscream-t.build/Objects-normal/arm64_32/Starscream-Swift.h -working-directory /Users/admin/builder/spi-builder-workspace/.swiftpm/xcode -experimental-emit-module-separately -disable-cmo
SwiftDriver CocoaMQTT normal arm64_32 com.apple.xcode.tools.swift.compiler (in target 'CocoaMQTT' from project 'CocoaMQTT')
    cd /Users/admin/builder/spi-builder-workspace/.swiftpm/xcode
    builtin-SwiftDriver -- /Applications/Xcode-27.0.0-Release.Candidate.app/Contents/Developer/Toolchains/XcodeDefault.xctoolchain/usr/bin/swiftc -parse-as-library -module-name CocoaMQTT -Onone @/Users/admin/builder/spi-builder-workspace/.derivedData/Build/Intermediates.noindex/CocoaMQTT.build/Debug-watchos/CocoaMQTT-t.build/Objects-normal/arm64_32/CocoaMQTT.SwiftFileList -DSWIFT_PACKAGE -DDEBUG -DSWIFT_MODULE_RESOURCE_BUNDLE_AVAILABLE -DIS_SWIFT_PACKAGE -Xcc -fmodule-map-file\=/Users/admin/builder/spi-builder-workspace/.derivedData/Build/Intermediates.noindex/GeneratedModuleMaps-watchos/MqttCocoaAsyncSocket.modulemap -DXcode -plugin-path /Applications/Xcode-27.0.0-Release.Candidate.app/Contents/Developer/Toolchains/XcodeDefault.xctoolchain/usr/lib/swift/host/plugins/testing -enable-experimental-feature DebugDescriptionMacro -sdk /Applications/Xcode-27.0.0-Release.Candidate.app/Contents/Developer/Platforms/WatchOS.platform/Developer/SDKs/WatchOS27.0.sdk -target arm64_32-apple-watchos9.0 -g -module-cache-path /Users/admin/builder/spi-builder-workspace/.derivedData/ModuleCache.noindex -Xfrontend -serialize-debugging-options -profile-coverage-mapping -profile-generate -enable-testing -index-store-path /Users/admin/builder/spi-builder-workspace/.derivedData/Index.noindex/DataStore -Xcc -D_LIBCPP_HARDENING_MODE\=_LIBCPP_HARDENING_MODE_DEBUG -swift-version 5 -I /Users/admin/builder/spi-builder-workspace/.derivedData/Build/Products/Debug-watchos -Isystem /Applications/Xcode-27.0.0-Release.Candidate.app/Contents/Developer/Platforms/WatchOS.platform/Developer/usr/lib -F /Users/admin/builder/spi-builder-workspace/.derivedData/Build/Products/Debug-watchos/PackageFrameworks -F /Users/admin/builder/spi-builder-workspace/.derivedData/Build/Products/Debug-watchos -F /Applications/Xcode-27.0.0-Release.Candidate.app/Contents/Developer/Platforms/WatchOS.platform/Developer/Library/Frameworks -F /Applications/Xcode-27.0.0-Release.Candidate.app/Contents/Developer/Platforms/WatchOS.platform/Developer/SDKs/WatchOS27.0.sdk/Developer/Library/Frameworks -c -j10 -enable-batch-mode -incremental -Xcc -ivfsstatcache -Xcc /Users/admin/builder/spi-builder-workspace/.derivedData/SDKStatCaches.noindex/watchos27.0-24R360-e829b21a6f8c9b70876ba0858053c04477534ef55a1706bf4c1112bbb242f0a2.sdkstatcache -output-file-map /Users/admin/builder/spi-builder-workspace/.derivedData/Build/Intermediates.noindex/CocoaMQTT.build/Debug-watchos/CocoaMQTT-t.build/Objects-normal/arm64_32/CocoaMQTT-OutputFileMap.json -save-temps -no-color-diagnostics -explicit-module-build -module-cache-path /Users/admin/builder/spi-builder-workspace/.derivedData/Build/Intermediates.noindex/SwiftExplicitPrecompiledModules -clang-scanner-module-cache-path /Users/admin/builder/spi-builder-workspace/.derivedData/ModuleCache.noindex -sdk-module-cache-path /Users/admin/builder/spi-builder-workspace/.derivedData/SDKExplicitPrecompiledModules -emit-dependencies -emit-module -emit-module-path /Users/admin/builder/spi-builder-workspace/.derivedData/Build/Intermediates.noindex/CocoaMQTT.build/Debug-watchos/CocoaMQTT-t.build/Objects-normal/arm64_32/CocoaMQTT.swiftmodule -serialize-diagnostics -dependency-scan-serialize-diagnostics-path /Users/admin/builder/spi-builder-workspace/.derivedData/Build/Intermediates.noindex/CocoaMQTT.build/Debug-watchos/CocoaMQTT-t.build/Objects-normal/arm64_32/CocoaMQTT-dependency-scan.dia -validate-clang-modules-once -clang-build-session-file /Users/admin/builder/spi-builder-workspace/.derivedData/ModuleCache.noindex/Session.modulevalidation -Xcc -fmodules-prune-interval\=86400 -Xcc -fmodules-prune-after\=345600 -emit-const-values -const-gather-protocols-list /Users/admin/builder/spi-builder-workspace/.derivedData/Build/Intermediates.noindex/CocoaMQTT.build/Debug-watchos/CocoaMQTT-t.build/Objects-normal/arm64_32/CocoaMQTT_const_extract_protocols.json -Xcc -I/Users/admin/builder/spi-builder-workspace/.dependencies/checkouts/MqttCocoaAsyncSocket/Source/GCD -Xcc -I/Users/admin/builder/spi-builder-workspace/.derivedData/Build/Products/Debug-watchos/include -Xcc -I/Users/admin/builder/spi-builder-workspace/.derivedData/Build/Intermediates.noindex/CocoaMQTT.build/Debug-watchos/CocoaMQTT-t.build/DerivedSources-normal/arm64_32 -Xcc -I/Users/admin/builder/spi-builder-workspace/.derivedData/Build/Intermediates.noindex/CocoaMQTT.build/Debug-watchos/CocoaMQTT-t.build/DerivedSources/arm64_32 -Xcc -I/Users/admin/builder/spi-builder-workspace/.derivedData/Build/Intermediates.noindex/CocoaMQTT.build/Debug-watchos/CocoaMQTT-t.build/DerivedSources -Xcc -DSWIFT_PACKAGE -Xcc -DDEBUG\=1 -emit-objc-header -emit-objc-header-path /Users/admin/builder/spi-builder-workspace/.derivedData/Build/Intermediates.noindex/CocoaMQTT.build/Debug-watchos/CocoaMQTT-t.build/Objects-normal/arm64_32/CocoaMQTT-Swift.h -working-directory /Users/admin/builder/spi-builder-workspace/.swiftpm/xcode -experimental-emit-module-separately -disable-cmo
SwiftDriver Starscream normal arm64 com.apple.xcode.tools.swift.compiler (in target 'Starscream' from project 'Starscream')
    cd /Users/admin/builder/spi-builder-workspace/.swiftpm/xcode
    builtin-SwiftDriver -- /Applications/Xcode-27.0.0-Release.Candidate.app/Contents/Developer/Toolchains/XcodeDefault.xctoolchain/usr/bin/swiftc -parse-as-library -module-name Starscream -Onone @/Users/admin/builder/spi-builder-workspace/.derivedData/Build/Intermediates.noindex/Starscream.build/Debug-watchos/Starscream-t.build/Objects-normal/arm64/Starscream.SwiftFileList -DSWIFT_PACKAGE -DDEBUG -DSWIFT_MODULE_RESOURCE_BUNDLE_AVAILABLE -DXcode -plugin-path /Applications/Xcode-27.0.0-Release.Candidate.app/Contents/Developer/Toolchains/XcodeDefault.xctoolchain/usr/lib/swift/host/plugins/testing -enable-experimental-feature DebugDescriptionMacro -sdk /Applications/Xcode-27.0.0-Release.Candidate.app/Contents/Developer/Platforms/WatchOS.platform/Developer/SDKs/WatchOS27.0.sdk -target arm64-apple-watchos9.0 -g -module-cache-path /Users/admin/builder/spi-builder-workspace/.derivedData/ModuleCache.noindex -Xfrontend -serialize-debugging-options -profile-coverage-mapping -profile-generate -enable-testing -suppress-warnings -index-store-path /Users/admin/builder/spi-builder-workspace/.derivedData/Index.noindex/DataStore -Xcc -D_LIBCPP_HARDENING_MODE\=_LIBCPP_HARDENING_MODE_DEBUG -swift-version 5 -I /Users/admin/builder/spi-builder-workspace/.derivedData/Build/Products/Debug-watchos -Isystem /Applications/Xcode-27.0.0-Release.Candidate.app/Contents/Developer/Platforms/WatchOS.platform/Developer/usr/lib -F /Users/admin/builder/spi-builder-workspace/.derivedData/Build/Products/Debug-watchos -F /Applications/Xcode-27.0.0-Release.Candidate.app/Contents/Developer/Platforms/WatchOS.platform/Developer/Library/Frameworks -F /Applications/Xcode-27.0.0-Release.Candidate.app/Contents/Developer/Platforms/WatchOS.platform/Developer/SDKs/WatchOS27.0.sdk/Developer/Library/Frameworks -c -j10 -enable-batch-mode -incremental -Xcc -ivfsstatcache -Xcc /Users/admin/builder/spi-builder-workspace/.derivedData/SDKStatCaches.noindex/watchos27.0-24R360-e829b21a6f8c9b70876ba0858053c04477534ef55a1706bf4c1112bbb242f0a2.sdkstatcache -output-file-map /Users/admin/builder/spi-builder-workspace/.derivedData/Build/Intermediates.noindex/Starscream.build/Debug-watchos/Starscream-t.build/Objects-normal/arm64/Starscream-OutputFileMap.json -save-temps -no-color-diagnostics -explicit-module-build -module-cache-path /Users/admin/builder/spi-builder-workspace/.derivedData/Build/Intermediates.noindex/SwiftExplicitPrecompiledModules -clang-scanner-module-cache-path /Users/admin/builder/spi-builder-workspace/.derivedData/ModuleCache.noindex -sdk-module-cache-path /Users/admin/builder/spi-builder-workspace/.derivedData/SDKExplicitPrecompiledModules -emit-dependencies -emit-module -emit-module-path /Users/admin/builder/spi-builder-workspace/.derivedData/Build/Intermediates.noindex/Starscream.build/Debug-watchos/Starscream-t.build/Objects-normal/arm64/Starscream.swiftmodule -serialize-diagnostics -dependency-scan-serialize-diagnostics-path /Users/admin/builder/spi-builder-workspace/.derivedData/Build/Intermediates.noindex/Starscream.build/Debug-watchos/Starscream-t.build/Objects-normal/arm64/Starscream-dependency-scan.dia -validate-clang-modules-once -clang-build-session-file /Users/admin/builder/spi-builder-workspace/.derivedData/ModuleCache.noindex/Session.modulevalidation -Xcc -fmodules-prune-interval\=86400 -Xcc -fmodules-prune-after\=345600 -emit-const-values -const-gather-protocols-list /Users/admin/builder/spi-builder-workspace/.derivedData/Build/Intermediates.noindex/Starscream.build/Debug-watchos/Starscream-t.build/Objects-normal/arm64/Starscream_const_extract_protocols.json -Xcc -I/Users/admin/builder/spi-builder-workspace/.derivedData/Build/Products/Debug-watchos/include -Xcc -I/Users/admin/builder/spi-builder-workspace/.derivedData/Build/Intermediates.noindex/Starscream.build/Debug-watchos/Starscream-t.build/DerivedSources-normal/arm64 -Xcc -I/Users/admin/builder/spi-builder-workspace/.derivedData/Build/Intermediates.noindex/Starscream.build/Debug-watchos/Starscream-t.build/DerivedSources/arm64 -Xcc -I/Users/admin/builder/spi-builder-workspace/.derivedData/Build/Intermediates.noindex/Starscream.build/Debug-watchos/Starscream-t.build/DerivedSources -Xcc -DSWIFT_PACKAGE -Xcc -DDEBUG\=1 -emit-objc-header -emit-objc-header-path /Users/admin/builder/spi-builder-workspace/.derivedData/Build/Intermediates.noindex/Starscream.build/Debug-watchos/Starscream-t.build/Objects-normal/arm64/Starscream-Swift.h -working-directory /Users/admin/builder/spi-builder-workspace/.swiftpm/xcode -experimental-emit-module-separately -disable-cmo
SwiftDriver CocoaMQTT normal arm64 com.apple.xcode.tools.swift.compiler (in target 'CocoaMQTT' from project 'CocoaMQTT')
    cd /Users/admin/builder/spi-builder-workspace/.swiftpm/xcode
    builtin-SwiftDriver -- /Applications/Xcode-27.0.0-Release.Candidate.app/Contents/Developer/Toolchains/XcodeDefault.xctoolchain/usr/bin/swiftc -parse-as-library -module-name CocoaMQTT -Onone @/Users/admin/builder/spi-builder-workspace/.derivedData/Build/Intermediates.noindex/CocoaMQTT.build/Debug-watchos/CocoaMQTT-t.build/Objects-normal/arm64/CocoaMQTT.SwiftFileList -DSWIFT_PACKAGE -DDEBUG -DSWIFT_MODULE_RESOURCE_BUNDLE_AVAILABLE -DIS_SWIFT_PACKAGE -Xcc -fmodule-map-file\=/Users/admin/builder/spi-builder-workspace/.derivedData/Build/Intermediates.noindex/GeneratedModuleMaps-watchos/MqttCocoaAsyncSocket.modulemap -DXcode -plugin-path /Applications/Xcode-27.0.0-Release.Candidate.app/Contents/Developer/Toolchains/XcodeDefault.xctoolchain/usr/lib/swift/host/plugins/testing -enable-experimental-feature DebugDescriptionMacro -sdk /Applications/Xcode-27.0.0-Release.Candidate.app/Contents/Developer/Platforms/WatchOS.platform/Developer/SDKs/WatchOS27.0.sdk -target arm64-apple-watchos9.0 -g -module-cache-path /Users/admin/builder/spi-builder-workspace/.derivedData/ModuleCache.noindex -Xfrontend -serialize-debugging-options -profile-coverage-mapping -profile-generate -enable-testing -index-store-path /Users/admin/builder/spi-builder-workspace/.derivedData/Index.noindex/DataStore -Xcc -D_LIBCPP_HARDENING_MODE\=_LIBCPP_HARDENING_MODE_DEBUG -swift-version 5 -I /Users/admin/builder/spi-builder-workspace/.derivedData/Build/Products/Debug-watchos -Isystem /Applications/Xcode-27.0.0-Release.Candidate.app/Contents/Developer/Platforms/WatchOS.platform/Developer/usr/lib -F /Users/admin/builder/spi-builder-workspace/.derivedData/Build/Products/Debug-watchos/PackageFrameworks -F /Users/admin/builder/spi-builder-workspace/.derivedData/Build/Products/Debug-watchos -F /Applications/Xcode-27.0.0-Release.Candidate.app/Contents/Developer/Platforms/WatchOS.platform/Developer/Library/Frameworks -F /Applications/Xcode-27.0.0-Release.Candidate.app/Contents/Developer/Platforms/WatchOS.platform/Developer/SDKs/WatchOS27.0.sdk/Developer/Library/Frameworks -c -j10 -enable-batch-mode -incremental -Xcc -ivfsstatcache -Xcc /Users/admin/builder/spi-builder-workspace/.derivedData/SDKStatCaches.noindex/watchos27.0-24R360-e829b21a6f8c9b70876ba0858053c04477534ef55a1706bf4c1112bbb242f0a2.sdkstatcache -output-file-map /Users/admin/builder/spi-builder-workspace/.derivedData/Build/Intermediates.noindex/CocoaMQTT.build/Debug-watchos/CocoaMQTT-t.build/Objects-normal/arm64/CocoaMQTT-OutputFileMap.json -save-temps -no-color-diagnostics -explicit-module-build -module-cache-path /Users/admin/builder/spi-builder-workspace/.derivedData/Build/Intermediates.noindex/SwiftExplicitPrecompiledModules -clang-scanner-module-cache-path /Users/admin/builder/spi-builder-workspace/.derivedData/ModuleCache.noindex -sdk-module-cache-path /Users/admin/builder/spi-builder-workspace/.derivedData/SDKExplicitPrecompiledModules -emit-dependencies -emit-module -emit-module-path /Users/admin/builder/spi-builder-workspace/.derivedData/Build/Intermediates.noindex/CocoaMQTT.build/Debug-watchos/CocoaMQTT-t.build/Objects-normal/arm64/CocoaMQTT.swiftmodule -serialize-diagnostics -dependency-scan-serialize-diagnostics-path /Users/admin/builder/spi-builder-workspace/.derivedData/Build/Intermediates.noindex/CocoaMQTT.build/Debug-watchos/CocoaMQTT-t.build/Objects-normal/arm64/CocoaMQTT-dependency-scan.dia -validate-clang-modules-once -clang-build-session-file /Users/admin/builder/spi-builder-workspace/.derivedData/ModuleCache.noindex/Session.modulevalidation -Xcc -fmodules-prune-interval\=86400 -Xcc -fmodules-prune-after\=345600 -emit-const-values -const-gather-protocols-list /Users/admin/builder/spi-builder-workspace/.derivedData/Build/Intermediates.noindex/CocoaMQTT.build/Debug-watchos/CocoaMQTT-t.build/Objects-normal/arm64/CocoaMQTT_const_extract_protocols.json -Xcc -I/Users/admin/builder/spi-builder-workspace/.dependencies/checkouts/MqttCocoaAsyncSocket/Source/GCD -Xcc -I/Users/admin/builder/spi-builder-workspace/.derivedData/Build/Products/Debug-watchos/include -Xcc -I/Users/admin/builder/spi-builder-workspace/.derivedData/Build/Intermediates.noindex/CocoaMQTT.build/Debug-watchos/CocoaMQTT-t.build/DerivedSources-normal/arm64 -Xcc -I/Users/admin/builder/spi-builder-workspace/.derivedData/Build/Intermediates.noindex/CocoaMQTT.build/Debug-watchos/CocoaMQTT-t.build/DerivedSources/arm64 -Xcc -I/Users/admin/builder/spi-builder-workspace/.derivedData/Build/Intermediates.noindex/CocoaMQTT.build/Debug-watchos/CocoaMQTT-t.build/DerivedSources -Xcc -DSWIFT_PACKAGE -Xcc -DDEBUG\=1 -emit-objc-header -emit-objc-header-path /Users/admin/builder/spi-builder-workspace/.derivedData/Build/Intermediates.noindex/CocoaMQTT.build/Debug-watchos/CocoaMQTT-t.build/Objects-normal/arm64/CocoaMQTT-Swift.h -working-directory /Users/admin/builder/spi-builder-workspace/.swiftpm/xcode -experimental-emit-module-separately -disable-cmo
ScanDependencies /Users/admin/builder/spi-builder-workspace/.derivedData/Build/Intermediates.noindex/MqttCocoaAsyncSocket.build/Debug-watchos/MqttCocoaAsyncSocket-t.build/Objects-normal/arm64/MGCDAsyncSocket.o /Users/admin/builder/spi-builder-workspace/.dependencies/checkouts/MqttCocoaAsyncSocket/Source/GCD/MGCDAsyncSocket.m normal arm64 objective-c com.apple.compilers.llvm.clang.1_0.compiler (in target 'MqttCocoaAsyncSocket' from project 'MqttCocoaAsyncSocket')
    cd /Users/admin/builder/spi-builder-workspace/.swiftpm/xcode

    Using response file: /Users/admin/builder/spi-builder-workspace/.derivedData/Build/Intermediates.noindex/MqttCocoaAsyncSocket.build/Debug-watchos/MqttCocoaAsyncSocket-t.build/Objects-normal/arm64/e6072d4f65d7061329687fe24e3d63a7-common-args.resp

    builtin-ScanDependencies -o /Users/admin/builder/spi-builder-workspace/.derivedData/Build/Intermediates.noindex/MqttCocoaAsyncSocket.build/Debug-watchos/MqttCocoaAsyncSocket-t.build/Objects-normal/arm64/MGCDAsyncSocket.o.scan -- /Applications/Xcode-27.0.0-Release.Candidate.app/Contents/Developer/Toolchains/XcodeDefault.xctoolchain/usr/bin/clang -x objective-c -ivfsstatcache /Users/admin/builder/spi-builder-workspace/.derivedData/SDKStatCaches.noindex/watchos27.0-24R360-e829b21a6f8c9b70876ba0858053c04477534ef55a1706bf4c1112bbb242f0a2.sdkstatcache -target arm64-apple-watchos9.0 -fmessage-length\=0 -fdiagnostics-show-note-include-stack -fmacro-backtrace-limit\=0 -fno-color-diagnostics -fmodules-prune-interval\=86400 -fmodules-prune-after\=345600 -fbuild-session-file\=/Users/admin/builder/spi-builder-workspace/.derivedData/ModuleCache.noindex/Session.modulevalidation -fmodules-validate-once-per-build-session -Wnon-modular-include-in-framework-module -Werror\=non-modular-include-in-framework-module -Wno-trigraphs -Wno-missing-field-initializers -Wno-missing-prototypes -Wno-return-type -Wno-implicit-atomic-properties -Wno-objc-interface-ivars -Wno-arc-repeated-use-of-weak -Wno-missing-braces -Wparentheses -Wswitch -Wno-unused-function -Wno-unused-label -Wno-unused-parameter -Wno-unused-variable -Wunused-value -Wno-empty-body -Wno-uninitialized -Wno-unknown-pragmas -w -Wno-shadow -Wno-four-char-constants -Wno-conversion -Wno-constant-conversion -Wno-int-conversion -Wno-bool-conversion -Wno-enum-conversion -Wno-float-conversion -Wno-non-literal-null-conversion -Wno-objc-literal-conversion -Wshorten-64-to-32 -Wpointer-sign -Wno-newline-eof -Wno-selector -Wno-strict-selector-match -Wno-undeclared-selector -Wno-deprecated-implementations -Wno-implicit-fallthrough -isysroot /Applications/Xcode-27.0.0-Release.Candidate.app/Contents/Developer/Platforms/WatchOS.platform/Developer/SDKs/WatchOS27.0.sdk -fstrict-aliasing -Wprotocol -Wdeprecated-declarations -Wno-sign-conversion -Wno-infinite-recursion -Wno-comma -Wno-block-capture-autoreleasing -Wno-strict-prototypes -Wno-semicolon-before-method-body -index-store-path /Users/admin/builder/spi-builder-workspace/.derivedData/Index.noindex/DataStore @/Users/admin/builder/spi-builder-workspace/.derivedData/Build/Intermediates.noindex/MqttCocoaAsyncSocket.build/Debug-watchos/MqttCocoaAsyncSocket-t.build/Objects-normal/arm64/e6072d4f65d7061329687fe24e3d63a7-common-args.resp -MMD -MT dependencies -MF /Users/admin/builder/spi-builder-workspace/.derivedData/Build/Intermediates.noindex/MqttCocoaAsyncSocket.build/Debug-watchos/MqttCocoaAsyncSocket-t.build/Objects-normal/arm64/MGCDAsyncSocket.d --serialize-diagnostics /Users/admin/builder/spi-builder-workspace/.derivedData/Build/Intermediates.noindex/MqttCocoaAsyncSocket.build/Debug-watchos/MqttCocoaAsyncSocket-t.build/Objects-normal/arm64/MGCDAsyncSocket.dia -c /Users/admin/builder/spi-builder-workspace/.dependencies/checkouts/MqttCocoaAsyncSocket/Source/GCD/MGCDAsyncSocket.m -o /Users/admin/builder/spi-builder-workspace/.derivedData/Build/Intermediates.noindex/MqttCocoaAsyncSocket.build/Debug-watchos/MqttCocoaAsyncSocket-t.build/Objects-normal/arm64/MGCDAsyncSocket.o -index-unit-output-path /MqttCocoaAsyncSocket.build/Debug-watchos/MqttCocoaAsyncSocket-t.build/Objects-normal/arm64/MGCDAsyncSocket.o
/Users/admin/builder/spi-builder-workspace/.dependencies/checkouts/MqttCocoaAsyncSocket/Source/GCD/MGCDAsyncSocket.m:14:9: error: 'CFNetwork/CFNetwork.h' file not found (in target 'MqttCocoaAsyncSocket' from project 'MqttCocoaAsyncSocket')
    note: Did not find header 'CFNetwork.h' in framework 'CFNetwork' (loaded from '/Applications/Xcode-27.0.0-Release.Candidate.app/Contents/Developer/Platforms/WatchOS.platform/Developer/SDKs/WatchOS27.0.sdk/System/Library/Frameworks')
PruneExplicitPrecompiledModules /Users/admin/builder/spi-builder-workspace/.derivedData/SDKExplicitPrecompiledModules
PruneExplicitPrecompiledModules /Users/admin/builder/spi-builder-workspace/.derivedData/Build/Intermediates.noindex/SwiftExplicitPrecompiledModules
PruneExplicitPrecompiledModules /Users/admin/builder/spi-builder-workspace/.derivedData/Build/Intermediates.noindex/ExplicitPrecompiledModules
2026-09-27 21:44:34.541 xcodebuild[784:5180] [MT] IDERunDestination: Supported platforms for the buildables in the current scheme is empty.
** BUILD FAILED **
The following build commands failed:
	ScanDependencies /Users/admin/builder/spi-builder-workspace/.derivedData/Build/Intermediates.noindex/MqttCocoaAsyncSocket.build/Debug-watchos/MqttCocoaAsyncSocket-t.build/Objects-normal/arm64/MGCDAsyncUdpSocket.o /Users/admin/builder/spi-builder-workspace/.dependencies/checkouts/MqttCocoaAsyncSocket/Source/GCD/MGCDAsyncUdpSocket.m normal arm64 objective-c com.apple.compilers.llvm.clang.1_0.compiler (in target 'MqttCocoaAsyncSocket' from project 'MqttCocoaAsyncSocket')
	ScanDependencies /Users/admin/builder/spi-builder-workspace/.derivedData/Build/Intermediates.noindex/MqttCocoaAsyncSocket.build/Debug-watchos/MqttCocoaAsyncSocket-t.build/Objects-normal/arm64_32/MGCDAsyncUdpSocket.o /Users/admin/builder/spi-builder-workspace/.dependencies/checkouts/MqttCocoaAsyncSocket/Source/GCD/MGCDAsyncUdpSocket.m normal arm64_32 objective-c com.apple.compilers.llvm.clang.1_0.compiler (in target 'MqttCocoaAsyncSocket' from project 'MqttCocoaAsyncSocket')
	ScanDependencies /Users/admin/builder/spi-builder-workspace/.derivedData/Build/Intermediates.noindex/MqttCocoaAsyncSocket.build/Debug-watchos/MqttCocoaAsyncSocket-t.build/Objects-normal/arm64_32/MGCDAsyncSocket.o /Users/admin/builder/spi-builder-workspace/.dependencies/checkouts/MqttCocoaAsyncSocket/Source/GCD/MGCDAsyncSocket.m normal arm64_32 objective-c com.apple.compilers.llvm.clang.1_0.compiler (in target 'MqttCocoaAsyncSocket' from project 'MqttCocoaAsyncSocket')
	ScanDependencies /Users/admin/builder/spi-builder-workspace/.derivedData/Build/Intermediates.noindex/MqttCocoaAsyncSocket.build/Debug-watchos/MqttCocoaAsyncSocket-t.build/Objects-normal/arm64/MGCDAsyncSocket.o /Users/admin/builder/spi-builder-workspace/.dependencies/checkouts/MqttCocoaAsyncSocket/Source/GCD/MGCDAsyncSocket.m normal arm64 objective-c com.apple.compilers.llvm.clang.1_0.compiler (in target 'MqttCocoaAsyncSocket' from project 'MqttCocoaAsyncSocket')
	Building workspace CocoaMQTT with scheme CocoaMQTT-Package
(5 failures)
BUILD FAILURE 6.4 watchOS