Build Information
Failed to build TranslationCatalog, reference 0.19.1 (6effc3), with Swift 6.1 for Wasm on 10 Aug 2026 18:57:56 UTC.
Build Command
bash -c docker run --pull=always --rm -v "checkouts-54344844-1":/host -w "$PWD" -e JAVA_HOME="/root/.sdkman/candidates/java/current" -e SPI_BUILD="1" -e SPI_PROCESSING="1" registry.gitlab.com/saguaro1/spi-images:wasm-6.1-latest swift build --swift-sdk wasm32-unknown-wasi 2>&1Build Log
========================================
RunAll
========================================
Builder version: 729ceb5fcd9493dc13ee340bc4f0908bd201f85d
Interrupt handler set up.
========================================
Checkout
========================================
Clone URL: https://github.com/richardpiazza/TranslationCatalog.git
Reference: 0.19.1
Initialized empty Git repository in /host/spi-builder-workspace/.git/
hint: Using 'master' as the name for the initial branch. This default branch name
hint: is subject to change. To configure the initial branch name to use in all
hint: of your new repositories, which will suppress this warning, call:
hint:
hint: git config --global init.defaultBranch <name>
hint:
hint: Names commonly chosen instead of 'master' are 'main', 'trunk' and
hint: 'development'. The just-created branch can be renamed via this command:
hint:
hint: git branch -m <name>
From https://github.com/richardpiazza/TranslationCatalog
* tag 0.19.1 -> FETCH_HEAD
HEAD is now at 6effc3e Corrected Projects Wrapper Reference (#59)
Cloned https://github.com/richardpiazza/TranslationCatalog.git
Revision (git rev-parse @):
6effc3e1a088bf8e9f9f0abafcf32f165dd925b5
SPI manifest file found: $PWD/.spi.yml
SUCCESS checkout https://github.com/richardpiazza/TranslationCatalog.git at 0.19.1
========================================
Build
========================================
Selected platform: wasm
Swift version: 6.1
Building package at path: $PWD
https://github.com/richardpiazza/TranslationCatalog.git
https://github.com/richardpiazza/TranslationCatalog.git
WARNING: environment variable SUPPRESS_SWIFT_6_FLAGS is not set
Running build ...
bash -c docker run --pull=always --rm -v "checkouts-54344844-1":/host -w "$PWD" -e JAVA_HOME="/root/.sdkman/candidates/java/current" -e SPI_BUILD="1" -e SPI_PROCESSING="1" registry.gitlab.com/saguaro1/spi-images:wasm-6.1-latest swift build --swift-sdk wasm32-unknown-wasi -Xswiftc -Xfrontend -Xswiftc -stats-output-dir -Xswiftc -Xfrontend -Xswiftc .stats -Xswiftc -strict-concurrency=complete -Xswiftc -enable-upcoming-feature -Xswiftc StrictConcurrency -Xswiftc -enable-upcoming-feature -Xswiftc DisableOutwardActorInference -Xswiftc -enable-upcoming-feature -Xswiftc GlobalActorIsolatedTypesUsability -Xswiftc -enable-upcoming-feature -Xswiftc InferSendableFromCaptures 2>&1
wasm-6.1-latest: Pulling from saguaro1/spi-images
Digest: sha256:290f441d1f5b7bf0dbbe61e8b7514208804cdcb507d57b3c762463ad036298f7
Status: Image is up to date for registry.gitlab.com/saguaro1/spi-images:wasm-6.1-latest
Fetching https://github.com/stephencelis/SQLite.swift.git
Fetching https://github.com/richardpiazza/Statement.git
Fetching https://github.com/apple/swift-syntax.git
Fetching https://github.com/apple/swift-argument-parser.git
Fetching https://github.com/CoreOffice/XMLCoder.git
Fetching https://github.com/richardpiazza/CoreDataPlus.git
[1/917] Fetching statement
[918/1174] Fetching statement, coredataplus
Fetched https://github.com/richardpiazza/CoreDataPlus.git from cache (0.48s)
Fetching https://github.com/richardpiazza/LocaleSupport.git
[1/10129] Fetching xmlcoder
[2939/21391] Fetching xmlcoder, sqlite.swift
[12946/39661] Fetching xmlcoder, sqlite.swift, swift-argument-parser
Fetched https://github.com/richardpiazza/Statement.git from cache (0.87s)
Fetched https://github.com/CoreOffice/XMLCoder.git from cache (0.87s)
Fetched https://github.com/apple/swift-argument-parser.git from cache (0.88s)
Fetched https://github.com/stephencelis/SQLite.swift.git from cache (0.94s)
[1/795] Fetching localesupport
[113/77262] Fetching localesupport, swift-syntax
Fetched https://github.com/richardpiazza/LocaleSupport.git from cache (0.76s)
[9177/76467] Fetching swift-syntax
Fetched https://github.com/apple/swift-syntax.git from cache (3.45s)
Computing version for https://github.com/stephencelis/SQLite.swift.git
Computed https://github.com/stephencelis/SQLite.swift.git at 0.16.0 (3.85s)
Fetching https://github.com/sqlcipher/SQLCipher.swift
Fetching https://github.com/stephencelis/CSQLite
[1/135] Fetching sqlcipher.swift
[111/430] Fetching sqlcipher.swift, csqlite
Fetched https://github.com/sqlcipher/SQLCipher.swift from cache (0.72s)
Fetched https://github.com/stephencelis/CSQLite from cache (0.94s)
Computing version for https://github.com/richardpiazza/CoreDataPlus.git
Computed https://github.com/richardpiazza/CoreDataPlus.git at 0.5.0 (1.27s)
Fetching https://github.com/apple/swift-log.git
[1/7953] Fetching swift-log
Fetched https://github.com/apple/swift-log.git from cache (0.76s)
Computing version for https://github.com/richardpiazza/Statement.git
Computed https://github.com/richardpiazza/Statement.git at 0.8.1 (1.23s)
Computing version for https://github.com/CoreOffice/XMLCoder.git
Computed https://github.com/CoreOffice/XMLCoder.git at 0.18.2 (1.12s)
Computing version for https://github.com/richardpiazza/LocaleSupport.git
Computed https://github.com/richardpiazza/LocaleSupport.git at 0.8.2 (0.22s)
Computing version for https://github.com/stephencelis/CSQLite
Computed https://github.com/stephencelis/CSQLite at 3.53.3 (0.23s)
Computing version for https://github.com/apple/swift-syntax.git
Computed https://github.com/apple/swift-syntax.git at 509.1.1 (0.32s)
Computing version for https://github.com/apple/swift-argument-parser.git
Computed https://github.com/apple/swift-argument-parser.git at 1.8.2 (0.24s)
Computing version for https://github.com/sqlcipher/SQLCipher.swift
Computed https://github.com/sqlcipher/SQLCipher.swift at 4.17.0 (0.23s)
Computing version for https://github.com/apple/swift-log.git
Computed https://github.com/apple/swift-log.git at 1.15.0 (0.23s)
Creating working copy for https://github.com/richardpiazza/Statement.git
Working copy of https://github.com/richardpiazza/Statement.git resolved at 0.8.1
Creating working copy for https://github.com/richardpiazza/LocaleSupport.git
Working copy of https://github.com/richardpiazza/LocaleSupport.git resolved at 0.8.2
Creating working copy for https://github.com/stephencelis/CSQLite
Working copy of https://github.com/stephencelis/CSQLite resolved at 3.53.3
Creating working copy for https://github.com/apple/swift-argument-parser.git
Working copy of https://github.com/apple/swift-argument-parser.git resolved at 1.8.2
Creating working copy for https://github.com/apple/swift-syntax.git
Working copy of https://github.com/apple/swift-syntax.git resolved at 509.1.1
Creating working copy for https://github.com/richardpiazza/CoreDataPlus.git
Working copy of https://github.com/richardpiazza/CoreDataPlus.git resolved at 0.5.0
Creating working copy for https://github.com/CoreOffice/XMLCoder.git
Working copy of https://github.com/CoreOffice/XMLCoder.git resolved at 0.18.2
Creating working copy for https://github.com/stephencelis/SQLite.swift.git
Working copy of https://github.com/stephencelis/SQLite.swift.git resolved at 0.16.0
Creating working copy for https://github.com/sqlcipher/SQLCipher.swift
Working copy of https://github.com/sqlcipher/SQLCipher.swift resolved at 4.17.0
Creating working copy for https://github.com/apple/swift-log.git
Working copy of https://github.com/apple/swift-log.git resolved at 1.15.0
Downloading binary artifact https://github.com/sqlcipher/SQLCipher.swift/releases/download/4.17.0/SQLCipher.xcframework.zip
[8259/50455240] Downloading https://github.com/sqlcipher/SQLCipher.swift/releases/download/4.17.0/SQLCipher.xcframework.zip
Downloaded https://github.com/sqlcipher/SQLCipher.swift/releases/download/4.17.0/SQLCipher.xcframework.zip (3.32s)
[1/1] Compiling plugin GenerateManual
[2/2] Compiling plugin GenerateDoccReference
Building for debugging...
[2/58] Write sources
[2/58] Copying Info.plist
[2/58] Write sources
[2/58] Copying PrivacyInfo.xcprivacy
[26/58] Copying Model_2_to_3.xcmappingmodel
[26/58] Copying Model_1_to_2.xcmappingmodel
[28/58] Copying CatalogModel_3.xcdatamodeld
[28/58] Copying CatalogModel_2.xcdatamodeld
[30/58] Copying CatalogModel_1.xcdatamodeld
[30/58] Copying PrecompiledResources
[32/58] Write swift-version-24593BA9C3E375BF.txt
[34/166] Emitting module TranslationCatalog
[35/167] Emitting module Statement
[36/170] Emitting module XMLCoder
[37/176] Compiling LocaleSupport LocalizationKey.swift
[38/177] Emitting module SwiftSyntax509
[39/177] Compiling SwiftSyntax509 Empty.swift
[40/178] Compiling Logging LoggingSystem.swift
<unknown>:0: warning: upcoming feature 'InferSendableFromCaptures' is already enabled as of Swift version 6
<unknown>:0: warning: upcoming feature 'GlobalActorIsolatedTypesUsability' is already enabled as of Swift version 6
<unknown>:0: warning: upcoming feature 'DisableOutwardActorInference' is already enabled as of Swift version 6
[41/179] Emitting module ArgumentParserToolInfo
<unknown>:0: warning: upcoming feature 'InferSendableFromCaptures' is already enabled as of Swift version 6
<unknown>:0: warning: upcoming feature 'GlobalActorIsolatedTypesUsability' is already enabled as of Swift version 6
<unknown>:0: warning: upcoming feature 'DisableOutwardActorInference' is already enabled as of Swift version 6
[42/179] Compiling ArgumentParserToolInfo ToolInfo.swift
<unknown>:0: warning: upcoming feature 'InferSendableFromCaptures' is already enabled as of Swift version 6
<unknown>:0: warning: upcoming feature 'GlobalActorIsolatedTypesUsability' is already enabled as of Swift version 6
<unknown>:0: warning: upcoming feature 'DisableOutwardActorInference' is already enabled as of Swift version 6
[43/180] Compiling TranslationCatalog TranslationState.swift
[44/180] Compiling LocaleSupport LocaleSupportError.swift
[45/180] Compiling Logging Logger.swift
<unknown>:0: warning: upcoming feature 'InferSendableFromCaptures' is already enabled as of Swift version 6
<unknown>:0: warning: upcoming feature 'GlobalActorIsolatedTypesUsability' is already enabled as of Swift version 6
<unknown>:0: warning: upcoming feature 'DisableOutwardActorInference' is already enabled as of Swift version 6
[47/180] Compiling LocaleSupport LocaleSupportConfiguration.swift
[48/180] Compiling Logging Logger+With.swift
unable to find node: pound
unable to find node: pound
<unknown>:0: warning: upcoming feature 'InferSendableFromCaptures' is already enabled as of Swift version 6
<unknown>:0: warning: upcoming feature 'GlobalActorIsolatedTypesUsability' is already enabled as of Swift version 6
<unknown>:0: warning: upcoming feature 'DisableOutwardActorInference' is already enabled as of Swift version 6
[49/180] Compiling Logging Logger+Attributes.swift
<unknown>:0: warning: upcoming feature 'InferSendableFromCaptures' is already enabled as of Swift version 6
<unknown>:0: warning: upcoming feature 'GlobalActorIsolatedTypesUsability' is already enabled as of Swift version 6
<unknown>:0: warning: upcoming feature 'DisableOutwardActorInference' is already enabled as of Swift version 6
[50/180] Compiling Statement ComparisonOperator.swift
<unknown>:0: warning: upcoming feature 'InferSendableFromCaptures' is already enabled as of Swift version 6
<unknown>:0: warning: upcoming feature 'GlobalActorIsolatedTypesUsability' is already enabled as of Swift version 6
<unknown>:0: warning: upcoming feature 'DisableOutwardActorInference' is already enabled as of Swift version 6
[51/180] Compiling Statement ConjunctiveOperator.swift
<unknown>:0: warning: upcoming feature 'InferSendableFromCaptures' is already enabled as of Swift version 6
<unknown>:0: warning: upcoming feature 'GlobalActorIsolatedTypesUsability' is already enabled as of Swift version 6
<unknown>:0: warning: upcoming feature 'DisableOutwardActorInference' is already enabled as of Swift version 6
[52/180] Compiling LocaleSupport SwiftUI+LocaleSupport.swift
[53/180] Wrapping AST for SwiftSyntax509 for debugging
[55/272] Compiling Logging MetadataProvider.swift
<unknown>:0: warning: upcoming feature 'InferSendableFromCaptures' is already enabled as of Swift version 6
<unknown>:0: warning: upcoming feature 'GlobalActorIsolatedTypesUsability' is already enabled as of Swift version 6
<unknown>:0: warning: upcoming feature 'DisableOutwardActorInference' is already enabled as of Swift version 6
[56/272] Compiling ArgumentParser FishCompletionsGenerator.swift
<unknown>:0: warning: upcoming feature 'InferSendableFromCaptures' is already enabled as of Swift version 6
<unknown>:0: warning: upcoming feature 'GlobalActorIsolatedTypesUsability' is already enabled as of Swift version 6
<unknown>:0: warning: upcoming feature 'DisableOutwardActorInference' is already enabled as of Swift version 6
[57/272] Compiling ArgumentParser ZshCompletionsGenerator.swift
<unknown>:0: warning: upcoming feature 'InferSendableFromCaptures' is already enabled as of Swift version 6
<unknown>:0: warning: upcoming feature 'GlobalActorIsolatedTypesUsability' is already enabled as of Swift version 6
<unknown>:0: warning: upcoming feature 'DisableOutwardActorInference' is already enabled as of Swift version 6
[58/272] Emitting module Logging
unable to find node: pound
unable to find node: pound
<unknown>:0: warning: upcoming feature 'InferSendableFromCaptures' is already enabled as of Swift version 6
<unknown>:0: warning: upcoming feature 'GlobalActorIsolatedTypesUsability' is already enabled as of Swift version 6
<unknown>:0: warning: upcoming feature 'DisableOutwardActorInference' is already enabled as of Swift version 6
[59/272] Compiling ArgumentParser BashCompletionsGenerator.swift
<unknown>:0: warning: upcoming feature 'InferSendableFromCaptures' is already enabled as of Swift version 6
<unknown>:0: warning: upcoming feature 'GlobalActorIsolatedTypesUsability' is already enabled as of Swift version 6
<unknown>:0: warning: upcoming feature 'DisableOutwardActorInference' is already enabled as of Swift version 6
[60/272] Compiling ArgumentParser CompletionsGenerator.swift
<unknown>:0: warning: upcoming feature 'InferSendableFromCaptures' is already enabled as of Swift version 6
<unknown>:0: warning: upcoming feature 'GlobalActorIsolatedTypesUsability' is already enabled as of Swift version 6
<unknown>:0: warning: upcoming feature 'DisableOutwardActorInference' is already enabled as of Swift version 6
[61/273] Compiling ArgumentParser ArgumentHelp.swift
[62/273] Compiling ArgumentParser ParentCommand.swift
[63/273] Compiling ArgumentParser Argument.swift
[64/273] Compiling ArgumentParser ArgumentDiscussion.swift
[65/273] Compiling LocaleSupport LocalizationKeyStrategy.swift
[66/273] Compiling LocaleSupport LocalizedStringConvertible.swift
[70/273] Compiling ArgumentParser ArgumentVisibility.swift
[71/273] Compiling ArgumentParser CompletionKind.swift
[72/273] Compiling ArgumentParser Errors.swift
[73/273] Compiling ArgumentParser ArgumentDecoder.swift
[74/273] Compiling ArgumentParser ArgumentDefinition.swift
[75/273] Compiling ArgumentParser ArgumentSet.swift
[76/273] Compiling ArgumentParser Foundation.swift
[77/273] Compiling ArgumentParser Mutex.swift
[78/273] Compiling ArgumentParser Platform.swift
[79/273] Compiling ArgumentParser SequenceExtensions.swift
[80/273] Compiling ArgumentParser StringExtensions.swift
[81/273] Compiling ArgumentParser SwiftExtensions.swift
[94/273] Compiling ArgumentParser AsyncParsableCommand.swift
[95/273] Compiling ArgumentParser CommandConfiguration.swift
[96/273] Compiling ArgumentParser CommandGroup.swift
[97/273] Compiling ArgumentParser EnumerableFlag.swift
[98/273] Compiling TranslationCatalog Project.swift
[99/273] Compiling TranslationCatalog Translation.swift
[100/273] Compiling ArgumentParser CommandParser.swift
[101/273] Compiling ArgumentParser InputKey.swift
[102/273] Compiling ArgumentParser InputOrigin.swift
[103/273] Emitting module LocaleSupport
[106/273] Compiling ArgumentParser ExpressibleByArgument.swift
[107/273] Compiling ArgumentParser ParsableArguments.swift
[108/273] Compiling ArgumentParser ParsableCommand.swift
[108/274] Wrapping AST for ArgumentParserToolInfo for debugging
[114/274] Compiling ArgumentParser Flag.swift
[115/274] Compiling ArgumentParser NameSpecification.swift
[116/274] Compiling ArgumentParser Option.swift
[117/274] Compiling TranslationCatalog UUID+TranslationCatalog.swift
[143/276] Compiling ArgumentParser DumpHelpGenerator.swift
[144/276] Compiling ArgumentParser HelpCommand.swift
[145/276] Compiling ArgumentParser HelpGenerator.swift
[146/276] Compiling ArgumentParser MessageInfo.swift
[147/276] Compiling ArgumentParser UsageGenerator.swift
[148/276] Compiling ArgumentParser CollectionExtensions.swift
[149/276] Compiling ArgumentParser OptionGroup.swift
[150/276] Compiling ArgumentParser Name.swift
[151/276] Compiling ArgumentParser Parsed.swift
[152/276] Compiling ArgumentParser ParsedValues.swift
[153/276] Compiling ArgumentParser ParserError.swift
[154/276] Compiling ArgumentParser SplitArguments.swift
[155/276] Compiling ArgumentParser Tree.swift
[156/276] Compiling XMLCoder XMLEncoderImplementation.swift
[157/276] Compiling XMLCoder XMLEncodingStorage.swift
[158/276] Compiling XMLCoder XMLKeyedEncodingContainer.swift
[159/276] Compiling XMLCoder XMLReferencingEncoder.swift
[160/276] Compiling XMLCoder XMLUnkeyedEncodingContainer.swift
[161/296] Wrapping AST for Logging for debugging
[162/296] Wrapping AST for TranslationCatalog for debugging
[165/310] Compiling TranslationCatalogFilesystem DirectoryCatalog.swift
[166/310] Compiling TranslationCatalogFilesystem ExpressionDocumentV1.swift
[167/310] Compiling TranslationCatalogFilesystem TranslationDocumentV1.swift
[168/312] Compiling CoreDataPlus Migrator.swift
[169/312] Compiling CoreDataPlus ModelCatalog.swift
[170/312] Compiling CoreDataPlus ModelVersion.swift
[171/312] Compiling CoreDataPlus Persistence.swift
[171/312] Wrapping AST for Statement for debugging
[173/312] Compiling TranslationCatalogFilesystem ProjectDocument.swift
[174/312] Compiling TranslationCatalogFilesystem TranslationDocument.swift
[175/312] Compiling TranslationCatalogFilesystem FileManager+TranslationCatalogFilesystem.swift
[176/312] Compiling TranslationCatalogFilesystem FileWrapper+TranslationCatalogFilesystem.swift
[177/312] Compiling TranslationCatalogFilesystem JSONDecoder+TranslationCatalogFilesystem.swift
[178/312] Compiling TranslationCatalogFilesystem JSONEncoder+TranslationCatalogFilesystem.swift
[179/312] Compiling CoreDataPlus NSRelationshipDescription+CoreDataPlus.swift
[180/312] Compiling CoreDataPlus FileExtension.swift
[180/312] Wrapping AST for LocaleSupport for debugging
[182/330] Emitting module CoreDataPlus
[183/330] Compiling StatementSQLite AlterTableContext.swift
[184/330] Compiling StatementSQLite CreateContext.swift
[185/330] Compiling StatementSQLite DataType+SQLite.swift
[186/330] Compiling TranslationCatalogFilesystem FileWrapperCatalog.swift
[187/331] Compiling CoreDataPlus ResourceSuffix.swift
[188/331] Compiling CoreDataPlus StoreURL.swift
[188/332] Wrapping AST for XMLCoder for debugging
[190/332] Compiling StatementSQLite LimitContext.swift
[191/332] Compiling StatementSQLite Segment+SQLite.swift
[192/332] Compiling StatementSQLite Field+SQLite.swift
[193/332] Compiling StatementSQLite JoinContext.swift
[195/332] Emitting module StatementSQLite
[198/334] Compiling StatementSQLite SetContext.swift
[199/334] Compiling StatementSQLite UpdateContext.swift
[200/334] Compiling StatementSQLite OrderContext.swift
[201/334] Compiling StatementSQLite SQLiteStatement.swift
[203/334] Compiling StatementSQLite SelectContext.swift
[204/334] Compiling StatementSQLite FromContext.swift
[205/334] Compiling StatementSQLite HavingContext.swift
[206/334] Compiling StatementSQLite InsertContext.swift
[206/334] Wrapping AST for CoreDataPlus for debugging
[208/334] Compiling StatementSQLite DataTypeConvertible+SQLite.swift
[209/334] Compiling StatementSQLite DeleteContext.swift
[217/341] Compiling StatementSQLite ValuesContext.swift
[218/341] Compiling StatementSQLite WhereContext.swift
[219/341] Emitting module TranslationCatalogFilesystem
[222/341] Compiling TranslationCatalogCoreData ExpressionEntity.swift
[223/341] Compiling TranslationCatalogCoreData CoreDataCatalog.swift
[224/341] Emitting module TranslationCatalogCoreData
[228/342] Compiling TranslationCatalogCoreData resource_bundle_accessor.swift
[229/342] Compiling TranslationCatalogCoreData ProjectEntity.swift
[230/342] Compiling TranslationCatalogCoreData TranslationEntity.swift
[231/342] Compiling TranslationCatalogCoreData ManagedModel.swift
[233/343] Wrapping AST for StatementSQLite for debugging
[234/343] Wrapping AST for TranslationCatalogCoreData for debugging
[236/343] Emitting module ArgumentParser
<unknown>:0: warning: upcoming feature 'InferSendableFromCaptures' is already enabled as of Swift version 6
<unknown>:0: warning: upcoming feature 'GlobalActorIsolatedTypesUsability' is already enabled as of Swift version 6
<unknown>:0: warning: upcoming feature 'DisableOutwardActorInference' is already enabled as of Swift version 6
<unknown>:0: warning: upcoming feature 'InferSendableFromCaptures' is already enabled as of Swift version 6
<unknown>:0: warning: upcoming feature 'GlobalActorIsolatedTypesUsability' is already enabled as of Swift version 6
<unknown>:0: warning: upcoming feature 'DisableOutwardActorInference' is already enabled as of Swift version 6
<unknown>:0: warning: upcoming feature 'InferSendableFromCaptures' is already enabled as of Swift version 6
<unknown>:0: warning: upcoming feature 'GlobalActorIsolatedTypesUsability' is already enabled as of Swift version 6
<unknown>:0: warning: upcoming feature 'DisableOutwardActorInference' is already enabled as of Swift version 6
<unknown>:0: warning: upcoming feature 'InferSendableFromCaptures' is already enabled as of Swift version 6
<unknown>:0: warning: upcoming feature 'GlobalActorIsolatedTypesUsability' is already enabled as of Swift version 6
<unknown>:0: warning: upcoming feature 'DisableOutwardActorInference' is already enabled as of Swift version 6
<unknown>:0: warning: upcoming feature 'InferSendableFromCaptures' is already enabled as of Swift version 6
<unknown>:0: warning: upcoming feature 'GlobalActorIsolatedTypesUsability' is already enabled as of Swift version 6
<unknown>:0: warning: upcoming feature 'DisableOutwardActorInference' is already enabled as of Swift version 6
<unknown>:0: warning: upcoming feature 'InferSendableFromCaptures' is already enabled as of Swift version 6
<unknown>:0: warning: upcoming feature 'GlobalActorIsolatedTypesUsability' is already enabled as of Swift version 6
<unknown>:0: warning: upcoming feature 'DisableOutwardActorInference' is already enabled as of Swift version 6
<unknown>:0: warning: upcoming feature 'InferSendableFromCaptures' is already enabled as of Swift version 6
<unknown>:0: warning: upcoming feature 'GlobalActorIsolatedTypesUsability' is already enabled as of Swift version 6
<unknown>:0: warning: upcoming feature 'DisableOutwardActorInference' is already enabled as of Swift version 6
[243/349] Compiling TranslationCatalogFilesystem FilesystemContainer.swift
[250/356] Wrapping AST for TranslationCatalogFilesystem for debugging
[271/356] Compiling SQLiteSwiftCSQLite sqlite3.c
[273/356] Compiling SwiftSyntax SyntaxNodes.swift
<unknown>:0: warning: upcoming feature 'InferSendableFromCaptures' is already enabled as of Swift version 6
<unknown>:0: warning: upcoming feature 'GlobalActorIsolatedTypesUsability' is already enabled as of Swift version 6
<unknown>:0: warning: upcoming feature 'DisableOutwardActorInference' is already enabled as of Swift version 6
[274/356] Compiling SwiftSyntax SyntaxPatternNodes.swift
<unknown>:0: warning: upcoming feature 'InferSendableFromCaptures' is already enabled as of Swift version 6
<unknown>:0: warning: upcoming feature 'GlobalActorIsolatedTypesUsability' is already enabled as of Swift version 6
<unknown>:0: warning: upcoming feature 'DisableOutwardActorInference' is already enabled as of Swift version 6
[275/356] Compiling SwiftSyntax SyntaxStmtNodes.swift
<unknown>:0: warning: upcoming feature 'InferSendableFromCaptures' is already enabled as of Swift version 6
<unknown>:0: warning: upcoming feature 'GlobalActorIsolatedTypesUsability' is already enabled as of Swift version 6
<unknown>:0: warning: upcoming feature 'DisableOutwardActorInference' is already enabled as of Swift version 6
[276/356] Compiling SwiftSyntax SyntaxTypeNodes.swift
<unknown>:0: warning: upcoming feature 'InferSendableFromCaptures' is already enabled as of Swift version 6
<unknown>:0: warning: upcoming feature 'GlobalActorIsolatedTypesUsability' is already enabled as of Swift version 6
<unknown>:0: warning: upcoming feature 'DisableOutwardActorInference' is already enabled as of Swift version 6
[277/356] Compiling ArgumentParser PositionalArgumentsValidator.swift
<unknown>:0: warning: upcoming feature 'InferSendableFromCaptures' is already enabled as of Swift version 6
<unknown>:0: warning: upcoming feature 'GlobalActorIsolatedTypesUsability' is already enabled as of Swift version 6
<unknown>:0: warning: upcoming feature 'DisableOutwardActorInference' is already enabled as of Swift version 6
[278/356] Compiling ArgumentParser UniqueNamesValidator.swift
<unknown>:0: warning: upcoming feature 'InferSendableFromCaptures' is already enabled as of Swift version 6
<unknown>:0: warning: upcoming feature 'GlobalActorIsolatedTypesUsability' is already enabled as of Swift version 6
<unknown>:0: warning: upcoming feature 'DisableOutwardActorInference' is already enabled as of Swift version 6
<unknown>:0: warning: upcoming feature 'InferSendableFromCaptures' is already enabled as of Swift version 6
<unknown>:0: warning: upcoming feature 'GlobalActorIsolatedTypesUsability' is already enabled as of Swift version 6
<unknown>:0: warning: upcoming feature 'DisableOutwardActorInference' is already enabled as of Swift version 6
<unknown>:0: warning: upcoming feature 'InferSendableFromCaptures' is already enabled as of Swift version 6
<unknown>:0: warning: upcoming feature 'GlobalActorIsolatedTypesUsability' is already enabled as of Swift version 6
<unknown>:0: warning: upcoming feature 'DisableOutwardActorInference' is already enabled as of Swift version 6
<unknown>:0: warning: upcoming feature 'InferSendableFromCaptures' is already enabled as of Swift version 6
<unknown>:0: warning: upcoming feature 'GlobalActorIsolatedTypesUsability' is already enabled as of Swift version 6
<unknown>:0: warning: upcoming feature 'DisableOutwardActorInference' is already enabled as of Swift version 6
<unknown>:0: warning: upcoming feature 'InferSendableFromCaptures' is already enabled as of Swift version 6
<unknown>:0: warning: upcoming feature 'GlobalActorIsolatedTypesUsability' is already enabled as of Swift version 6
<unknown>:0: warning: upcoming feature 'DisableOutwardActorInference' is already enabled as of Swift version 6
<unknown>:0: warning: upcoming feature 'InferSendableFromCaptures' is already enabled as of Swift version 6
<unknown>:0: warning: upcoming feature 'GlobalActorIsolatedTypesUsability' is already enabled as of Swift version 6
<unknown>:0: warning: upcoming feature 'DisableOutwardActorInference' is already enabled as of Swift version 6
<unknown>:0: warning: upcoming feature 'InferSendableFromCaptures' is already enabled as of Swift version 6
<unknown>:0: warning: upcoming feature 'GlobalActorIsolatedTypesUsability' is already enabled as of Swift version 6
<unknown>:0: warning: upcoming feature 'DisableOutwardActorInference' is already enabled as of Swift version 6
[285/390] Compiling SQLite DateAndTimeFunctions.swift
<unknown>:0: warning: upcoming feature 'InferSendableFromCaptures' is already enabled as of Swift version 6
<unknown>:0: warning: upcoming feature 'GlobalActorIsolatedTypesUsability' is already enabled as of Swift version 6
<unknown>:0: warning: upcoming feature 'DisableOutwardActorInference' is already enabled as of Swift version 6
[286/390] Compiling SQLite Expression.swift
<unknown>:0: warning: upcoming feature 'InferSendableFromCaptures' is already enabled as of Swift version 6
<unknown>:0: warning: upcoming feature 'GlobalActorIsolatedTypesUsability' is already enabled as of Swift version 6
<unknown>:0: warning: upcoming feature 'DisableOutwardActorInference' is already enabled as of Swift version 6
[287/390] Compiling SQLite Operators.swift
<unknown>:0: warning: upcoming feature 'InferSendableFromCaptures' is already enabled as of Swift version 6
<unknown>:0: warning: upcoming feature 'GlobalActorIsolatedTypesUsability' is already enabled as of Swift version 6
<unknown>:0: warning: upcoming feature 'DisableOutwardActorInference' is already enabled as of Swift version 6
[288/390] Compiling SQLite Query+with.swift
<unknown>:0: warning: upcoming feature 'InferSendableFromCaptures' is already enabled as of Swift version 6
<unknown>:0: warning: upcoming feature 'GlobalActorIsolatedTypesUsability' is already enabled as of Swift version 6
<unknown>:0: warning: upcoming feature 'DisableOutwardActorInference' is already enabled as of Swift version 6
[289/390] Compiling SQLite Query.swift
<unknown>:0: warning: upcoming feature 'InferSendableFromCaptures' is already enabled as of Swift version 6
<unknown>:0: warning: upcoming feature 'GlobalActorIsolatedTypesUsability' is already enabled as of Swift version 6
<unknown>:0: warning: upcoming feature 'DisableOutwardActorInference' is already enabled as of Swift version 6
<unknown>:0: warning: upcoming feature 'InferSendableFromCaptures' is already enabled as of Swift version 6
<unknown>:0: warning: upcoming feature 'GlobalActorIsolatedTypesUsability' is already enabled as of Swift version 6
<unknown>:0: warning: upcoming feature 'DisableOutwardActorInference' is already enabled as of Swift version 6
[291/390] Compiling SQLite Backup.swift
/host/spi-builder-workspace/.build/checkouts/SQLite.swift/Sources/SQLite/Core/Backup.swift:26:8: error: no such module 'Dispatch'
24 |
25 | import Foundation
26 | import Dispatch
| `- error: no such module 'Dispatch'
27 | #if StandaloneSQLite
28 | import sqlite3
[292/390] Compiling SQLite Blob.swift
/host/spi-builder-workspace/.build/checkouts/SQLite.swift/Sources/SQLite/Core/Backup.swift:26:8: error: no such module 'Dispatch'
24 |
25 | import Foundation
26 | import Dispatch
| `- error: no such module 'Dispatch'
27 | #if StandaloneSQLite
28 | import sqlite3
[293/390] Compiling SQLite Connection+Aggregation.swift
/host/spi-builder-workspace/.build/checkouts/SQLite.swift/Sources/SQLite/Core/Backup.swift:26:8: error: no such module 'Dispatch'
24 |
25 | import Foundation
26 | import Dispatch
| `- error: no such module 'Dispatch'
27 | #if StandaloneSQLite
28 | import sqlite3
[294/390] Compiling SQLite Connection+Attach.swift
/host/spi-builder-workspace/.build/checkouts/SQLite.swift/Sources/SQLite/Core/Backup.swift:26:8: error: no such module 'Dispatch'
24 |
25 | import Foundation
26 | import Dispatch
| `- error: no such module 'Dispatch'
27 | #if StandaloneSQLite
28 | import sqlite3
[295/390] Compiling SQLite Connection+Pragmas.swift
/host/spi-builder-workspace/.build/checkouts/SQLite.swift/Sources/SQLite/Core/Backup.swift:26:8: error: no such module 'Dispatch'
24 |
25 | import Foundation
26 | import Dispatch
| `- error: no such module 'Dispatch'
27 | #if StandaloneSQLite
28 | import sqlite3
[296/390] Compiling SQLite Statement.swift
/host/spi-builder-workspace/.build/checkouts/SQLite.swift/Sources/SQLite/Core/Backup.swift:26:8: error: no such module 'Dispatch'
24 |
25 | import Foundation
26 | import Dispatch
| `- error: no such module 'Dispatch'
27 | #if StandaloneSQLite
28 | import sqlite3
[297/390] Compiling SQLite URIQueryParameter.swift
/host/spi-builder-workspace/.build/checkouts/SQLite.swift/Sources/SQLite/Core/Backup.swift:26:8: error: no such module 'Dispatch'
24 |
25 | import Foundation
26 | import Dispatch
| `- error: no such module 'Dispatch'
27 | #if StandaloneSQLite
28 | import sqlite3
[298/390] Compiling SQLite Value.swift
/host/spi-builder-workspace/.build/checkouts/SQLite.swift/Sources/SQLite/Core/Backup.swift:26:8: error: no such module 'Dispatch'
24 |
25 | import Foundation
26 | import Dispatch
| `- error: no such module 'Dispatch'
27 | #if StandaloneSQLite
28 | import sqlite3
[299/390] Compiling SQLite Cipher.swift
/host/spi-builder-workspace/.build/checkouts/SQLite.swift/Sources/SQLite/Core/Backup.swift:26:8: error: no such module 'Dispatch'
24 |
25 | import Foundation
26 | import Dispatch
| `- error: no such module 'Dispatch'
27 | #if StandaloneSQLite
28 | import sqlite3
[300/390] Compiling SQLite FTS4.swift
/host/spi-builder-workspace/.build/checkouts/SQLite.swift/Sources/SQLite/Core/Backup.swift:26:8: error: no such module 'Dispatch'
24 |
25 | import Foundation
26 | import Dispatch
| `- error: no such module 'Dispatch'
27 | #if StandaloneSQLite
28 | import sqlite3
[301/390] Compiling SQLite Connection.swift
/host/spi-builder-workspace/.build/checkouts/SQLite.swift/Sources/SQLite/Core/Backup.swift:26:8: error: no such module 'Dispatch'
24 |
25 | import Foundation
26 | import Dispatch
| `- error: no such module 'Dispatch'
27 | #if StandaloneSQLite
28 | import sqlite3
[302/390] Compiling SQLite Errors.swift
/host/spi-builder-workspace/.build/checkouts/SQLite.swift/Sources/SQLite/Core/Backup.swift:26:8: error: no such module 'Dispatch'
24 |
25 | import Foundation
26 | import Dispatch
| `- error: no such module 'Dispatch'
27 | #if StandaloneSQLite
28 | import sqlite3
[303/390] Compiling SQLite Result.swift
/host/spi-builder-workspace/.build/checkouts/SQLite.swift/Sources/SQLite/Core/Backup.swift:26:8: error: no such module 'Dispatch'
24 |
25 | import Foundation
26 | import Dispatch
| `- error: no such module 'Dispatch'
27 | #if StandaloneSQLite
28 | import sqlite3
[304/390] Compiling SQLite SQLiteFeature.swift
/host/spi-builder-workspace/.build/checkouts/SQLite.swift/Sources/SQLite/Core/Backup.swift:26:8: error: no such module 'Dispatch'
24 |
25 | import Foundation
26 | import Dispatch
| `- error: no such module 'Dispatch'
27 | #if StandaloneSQLite
28 | import sqlite3
[305/390] Compiling SQLite SQLiteVersion.swift
/host/spi-builder-workspace/.build/checkouts/SQLite.swift/Sources/SQLite/Core/Backup.swift:26:8: error: no such module 'Dispatch'
24 |
25 | import Foundation
26 | import Dispatch
| `- error: no such module 'Dispatch'
27 | #if StandaloneSQLite
28 | import sqlite3
error: emit-module command failed with exit code 1 (use -v to see invocation)
[306/394] Emitting module SQLite
/host/spi-builder-workspace/.build/checkouts/SQLite.swift/Sources/SQLite/Core/Backup.swift:26:8: error: no such module 'Dispatch'
24 |
25 | import Foundation
26 | import Dispatch
| `- error: no such module 'Dispatch'
27 | #if StandaloneSQLite
28 | import sqlite3
[307/394] Compiling SQLite FTS5.swift
/host/spi-builder-workspace/.build/checkouts/SQLite.swift/Sources/SQLite/Core/Backup.swift:26:8: error: no such module 'Dispatch'
24 |
25 | import Foundation
26 | import Dispatch
| `- error: no such module 'Dispatch'
27 | #if StandaloneSQLite
28 | import sqlite3
[308/394] Compiling SQLite RTree.swift
/host/spi-builder-workspace/.build/checkouts/SQLite.swift/Sources/SQLite/Core/Backup.swift:26:8: error: no such module 'Dispatch'
24 |
25 | import Foundation
26 | import Dispatch
| `- error: no such module 'Dispatch'
27 | #if StandaloneSQLite
28 | import sqlite3
[309/394] Compiling SQLite Foundation.swift
/host/spi-builder-workspace/.build/checkouts/SQLite.swift/Sources/SQLite/Core/Backup.swift:26:8: error: no such module 'Dispatch'
24 |
25 | import Foundation
26 | import Dispatch
| `- error: no such module 'Dispatch'
27 | #if StandaloneSQLite
28 | import sqlite3
[310/394] Compiling SQLite Helpers.swift
/host/spi-builder-workspace/.build/checkouts/SQLite.swift/Sources/SQLite/Core/Backup.swift:26:8: error: no such module 'Dispatch'
24 |
25 | import Foundation
26 | import Dispatch
| `- error: no such module 'Dispatch'
27 | #if StandaloneSQLite
28 | import sqlite3
[311/394] Compiling SQLite Connection+Schema.swift
/host/spi-builder-workspace/.build/checkouts/SQLite.swift/Sources/SQLite/Core/Backup.swift:26:8: error: no such module 'Dispatch'
24 |
25 | import Foundation
26 | import Dispatch
| `- error: no such module 'Dispatch'
27 | #if StandaloneSQLite
28 | import sqlite3
[312/394] Compiling SQLite SchemaChanger.swift
/host/spi-builder-workspace/.build/checkouts/SQLite.swift/Sources/SQLite/Core/Backup.swift:26:8: error: no such module 'Dispatch'
24 |
25 | import Foundation
26 | import Dispatch
| `- error: no such module 'Dispatch'
27 | #if StandaloneSQLite
28 | import sqlite3
[313/394] Compiling SQLite SchemaDefinitions.swift
/host/spi-builder-workspace/.build/checkouts/SQLite.swift/Sources/SQLite/Core/Backup.swift:26:8: error: no such module 'Dispatch'
24 |
25 | import Foundation
26 | import Dispatch
| `- error: no such module 'Dispatch'
27 | #if StandaloneSQLite
28 | import sqlite3
[314/394] Compiling SQLite SchemaReader.swift
/host/spi-builder-workspace/.build/checkouts/SQLite.swift/Sources/SQLite/Core/Backup.swift:26:8: error: no such module 'Dispatch'
24 |
25 | import Foundation
26 | import Dispatch
| `- error: no such module 'Dispatch'
27 | #if StandaloneSQLite
28 | import sqlite3
[315/394] Compiling SQLite AggregateFunctions.swift
/host/spi-builder-workspace/.build/checkouts/SQLite.swift/Sources/SQLite/Core/Backup.swift:26:8: error: no such module 'Dispatch'
24 |
25 | import Foundation
26 | import Dispatch
| `- error: no such module 'Dispatch'
27 | #if StandaloneSQLite
28 | import sqlite3
[316/394] Compiling SQLite Coding.swift
/host/spi-builder-workspace/.build/checkouts/SQLite.swift/Sources/SQLite/Core/Backup.swift:26:8: error: no such module 'Dispatch'
24 |
25 | import Foundation
26 | import Dispatch
| `- error: no such module 'Dispatch'
27 | #if StandaloneSQLite
28 | import sqlite3
<unknown>:0: warning: upcoming feature 'InferSendableFromCaptures' is already enabled as of Swift version 6
<unknown>:0: warning: upcoming feature 'GlobalActorIsolatedTypesUsability' is already enabled as of Swift version 6
<unknown>:0: warning: upcoming feature 'DisableOutwardActorInference' is already enabled as of Swift version 6
<unknown>:0: warning: upcoming feature 'InferSendableFromCaptures' is already enabled as of Swift version 6
<unknown>:0: warning: upcoming feature 'GlobalActorIsolatedTypesUsability' is already enabled as of Swift version 6
<unknown>:0: warning: upcoming feature 'DisableOutwardActorInference' is already enabled as of Swift version 6
<unknown>:0: warning: upcoming feature 'InferSendableFromCaptures' is already enabled as of Swift version 6
<unknown>:0: warning: upcoming feature 'GlobalActorIsolatedTypesUsability' is already enabled as of Swift version 6
<unknown>:0: warning: upcoming feature 'DisableOutwardActorInference' is already enabled as of Swift version 6
<unknown>:0: warning: upcoming feature 'InferSendableFromCaptures' is already enabled as of Swift version 6
<unknown>:0: warning: upcoming feature 'GlobalActorIsolatedTypesUsability' is already enabled as of Swift version 6
<unknown>:0: warning: upcoming feature 'DisableOutwardActorInference' is already enabled as of Swift version 6
<unknown>:0: warning: upcoming feature 'InferSendableFromCaptures' is already enabled as of Swift version 6
<unknown>:0: warning: upcoming feature 'GlobalActorIsolatedTypesUsability' is already enabled as of Swift version 6
<unknown>:0: warning: upcoming feature 'DisableOutwardActorInference' is already enabled as of Swift version 6
<unknown>:0: warning: upcoming feature 'InferSendableFromCaptures' is already enabled as of Swift version 6
<unknown>:0: warning: upcoming feature 'GlobalActorIsolatedTypesUsability' is already enabled as of Swift version 6
<unknown>:0: warning: upcoming feature 'DisableOutwardActorInference' is already enabled as of Swift version 6
<unknown>:0: warning: upcoming feature 'InferSendableFromCaptures' is already enabled as of Swift version 6
<unknown>:0: warning: upcoming feature 'GlobalActorIsolatedTypesUsability' is already enabled as of Swift version 6
<unknown>:0: warning: upcoming feature 'DisableOutwardActorInference' is already enabled as of Swift version 6
<unknown>:0: warning: upcoming feature 'InferSendableFromCaptures' is already enabled as of Swift version 6
<unknown>:0: warning: upcoming feature 'GlobalActorIsolatedTypesUsability' is already enabled as of Swift version 6
<unknown>:0: warning: upcoming feature 'DisableOutwardActorInference' is already enabled as of Swift version 6
<unknown>:0: warning: upcoming feature 'InferSendableFromCaptures' is already enabled as of Swift version 6
<unknown>:0: warning: upcoming feature 'GlobalActorIsolatedTypesUsability' is already enabled as of Swift version 6
<unknown>:0: warning: upcoming feature 'DisableOutwardActorInference' is already enabled as of Swift version 6
<unknown>:0: warning: upcoming feature 'InferSendableFromCaptures' is already enabled as of Swift version 6
<unknown>:0: warning: upcoming feature 'GlobalActorIsolatedTypesUsability' is already enabled as of Swift version 6
<unknown>:0: warning: upcoming feature 'DisableOutwardActorInference' is already enabled as of Swift version 6
<unknown>:0: warning: upcoming feature 'InferSendableFromCaptures' is already enabled as of Swift version 6
<unknown>:0: warning: upcoming feature 'GlobalActorIsolatedTypesUsability' is already enabled as of Swift version 6
<unknown>:0: warning: upcoming feature 'DisableOutwardActorInference' is already enabled as of Swift version 6
[328/394] Compiling SQLite Collation.swift
<unknown>:0: warning: upcoming feature 'InferSendableFromCaptures' is already enabled as of Swift version 6
<unknown>:0: warning: upcoming feature 'GlobalActorIsolatedTypesUsability' is already enabled as of Swift version 6
<unknown>:0: warning: upcoming feature 'DisableOutwardActorInference' is already enabled as of Swift version 6
[329/394] Compiling SQLite CoreFunctions.swift
<unknown>:0: warning: upcoming feature 'InferSendableFromCaptures' is already enabled as of Swift version 6
<unknown>:0: warning: upcoming feature 'GlobalActorIsolatedTypesUsability' is already enabled as of Swift version 6
<unknown>:0: warning: upcoming feature 'DisableOutwardActorInference' is already enabled as of Swift version 6
[330/394] Compiling SQLite CustomFunctions.swift
<unknown>:0: warning: upcoming feature 'InferSendableFromCaptures' is already enabled as of Swift version 6
<unknown>:0: warning: upcoming feature 'GlobalActorIsolatedTypesUsability' is already enabled as of Swift version 6
<unknown>:0: warning: upcoming feature 'DisableOutwardActorInference' is already enabled as of Swift version 6
<unknown>:0: warning: upcoming feature 'InferSendableFromCaptures' is already enabled as of Swift version 6
<unknown>:0: warning: upcoming feature 'GlobalActorIsolatedTypesUsability' is already enabled as of Swift version 6
<unknown>:0: warning: upcoming feature 'DisableOutwardActorInference' is already enabled as of Swift version 6
<unknown>:0: warning: upcoming feature 'InferSendableFromCaptures' is already enabled as of Swift version 6
<unknown>:0: warning: upcoming feature 'GlobalActorIsolatedTypesUsability' is already enabled as of Swift version 6
<unknown>:0: warning: upcoming feature 'DisableOutwardActorInference' is already enabled as of Swift version 6
<unknown>:0: warning: upcoming feature 'InferSendableFromCaptures' is already enabled as of Swift version 6
<unknown>:0: warning: upcoming feature 'GlobalActorIsolatedTypesUsability' is already enabled as of Swift version 6
<unknown>:0: warning: upcoming feature 'DisableOutwardActorInference' is already enabled as of Swift version 6
<unknown>:0: warning: upcoming feature 'InferSendableFromCaptures' is already enabled as of Swift version 6
<unknown>:0: warning: upcoming feature 'GlobalActorIsolatedTypesUsability' is already enabled as of Swift version 6
<unknown>:0: warning: upcoming feature 'DisableOutwardActorInference' is already enabled as of Swift version 6
<unknown>:0: warning: upcoming feature 'InferSendableFromCaptures' is already enabled as of Swift version 6
<unknown>:0: warning: upcoming feature 'GlobalActorIsolatedTypesUsability' is already enabled as of Swift version 6
<unknown>:0: warning: upcoming feature 'DisableOutwardActorInference' is already enabled as of Swift version 6
<unknown>:0: warning: upcoming feature 'InferSendableFromCaptures' is already enabled as of Swift version 6
<unknown>:0: warning: upcoming feature 'GlobalActorIsolatedTypesUsability' is already enabled as of Swift version 6
<unknown>:0: warning: upcoming feature 'DisableOutwardActorInference' is already enabled as of Swift version 6
<unknown>:0: warning: upcoming feature 'InferSendableFromCaptures' is already enabled as of Swift version 6
<unknown>:0: warning: upcoming feature 'GlobalActorIsolatedTypesUsability' is already enabled as of Swift version 6
<unknown>:0: warning: upcoming feature 'DisableOutwardActorInference' is already enabled as of Swift version 6
<unknown>:0: warning: upcoming feature 'InferSendableFromCaptures' is already enabled as of Swift version 6
<unknown>:0: warning: upcoming feature 'GlobalActorIsolatedTypesUsability' is already enabled as of Swift version 6
<unknown>:0: warning: upcoming feature 'DisableOutwardActorInference' is already enabled as of Swift version 6
<unknown>:0: warning: upcoming feature 'InferSendableFromCaptures' is already enabled as of Swift version 6
<unknown>:0: warning: upcoming feature 'GlobalActorIsolatedTypesUsability' is already enabled as of Swift version 6
<unknown>:0: warning: upcoming feature 'DisableOutwardActorInference' is already enabled as of Swift version 6
<unknown>:0: warning: upcoming feature 'InferSendableFromCaptures' is already enabled as of Swift version 6
<unknown>:0: warning: upcoming feature 'GlobalActorIsolatedTypesUsability' is already enabled as of Swift version 6
<unknown>:0: warning: upcoming feature 'DisableOutwardActorInference' is already enabled as of Swift version 6
<unknown>:0: warning: upcoming feature 'InferSendableFromCaptures' is already enabled as of Swift version 6
<unknown>:0: warning: upcoming feature 'GlobalActorIsolatedTypesUsability' is already enabled as of Swift version 6
<unknown>:0: warning: upcoming feature 'DisableOutwardActorInference' is already enabled as of Swift version 6
<unknown>:0: warning: upcoming feature 'InferSendableFromCaptures' is already enabled as of Swift version 6
<unknown>:0: warning: upcoming feature 'GlobalActorIsolatedTypesUsability' is already enabled as of Swift version 6
<unknown>:0: warning: upcoming feature 'DisableOutwardActorInference' is already enabled as of Swift version 6
<unknown>:0: warning: upcoming feature 'InferSendableFromCaptures' is already enabled as of Swift version 6
<unknown>:0: warning: upcoming feature 'GlobalActorIsolatedTypesUsability' is already enabled as of Swift version 6
<unknown>:0: warning: upcoming feature 'DisableOutwardActorInference' is already enabled as of Swift version 6
<unknown>:0: warning: upcoming feature 'InferSendableFromCaptures' is already enabled as of Swift version 6
<unknown>:0: warning: upcoming feature 'GlobalActorIsolatedTypesUsability' is already enabled as of Swift version 6
<unknown>:0: warning: upcoming feature 'DisableOutwardActorInference' is already enabled as of Swift version 6
[345/394] Compiling SQLite Schema.swift
/host/spi-builder-workspace/.build/checkouts/SQLite.swift/Sources/SQLite/Core/Backup.swift:26:8: error: no such module 'Dispatch'
24 |
25 | import Foundation
26 | import Dispatch
| `- error: no such module 'Dispatch'
27 | #if StandaloneSQLite
28 | import sqlite3
[346/394] Compiling SQLite Setter.swift
/host/spi-builder-workspace/.build/checkouts/SQLite.swift/Sources/SQLite/Core/Backup.swift:26:8: error: no such module 'Dispatch'
24 |
25 | import Foundation
26 | import Dispatch
| `- error: no such module 'Dispatch'
27 | #if StandaloneSQLite
28 | import sqlite3
[347/394] Compiling SQLite WindowFunctions.swift
/host/spi-builder-workspace/.build/checkouts/SQLite.swift/Sources/SQLite/Core/Backup.swift:26:8: error: no such module 'Dispatch'
24 |
25 | import Foundation
26 | import Dispatch
| `- error: no such module 'Dispatch'
27 | #if StandaloneSQLite
28 | import sqlite3
[348/394] Compiling SQLite resource_bundle_accessor.swift
/host/spi-builder-workspace/.build/checkouts/SQLite.swift/Sources/SQLite/Core/Backup.swift:26:8: error: no such module 'Dispatch'
24 |
25 | import Foundation
26 | import Dispatch
| `- error: no such module 'Dispatch'
27 | #if StandaloneSQLite
28 | import sqlite3
[349/395] Wrapping AST for ArgumentParser for debugging
/host/spi-builder-workspace/.build/checkouts/SQLite.swift/Sources/SQLite/Core/Backup.swift:26:8: error: no such module 'Dispatch'
24 |
25 | import Foundation
26 | import Dispatch
| `- error: no such module 'Dispatch'
27 | #if StandaloneSQLite
28 | import sqlite3
/host/spi-builder-workspace/.build/checkouts/SQLite.swift/Sources/SQLite/Core/Backup.swift:26:8: error: no such module 'Dispatch'
24 |
25 | import Foundation
26 | import Dispatch
| `- error: no such module 'Dispatch'
27 | #if StandaloneSQLite
28 | import sqlite3
/host/spi-builder-workspace/.build/checkouts/SQLite.swift/Sources/SQLite/Core/Backup.swift:26:8: error: no such module 'Dispatch'
24 |
25 | import Foundation
26 | import Dispatch
| `- error: no such module 'Dispatch'
27 | #if StandaloneSQLite
28 | import sqlite3
/host/spi-builder-workspace/.build/checkouts/SQLite.swift/Sources/SQLite/Core/Backup.swift:26:8: error: no such module 'Dispatch'
24 |
25 | import Foundation
26 | import Dispatch
| `- error: no such module 'Dispatch'
27 | #if StandaloneSQLite
28 | import sqlite3
/host/spi-builder-workspace/.build/checkouts/SQLite.swift/Sources/SQLite/Core/Backup.swift:26:8: error: no such module 'Dispatch'
24 |
25 | import Foundation
26 | import Dispatch
| `- error: no such module 'Dispatch'
27 | #if StandaloneSQLite
28 | import sqlite3
/host/spi-builder-workspace/.build/checkouts/SQLite.swift/Sources/SQLite/Core/Backup.swift:26:8: error: no such module 'Dispatch'
24 |
25 | import Foundation
26 | import Dispatch
| `- error: no such module 'Dispatch'
27 | #if StandaloneSQLite
28 | import sqlite3
/host/spi-builder-workspace/.build/checkouts/SQLite.swift/Sources/SQLite/Core/Backup.swift:26:8: error: no such module 'Dispatch'
24 |
25 | import Foundation
26 | import Dispatch
| `- error: no such module 'Dispatch'
27 | #if StandaloneSQLite
28 | import sqlite3
/host/spi-builder-workspace/.build/checkouts/SQLite.swift/Sources/SQLite/Core/Backup.swift:26:8: error: no such module 'Dispatch'
24 |
25 | import Foundation
26 | import Dispatch
| `- error: no such module 'Dispatch'
27 | #if StandaloneSQLite
28 | import sqlite3
Running build ...
bash -c docker run --pull=always --rm -v "checkouts-54344844-1":/host -w "$PWD" -e JAVA_HOME="/root/.sdkman/candidates/java/current" -e SPI_BUILD="1" -e SPI_PROCESSING="1" registry.gitlab.com/saguaro1/spi-images:wasm-6.1-latest swift build --swift-sdk wasm32-unknown-wasi 2>&1
wasm-6.1-latest: Pulling from saguaro1/spi-images
Digest: sha256:290f441d1f5b7bf0dbbe61e8b7514208804cdcb507d57b3c762463ad036298f7
Status: Image is up to date for registry.gitlab.com/saguaro1/spi-images:wasm-6.1-latest
[0/1] Planning build
[1/1] Compiling plugin GenerateManual
[2/2] Compiling plugin GenerateDoccReference
Building for debugging...
[2/27] Write swift-version-24593BA9C3E375BF.txt
[4/123] Compiling SwiftSyntax509 Empty.swift
[5/123] Emitting module SwiftSyntax509
[7/169] Compiling TranslationCatalog UUID+TranslationCatalog.swift
[8/170] Emitting module TranslationCatalog
[9/170] Compiling LocaleSupport LocaleSupportConfiguration.swift
[10/171] Compiling LocaleSupport LocalizedStringConvertible.swift
[11/171] Compiling XMLCoder ISO8601DateFormatter.swift
[12/171] Compiling XMLCoder KeyedStorage.swift
[13/171] Compiling XMLCoder Metatypes.swift
[14/171] Compiling XMLCoder ValueBox.swift
[15/171] Compiling XMLCoder Element.swift
[16/171] Compiling XMLCoder ElementAndAttribute.swift
[17/174] Compiling Logging LoggingSystem.swift
[18/174] Compiling XMLCoder IntBox.swift
[19/174] Compiling XMLCoder KeyedBox.swift
[20/175] Emitting module Statement
[21/181] Compiling LocaleSupport SwiftUI+LocaleSupport.swift
[22/181] Compiling SwiftSyntax RawSyntax.swift
/host/spi-builder-workspace/.build/checkouts/SQLite.swift/Sources/SQLite/Core/Backup.swift:26:8: error: no such module 'Dispatch'
24 |
25 | import Foundation
26 | import Dispatch
| `- error: no such module 'Dispatch'
27 | #if StandaloneSQLite
28 | import sqlite3
[23/181] Compiling SwiftSyntax RawSyntaxLayoutView.swift
/host/spi-builder-workspace/.build/checkouts/SQLite.swift/Sources/SQLite/Core/Backup.swift:26:8: error: no such module 'Dispatch'
24 |
25 | import Foundation
26 | import Dispatch
| `- error: no such module 'Dispatch'
27 | #if StandaloneSQLite
28 | import sqlite3
[24/181] Compiling SwiftSyntax RawSyntaxNodeProtocol.swift
/host/spi-builder-workspace/.build/checkouts/SQLite.swift/Sources/SQLite/Core/Backup.swift:26:8: error: no such module 'Dispatch'
24 |
25 | import Foundation
26 | import Dispatch
| `- error: no such module 'Dispatch'
27 | #if StandaloneSQLite
28 | import sqlite3
[25/181] Compiling SwiftSyntax RawSyntaxTokenView.swift
/host/spi-builder-workspace/.build/checkouts/SQLite.swift/Sources/SQLite/Core/Backup.swift:26:8: error: no such module 'Dispatch'
24 |
25 | import Foundation
26 | import Dispatch
| `- error: no such module 'Dispatch'
27 | #if StandaloneSQLite
28 | import sqlite3
[26/181] Compiling SwiftSyntax SourceLength.swift
/host/spi-builder-workspace/.build/checkouts/SQLite.swift/Sources/SQLite/Core/Backup.swift:26:8: error: no such module 'Dispatch'
24 |
25 | import Foundation
26 | import Dispatch
| `- error: no such module 'Dispatch'
27 | #if StandaloneSQLite
28 | import sqlite3
[28/224] Compiling SwiftSyntax SourceLocation.swift
[29/224] Compiling LocaleSupport LocalizationKeyStrategy.swift
[30/224] Compiling LocaleSupport LocalizationKey.swift
[31/224] Compiling LocaleSupport LocaleSupportError.swift
error: emit-module command failed with exit code 1 (use -v to see invocation)
[32/224] Emitting module SQLite
/host/spi-builder-workspace/.build/checkouts/SQLite.swift/Sources/SQLite/Core/Backup.swift:26:8: error: no such module 'Dispatch'
24 |
25 | import Foundation
26 | import Dispatch
| `- error: no such module 'Dispatch'
27 | #if StandaloneSQLite
28 | import sqlite3
[33/224] Compiling TranslationCatalog Project.swift
[34/224] Compiling SwiftSyntax SourcePresence.swift
[35/224] Compiling SwiftSyntax SyntaxText.swift
[36/224] Compiling TranslationCatalog Translation.swift
[37/224] Compiling SwiftSyntax SyntaxData.swift
/host/spi-builder-workspace/.build/checkouts/SQLite.swift/Sources/SQLite/Core/Backup.swift:26:8: error: no such module 'Dispatch'
24 |
25 | import Foundation
26 | import Dispatch
| `- error: no such module 'Dispatch'
27 | #if StandaloneSQLite
28 | import sqlite3
[38/224] Compiling SwiftSyntax ChildNameForKeyPath.swift
/host/spi-builder-workspace/.build/checkouts/SQLite.swift/Sources/SQLite/Core/Backup.swift:26:8: error: no such module 'Dispatch'
24 |
25 | import Foundation
26 | import Dispatch
| `- error: no such module 'Dispatch'
27 | #if StandaloneSQLite
28 | import sqlite3
[39/224] Compiling SwiftSyntax Keyword.swift
/host/spi-builder-workspace/.build/checkouts/SQLite.swift/Sources/SQLite/Core/Backup.swift:26:8: error: no such module 'Dispatch'
24 |
25 | import Foundation
26 | import Dispatch
| `- error: no such module 'Dispatch'
27 | #if StandaloneSQLite
28 | import sqlite3
[40/224] Compiling SwiftSyntax RenamedChildrenCompatibility.swift
/host/spi-builder-workspace/.build/checkouts/SQLite.swift/Sources/SQLite/Core/Backup.swift:26:8: error: no such module 'Dispatch'
24 |
25 | import Foundation
26 | import Dispatch
| `- error: no such module 'Dispatch'
27 | #if StandaloneSQLite
28 | import sqlite3
[41/224] Compiling SwiftSyntax SwiftSyntaxCompatibility.swift
/host/spi-builder-workspace/.build/checkouts/SQLite.swift/Sources/SQLite/Core/Backup.swift:26:8: error: no such module 'Dispatch'
24 |
25 | import Foundation
26 | import Dispatch
| `- error: no such module 'Dispatch'
27 | #if StandaloneSQLite
28 | import sqlite3
[42/224] Compiling SwiftSyntax Syntax.swift
/host/spi-builder-workspace/.build/checkouts/SQLite.swift/Sources/SQLite/Core/Backup.swift:26:8: error: no such module 'Dispatch'
24 |
25 | import Foundation
26 | import Dispatch
| `- error: no such module 'Dispatch'
27 | #if StandaloneSQLite
28 | import sqlite3
[43/224] Compiling SwiftSyntax SyntaxArena.swift
/host/spi-builder-workspace/.build/checkouts/SQLite.swift/Sources/SQLite/Core/Backup.swift:26:8: error: no such module 'Dispatch'
24 |
25 | import Foundation
26 | import Dispatch
| `- error: no such module 'Dispatch'
27 | #if StandaloneSQLite
28 | import sqlite3
[44/224] Compiling SwiftSyntax SyntaxChildren.swift
/host/spi-builder-workspace/.build/checkouts/SQLite.swift/Sources/SQLite/Core/Backup.swift:26:8: error: no such module 'Dispatch'
24 |
25 | import Foundation
26 | import Dispatch
| `- error: no such module 'Dispatch'
27 | #if StandaloneSQLite
28 | import sqlite3
[45/224] Compiling SwiftSyntax SyntaxCollection.swift
/host/spi-builder-workspace/.build/checkouts/SQLite.swift/Sources/SQLite/Core/Backup.swift:26:8: error: no such module 'Dispatch'
24 |
25 | import Foundation
26 | import Dispatch
| `- error: no such module 'Dispatch'
27 | #if StandaloneSQLite
28 | import sqlite3
[46/224] Compiling TranslationCatalog TranslationState.swift
[47/224] Emitting module LocaleSupport
[48/224] Compiling Logging MetadataProvider.swift
[49/224] Compiling SwiftSyntax Assert.swift
[50/224] Compiling SwiftSyntax BumpPtrAllocator.swift
[51/224] Compiling SwiftSyntax CommonAncestor.swift
[52/224] Compiling SwiftSyntax Convenience.swift
[61/224] Compiling SwiftSyntax SyntaxTreeViewMode.swift
[62/224] Compiling SwiftSyntax TokenDiagnostic.swift
[63/224] Compiling SwiftSyntax TokenSyntax.swift
[64/224] Compiling SwiftSyntax Trivia.swift
[65/224] Compiling SwiftSyntax Utils.swift
[66/224] Compiling SwiftSyntax AbsolutePosition.swift
/host/spi-builder-workspace/.build/checkouts/SQLite.swift/Sources/SQLite/Core/Backup.swift:26:8: error: no such module 'Dispatch'
24 |
25 | import Foundation
26 | import Dispatch
| `- error: no such module 'Dispatch'
27 | #if StandaloneSQLite
28 | import sqlite3
/host/spi-builder-workspace/.build/checkouts/SQLite.swift/Sources/SQLite/Core/Backup.swift:26:8: error: no such module 'Dispatch'
24 |
25 | import Foundation
26 | import Dispatch
| `- error: no such module 'Dispatch'
27 | #if StandaloneSQLite
28 | import sqlite3
/host/spi-builder-workspace/.build/checkouts/SQLite.swift/Sources/SQLite/Core/Backup.swift:26:8: error: no such module 'Dispatch'
24 |
25 | import Foundation
26 | import Dispatch
| `- error: no such module 'Dispatch'
27 | #if StandaloneSQLite
28 | import sqlite3
/host/spi-builder-workspace/.build/checkouts/SQLite.swift/Sources/SQLite/Core/Backup.swift:26:8: error: no such module 'Dispatch'
24 |
25 | import Foundation
26 | import Dispatch
| `- error: no such module 'Dispatch'
27 | #if StandaloneSQLite
28 | import sqlite3
/host/spi-builder-workspace/.build/checkouts/SQLite.swift/Sources/SQLite/Core/Backup.swift:26:8: error: no such module 'Dispatch'
24 |
25 | import Foundation
26 | import Dispatch
| `- error: no such module 'Dispatch'
27 | #if StandaloneSQLite
28 | import sqlite3
[82/225] Compiling SwiftSyntax MemoryLayout.swift
[83/225] Compiling SwiftSyntax MissingNodeInitializers.swift
[93/230] Emitting module Logging
unable to find node: pound
unable to find node: pound
/host/spi-builder-workspace/.build/checkouts/SQLite.swift/Sources/SQLite/Core/Backup.swift:26:8: error: no such module 'Dispatch'
24 |
25 | import Foundation
26 | import Dispatch
| `- error: no such module 'Dispatch'
27 | #if StandaloneSQLite
28 | import sqlite3
/host/spi-builder-workspace/.build/checkouts/SQLite.swift/Sources/SQLite/Core/Backup.swift:26:8: error: no such module 'Dispatch'
24 |
25 | import Foundation
26 | import Dispatch
| `- error: no such module 'Dispatch'
27 | #if StandaloneSQLite
28 | import sqlite3
/host/spi-builder-workspace/.build/checkouts/SQLite.swift/Sources/SQLite/Core/Backup.swift:26:8: error: no such module 'Dispatch'
24 |
25 | import Foundation
26 | import Dispatch
| `- error: no such module 'Dispatch'
27 | #if StandaloneSQLite
28 | import sqlite3
/host/spi-builder-workspace/.build/checkouts/SQLite.swift/Sources/SQLite/Core/Backup.swift:26:8: error: no such module 'Dispatch'
24 |
25 | import Foundation
26 | import Dispatch
| `- error: no such module 'Dispatch'
27 | #if StandaloneSQLite
28 | import sqlite3
/host/spi-builder-workspace/.build/checkouts/SQLite.swift/Sources/SQLite/Core/Backup.swift:26:8: error: no such module 'Dispatch'
24 |
25 | import Foundation
26 | import Dispatch
| `- error: no such module 'Dispatch'
27 | #if StandaloneSQLite
28 | import sqlite3
/host/spi-builder-workspace/.build/checkouts/SQLite.swift/Sources/SQLite/Core/Backup.swift:26:8: error: no such module 'Dispatch'
24 |
25 | import Foundation
26 | import Dispatch
| `- error: no such module 'Dispatch'
27 | #if StandaloneSQLite
28 | import sqlite3
/host/spi-builder-workspace/.build/checkouts/SQLite.swift/Sources/SQLite/Core/Backup.swift:26:8: error: no such module 'Dispatch'
24 |
25 | import Foundation
26 | import Dispatch
| `- error: no such module 'Dispatch'
27 | #if StandaloneSQLite
28 | import sqlite3
/host/spi-builder-workspace/.build/checkouts/SQLite.swift/Sources/SQLite/Core/Backup.swift:26:8: error: no such module 'Dispatch'
24 |
25 | import Foundation
26 | import Dispatch
| `- error: no such module 'Dispatch'
27 | #if StandaloneSQLite
28 | import sqlite3
/host/spi-builder-workspace/.build/checkouts/SQLite.swift/Sources/SQLite/Core/Backup.swift:26:8: error: no such module 'Dispatch'
24 |
25 | import Foundation
26 | import Dispatch
| `- error: no such module 'Dispatch'
27 | #if StandaloneSQLite
28 | import sqlite3
/host/spi-builder-workspace/.build/checkouts/SQLite.swift/Sources/SQLite/Core/Backup.swift:26:8: error: no such module 'Dispatch'
24 |
25 | import Foundation
26 | import Dispatch
| `- error: no such module 'Dispatch'
27 | #if StandaloneSQLite
28 | import sqlite3
[113/230] Emitting module XMLCoder
[117/245] Compiling Logging Logger.swift
[118/245] Compiling Logging Logger+With.swift
unable to find node: pound
unable to find node: pound
[119/245] Compiling Logging Logger+Attributes.swift
[120/246] Compiling TranslationCatalogFilesystem DirectoryCatalog.swift
[121/246] Compiling TranslationCatalogFilesystem ExpressionDocumentV1.swift
[122/246] Compiling TranslationCatalogFilesystem TranslationDocumentV1.swift
[123/246] Compiling TranslationCatalogFilesystem Document.swift
[125/246] Compiling TranslationCatalogFilesystem FileWrapperCatalog.swift
[126/246] Compiling TranslationCatalogFilesystem JSONDecoder+TranslationCatalogFilesystem.swift
[127/246] Compiling TranslationCatalogFilesystem JSONEncoder+TranslationCatalogFilesystem.swift
[129/246] Compiling TranslationCatalogFilesystem FileManager+TranslationCatalogFilesystem.swift
[130/246] Compiling TranslationCatalogFilesystem FileWrapper+TranslationCatalogFilesystem.swift
[132/263] Compiling SwiftSyntax TokenKind.swift
[133/263] Compiling SwiftSyntax Tokens.swift
[134/263] Compiling SwiftSyntax TriviaPieces.swift
[135/263] Compiling SwiftSyntax RawSyntaxNodes.swift
[136/263] Compiling SwiftSyntax RawSyntaxValidation.swift
[137/263] Compiling XMLCoder XMLDecodingStorage.swift
[138/282] Compiling CoreDataPlus Bundle+Resources.swift
[139/282] Compiling CoreDataPlus Logger+CoreDataPlus.swift
[140/282] Compiling CoreDataPlus NSEntityMapping+CoreDataPlus.swift
[141/282] Compiling CoreDataPlus NSManagedObject+CoreDataPlus.swift
[142/282] Compiling CoreDataPlus NSAttributeDescription+CoreDataPlus.swift
[143/282] Compiling CoreDataPlus NSEntityDescription+CoreDataPlus.swift
[144/282] Compiling CoreDataPlus NSRelationshipDescription+CoreDataPlus.swift
[145/282] Compiling CoreDataPlus FileExtension.swift
[146/282] Compiling CoreDataPlus NSPersistentStoreCoordinator+CoreDataPlus.swift
[147/282] Compiling CoreDataPlus NSPropertyMapping+CoreDataPlus.swift
[148/284] Compiling CoreDataPlus Migrator.swift
[149/284] Compiling CoreDataPlus ModelCatalog.swift
[150/284] Compiling CoreDataPlus ModelVersion.swift
[151/284] Compiling StatementSQLite ValuesContext.swift
[152/286] Emitting module ArgumentParserToolInfo
[153/286] Compiling ArgumentParserToolInfo ToolInfo.swift
[154/286] Compiling SQLite Schema.swift
/host/spi-builder-workspace/.build/checkouts/SQLite.swift/Sources/SQLite/Core/Backup.swift:26:8: error: no such module 'Dispatch'
24 |
25 | import Foundation
26 | import Dispatch
| `- error: no such module 'Dispatch'
27 | #if StandaloneSQLite
28 | import sqlite3
[155/286] Compiling SQLite Setter.swift
/host/spi-builder-workspace/.build/checkouts/SQLite.swift/Sources/SQLite/Core/Backup.swift:26:8: error: no such module 'Dispatch'
24 |
25 | import Foundation
26 | import Dispatch
| `- error: no such module 'Dispatch'
27 | #if StandaloneSQLite
28 | import sqlite3
[156/286] Compiling SQLite WindowFunctions.swift
/host/spi-builder-workspace/.build/checkouts/SQLite.swift/Sources/SQLite/Core/Backup.swift:26:8: error: no such module 'Dispatch'
24 |
25 | import Foundation
26 | import Dispatch
| `- error: no such module 'Dispatch'
27 | #if StandaloneSQLite
28 | import sqlite3
[157/286] Compiling SQLite resource_bundle_accessor.swift
/host/spi-builder-workspace/.build/checkouts/SQLite.swift/Sources/SQLite/Core/Backup.swift:26:8: error: no such module 'Dispatch'
24 |
25 | import Foundation
26 | import Dispatch
| `- error: no such module 'Dispatch'
27 | #if StandaloneSQLite
28 | import sqlite3
[160/287] Compiling CoreDataPlus NSManagedObjectContext+CoreDataPlus.swift
[161/287] Emitting module CoreDataPlus
[163/286] Compiling CoreDataPlus NSPersistentContainer+CoreDataPlus.swift
[166/286] Compiling CoreDataPlus CatalogContainer.swift
[167/286] Compiling CoreDataPlus CoreDataPlusError.swift
[170/286] Compiling CoreDataPlus ResourceSuffix.swift
[171/286] Compiling CoreDataPlus StoreURL.swift
[172/286] Emitting module TranslationCatalogFilesystem
[185/287] Compiling SwiftSyntax SyntaxTransform.swift
[186/287] Compiling SwiftSyntax SyntaxVisitor.swift
[188/333] Compiling ArgumentParser HelpCommand.swift
[189/333] Compiling ArgumentParser HelpGenerator.swift
[190/333] Compiling ArgumentParser MessageInfo.swift
[191/333] Compiling ArgumentParser UsageGenerator.swift
[192/333] Compiling ArgumentParser CollectionExtensions.swift
[193/333] Compiling ArgumentParser Foundation.swift
[194/333] Compiling ArgumentParser AsyncParsableCommand.swift
[195/333] Compiling ArgumentParser CommandConfiguration.swift
[196/333] Compiling ArgumentParser CommandGroup.swift
[197/333] Compiling ArgumentParser EnumerableFlag.swift
[198/333] Compiling ArgumentParser ExpressibleByArgument.swift
[199/333] Compiling ArgumentParser ParsableArguments.swift
[200/333] Compiling ArgumentParser NameSpecification.swift
[201/333] Compiling ArgumentParser Option.swift
[202/333] Compiling ArgumentParser FishCompletionsGenerator.swift
[203/333] Compiling ArgumentParser ZshCompletionsGenerator.swift
[204/333] Compiling ArgumentParser Argument.swift
[205/333] Compiling ArgumentParser CompletionKind.swift
[206/333] Compiling ArgumentParser Errors.swift
[207/333] Compiling ArgumentParser Flag.swift
[208/333] Compiling ArgumentParser Name.swift
[209/333] Compiling ArgumentParser Parsed.swift
[210/333] Compiling ArgumentParser ParsedValues.swift
[211/333] Emitting module StatementSQLite
[212/333] Compiling ArgumentParser ArgumentDiscussion.swift
[213/333] Compiling ArgumentParser ArgumentHelp.swift
[215/340] Compiling TranslationCatalogCoreData resource_bundle_accessor.swift
[216/340] Compiling TranslationCatalogCoreData ProjectEntity.swift
[217/340] Compiling TranslationCatalogCoreData CoreDataCatalog.swift
[218/340] Compiling TranslationCatalogCoreData ExpressionEntity.swift
[219/340] Compiling TranslationCatalogCoreData TranslationEntity.swift
[220/340] Compiling TranslationCatalogCoreData ManagedModel.swift
[221/340] Emitting module TranslationCatalogCoreData
/host/spi-builder-workspace/.build/checkouts/SQLite.swift/Sources/SQLite/Core/Backup.swift:26:8: error: no such module 'Dispatch'
24 |
25 | import Foundation
26 | import Dispatch
| `- error: no such module 'Dispatch'
27 | #if StandaloneSQLite
28 | import sqlite3
/host/spi-builder-workspace/.build/checkouts/SQLite.swift/Sources/SQLite/Core/Backup.swift:26:8: error: no such module 'Dispatch'
24 |
25 | import Foundation
26 | import Dispatch
| `- error: no such module 'Dispatch'
27 | #if StandaloneSQLite
28 | import sqlite3
/host/spi-builder-workspace/.build/checkouts/SQLite.swift/Sources/SQLite/Core/Backup.swift:26:8: error: no such module 'Dispatch'
24 |
25 | import Foundation
26 | import Dispatch
| `- error: no such module 'Dispatch'
27 | #if StandaloneSQLite
28 | import sqlite3
/host/spi-builder-workspace/.build/checkouts/SQLite.swift/Sources/SQLite/Core/Backup.swift:26:8: error: no such module 'Dispatch'
24 |
25 | import Foundation
26 | import Dispatch
| `- error: no such module 'Dispatch'
27 | #if StandaloneSQLite
28 | import sqlite3
BUILD FAILURE 6.1 wasm