The Swift Package Index logo.Swift Package Index

Build Information

Failed to build KeychainAccess, reference v3.0.1 (5ae410), with Swift 6.4 for Linux on 21 Sep 2026 19:07:18 UTC.

Build Command

bash -c docker run --pull=always --rm -v "checkouts-53886770-0":/host -w "$PWD" -e JAVA_HOME="/root/.sdkman/candidates/java/current" -e SPI_BUILD="1" -e SPI_PROCESSING="1" registry.gitlab.com/saguaro1/spi-images:basic-6.4-latest swift build --triple x86_64-unknown-linux-gnu 2>&1

Build Log

========================================
RunAll
========================================
Builder version: 5.1.0
Interrupt handler set up.
========================================
Checkout
========================================
Clone URL: https://github.com/AlaskaAirlines/keychain.git
Reference: v3.0.1
Initialized empty Git repository in /host/spi-builder-workspace/.git/
hint: Using 'master' as the name for the initial branch. This default branch name
hint: is subject to change. To configure the initial branch name to use in all
hint: of your new repositories, which will suppress this warning, call:
hint:
hint: 	git config --global init.defaultBranch <name>
hint:
hint: Names commonly chosen instead of 'master' are 'main', 'trunk' and
hint: 'development'. The just-created branch can be renamed via this command:
hint:
hint: 	git branch -m <name>
From https://github.com/AlaskaAirlines/keychain
 * tag               v3.0.1     -> FETCH_HEAD
HEAD is now at 5ae4103 Merge pull request #16 from michaelbabiy/as/principals/1182443-disable-evolution-support
Cloned https://github.com/AlaskaAirlines/keychain.git
Revision (git rev-parse @):
5ae410369e255932c5e49817ef561bdba124fe33
SUCCESS checkout https://github.com/AlaskaAirlines/keychain.git at v3.0.1
========================================
Build
========================================
Selected platform:         linux
Swift version:             6.4
Building package at path:  $PWD
https://github.com/AlaskaAirlines/keychain.git
Running build ...
bash -c docker run --pull=always --rm -v "checkouts-53886770-0":/host -w "$PWD" -e JAVA_HOME="/root/.sdkman/candidates/java/current" -e SPI_BUILD="1" -e SPI_PROCESSING="1" registry.gitlab.com/saguaro1/spi-images:basic-6.4-latest swift build --triple x86_64-unknown-linux-gnu 2>&1
basic-6.4-latest: Pulling from saguaro1/spi-images
Digest: sha256:c77fcce225e223ac0fafed844619173fc6de8d62dd560eeb28db3182af6a282b
Status: Image is up to date for registry.gitlab.com/saguaro1/spi-images:basic-6.4-latest
warning: 'spi-builder-workspace': found 1 file(s) which are unhandled; explicitly declare them as resources or exclude from the target
    /host/spi-builder-workspace/Framework/KeychainAccess/Info.plist
Building for debugging...
[Planning deferred tasks]
error: SwiftCompile normal x86_64 failed with a nonzero exit code. Command line:     cd /host

/host/spi-builder-workspace/Framework/KeychainAccess/Common/Errors/KeychainError.swift:30:20: error: cannot find type 'OSStatus' in scope
28 |     ///
29 |     /// For list of **OSStatus** codes, please see https://www.osstatus.com/
30 |     case unhandled(OSStatus)
   |                    `- error: cannot find type 'OSStatus' in scope
31 | }
32 |
/host/spi-builder-workspace/Framework/KeychainAccess/Extensions/Foundation/CFString+Additions.swift:19:20: error: cannot find type 'CFString' in scope
17 | import Foundation
18 |
19 | internal extension CFString {
   |                    `- error: cannot find type 'CFString' in scope
20 |     /// Convenience variable for returning C string as Swift string.
21 |     var string: String { self as String }
/host/spi-builder-workspace/Framework/KeychainAccess/Extensions/Foundation/Dictionary+Additions.swift:21:23: error: cannot find type 'CFDictionary' in scope
19 | extension Dictionary {
20 |     /// Convenience variable for returning Swift Dictionary as CFDictionary.
21 |     var CFDictionary: CFDictionary { self as CFDictionary }
   |                       `- error: cannot find type 'CFDictionary' in scope
22 | }
23 |
/host/spi-builder-workspace/Framework/KeychainAccess/Extensions/Foundation/OSStatus+Additions.swift:19:18: error: cannot find type 'OSStatus' in scope
17 | import Foundation
18 |
19 | public extension OSStatus {
   |                  `- error: cannot find type 'OSStatus' in scope
20 |     /// Returns error message for current OSStatus code, if any.
21 |     ///
/host/spi-builder-workspace/Framework/KeychainAccess/Extensions/Framework/Keychain/Keychain+AccessLevel.swift:44:20: error: cannot find type 'CFString' in scope
42 | internal extension Keychain.AccessLevel {
43 |     /// Returns `self` as the `kSec...` attribute.
44 |     var attribute: CFString {
   |                    `- error: cannot find type 'CFString' in scope
45 |         switch self {
46 |         case .afterFirstUnlock:
/host/spi-builder-workspace/Framework/KeychainAccess/Extensions/Framework/Keychain/Keychain+Storage.swift:31:20: error: cannot find type 'CFString' in scope
29 | internal extension Keychain.Storage {
30 |     /// C string value for a given Storage case.
31 |     var kSecClass: CFString {
   |                    `- error: cannot find type 'CFString' in scope
32 |         switch self {
33 |         case .genericPassword:
Failed frontend command:
/usr/bin/swift-frontend -frontend -emit-module -experimental-skip-non-inlinable-function-bodies-without-types /host/spi-builder-workspace/Framework/KeychainAccess/Common/Errors/KeychainError.swift /host/spi-builder-workspace/Framework/KeychainAccess/Common/Protocols/Types/KeychainItem.swift /host/spi-builder-workspace/Framework/KeychainAccess/Extensions/Foundation/Bool+Additions.swift /host/spi-builder-workspace/Framework/KeychainAccess/Extensions/Foundation/CFString+Additions.swift /host/spi-builder-workspace/Framework/KeychainAccess/Extensions/Foundation/Data+Additions.swift /host/spi-builder-workspace/Framework/KeychainAccess/Extensions/Foundation/Dictionary+Additions.swift /host/spi-builder-workspace/Framework/KeychainAccess/Extensions/Foundation/OSStatus+Additions.swift /host/spi-builder-workspace/Framework/KeychainAccess/Extensions/Foundation/String+Additions.swift /host/spi-builder-workspace/Framework/KeychainAccess/Extensions/Framework/Keychain/Keychain+AccessLevel.swift /host/spi-builder-workspace/Framework/KeychainAccess/Extensions/Framework/Keychain/Keychain+Configuration.swift /host/spi-builder-workspace/Framework/KeychainAccess/Extensions/Framework/Keychain/Keychain+Manager.swift /host/spi-builder-workspace/Framework/KeychainAccess/Extensions/Framework/Keychain/Keychain+SetupOption.swift /host/spi-builder-workspace/Framework/KeychainAccess/Extensions/Framework/Keychain/Keychain+Storage.swift /host/spi-builder-workspace/Framework/KeychainAccess/Extensions/Framework/KeychainItem/KeychainItem+Implementation.swift /host/spi-builder-workspace/Framework/KeychainAccess/Extensions/Framework/KeychainItem/KeychainItem+Query.swift /host/spi-builder-workspace/Framework/KeychainAccess/Global/Definitions.swift /host/spi-builder-workspace/Framework/KeychainAccess/Keychain/Keychain.swift -target x86_64-unknown-linux-gnu -disable-objc-interop -I /host/spi-builder-workspace/.build/out/Products/Debug-linux-x86_64 -module-cache-path /host/spi-builder-workspace/.build/out/ModuleCache.noindex -color-diagnostics -Xcc -fcolor-diagnostics -enable-testing -g -debug-info-format\=dwarf -dwarf-version\=4 -swift-version 6 -Onone -D SWIFT_PACKAGE -D DEBUG -D SWIFT_MODULE_RESOURCE_BUNDLE_UNAVAILABLE -D Xcode -serialize-debugging-options -enable-experimental-feature DebugDescriptionMacro -empty-abi-descriptor -external-plugin-path /usr/lib/swift/host/plugins/testing\#/usr/bin/swift-plugin-server -validate-clang-modules-once -clang-build-session-file /host/spi-builder-workspace/.build/out/ModuleCache.noindex/Session.modulevalidation -Xcc -working-directory -Xcc /host -enable-anonymous-context-mangled-names -file-compilation-dir /host -Xcc -fno-omit-frame-pointer -Xcc -D_LIBCPP_HARDENING_MODE\=_LIBCPP_HARDENING_MODE_DEBUG -Xcc -fmodules-prune-interval\=86400 -Xcc -fmodules-prune-after\=345600 -Xcc -I/host/spi-builder-workspace/.build/out/Products/Debug-linux-x86_64/include -Xcc -I/host/spi-builder-workspace/.build/out/Intermediates.noindex/KeychainAccess.build/Debug-linux-x86_64/KeychainAccess-t.build/DerivedSources-normal/x86_64 -Xcc -I/host/spi-builder-workspace/.build/out/Intermediates.noindex/KeychainAccess.build/Debug-linux-x86_64/KeychainAccess-t.build/DerivedSources/x86_64 -Xcc -I/host/spi-builder-workspace/.build/out/Intermediates.noindex/KeychainAccess.build/Debug-linux-x86_64/KeychainAccess-t.build/DerivedSources -Xcc -DSWIFT_PACKAGE -Xcc -DDEBUG\=1 -no-auto-bridging-header-chaining -module-name KeychainAccess -package-name spi_builder_workspace -const-gather-protocols-file /host/spi-builder-workspace/.build/out/Intermediates.noindex/KeychainAccess.build/Debug-linux-x86_64/KeychainAccess-t.build/Objects-normal/x86_64/KeychainAccess_const_extract_protocols.json -in-process-plugin-server-path /usr/lib/swift/host/libSwiftInProcPluginServer.so -plugin-path /usr/lib/swift/host/plugins -plugin-path /usr/local/lib/swift/host/plugins -emit-module-doc-path /host/spi-builder-workspace/.build/out/Intermediates.noindex/KeychainAccess.build/Debug-linux-x86_64/KeychainAccess-t.build/Objects-normal/x86_64/Modules/KeychainAccess.swiftdoc -emit-module-source-info-path /host/spi-builder-workspace/.build/out/Intermediates.noindex/KeychainAccess.build/Debug-linux-x86_64/KeychainAccess-t.build/Objects-normal/x86_64/Modules/KeychainAccess.swiftsourceinfo -emit-objc-header-path /host/spi-builder-workspace/.build/out/Intermediates.noindex/KeychainAccess.build/Debug-linux-x86_64/KeychainAccess-t.build/Objects-normal/x86_64/KeychainAccess-Swift.h -serialize-diagnostics-path /host/spi-builder-workspace/.build/out/Intermediates.noindex/KeychainAccess.build/Debug-linux-x86_64/KeychainAccess-t.build/Objects-normal/x86_64/KeychainAccess-primary-emit-module.dia -emit-dependencies-path /host/spi-builder-workspace/.build/out/Intermediates.noindex/KeychainAccess.build/Debug-linux-x86_64/KeychainAccess-t.build/Objects-normal/x86_64/KeychainAccess-primary-emit-module.d -parse-as-library -o /host/spi-builder-workspace/.build/out/Intermediates.noindex/KeychainAccess.build/Debug-linux-x86_64/KeychainAccess-t.build/Objects-normal/x86_64/Modules/KeychainAccess.swiftmodule
error: Build failed
BUILD FAILURE 6.4 linux