Build Information
Failed to build OpenImageIO, reference main (ec4ba3), with Swift 6.4 for watchOS using Xcode 27.0 on 27 Sep 2026 17:05:39 UTC.
Build Command
No build command. This typically means the build failed at an early stage where we determine the build command.Build Log
========================================
RunAll
========================================
Builder version: 5.1.0
Interrupt handler set up.
========================================
Checkout
========================================
Clone URL: https://github.com/1amageek/OpenImageIO.git
Reference: main
Initialized empty Git repository in /Users/admin/builder/spi-builder-workspace/.git/
From https://github.com/1amageek/OpenImageIO
* branch main -> FETCH_HEAD
* [new branch] main -> origin/main
HEAD is now at ec4ba37 Adopt OpenFoundation value boundary
Cloned https://github.com/1amageek/OpenImageIO.git
Revision (git rev-parse @):
ec4ba375a37b6204afc0003ba679a4adcabd30d4
SUCCESS checkout https://github.com/1amageek/OpenImageIO.git at main
========================================
Build
========================================
Selected platform: watchOS
Swift version: 6.4
Building package at path: $PWD
https://github.com/1amageek/OpenImageIO.git
Command line invocation:
/Applications/Xcode-27.0.0-Release.Candidate.app/Contents/Developer/usr/bin/xcodebuild -IDEClonedSourcePackagesDirPathOverride=/Users/admin/builder/spi-builder-workspace/.dependencies -resolvePackageDependencies
Resolve Package Graph
the package at '/Users/admin/builder/OpenCoreGraphics' cannot be accessed (/Users/admin/builder/OpenCoreGraphics doesn't exist in file system)
Resolve Package Graph
the package at '/Users/admin/builder/OpenCoreGraphics' cannot be accessed (/Users/admin/builder/OpenCoreGraphics doesn't exist in file system)
Resolved source packages:
spi-builder-workspace: (null)
2026-09-27 13:05:37.793 xcodebuild[525:2994] Writing error result bundle to /var/folders/xq/y_g06wb113726d38xsyx71_h0000gn/T/ResultBundle_2026-27-09_13-05-0037.xcresult
xcodebuild: error: Could not resolve package dependencies:
the package at '/Users/admin/builder/OpenCoreGraphics' cannot be accessed (/Users/admin/builder/OpenCoreGraphics doesn't exist in file system)
Command line invocation:
/Applications/Xcode-27.0.0-Release.Candidate.app/Contents/Developer/usr/bin/xcodebuild -IDEClonedSourcePackagesDirPathOverride=/Users/admin/builder/spi-builder-workspace/.dependencies -resolvePackageDependencies
Resolve Package Graph
the package at '/Users/admin/builder/OpenCoreGraphics' cannot be accessed (/Users/admin/builder/OpenCoreGraphics doesn't exist in file system)
Resolved source packages:
spi-builder-workspace: (null)
2026-09-27 13:05:38.951 xcodebuild[593:3606] Writing error result bundle to /var/folders/xq/y_g06wb113726d38xsyx71_h0000gn/T/ResultBundle_2026-27-09_13-05-0038.xcresult
xcodebuild: error: Could not resolve package dependencies:
the package at '/Users/admin/builder/OpenCoreGraphics' cannot be accessed (/Users/admin/builder/OpenCoreGraphics doesn't exist in file system)
BUILD FAILURE 6.4 watchOS