Build Information
Failed to build Riffle, reference 1.2.0 (dc562d), with Swift 6.1 for tvOS using Xcode 16.3 on 18 Jul 2026 08:34:42 UTC.
Build Command
env DEVELOPER_DIR=/Applications/Xcode-16.3.0.app xcrun xcodebuild -IDEClonedSourcePackagesDirPathOverride=$PWD/.dependencies -skipMacroValidation -skipPackagePluginValidation -derivedDataPath $PWD/.derivedData build -scheme Riffle -destination generic/platform=tvOSBuild Log
========================================
RunAll
========================================
Builder version: undefined version: run 'make version' to update
Interrupt handler set up.
========================================
Checkout
========================================
Clone URL: https://github.com/kempsu/Riffle.git
Reference: 1.2.0
Initialized empty Git repository in /Users/admin/builder/spi-builder-workspace/.git/
From https://github.com/kempsu/Riffle
* tag 1.2.0 -> FETCH_HEAD
HEAD is now at dc562d0 Expose font-aware overflow text for custom cards
Cloned https://github.com/kempsu/Riffle.git
Revision (git rev-parse @):
dc562d04a81ee8084d3c3b8594003ccd51432e97
SUCCESS checkout https://github.com/kempsu/Riffle.git at 1.2.0
========================================
Build
========================================
Selected platform: tvOS
Swift version: 6.1
Building package at path: $PWD
https://github.com/kempsu/Riffle.git
https://github.com/kempsu/Riffle.git
{
"dependencies" : [
],
"manifest_display_name" : "Riffle",
"name" : "Riffle",
"path" : "/Users/admin/builder/spi-builder-workspace",
"platforms" : [
{
"name" : "ios",
"version" : "17.0"
},
{
"name" : "macos",
"version" : "14.0"
},
{
"name" : "tvos",
"version" : "17.0"
},
{
"name" : "watchos",
"version" : "10.0"
},
{
"name" : "visionos",
"version" : "1.0"
}
],
"products" : [
{
"name" : "Riffle",
"targets" : [
"Riffle"
],
"type" : {
"library" : [
"automatic"
]
}
}
],
"swift_languages_versions" : [
"6"
],
"targets" : [
{
"c99name" : "RiffleTests",
"module_type" : "SwiftTarget",
"name" : "RiffleTests",
"path" : "Tests/RiffleTests",
"sources" : [
"RiffleCoordinatorTests.swift",
"RiffleTextPaginatorTests.swift"
],
"target_dependencies" : [
"Riffle"
],
"type" : "test"
},
{
"c99name" : "Riffle",
"module_type" : "SwiftTarget",
"name" : "Riffle",
"path" : "Sources/Riffle",
"product_memberships" : [
"Riffle"
],
"sources" : [
"Builder/RiffleBuilder.swift",
"Configuration/Environment+Riffle.swift",
"Configuration/RiffleConfiguration.swift",
"Configuration/RiffleModifiers.swift",
"Engine/RiffleCoordinator.swift",
"Model/RiffleAdvance.swift",
"Model/RiffleCardAccent.swift",
"Model/RiffleCardAccessory.swift",
"Model/RiffleCardBackground.swift",
"Model/RiffleItem.swift",
"Model/RifflePriority.swift",
"Model/RiffleTextOverflow.swift",
"Transitions/BuiltInTransitions.swift",
"Transitions/RiffleTransition.swift",
"Views/RiffleCard.swift",
"Views/RiffleIndicator.swift",
"Views/RiffleOverflowText.swift",
"Views/RiffleStack.swift",
"Views/RiffleStandardCard.swift"
],
"type" : "library"
}
],
"tools_version" : "6.0"
}
Command line invocation:
/Applications/Xcode-16.3.0.app/Contents/Developer/usr/bin/xcodebuild -IDEClonedSourcePackagesDirPathOverride=/Users/admin/builder/spi-builder-workspace/.dependencies -resolvePackageDependencies
Resolve Package Graph
Resolve Package Graph
Resolved source packages:
Riffle: /Users/admin/builder/spi-builder-workspace
resolved source packages: Riffle
{
"dependencies" : [
],
"manifest_display_name" : "Riffle",
"name" : "Riffle",
"path" : "/Users/admin/builder/spi-builder-workspace",
"platforms" : [
{
"name" : "ios",
"version" : "17.0"
},
{
"name" : "macos",
"version" : "14.0"
},
{
"name" : "tvos",
"version" : "17.0"
},
{
"name" : "watchos",
"version" : "10.0"
},
{
"name" : "visionos",
"version" : "1.0"
}
],
"products" : [
{
"name" : "Riffle",
"targets" : [
"Riffle"
],
"type" : {
"library" : [
"automatic"
]
}
}
],
"swift_languages_versions" : [
"6"
],
"targets" : [
{
"c99name" : "RiffleTests",
"module_type" : "SwiftTarget",
"name" : "RiffleTests",
"path" : "Tests/RiffleTests",
"sources" : [
"RiffleCoordinatorTests.swift",
"RiffleTextPaginatorTests.swift"
],
"target_dependencies" : [
"Riffle"
],
"type" : "test"
},
{
"c99name" : "Riffle",
"module_type" : "SwiftTarget",
"name" : "Riffle",
"path" : "Sources/Riffle",
"product_memberships" : [
"Riffle"
],
"sources" : [
"Builder/RiffleBuilder.swift",
"Configuration/Environment+Riffle.swift",
"Configuration/RiffleConfiguration.swift",
"Configuration/RiffleModifiers.swift",
"Engine/RiffleCoordinator.swift",
"Model/RiffleAdvance.swift",
"Model/RiffleCardAccent.swift",
"Model/RiffleCardAccessory.swift",
"Model/RiffleCardBackground.swift",
"Model/RiffleItem.swift",
"Model/RifflePriority.swift",
"Model/RiffleTextOverflow.swift",
"Transitions/BuiltInTransitions.swift",
"Transitions/RiffleTransition.swift",
"Views/RiffleCard.swift",
"Views/RiffleIndicator.swift",
"Views/RiffleOverflowText.swift",
"Views/RiffleStack.swift",
"Views/RiffleStandardCard.swift"
],
"type" : "library"
}
],
"tools_version" : "6.0"
}
{
"workspace" : {
"name" : "spi-builder-workspace",
"schemes" : [
"Riffle"
]
}
}
Running build ...
env DEVELOPER_DIR=/Applications/Xcode-16.3.0.app xcrun xcodebuild -IDEClonedSourcePackagesDirPathOverride=$PWD/.dependencies -skipMacroValidation -skipPackagePluginValidation -derivedDataPath $PWD/.derivedData build -scheme Riffle -destination generic/platform=tvOS OTHER_SWIFT_FLAGS=-stats-output-dir .stats
Command line invocation:
/Applications/Xcode-16.3.0.app/Contents/Developer/usr/bin/xcodebuild -IDEClonedSourcePackagesDirPathOverride=/Users/admin/builder/spi-builder-workspace/.dependencies -skipMacroValidation -skipPackagePluginValidation -derivedDataPath /Users/admin/builder/spi-builder-workspace/.derivedData build -scheme Riffle -destination generic/platform=tvOS "OTHER_SWIFT_FLAGS=-stats-output-dir .stats"
Build settings from command line:
OTHER_SWIFT_FLAGS = -stats-output-dir .stats
Resolve Package Graph
Resolved source packages:
Riffle: /Users/admin/builder/spi-builder-workspace
ComputePackagePrebuildTargetDependencyGraph
Prepare packages
CreateBuildRequest
SendProjectDescription
CreateBuildOperation
ComputeTargetDependencyGraph
note: Building targets in dependency order
note: Target dependency graph (2 targets)
Target 'Riffle' in project 'Riffle'
➜ Explicit dependency on target 'Riffle' in project 'Riffle'
Target 'Riffle' in project 'Riffle' (no dependencies)
GatherProvisioningInputs
CreateBuildDescription
ExecuteExternalTool /Applications/Xcode-16.3.0.app/Contents/Developer/Toolchains/XcodeDefault.xctoolchain/usr/bin/clang -v -E -dM -isysroot /Applications/Xcode-16.3.0.app/Contents/Developer/Platforms/AppleTVOS.platform/Developer/SDKs/AppleTVOS18.4.sdk -x c -c /dev/null
ExecuteExternalTool /Applications/Xcode-16.3.0.app/Contents/Developer/Toolchains/XcodeDefault.xctoolchain/usr/bin/swiftc --version
ExecuteExternalTool /Applications/Xcode-16.3.0.app/Contents/Developer/Toolchains/XcodeDefault.xctoolchain/usr/bin/ld -version_details
ReadFileContents /Applications/Xcode-16.3.0.app/Contents/Developer/Toolchains/XcodeDefault.xctoolchain/usr/share/docc/features.json
Build description signature: 71d63e8586b882151e6267e2146de299
Build description path: /Users/admin/builder/spi-builder-workspace/.derivedData/Build/Intermediates.noindex/XCBuildData/71d63e8586b882151e6267e2146de299.xcbuilddata
ClangStatCache /Applications/Xcode-16.3.0.app/Contents/Developer/Toolchains/XcodeDefault.xctoolchain/usr/bin/clang-stat-cache /Applications/Xcode-16.3.0.app/Contents/Developer/Platforms/AppleTVOS.platform/Developer/SDKs/AppleTVOS18.4.sdk /Users/admin/builder/spi-builder-workspace/.derivedData/SDKStatCaches.noindex/appletvos18.4-22L251-271d326055c85f9856fa135c41255102.sdkstatcache
cd /Users/admin/builder/spi-builder-workspace/.swiftpm/xcode
/Applications/Xcode-16.3.0.app/Contents/Developer/Toolchains/XcodeDefault.xctoolchain/usr/bin/clang-stat-cache /Applications/Xcode-16.3.0.app/Contents/Developer/Platforms/AppleTVOS.platform/Developer/SDKs/AppleTVOS18.4.sdk -o /Users/admin/builder/spi-builder-workspace/.derivedData/SDKStatCaches.noindex/appletvos18.4-22L251-271d326055c85f9856fa135c41255102.sdkstatcache
CreateBuildDirectory /Users/admin/builder/spi-builder-workspace/.derivedData/Build/Intermediates.noindex
cd /Users/admin/builder/spi-builder-workspace/.swiftpm/xcode
builtin-create-build-directory /Users/admin/builder/spi-builder-workspace/.derivedData/Build/Intermediates.noindex
CreateBuildDirectory /Users/admin/builder/spi-builder-workspace/.derivedData/Build/Products
cd /Users/admin/builder/spi-builder-workspace/.swiftpm/xcode
builtin-create-build-directory /Users/admin/builder/spi-builder-workspace/.derivedData/Build/Products
CreateBuildDirectory /Users/admin/builder/spi-builder-workspace/.derivedData/Build/Intermediates.noindex/EagerLinkingTBDs/Debug-appletvos
cd /Users/admin/builder/spi-builder-workspace/.swiftpm/xcode
builtin-create-build-directory /Users/admin/builder/spi-builder-workspace/.derivedData/Build/Intermediates.noindex/EagerLinkingTBDs/Debug-appletvos
CreateBuildDirectory /Users/admin/builder/spi-builder-workspace/.derivedData/Build/Products/Debug-appletvos
cd /Users/admin/builder/spi-builder-workspace/.swiftpm/xcode
builtin-create-build-directory /Users/admin/builder/spi-builder-workspace/.derivedData/Build/Products/Debug-appletvos
CreateBuildDirectory /Users/admin/builder/spi-builder-workspace/.derivedData/Build/Products/Debug-appletvos/PackageFrameworks
cd /Users/admin/builder/spi-builder-workspace/.swiftpm/xcode
builtin-create-build-directory /Users/admin/builder/spi-builder-workspace/.derivedData/Build/Products/Debug-appletvos/PackageFrameworks
WriteAuxiliaryFile /Users/admin/builder/spi-builder-workspace/.derivedData/Build/Intermediates.noindex/Riffle.build/Debug-appletvos/Riffle.build/Riffle.DependencyMetadataFileList (in target 'Riffle' from project 'Riffle')
cd /Users/admin/builder/spi-builder-workspace
write-file /Users/admin/builder/spi-builder-workspace/.derivedData/Build/Intermediates.noindex/Riffle.build/Debug-appletvos/Riffle.build/Riffle.DependencyMetadataFileList
WriteAuxiliaryFile /Users/admin/builder/spi-builder-workspace/.derivedData/Build/Intermediates.noindex/Riffle.build/Debug-appletvos/Riffle.build/Riffle.modulemap (in target 'Riffle' from project 'Riffle')
cd /Users/admin/builder/spi-builder-workspace
write-file /Users/admin/builder/spi-builder-workspace/.derivedData/Build/Intermediates.noindex/Riffle.build/Debug-appletvos/Riffle.build/Riffle.modulemap
WriteAuxiliaryFile /Users/admin/builder/spi-builder-workspace/.derivedData/Build/Intermediates.noindex/Riffle.build/Debug-appletvos/Riffle.build/Riffle.DependencyStaticMetadataFileList (in target 'Riffle' from project 'Riffle')
cd /Users/admin/builder/spi-builder-workspace
write-file /Users/admin/builder/spi-builder-workspace/.derivedData/Build/Intermediates.noindex/Riffle.build/Debug-appletvos/Riffle.build/Riffle.DependencyStaticMetadataFileList
WriteAuxiliaryFile /Users/admin/builder/spi-builder-workspace/.derivedData/Build/Intermediates.noindex/Riffle.build/Debug-appletvos/Riffle.build/Objects-normal/arm64/Riffle_const_extract_protocols.json (in target 'Riffle' from project 'Riffle')
cd /Users/admin/builder/spi-builder-workspace
write-file /Users/admin/builder/spi-builder-workspace/.derivedData/Build/Intermediates.noindex/Riffle.build/Debug-appletvos/Riffle.build/Objects-normal/arm64/Riffle_const_extract_protocols.json
WriteAuxiliaryFile /Users/admin/builder/spi-builder-workspace/.derivedData/Build/Intermediates.noindex/Riffle.build/Debug-appletvos/Riffle.build/Objects-normal/arm64/Riffle.LinkFileList (in target 'Riffle' from project 'Riffle')
cd /Users/admin/builder/spi-builder-workspace
write-file /Users/admin/builder/spi-builder-workspace/.derivedData/Build/Intermediates.noindex/Riffle.build/Debug-appletvos/Riffle.build/Objects-normal/arm64/Riffle.LinkFileList
WriteAuxiliaryFile /Users/admin/builder/spi-builder-workspace/.derivedData/Build/Intermediates.noindex/Riffle.build/Debug-appletvos/Riffle.build/Objects-normal/arm64/Riffle.SwiftConstValuesFileList (in target 'Riffle' from project 'Riffle')
cd /Users/admin/builder/spi-builder-workspace
write-file /Users/admin/builder/spi-builder-workspace/.derivedData/Build/Intermediates.noindex/Riffle.build/Debug-appletvos/Riffle.build/Objects-normal/arm64/Riffle.SwiftConstValuesFileList
WriteAuxiliaryFile /Users/admin/builder/spi-builder-workspace/.derivedData/Build/Intermediates.noindex/Riffle.build/Debug-appletvos/Riffle.build/Objects-normal/arm64/Riffle.SwiftFileList (in target 'Riffle' from project 'Riffle')
cd /Users/admin/builder/spi-builder-workspace
write-file /Users/admin/builder/spi-builder-workspace/.derivedData/Build/Intermediates.noindex/Riffle.build/Debug-appletvos/Riffle.build/Objects-normal/arm64/Riffle.SwiftFileList
WriteAuxiliaryFile /Users/admin/builder/spi-builder-workspace/.derivedData/Build/Intermediates.noindex/Riffle.build/Debug-appletvos/Riffle.build/Objects-normal/arm64/Riffle-OutputFileMap.json (in target 'Riffle' from project 'Riffle')
cd /Users/admin/builder/spi-builder-workspace
write-file /Users/admin/builder/spi-builder-workspace/.derivedData/Build/Intermediates.noindex/Riffle.build/Debug-appletvos/Riffle.build/Objects-normal/arm64/Riffle-OutputFileMap.json
Copy /Users/admin/builder/spi-builder-workspace/.derivedData/Build/Intermediates.noindex/GeneratedModuleMaps-appletvos/Riffle.modulemap /Users/admin/builder/spi-builder-workspace/.derivedData/Build/Intermediates.noindex/Riffle.build/Debug-appletvos/Riffle.build/Riffle.modulemap (in target 'Riffle' from project 'Riffle')
cd /Users/admin/builder/spi-builder-workspace
builtin-copy -exclude .DS_Store -exclude CVS -exclude .svn -exclude .git -exclude .hg -resolve-src-symlinks /Users/admin/builder/spi-builder-workspace/.derivedData/Build/Intermediates.noindex/Riffle.build/Debug-appletvos/Riffle.build/Riffle.modulemap /Users/admin/builder/spi-builder-workspace/.derivedData/Build/Intermediates.noindex/GeneratedModuleMaps-appletvos
SwiftDriver Riffle normal arm64 com.apple.xcode.tools.swift.compiler (in target 'Riffle' from project 'Riffle')
cd /Users/admin/builder/spi-builder-workspace/.swiftpm/xcode
builtin-SwiftDriver -- /Applications/Xcode-16.3.0.app/Contents/Developer/Toolchains/XcodeDefault.xctoolchain/usr/bin/swiftc -module-name Riffle -Onone -enforce-exclusivity\=checked @/Users/admin/builder/spi-builder-workspace/.derivedData/Build/Intermediates.noindex/Riffle.build/Debug-appletvos/Riffle.build/Objects-normal/arm64/Riffle.SwiftFileList -DSWIFT_PACKAGE -DDEBUG -stats-output-dir .stats -plugin-path /Applications/Xcode-16.3.0.app/Contents/Developer/Toolchains/XcodeDefault.xctoolchain/usr/lib/swift/host/plugins/testing -enable-experimental-feature DebugDescriptionMacro -sdk /Applications/Xcode-16.3.0.app/Contents/Developer/Platforms/AppleTVOS.platform/Developer/SDKs/AppleTVOS18.4.sdk -target arm64-apple-tvos17.0 -g -module-cache-path /Users/admin/builder/spi-builder-workspace/.derivedData/ModuleCache.noindex -Xfrontend -serialize-debugging-options -profile-coverage-mapping -profile-generate -enable-testing -index-store-path /Users/admin/builder/spi-builder-workspace/.derivedData/Index.noindex/DataStore -swift-version 6 -I /Users/admin/builder/spi-builder-workspace/.derivedData/Build/Products/Debug-appletvos -I /Applications/Xcode-16.3.0.app/Contents/Developer/Platforms/AppleTVOS.platform/Developer/usr/lib -F /Users/admin/builder/spi-builder-workspace/.derivedData/Build/Products/Debug-appletvos -F /Applications/Xcode-16.3.0.app/Contents/Developer/Platforms/AppleTVOS.platform/Developer/Library/Frameworks -F /Applications/Xcode-16.3.0.app/Contents/Developer/Platforms/AppleTVOS.platform/Developer/SDKs/AppleTVOS18.4.sdk/Developer/Library/Frameworks -c -j10 -enable-batch-mode -incremental -Xcc -ivfsstatcache -Xcc /Users/admin/builder/spi-builder-workspace/.derivedData/SDKStatCaches.noindex/appletvos18.4-22L251-271d326055c85f9856fa135c41255102.sdkstatcache -output-file-map /Users/admin/builder/spi-builder-workspace/.derivedData/Build/Intermediates.noindex/Riffle.build/Debug-appletvos/Riffle.build/Objects-normal/arm64/Riffle-OutputFileMap.json -use-frontend-parseable-output -save-temps -no-color-diagnostics -serialize-diagnostics -emit-dependencies -emit-module -emit-module-path /Users/admin/builder/spi-builder-workspace/.derivedData/Build/Intermediates.noindex/Riffle.build/Debug-appletvos/Riffle.build/Objects-normal/arm64/Riffle.swiftmodule -validate-clang-modules-once -clang-build-session-file /Users/admin/builder/spi-builder-workspace/.derivedData/ModuleCache.noindex/Session.modulevalidation -package-name spi_builder_workspace -Xcc -I/Users/admin/builder/spi-builder-workspace/.derivedData/Build/Intermediates.noindex/Riffle.build/Debug-appletvos/Riffle.build/swift-overrides.hmap -emit-const-values -Xfrontend -const-gather-protocols-file -Xfrontend /Users/admin/builder/spi-builder-workspace/.derivedData/Build/Intermediates.noindex/Riffle.build/Debug-appletvos/Riffle.build/Objects-normal/arm64/Riffle_const_extract_protocols.json -Xcc -I/Users/admin/builder/spi-builder-workspace/.derivedData/Build/Products/Debug-appletvos/include -Xcc -I/Users/admin/builder/spi-builder-workspace/.derivedData/Build/Intermediates.noindex/Riffle.build/Debug-appletvos/Riffle.build/DerivedSources-normal/arm64 -Xcc -I/Users/admin/builder/spi-builder-workspace/.derivedData/Build/Intermediates.noindex/Riffle.build/Debug-appletvos/Riffle.build/DerivedSources/arm64 -Xcc -I/Users/admin/builder/spi-builder-workspace/.derivedData/Build/Intermediates.noindex/Riffle.build/Debug-appletvos/Riffle.build/DerivedSources -Xcc -DSWIFT_PACKAGE -Xcc -DDEBUG\=1 -emit-objc-header -emit-objc-header-path /Users/admin/builder/spi-builder-workspace/.derivedData/Build/Intermediates.noindex/Riffle.build/Debug-appletvos/Riffle.build/Objects-normal/arm64/Riffle-Swift.h -working-directory /Users/admin/builder/spi-builder-workspace/.swiftpm/xcode -experimental-emit-module-separately -disable-cmo
SwiftCompile normal arm64 Compiling\ RiffleBuilder.swift,\ Environment+Riffle.swift /Users/admin/builder/spi-builder-workspace/Sources/Riffle/Builder/RiffleBuilder.swift /Users/admin/builder/spi-builder-workspace/Sources/Riffle/Configuration/Environment+Riffle.swift (in target 'Riffle' from project 'Riffle')
SwiftCompile normal arm64 /Users/admin/builder/spi-builder-workspace/Sources/Riffle/Builder/RiffleBuilder.swift (in target 'Riffle' from project 'Riffle')
cd /Users/admin/builder/spi-builder-workspace/.swiftpm/xcode
SwiftCompile normal arm64 /Users/admin/builder/spi-builder-workspace/Sources/Riffle/Configuration/Environment+Riffle.swift (in target 'Riffle' from project 'Riffle')
cd /Users/admin/builder/spi-builder-workspace/.swiftpm/xcode
SwiftCompile normal arm64 Compiling\ BuiltInTransitions.swift,\ RiffleTransition.swift /Users/admin/builder/spi-builder-workspace/Sources/Riffle/Transitions/BuiltInTransitions.swift /Users/admin/builder/spi-builder-workspace/Sources/Riffle/Transitions/RiffleTransition.swift (in target 'Riffle' from project 'Riffle')
SwiftCompile normal arm64 /Users/admin/builder/spi-builder-workspace/Sources/Riffle/Transitions/BuiltInTransitions.swift (in target 'Riffle' from project 'Riffle')
cd /Users/admin/builder/spi-builder-workspace/.swiftpm/xcode
SwiftCompile normal arm64 /Users/admin/builder/spi-builder-workspace/Sources/Riffle/Transitions/RiffleTransition.swift (in target 'Riffle' from project 'Riffle')
cd /Users/admin/builder/spi-builder-workspace/.swiftpm/xcode
SwiftCompile normal arm64 Compiling\ RiffleCardAccent.swift,\ RiffleCardAccessory.swift /Users/admin/builder/spi-builder-workspace/Sources/Riffle/Model/RiffleCardAccent.swift /Users/admin/builder/spi-builder-workspace/Sources/Riffle/Model/RiffleCardAccessory.swift (in target 'Riffle' from project 'Riffle')
SwiftCompile normal arm64 /Users/admin/builder/spi-builder-workspace/Sources/Riffle/Model/RiffleCardAccent.swift (in target 'Riffle' from project 'Riffle')
cd /Users/admin/builder/spi-builder-workspace/.swiftpm/xcode
SwiftCompile normal arm64 /Users/admin/builder/spi-builder-workspace/Sources/Riffle/Model/RiffleCardAccessory.swift (in target 'Riffle' from project 'Riffle')
cd /Users/admin/builder/spi-builder-workspace/.swiftpm/xcode
SwiftCompile normal arm64 Compiling\ RiffleConfiguration.swift,\ RiffleModifiers.swift /Users/admin/builder/spi-builder-workspace/Sources/Riffle/Configuration/RiffleConfiguration.swift /Users/admin/builder/spi-builder-workspace/Sources/Riffle/Configuration/RiffleModifiers.swift (in target 'Riffle' from project 'Riffle')
SwiftCompile normal arm64 /Users/admin/builder/spi-builder-workspace/Sources/Riffle/Configuration/RiffleConfiguration.swift (in target 'Riffle' from project 'Riffle')
cd /Users/admin/builder/spi-builder-workspace/.swiftpm/xcode
SwiftCompile normal arm64 /Users/admin/builder/spi-builder-workspace/Sources/Riffle/Configuration/RiffleModifiers.swift (in target 'Riffle' from project 'Riffle')
cd /Users/admin/builder/spi-builder-workspace/.swiftpm/xcode
SwiftCompile normal arm64 Compiling\ RifflePriority.swift,\ RiffleTextOverflow.swift /Users/admin/builder/spi-builder-workspace/Sources/Riffle/Model/RifflePriority.swift /Users/admin/builder/spi-builder-workspace/Sources/Riffle/Model/RiffleTextOverflow.swift (in target 'Riffle' from project 'Riffle')
SwiftCompile normal arm64 /Users/admin/builder/spi-builder-workspace/Sources/Riffle/Model/RifflePriority.swift (in target 'Riffle' from project 'Riffle')
cd /Users/admin/builder/spi-builder-workspace/.swiftpm/xcode
SwiftCompile normal arm64 /Users/admin/builder/spi-builder-workspace/Sources/Riffle/Model/RiffleTextOverflow.swift (in target 'Riffle' from project 'Riffle')
cd /Users/admin/builder/spi-builder-workspace/.swiftpm/xcode
SwiftCompile normal arm64 Compiling\ RiffleCardBackground.swift,\ RiffleItem.swift /Users/admin/builder/spi-builder-workspace/Sources/Riffle/Model/RiffleCardBackground.swift /Users/admin/builder/spi-builder-workspace/Sources/Riffle/Model/RiffleItem.swift (in target 'Riffle' from project 'Riffle')
SwiftCompile normal arm64 /Users/admin/builder/spi-builder-workspace/Sources/Riffle/Model/RiffleCardBackground.swift (in target 'Riffle' from project 'Riffle')
cd /Users/admin/builder/spi-builder-workspace/.swiftpm/xcode
SwiftCompile normal arm64 /Users/admin/builder/spi-builder-workspace/Sources/Riffle/Model/RiffleItem.swift (in target 'Riffle' from project 'Riffle')
cd /Users/admin/builder/spi-builder-workspace/.swiftpm/xcode
SwiftCompile normal arm64 Compiling\ RiffleCard.swift,\ RiffleIndicator.swift /Users/admin/builder/spi-builder-workspace/Sources/Riffle/Views/RiffleCard.swift /Users/admin/builder/spi-builder-workspace/Sources/Riffle/Views/RiffleIndicator.swift (in target 'Riffle' from project 'Riffle')
SwiftCompile normal arm64 /Users/admin/builder/spi-builder-workspace/Sources/Riffle/Views/RiffleCard.swift (in target 'Riffle' from project 'Riffle')
cd /Users/admin/builder/spi-builder-workspace/.swiftpm/xcode
SwiftCompile normal arm64 /Users/admin/builder/spi-builder-workspace/Sources/Riffle/Views/RiffleIndicator.swift (in target 'Riffle' from project 'Riffle')
cd /Users/admin/builder/spi-builder-workspace/.swiftpm/xcode
SwiftEmitModule normal arm64 Emitting\ module\ for\ Riffle (in target 'Riffle' from project 'Riffle')
Failed frontend command:
/Applications/Xcode-16.3.0.app/Contents/Developer/Toolchains/XcodeDefault.xctoolchain/usr/bin/swift-frontend -frontend -emit-module -experimental-skip-non-inlinable-function-bodies-without-types /Users/admin/builder/spi-builder-workspace/Sources/Riffle/Builder/RiffleBuilder.swift /Users/admin/builder/spi-builder-workspace/Sources/Riffle/Configuration/Environment+Riffle.swift /Users/admin/builder/spi-builder-workspace/Sources/Riffle/Configuration/RiffleConfiguration.swift /Users/admin/builder/spi-builder-workspace/Sources/Riffle/Configuration/RiffleModifiers.swift /Users/admin/builder/spi-builder-workspace/Sources/Riffle/Engine/RiffleCoordinator.swift /Users/admin/builder/spi-builder-workspace/Sources/Riffle/Model/RiffleAdvance.swift /Users/admin/builder/spi-builder-workspace/Sources/Riffle/Model/RiffleCardAccent.swift /Users/admin/builder/spi-builder-workspace/Sources/Riffle/Model/RiffleCardAccessory.swift /Users/admin/builder/spi-builder-workspace/Sources/Riffle/Model/RiffleCardBackground.swift /Users/admin/builder/spi-builder-workspace/Sources/Riffle/Model/RiffleItem.swift /Users/admin/builder/spi-builder-workspace/Sources/Riffle/Model/RifflePriority.swift /Users/admin/builder/spi-builder-workspace/Sources/Riffle/Model/RiffleTextOverflow.swift /Users/admin/builder/spi-builder-workspace/Sources/Riffle/Transitions/BuiltInTransitions.swift /Users/admin/builder/spi-builder-workspace/Sources/Riffle/Transitions/RiffleTransition.swift /Users/admin/builder/spi-builder-workspace/Sources/Riffle/Views/RiffleCard.swift /Users/admin/builder/spi-builder-workspace/Sources/Riffle/Views/RiffleIndicator.swift /Users/admin/builder/spi-builder-workspace/Sources/Riffle/Views/RiffleOverflowText.swift /Users/admin/builder/spi-builder-workspace/Sources/Riffle/Views/RiffleStack.swift /Users/admin/builder/spi-builder-workspace/Sources/Riffle/Views/RiffleStandardCard.swift -target arm64-apple-tvos17.0 -Xllvm -aarch64-use-tbi -enable-objc-interop -stack-check -sdk /Applications/Xcode-16.3.0.app/Contents/Developer/Platforms/AppleTVOS.platform/Developer/SDKs/AppleTVOS18.4.sdk -I /Users/admin/builder/spi-builder-workspace/.derivedData/Build/Products/Debug-appletvos -I /Applications/Xcode-16.3.0.app/Contents/Developer/Platforms/AppleTVOS.platform/Developer/usr/lib -F /Users/admin/builder/spi-builder-workspace/.derivedData/Build/Products/Debug-appletvos -F /Applications/Xcode-16.3.0.app/Contents/Developer/Platforms/AppleTVOS.platform/Developer/Library/Frameworks -F /Applications/Xcode-16.3.0.app/Contents/Developer/Platforms/AppleTVOS.platform/Developer/SDKs/AppleTVOS18.4.sdk/Developer/Library/Frameworks -no-color-diagnostics -enable-testing -g -debug-info-format\=dwarf -dwarf-version\=4 -module-cache-path /Users/admin/builder/spi-builder-workspace/.derivedData/ModuleCache.noindex -profile-generate -profile-coverage-mapping -swift-version 6 -enforce-exclusivity\=checked -stats-output-dir /Users/admin/builder/spi-builder-workspace/.swiftpm/xcode/.stats -Onone -D SWIFT_PACKAGE -D DEBUG -serialize-debugging-options -const-gather-protocols-file /Users/admin/builder/spi-builder-workspace/.derivedData/Build/Intermediates.noindex/Riffle.build/Debug-appletvos/Riffle.build/Objects-normal/arm64/Riffle_const_extract_protocols.json -enable-experimental-feature DebugDescriptionMacro -empty-abi-descriptor -plugin-path /Applications/Xcode-16.3.0.app/Contents/Developer/Toolchains/XcodeDefault.xctoolchain/usr/lib/swift/host/plugins/testing -validate-clang-modules-once -clang-build-session-file /Users/admin/builder/spi-builder-workspace/.derivedData/ModuleCache.noindex/Session.modulevalidation -Xcc -working-directory -Xcc /Users/admin/builder/spi-builder-workspace/.swiftpm/xcode -resource-dir /Applications/Xcode-16.3.0.app/Contents/Developer/Toolchains/XcodeDefault.xctoolchain/usr/lib/swift -enable-anonymous-context-mangled-names -file-compilation-dir /Users/admin/builder/spi-builder-workspace/.swiftpm/xcode -Xcc -ivfsstatcache -Xcc /Users/admin/builder/spi-builder-workspace/.derivedData/SDKStatCaches.noindex/appletvos18.4-22L251-271d326055c85f9856fa135c41255102.sdkstatcache -Xcc -I/Users/admin/builder/spi-builder-workspace/.derivedData/Build/Intermediates.noindex/Riffle.build/Debug-appletvos/Riffle.build/swift-overrides.hmap -Xcc -I/Users/admin/builder/spi-builder-workspace/.derivedData/Build/Products/Debug-appletvos/include -Xcc -I/Users/admin/builder/spi-builder-workspace/.derivedData/Build/Intermediates.noindex/Riffle.build/Debug-appletvos/Riffle.build/DerivedSources-normal/arm64 -Xcc -I/Users/admin/builder/spi-builder-workspace/.derivedData/Build/Intermediates.noindex/Riffle.build/Debug-appletvos/Riffle.build/DerivedSources/arm64 -Xcc -I/Users/admin/builder/spi-builder-workspace/.derivedData/Build/Intermediates.noindex/Riffle.build/Debug-appletvos/Riffle.build/DerivedSources -Xcc -DSWIFT_PACKAGE -Xcc -DDEBUG\=1 -module-name Riffle -package-name spi_builder_workspace -frontend-parseable-output -disable-clang-spi -target-sdk-version 18.4 -target-sdk-name appletvos18.4 -external-plugin-path /Applications/Xcode-16.3.0.app/Contents/Developer/Platforms/AppleTVOS.platform/Developer/usr/lib/swift/host/plugins\#/Applications/Xcode-16.3.0.app/Contents/Developer/Platforms/AppleTVOS.platform/Developer/usr/bin/swift-plugin-server -external-plugin-path /Applications/Xcode-16.3.0.app/Contents/Developer/Platforms/AppleTVOS.platform/Developer/usr/local/lib/swift/host/plugins\#/Applications/Xcode-16.3.0.app/Contents/Developer/Platforms/AppleTVOS.platform/Developer/usr/bin/swift-plugin-server -in-process-plugin-server-path /Applications/Xcode-16.3.0.app/Contents/Developer/Toolchains/XcodeDefault.xctoolchain/usr/lib/swift/host/libSwiftInProcPluginServer.dylib -plugin-path /Applications/Xcode-16.3.0.app/Contents/Developer/Toolchains/XcodeDefault.xctoolchain/usr/lib/swift/host/plugins -plugin-path /Applications/Xcode-16.3.0.app/Contents/Developer/Toolchains/XcodeDefault.xctoolchain/usr/local/lib/swift/host/plugins -emit-module-doc-path /Users/admin/builder/spi-builder-workspace/.derivedData/Build/Intermediates.noindex/Riffle.build/Debug-appletvos/Riffle.build/Objects-normal/arm64/Riffle.swiftdoc -emit-module-source-info-path /Users/admin/builder/spi-builder-workspace/.derivedData/Build/Intermediates.noindex/Riffle.build/Debug-appletvos/Riffle.build/Objects-normal/arm64/Riffle.swiftsourceinfo -emit-objc-header-path /Users/admin/builder/spi-builder-workspace/.derivedData/Build/Intermediates.noindex/Riffle.build/Debug-appletvos/Riffle.build/Objects-normal/arm64/Riffle-Swift.h -serialize-diagnostics-path /Users/admin/builder/spi-builder-workspace/.derivedData/Build/Intermediates.noindex/Riffle.build/Debug-appletvos/Riffle.build/Objects-normal/arm64/Riffle-master-emit-module.dia -emit-dependencies-path /Users/admin/builder/spi-builder-workspace/.derivedData/Build/Intermediates.noindex/Riffle.build/Debug-appletvos/Riffle.build/Objects-normal/arm64/Riffle-master-emit-module.d -o /Users/admin/builder/spi-builder-workspace/.derivedData/Build/Intermediates.noindex/Riffle.build/Debug-appletvos/Riffle.build/Objects-normal/arm64/Riffle.swiftmodule -emit-abi-descriptor-path /Users/admin/builder/spi-builder-workspace/.derivedData/Build/Intermediates.noindex/Riffle.build/Debug-appletvos/Riffle.build/Objects-normal/arm64/Riffle.abi.json
EmitSwiftModule normal arm64 (in target 'Riffle' from project 'Riffle')
cd /Users/admin/builder/spi-builder-workspace/.swiftpm/xcode
/Users/admin/builder/spi-builder-workspace/Sources/Riffle/Views/RiffleStack.swift:375:33: error: 'DragGesture' is unavailable in tvOS
private func endDrag(value: DragGesture.Value, page: CGFloat) {
^~~~~~~~~~~
SwiftUI.DragGesture:3:42: note: 'DragGesture' has been explicitly marked unavailable here
@MainActor @preconcurrency public struct DragGesture : Gesture {
^
SwiftCompile normal arm64 Compiling\ RiffleStandardCard.swift /Users/admin/builder/spi-builder-workspace/Sources/Riffle/Views/RiffleStandardCard.swift (in target 'Riffle' from project 'Riffle')
SwiftCompile normal arm64 /Users/admin/builder/spi-builder-workspace/Sources/Riffle/Views/RiffleStandardCard.swift (in target 'Riffle' from project 'Riffle')
cd /Users/admin/builder/spi-builder-workspace/.swiftpm/xcode
SwiftCompile normal arm64 Compiling\ RiffleOverflowText.swift,\ RiffleStack.swift /Users/admin/builder/spi-builder-workspace/Sources/Riffle/Views/RiffleOverflowText.swift /Users/admin/builder/spi-builder-workspace/Sources/Riffle/Views/RiffleStack.swift (in target 'Riffle' from project 'Riffle')
SwiftCompile normal arm64 /Users/admin/builder/spi-builder-workspace/Sources/Riffle/Views/RiffleOverflowText.swift (in target 'Riffle' from project 'Riffle')
cd /Users/admin/builder/spi-builder-workspace/.swiftpm/xcode
SwiftCompile normal arm64 /Users/admin/builder/spi-builder-workspace/Sources/Riffle/Views/RiffleStack.swift (in target 'Riffle' from project 'Riffle')
cd /Users/admin/builder/spi-builder-workspace/.swiftpm/xcode
SwiftCompile normal arm64 Compiling\ RiffleCoordinator.swift,\ RiffleAdvance.swift /Users/admin/builder/spi-builder-workspace/Sources/Riffle/Engine/RiffleCoordinator.swift /Users/admin/builder/spi-builder-workspace/Sources/Riffle/Model/RiffleAdvance.swift (in target 'Riffle' from project 'Riffle')
Command SwiftCompile failed with a nonzero exit code
** BUILD FAILED **
The following build commands failed:
SwiftEmitModule normal arm64 Emitting\ module\ for\ Riffle (in target 'Riffle' from project 'Riffle')
EmitSwiftModule normal arm64 (in target 'Riffle' from project 'Riffle')
SwiftCompile normal arm64 Compiling\ RiffleCoordinator.swift,\ RiffleAdvance.swift /Users/admin/builder/spi-builder-workspace/Sources/Riffle/Engine/RiffleCoordinator.swift /Users/admin/builder/spi-builder-workspace/Sources/Riffle/Model/RiffleAdvance.swift (in target 'Riffle' from project 'Riffle')
Building workspace spi-builder-workspace with scheme Riffle
(4 failures)
Command line invocation:
/Applications/Xcode-16.3.0.app/Contents/Developer/usr/bin/xcodebuild -IDEClonedSourcePackagesDirPathOverride=/Users/admin/builder/spi-builder-workspace/.dependencies -resolvePackageDependencies
Resolve Package Graph
Resolved source packages:
Riffle: /Users/admin/builder/spi-builder-workspace
resolved source packages: Riffle
{
"dependencies" : [
],
"manifest_display_name" : "Riffle",
"name" : "Riffle",
"path" : "/Users/admin/builder/spi-builder-workspace",
"platforms" : [
{
"name" : "ios",
"version" : "17.0"
},
{
"name" : "macos",
"version" : "14.0"
},
{
"name" : "tvos",
"version" : "17.0"
},
{
"name" : "watchos",
"version" : "10.0"
},
{
"name" : "visionos",
"version" : "1.0"
}
],
"products" : [
{
"name" : "Riffle",
"targets" : [
"Riffle"
],
"type" : {
"library" : [
"automatic"
]
}
}
],
"swift_languages_versions" : [
"6"
],
"targets" : [
{
"c99name" : "RiffleTests",
"module_type" : "SwiftTarget",
"name" : "RiffleTests",
"path" : "Tests/RiffleTests",
"sources" : [
"RiffleCoordinatorTests.swift",
"RiffleTextPaginatorTests.swift"
],
"target_dependencies" : [
"Riffle"
],
"type" : "test"
},
{
"c99name" : "Riffle",
"module_type" : "SwiftTarget",
"name" : "Riffle",
"path" : "Sources/Riffle",
"product_memberships" : [
"Riffle"
],
"sources" : [
"Builder/RiffleBuilder.swift",
"Configuration/Environment+Riffle.swift",
"Configuration/RiffleConfiguration.swift",
"Configuration/RiffleModifiers.swift",
"Engine/RiffleCoordinator.swift",
"Model/RiffleAdvance.swift",
"Model/RiffleCardAccent.swift",
"Model/RiffleCardAccessory.swift",
"Model/RiffleCardBackground.swift",
"Model/RiffleItem.swift",
"Model/RifflePriority.swift",
"Model/RiffleTextOverflow.swift",
"Transitions/BuiltInTransitions.swift",
"Transitions/RiffleTransition.swift",
"Views/RiffleCard.swift",
"Views/RiffleIndicator.swift",
"Views/RiffleOverflowText.swift",
"Views/RiffleStack.swift",
"Views/RiffleStandardCard.swift"
],
"type" : "library"
}
],
"tools_version" : "6.0"
}
{
"workspace" : {
"name" : "spi-builder-workspace",
"schemes" : [
"Riffle"
]
}
}
Running build ...
env DEVELOPER_DIR=/Applications/Xcode-16.3.0.app xcrun xcodebuild -IDEClonedSourcePackagesDirPathOverride=$PWD/.dependencies -skipMacroValidation -skipPackagePluginValidation -derivedDataPath $PWD/.derivedData build -scheme Riffle -destination generic/platform=tvOS
Command line invocation:
/Applications/Xcode-16.3.0.app/Contents/Developer/usr/bin/xcodebuild -IDEClonedSourcePackagesDirPathOverride=/Users/admin/builder/spi-builder-workspace/.dependencies -skipMacroValidation -skipPackagePluginValidation -derivedDataPath /Users/admin/builder/spi-builder-workspace/.derivedData build -scheme Riffle -destination generic/platform=tvOS
Resolve Package Graph
Resolved source packages:
Riffle: /Users/admin/builder/spi-builder-workspace
ComputePackagePrebuildTargetDependencyGraph
Prepare packages
CreateBuildRequest
SendProjectDescription
CreateBuildOperation
ComputeTargetDependencyGraph
note: Building targets in dependency order
note: Target dependency graph (2 targets)
Target 'Riffle' in project 'Riffle'
➜ Explicit dependency on target 'Riffle' in project 'Riffle'
Target 'Riffle' in project 'Riffle' (no dependencies)
GatherProvisioningInputs
CreateBuildDescription
ExecuteExternalTool /Applications/Xcode-16.3.0.app/Contents/Developer/Toolchains/XcodeDefault.xctoolchain/usr/bin/clang -v -E -dM -isysroot /Applications/Xcode-16.3.0.app/Contents/Developer/Platforms/AppleTVOS.platform/Developer/SDKs/AppleTVOS18.4.sdk -x c -c /dev/null
ExecuteExternalTool /Applications/Xcode-16.3.0.app/Contents/Developer/Toolchains/XcodeDefault.xctoolchain/usr/bin/swiftc --version
ExecuteExternalTool /Applications/Xcode-16.3.0.app/Contents/Developer/Toolchains/XcodeDefault.xctoolchain/usr/bin/ld -version_details
ReadFileContents /Applications/Xcode-16.3.0.app/Contents/Developer/Toolchains/XcodeDefault.xctoolchain/usr/share/docc/features.json
Build description signature: 317a23e45fc3a15305b38f12062d5585
Build description path: /Users/admin/builder/spi-builder-workspace/.derivedData/Build/Intermediates.noindex/XCBuildData/317a23e45fc3a15305b38f12062d5585.xcbuilddata
ClangStatCache /Applications/Xcode-16.3.0.app/Contents/Developer/Toolchains/XcodeDefault.xctoolchain/usr/bin/clang-stat-cache /Applications/Xcode-16.3.0.app/Contents/Developer/Platforms/AppleTVOS.platform/Developer/SDKs/AppleTVOS18.4.sdk /Users/admin/builder/spi-builder-workspace/.derivedData/SDKStatCaches.noindex/appletvos18.4-22L251-271d326055c85f9856fa135c41255102.sdkstatcache
cd /Users/admin/builder/spi-builder-workspace/.swiftpm/xcode
/Applications/Xcode-16.3.0.app/Contents/Developer/Toolchains/XcodeDefault.xctoolchain/usr/bin/clang-stat-cache /Applications/Xcode-16.3.0.app/Contents/Developer/Platforms/AppleTVOS.platform/Developer/SDKs/AppleTVOS18.4.sdk -o /Users/admin/builder/spi-builder-workspace/.derivedData/SDKStatCaches.noindex/appletvos18.4-22L251-271d326055c85f9856fa135c41255102.sdkstatcache
SwiftDriver Riffle normal arm64 com.apple.xcode.tools.swift.compiler (in target 'Riffle' from project 'Riffle')
cd /Users/admin/builder/spi-builder-workspace/.swiftpm/xcode
builtin-SwiftDriver -- /Applications/Xcode-16.3.0.app/Contents/Developer/Toolchains/XcodeDefault.xctoolchain/usr/bin/swiftc -module-name Riffle -Onone -enforce-exclusivity\=checked @/Users/admin/builder/spi-builder-workspace/.derivedData/Build/Intermediates.noindex/Riffle.build/Debug-appletvos/Riffle.build/Objects-normal/arm64/Riffle.SwiftFileList -DSWIFT_PACKAGE -DDEBUG -DXcode -plugin-path /Applications/Xcode-16.3.0.app/Contents/Developer/Toolchains/XcodeDefault.xctoolchain/usr/lib/swift/host/plugins/testing -enable-experimental-feature DebugDescriptionMacro -sdk /Applications/Xcode-16.3.0.app/Contents/Developer/Platforms/AppleTVOS.platform/Developer/SDKs/AppleTVOS18.4.sdk -target arm64-apple-tvos17.0 -g -module-cache-path /Users/admin/builder/spi-builder-workspace/.derivedData/ModuleCache.noindex -Xfrontend -serialize-debugging-options -profile-coverage-mapping -profile-generate -enable-testing -index-store-path /Users/admin/builder/spi-builder-workspace/.derivedData/Index.noindex/DataStore -swift-version 6 -I /Users/admin/builder/spi-builder-workspace/.derivedData/Build/Products/Debug-appletvos -I /Applications/Xcode-16.3.0.app/Contents/Developer/Platforms/AppleTVOS.platform/Developer/usr/lib -F /Users/admin/builder/spi-builder-workspace/.derivedData/Build/Products/Debug-appletvos -F /Applications/Xcode-16.3.0.app/Contents/Developer/Platforms/AppleTVOS.platform/Developer/Library/Frameworks -F /Applications/Xcode-16.3.0.app/Contents/Developer/Platforms/AppleTVOS.platform/Developer/SDKs/AppleTVOS18.4.sdk/Developer/Library/Frameworks -c -j10 -enable-batch-mode -incremental -Xcc -ivfsstatcache -Xcc /Users/admin/builder/spi-builder-workspace/.derivedData/SDKStatCaches.noindex/appletvos18.4-22L251-271d326055c85f9856fa135c41255102.sdkstatcache -output-file-map /Users/admin/builder/spi-builder-workspace/.derivedData/Build/Intermediates.noindex/Riffle.build/Debug-appletvos/Riffle.build/Objects-normal/arm64/Riffle-OutputFileMap.json -use-frontend-parseable-output -save-temps -no-color-diagnostics -serialize-diagnostics -emit-dependencies -emit-module -emit-module-path /Users/admin/builder/spi-builder-workspace/.derivedData/Build/Intermediates.noindex/Riffle.build/Debug-appletvos/Riffle.build/Objects-normal/arm64/Riffle.swiftmodule -validate-clang-modules-once -clang-build-session-file /Users/admin/builder/spi-builder-workspace/.derivedData/ModuleCache.noindex/Session.modulevalidation -package-name spi_builder_workspace -Xcc -I/Users/admin/builder/spi-builder-workspace/.derivedData/Build/Intermediates.noindex/Riffle.build/Debug-appletvos/Riffle.build/swift-overrides.hmap -emit-const-values -Xfrontend -const-gather-protocols-file -Xfrontend /Users/admin/builder/spi-builder-workspace/.derivedData/Build/Intermediates.noindex/Riffle.build/Debug-appletvos/Riffle.build/Objects-normal/arm64/Riffle_const_extract_protocols.json -Xcc -I/Users/admin/builder/spi-builder-workspace/.derivedData/Build/Products/Debug-appletvos/include -Xcc -I/Users/admin/builder/spi-builder-workspace/.derivedData/Build/Intermediates.noindex/Riffle.build/Debug-appletvos/Riffle.build/DerivedSources-normal/arm64 -Xcc -I/Users/admin/builder/spi-builder-workspace/.derivedData/Build/Intermediates.noindex/Riffle.build/Debug-appletvos/Riffle.build/DerivedSources/arm64 -Xcc -I/Users/admin/builder/spi-builder-workspace/.derivedData/Build/Intermediates.noindex/Riffle.build/Debug-appletvos/Riffle.build/DerivedSources -Xcc -DSWIFT_PACKAGE -Xcc -DDEBUG\=1 -emit-objc-header -emit-objc-header-path /Users/admin/builder/spi-builder-workspace/.derivedData/Build/Intermediates.noindex/Riffle.build/Debug-appletvos/Riffle.build/Objects-normal/arm64/Riffle-Swift.h -working-directory /Users/admin/builder/spi-builder-workspace/.swiftpm/xcode -experimental-emit-module-separately -disable-cmo
SwiftCompile normal arm64 Compiling\ RiffleConfiguration.swift,\ RiffleModifiers.swift /Users/admin/builder/spi-builder-workspace/Sources/Riffle/Configuration/RiffleConfiguration.swift /Users/admin/builder/spi-builder-workspace/Sources/Riffle/Configuration/RiffleModifiers.swift (in target 'Riffle' from project 'Riffle')
SwiftCompile normal arm64 /Users/admin/builder/spi-builder-workspace/Sources/Riffle/Configuration/RiffleConfiguration.swift (in target 'Riffle' from project 'Riffle')
cd /Users/admin/builder/spi-builder-workspace/.swiftpm/xcode
SwiftCompile normal arm64 /Users/admin/builder/spi-builder-workspace/Sources/Riffle/Configuration/RiffleModifiers.swift (in target 'Riffle' from project 'Riffle')
cd /Users/admin/builder/spi-builder-workspace/.swiftpm/xcode
SwiftCompile normal arm64 Compiling\ RiffleBuilder.swift,\ Environment+Riffle.swift /Users/admin/builder/spi-builder-workspace/Sources/Riffle/Builder/RiffleBuilder.swift /Users/admin/builder/spi-builder-workspace/Sources/Riffle/Configuration/Environment+Riffle.swift (in target 'Riffle' from project 'Riffle')
SwiftCompile normal arm64 /Users/admin/builder/spi-builder-workspace/Sources/Riffle/Builder/RiffleBuilder.swift (in target 'Riffle' from project 'Riffle')
cd /Users/admin/builder/spi-builder-workspace/.swiftpm/xcode
SwiftCompile normal arm64 /Users/admin/builder/spi-builder-workspace/Sources/Riffle/Configuration/Environment+Riffle.swift (in target 'Riffle' from project 'Riffle')
cd /Users/admin/builder/spi-builder-workspace/.swiftpm/xcode
SwiftCompile normal arm64 Compiling\ RiffleCardAccent.swift,\ RiffleCardAccessory.swift /Users/admin/builder/spi-builder-workspace/Sources/Riffle/Model/RiffleCardAccent.swift /Users/admin/builder/spi-builder-workspace/Sources/Riffle/Model/RiffleCardAccessory.swift (in target 'Riffle' from project 'Riffle')
SwiftCompile normal arm64 /Users/admin/builder/spi-builder-workspace/Sources/Riffle/Model/RiffleCardAccent.swift (in target 'Riffle' from project 'Riffle')
cd /Users/admin/builder/spi-builder-workspace/.swiftpm/xcode
SwiftCompile normal arm64 /Users/admin/builder/spi-builder-workspace/Sources/Riffle/Model/RiffleCardAccessory.swift (in target 'Riffle' from project 'Riffle')
cd /Users/admin/builder/spi-builder-workspace/.swiftpm/xcode
SwiftCompile normal arm64 Compiling\ RiffleCoordinator.swift,\ RiffleAdvance.swift /Users/admin/builder/spi-builder-workspace/Sources/Riffle/Engine/RiffleCoordinator.swift /Users/admin/builder/spi-builder-workspace/Sources/Riffle/Model/RiffleAdvance.swift (in target 'Riffle' from project 'Riffle')
SwiftCompile normal arm64 /Users/admin/builder/spi-builder-workspace/Sources/Riffle/Engine/RiffleCoordinator.swift (in target 'Riffle' from project 'Riffle')
cd /Users/admin/builder/spi-builder-workspace/.swiftpm/xcode
SwiftCompile normal arm64 /Users/admin/builder/spi-builder-workspace/Sources/Riffle/Model/RiffleAdvance.swift (in target 'Riffle' from project 'Riffle')
cd /Users/admin/builder/spi-builder-workspace/.swiftpm/xcode
SwiftCompile normal arm64 Compiling\ RiffleCardBackground.swift,\ RiffleItem.swift /Users/admin/builder/spi-builder-workspace/Sources/Riffle/Model/RiffleCardBackground.swift /Users/admin/builder/spi-builder-workspace/Sources/Riffle/Model/RiffleItem.swift (in target 'Riffle' from project 'Riffle')
SwiftCompile normal arm64 /Users/admin/builder/spi-builder-workspace/Sources/Riffle/Model/RiffleCardBackground.swift (in target 'Riffle' from project 'Riffle')
cd /Users/admin/builder/spi-builder-workspace/.swiftpm/xcode
SwiftCompile normal arm64 /Users/admin/builder/spi-builder-workspace/Sources/Riffle/Model/RiffleItem.swift (in target 'Riffle' from project 'Riffle')
cd /Users/admin/builder/spi-builder-workspace/.swiftpm/xcode
SwiftCompile normal arm64 Compiling\ RifflePriority.swift,\ RiffleTextOverflow.swift /Users/admin/builder/spi-builder-workspace/Sources/Riffle/Model/RifflePriority.swift /Users/admin/builder/spi-builder-workspace/Sources/Riffle/Model/RiffleTextOverflow.swift (in target 'Riffle' from project 'Riffle')
SwiftCompile normal arm64 /Users/admin/builder/spi-builder-workspace/Sources/Riffle/Model/RifflePriority.swift (in target 'Riffle' from project 'Riffle')
cd /Users/admin/builder/spi-builder-workspace/.swiftpm/xcode
SwiftCompile normal arm64 /Users/admin/builder/spi-builder-workspace/Sources/Riffle/Model/RiffleTextOverflow.swift (in target 'Riffle' from project 'Riffle')
cd /Users/admin/builder/spi-builder-workspace/.swiftpm/xcode
SwiftCompile normal arm64 Compiling\ RiffleOverflowText.swift,\ RiffleStack.swift /Users/admin/builder/spi-builder-workspace/Sources/Riffle/Views/RiffleOverflowText.swift /Users/admin/builder/spi-builder-workspace/Sources/Riffle/Views/RiffleStack.swift (in target 'Riffle' from project 'Riffle')
SwiftCompile normal arm64 /Users/admin/builder/spi-builder-workspace/Sources/Riffle/Views/RiffleOverflowText.swift (in target 'Riffle' from project 'Riffle')
cd /Users/admin/builder/spi-builder-workspace/.swiftpm/xcode
SwiftCompile normal arm64 /Users/admin/builder/spi-builder-workspace/Sources/Riffle/Views/RiffleStack.swift (in target 'Riffle' from project 'Riffle')
cd /Users/admin/builder/spi-builder-workspace/.swiftpm/xcode
SwiftCompile normal arm64 Compiling\ BuiltInTransitions.swift,\ RiffleTransition.swift /Users/admin/builder/spi-builder-workspace/Sources/Riffle/Transitions/BuiltInTransitions.swift /Users/admin/builder/spi-builder-workspace/Sources/Riffle/Transitions/RiffleTransition.swift (in target 'Riffle' from project 'Riffle')
SwiftCompile normal arm64 /Users/admin/builder/spi-builder-workspace/Sources/Riffle/Transitions/BuiltInTransitions.swift (in target 'Riffle' from project 'Riffle')
cd /Users/admin/builder/spi-builder-workspace/.swiftpm/xcode
SwiftCompile normal arm64 /Users/admin/builder/spi-builder-workspace/Sources/Riffle/Transitions/RiffleTransition.swift (in target 'Riffle' from project 'Riffle')
cd /Users/admin/builder/spi-builder-workspace/.swiftpm/xcode
SwiftCompile normal arm64 Compiling\ RiffleCard.swift,\ RiffleIndicator.swift /Users/admin/builder/spi-builder-workspace/Sources/Riffle/Views/RiffleCard.swift /Users/admin/builder/spi-builder-workspace/Sources/Riffle/Views/RiffleIndicator.swift (in target 'Riffle' from project 'Riffle')
SwiftCompile normal arm64 /Users/admin/builder/spi-builder-workspace/Sources/Riffle/Views/RiffleCard.swift (in target 'Riffle' from project 'Riffle')
cd /Users/admin/builder/spi-builder-workspace/.swiftpm/xcode
SwiftCompile normal arm64 /Users/admin/builder/spi-builder-workspace/Sources/Riffle/Views/RiffleIndicator.swift (in target 'Riffle' from project 'Riffle')
cd /Users/admin/builder/spi-builder-workspace/.swiftpm/xcode
SwiftEmitModule normal arm64 Emitting\ module\ for\ Riffle (in target 'Riffle' from project 'Riffle')
Failed frontend command:
/Applications/Xcode-16.3.0.app/Contents/Developer/Toolchains/XcodeDefault.xctoolchain/usr/bin/swift-frontend -frontend -emit-module -experimental-skip-non-inlinable-function-bodies-without-types /Users/admin/builder/spi-builder-workspace/Sources/Riffle/Builder/RiffleBuilder.swift /Users/admin/builder/spi-builder-workspace/Sources/Riffle/Configuration/Environment+Riffle.swift /Users/admin/builder/spi-builder-workspace/Sources/Riffle/Configuration/RiffleConfiguration.swift /Users/admin/builder/spi-builder-workspace/Sources/Riffle/Configuration/RiffleModifiers.swift /Users/admin/builder/spi-builder-workspace/Sources/Riffle/Engine/RiffleCoordinator.swift /Users/admin/builder/spi-builder-workspace/Sources/Riffle/Model/RiffleAdvance.swift /Users/admin/builder/spi-builder-workspace/Sources/Riffle/Model/RiffleCardAccent.swift /Users/admin/builder/spi-builder-workspace/Sources/Riffle/Model/RiffleCardAccessory.swift /Users/admin/builder/spi-builder-workspace/Sources/Riffle/Model/RiffleCardBackground.swift /Users/admin/builder/spi-builder-workspace/Sources/Riffle/Model/RiffleItem.swift /Users/admin/builder/spi-builder-workspace/Sources/Riffle/Model/RifflePriority.swift /Users/admin/builder/spi-builder-workspace/Sources/Riffle/Model/RiffleTextOverflow.swift /Users/admin/builder/spi-builder-workspace/Sources/Riffle/Transitions/BuiltInTransitions.swift /Users/admin/builder/spi-builder-workspace/Sources/Riffle/Transitions/RiffleTransition.swift /Users/admin/builder/spi-builder-workspace/Sources/Riffle/Views/RiffleCard.swift /Users/admin/builder/spi-builder-workspace/Sources/Riffle/Views/RiffleIndicator.swift /Users/admin/builder/spi-builder-workspace/Sources/Riffle/Views/RiffleOverflowText.swift /Users/admin/builder/spi-builder-workspace/Sources/Riffle/Views/RiffleStack.swift /Users/admin/builder/spi-builder-workspace/Sources/Riffle/Views/RiffleStandardCard.swift -target arm64-apple-tvos17.0 -Xllvm -aarch64-use-tbi -enable-objc-interop -stack-check -sdk /Applications/Xcode-16.3.0.app/Contents/Developer/Platforms/AppleTVOS.platform/Developer/SDKs/AppleTVOS18.4.sdk -I /Users/admin/builder/spi-builder-workspace/.derivedData/Build/Products/Debug-appletvos -I /Applications/Xcode-16.3.0.app/Contents/Developer/Platforms/AppleTVOS.platform/Developer/usr/lib -F /Users/admin/builder/spi-builder-workspace/.derivedData/Build/Products/Debug-appletvos -F /Applications/Xcode-16.3.0.app/Contents/Developer/Platforms/AppleTVOS.platform/Developer/Library/Frameworks -F /Applications/Xcode-16.3.0.app/Contents/Developer/Platforms/AppleTVOS.platform/Developer/SDKs/AppleTVOS18.4.sdk/Developer/Library/Frameworks -no-color-diagnostics -enable-testing -g -debug-info-format\=dwarf -dwarf-version\=4 -module-cache-path /Users/admin/builder/spi-builder-workspace/.derivedData/ModuleCache.noindex -profile-generate -profile-coverage-mapping -swift-version 6 -enforce-exclusivity\=checked -Onone -D SWIFT_PACKAGE -D DEBUG -D Xcode -serialize-debugging-options -const-gather-protocols-file /Users/admin/builder/spi-builder-workspace/.derivedData/Build/Intermediates.noindex/Riffle.build/Debug-appletvos/Riffle.build/Objects-normal/arm64/Riffle_const_extract_protocols.json -enable-experimental-feature DebugDescriptionMacro -empty-abi-descriptor -plugin-path /Applications/Xcode-16.3.0.app/Contents/Developer/Toolchains/XcodeDefault.xctoolchain/usr/lib/swift/host/plugins/testing -validate-clang-modules-once -clang-build-session-file /Users/admin/builder/spi-builder-workspace/.derivedData/ModuleCache.noindex/Session.modulevalidation -Xcc -working-directory -Xcc /Users/admin/builder/spi-builder-workspace/.swiftpm/xcode -resource-dir /Applications/Xcode-16.3.0.app/Contents/Developer/Toolchains/XcodeDefault.xctoolchain/usr/lib/swift -enable-anonymous-context-mangled-names -file-compilation-dir /Users/admin/builder/spi-builder-workspace/.swiftpm/xcode -Xcc -ivfsstatcache -Xcc /Users/admin/builder/spi-builder-workspace/.derivedData/SDKStatCaches.noindex/appletvos18.4-22L251-271d326055c85f9856fa135c41255102.sdkstatcache -Xcc -I/Users/admin/builder/spi-builder-workspace/.derivedData/Build/Intermediates.noindex/Riffle.build/Debug-appletvos/Riffle.build/swift-overrides.hmap -Xcc -I/Users/admin/builder/spi-builder-workspace/.derivedData/Build/Products/Debug-appletvos/include -Xcc -I/Users/admin/builder/spi-builder-workspace/.derivedData/Build/Intermediates.noindex/Riffle.build/Debug-appletvos/Riffle.build/DerivedSources-normal/arm64 -Xcc -I/Users/admin/builder/spi-builder-workspace/.derivedData/Build/Intermediates.noindex/Riffle.build/Debug-appletvos/Riffle.build/DerivedSources/arm64 -Xcc -I/Users/admin/builder/spi-builder-workspace/.derivedData/Build/Intermediates.noindex/Riffle.build/Debug-appletvos/Riffle.build/DerivedSources -Xcc -DSWIFT_PACKAGE -Xcc -DDEBUG\=1 -module-name Riffle -package-name spi_builder_workspace -frontend-parseable-output -disable-clang-spi -target-sdk-version 18.4 -target-sdk-name appletvos18.4 -external-plugin-path /Applications/Xcode-16.3.0.app/Contents/Developer/Platforms/AppleTVOS.platform/Developer/usr/lib/swift/host/plugins\#/Applications/Xcode-16.3.0.app/Contents/Developer/Platforms/AppleTVOS.platform/Developer/usr/bin/swift-plugin-server -external-plugin-path /Applications/Xcode-16.3.0.app/Contents/Developer/Platforms/AppleTVOS.platform/Developer/usr/local/lib/swift/host/plugins\#/Applications/Xcode-16.3.0.app/Contents/Developer/Platforms/AppleTVOS.platform/Developer/usr/bin/swift-plugin-server -in-process-plugin-server-path /Applications/Xcode-16.3.0.app/Contents/Developer/Toolchains/XcodeDefault.xctoolchain/usr/lib/swift/host/libSwiftInProcPluginServer.dylib -plugin-path /Applications/Xcode-16.3.0.app/Contents/Developer/Toolchains/XcodeDefault.xctoolchain/usr/lib/swift/host/plugins -plugin-path /Applications/Xcode-16.3.0.app/Contents/Developer/Toolchains/XcodeDefault.xctoolchain/usr/local/lib/swift/host/plugins -emit-module-doc-path /Users/admin/builder/spi-builder-workspace/.derivedData/Build/Intermediates.noindex/Riffle.build/Debug-appletvos/Riffle.build/Objects-normal/arm64/Riffle.swiftdoc -emit-module-source-info-path /Users/admin/builder/spi-builder-workspace/.derivedData/Build/Intermediates.noindex/Riffle.build/Debug-appletvos/Riffle.build/Objects-normal/arm64/Riffle.swiftsourceinfo -emit-objc-header-path /Users/admin/builder/spi-builder-workspace/.derivedData/Build/Intermediates.noindex/Riffle.build/Debug-appletvos/Riffle.build/Objects-normal/arm64/Riffle-Swift.h -serialize-diagnostics-path /Users/admin/builder/spi-builder-workspace/.derivedData/Build/Intermediates.noindex/Riffle.build/Debug-appletvos/Riffle.build/Objects-normal/arm64/Riffle-master-emit-module.dia -emit-dependencies-path /Users/admin/builder/spi-builder-workspace/.derivedData/Build/Intermediates.noindex/Riffle.build/Debug-appletvos/Riffle.build/Objects-normal/arm64/Riffle-master-emit-module.d -o /Users/admin/builder/spi-builder-workspace/.derivedData/Build/Intermediates.noindex/Riffle.build/Debug-appletvos/Riffle.build/Objects-normal/arm64/Riffle.swiftmodule -emit-abi-descriptor-path /Users/admin/builder/spi-builder-workspace/.derivedData/Build/Intermediates.noindex/Riffle.build/Debug-appletvos/Riffle.build/Objects-normal/arm64/Riffle.abi.json
EmitSwiftModule normal arm64 (in target 'Riffle' from project 'Riffle')
cd /Users/admin/builder/spi-builder-workspace/.swiftpm/xcode
/Users/admin/builder/spi-builder-workspace/Sources/Riffle/Views/RiffleStack.swift:375:33: error: 'DragGesture' is unavailable in tvOS
private func endDrag(value: DragGesture.Value, page: CGFloat) {
^~~~~~~~~~~
SwiftUI.DragGesture:3:42: note: 'DragGesture' has been explicitly marked unavailable here
@MainActor @preconcurrency public struct DragGesture : Gesture {
^
SwiftCompile normal arm64 Compiling\ RiffleStandardCard.swift /Users/admin/builder/spi-builder-workspace/Sources/Riffle/Views/RiffleStandardCard.swift (in target 'Riffle' from project 'Riffle')
Command SwiftCompile failed with a nonzero exit code
** BUILD FAILED **
The following build commands failed:
SwiftEmitModule normal arm64 Emitting\ module\ for\ Riffle (in target 'Riffle' from project 'Riffle')
EmitSwiftModule normal arm64 (in target 'Riffle' from project 'Riffle')
SwiftCompile normal arm64 Compiling\ RiffleStandardCard.swift /Users/admin/builder/spi-builder-workspace/Sources/Riffle/Views/RiffleStandardCard.swift (in target 'Riffle' from project 'Riffle')
Building workspace spi-builder-workspace with scheme Riffle
(4 failures)
BUILD FAILURE 6.1 tvOS