The Swift Package Index logo.Swift Package Index

Build Information

Failed to build QsSwift, reference main (129ccb), with Swift 6.2 for Android on 9 Oct 2026 07:37:56 UTC.

Build Command

bash -c docker run --pull=always --rm -v "checkouts-54344847-1":/host -w "$PWD" -e JAVA_HOME="/root/.sdkman/candidates/java/current" -e SPI_BUILD="1" -e SPI_PROCESSING="1" registry.gitlab.com/saguaro1/spi-images:android-6.2-latest swift build --swift-sdk aarch64-unknown-linux-android28 2>&1

Build Log

========================================
RunAll
========================================
Builder version: 5.1.1
Interrupt handler set up.
========================================
Checkout
========================================
Clone URL: https://github.com/techouse/qs-swift.git
Reference: main
Initialized empty Git repository in /host/spi-builder-workspace/.git/
hint: Using 'master' as the name for the initial branch. This default branch name
hint: is subject to change. To configure the initial branch name to use in all
hint: of your new repositories, which will suppress this warning, call:
hint:
hint: 	git config --global init.defaultBranch <name>
hint:
hint: Names commonly chosen instead of 'master' are 'main', 'trunk' and
hint: 'development'. The just-created branch can be renamed via this command:
hint:
hint: 	git branch -m <name>
From https://github.com/techouse/qs-swift
 * branch            main       -> FETCH_HEAD
 * [new branch]      main       -> origin/main
HEAD is now at 129ccb8 chore: update package version to 1.5.0 in README files
Cloned https://github.com/techouse/qs-swift.git
Revision (git rev-parse @):
129ccb83e6d336141a4c3bad923a24b73f9704cd
SPI manifest file found: $PWD/.spi.yml
SUCCESS checkout https://github.com/techouse/qs-swift.git at main
========================================
Build
========================================
Selected platform:         android
Swift version:             6.2
Building package at path:  $PWD
https://github.com/techouse/qs-swift.git
Running build ...
bash -c docker run --pull=always --rm -v "checkouts-54344847-1":/host -w "$PWD" -e JAVA_HOME="/root/.sdkman/candidates/java/current" -e SPI_BUILD="1" -e SPI_PROCESSING="1" registry.gitlab.com/saguaro1/spi-images:android-6.2-latest swift build --swift-sdk aarch64-unknown-linux-android28 2>&1
android-6.2-latest: Pulling from saguaro1/spi-images
Digest: sha256:a839c9ce201f1dacc8eb056626ec7ab0a1c6d53d7b77c83feda395f4507c51be
Status: Image is up to date for registry.gitlab.com/saguaro1/spi-images:android-6.2-latest
Fetching https://github.com/swiftlang/swift-docc-plugin
Fetching https://github.com/apple/swift-algorithms.git
Fetching https://github.com/reers/ReerKit.git
Fetching https://github.com/apple/swift-collections.git
[1/2345] Fetching swift-docc-plugin
[25/7127] Fetching swift-docc-plugin, reerkit
[73/13291] Fetching swift-docc-plugin, reerkit, swift-algorithms
[13292/41982] Fetching swift-docc-plugin, reerkit, swift-algorithms, swift-collections
Fetched https://github.com/apple/swift-algorithms.git from cache (1.30s)
Fetched https://github.com/swiftlang/swift-docc-plugin from cache (1.30s)
Fetched https://github.com/reers/ReerKit.git from cache (1.31s)
Fetched https://github.com/apple/swift-collections.git from cache (1.31s)
Computing version for https://github.com/apple/swift-algorithms.git
Computed https://github.com/apple/swift-algorithms.git at 1.2.1 (2.19s)
Fetching https://github.com/apple/swift-numerics.git
[1/6717] Fetching swift-numerics
Fetched https://github.com/apple/swift-numerics.git from cache (0.58s)
Computing version for https://github.com/swiftlang/swift-docc-plugin
Computed https://github.com/swiftlang/swift-docc-plugin at 1.5.0 (0.76s)
Fetching https://github.com/swiftlang/swift-docc-symbolkit
[1/3834] Fetching swift-docc-symbolkit
Fetched https://github.com/swiftlang/swift-docc-symbolkit from cache (0.59s)
Computing version for https://github.com/swiftlang/swift-docc-symbolkit
Computed https://github.com/swiftlang/swift-docc-symbolkit at 1.0.0 (0.79s)
Computing version for https://github.com/reers/ReerKit.git
Computed https://github.com/reers/ReerKit.git at 1.2.9 (0.15s)
Fetching https://github.com/swiftlang/swift-syntax.git
[1/80402] Fetching swift-syntax
Fetched https://github.com/swiftlang/swift-syntax.git from cache (3.64s)
Computing version for https://github.com/swiftlang/swift-syntax.git
Computed https://github.com/swiftlang/swift-syntax.git at 604.0.0 (3.93s)
Computing version for https://github.com/apple/swift-numerics.git
Computed https://github.com/apple/swift-numerics.git at 1.1.1 (0.14s)
Computing version for https://github.com/apple/swift-collections.git
Computed https://github.com/apple/swift-collections.git at 1.7.2 (0.23s)
Creating working copy for https://github.com/reers/ReerKit.git
Working copy of https://github.com/reers/ReerKit.git resolved at 1.2.9
Creating working copy for https://github.com/swiftlang/swift-docc-plugin
Working copy of https://github.com/swiftlang/swift-docc-plugin resolved at 1.5.0
Creating working copy for https://github.com/apple/swift-collections.git
Working copy of https://github.com/apple/swift-collections.git resolved at 1.7.2
Creating working copy for https://github.com/swiftlang/swift-syntax.git
Working copy of https://github.com/swiftlang/swift-syntax.git resolved at 604.0.0
Creating working copy for https://github.com/swiftlang/swift-docc-symbolkit
Working copy of https://github.com/swiftlang/swift-docc-symbolkit resolved at 1.0.0
Creating working copy for https://github.com/apple/swift-numerics.git
Working copy of https://github.com/apple/swift-numerics.git resolved at 1.1.1
Creating working copy for https://github.com/apple/swift-algorithms.git
Working copy of https://github.com/apple/swift-algorithms.git resolved at 1.2.1
warning: 'spi-builder-workspace': Invalid Exclude '/host/spi-builder-workspace/Tools/QsSwiftComparison/js/node_modules': File not found.
[1/1] Compiling plugin Swift-DocC Preview
[2/2] Compiling plugin Swift-DocC
Building for debugging...
[2/67] Write sources
[2/67] Copying PrivacyInfo.xcprivacy
[2/67] Copying test_cases.json
[2/67] Write sources
[33/67] Compiling _NumericsShims _NumericsShims.c
[34/67] Compiling _SwiftSyntaxCShims PlatformMutex.c
[35/67] Write swift-version--11D90AFD9DD3AB2.txt
[37/92] Emitting module SwiftSyntax603
[38/92] Emitting module SwiftSyntax600
[39/92] Compiling SwiftSyntax600 Empty.swift
[40/93] Emitting module SwiftSyntax604
[41/93] Compiling SwiftSyntax604 Empty.swift
[44/124] Emitting module RealModule
[45/125] Compiling SwiftSyntax509 Empty.swift
[46/125] Emitting module SwiftSyntax509
[47/125] Compiling RealModule RelaxedArithmetic.swift
[48/125] Compiling RealModule Real.swift
[49/125] Compiling RealModule RealFunctions.swift
[50/126] Compiling RealModule Float16+Real.swift
[51/126] Compiling RealModule Float80+Real.swift
[53/126] Compiling SwiftSyntax603 Empty.swift
[54/127] Emitting module SwiftSyntax602
[55/127] Compiling SwiftSyntax602 Empty.swift
[56/127] Compiling InternalCollectionsUtilities BorrowingIteratorProtocol+Equality.swift
[57/127] Compiling InternalCollectionsUtilities BorrowingIteratorProtocol+Extras.swift
[58/127] Compiling InternalCollectionsUtilities Debugging.swift
[59/127] Compiling InternalCollectionsUtilities Descriptions.swift
[60/128] Compiling InternalCollectionsUtilities MutableSpan+Extras.swift
[61/128] Compiling InternalCollectionsUtilities OutputSpan+Extras.swift
[63/129] Emitting module SwiftSyntax510
[64/129] Compiling SwiftSyntax510 Empty.swift
[65/129] Emitting module SwiftSyntax601
[66/129] Compiling SwiftSyntax601 Empty.swift
[67/131] Wrapping AST for SwiftSyntax604 for debugging
[71/131] Wrapping AST for SwiftSyntax600 for debugging
[72/131] Wrapping AST for SwiftSyntax603 for debugging
[73/131] Wrapping AST for SwiftSyntax510 for debugging
[74/131] Wrapping AST for SwiftSyntax602 for debugging
[75/131] Wrapping AST for SwiftSyntax509 for debugging
[76/131] Wrapping AST for SwiftSyntax601 for debugging
[77/131] Wrapping AST for RealModule for debugging
[79/220] Compiling SwiftSyntax RawSyntax.swift
[80/220] Compiling SwiftSyntax RawSyntaxArena.swift
[81/220] Compiling SwiftSyntax RawSyntaxLayoutView.swift
[82/223] Emitting module InternalCollectionsUtilities
[83/223] Compiling SwiftSyntax MissingNodeInitializers.swift
[87/223] Compiling SwiftSyntax SyntaxHashable.swift
[88/223] Compiling SwiftSyntax SyntaxIdentifier.swift
[89/223] Compiling SwiftSyntax Identifier.swift
[90/223] Compiling SwiftSyntax MemoryLayout.swift
[91/223] Compiling Algorithms Trim.swift
[92/223] Compiling Algorithms Unique.swift
[93/223] Compiling Algorithms Windows.swift
[94/226] Compiling SwiftSyntax BumpPtrAllocator.swift
[95/226] Compiling SwiftSyntax CommonAncestor.swift
[96/226] Compiling SwiftSyntax Convenience.swift
[97/226] Compiling SwiftSyntax CustomTraits.swift
[98/226] Compiling SwiftSyntax SwiftSyntaxCompatibility.swift
[99/226] Compiling SwiftSyntax Syntax.swift
[100/226] Compiling SwiftSyntax SyntaxChildren.swift
[101/226] Compiling SwiftSyntax SyntaxCollection.swift
[102/226] Compiling SwiftSyntax EditorPlaceholder.swift
[103/226] Compiling SwiftSyntax SourceLength.swift
[104/226] Compiling SwiftSyntax SourceLocation.swift
[105/226] Compiling SwiftSyntax SourcePresence.swift
[106/226] Compiling SwiftSyntax AbsolutePosition.swift
[107/226] Compiling SwiftSyntax AbsoluteSyntaxInfo.swift
[108/226] Compiling SwiftSyntax ArenaAllocatedBuffer.swift
[109/226] Compiling SwiftSyntax Assert.swift
[110/226] Compiling InternalCollectionsUtilities UnsafeRawBufferPointer+Extras.swift
[111/226] Compiling InternalCollectionsUtilities _SortedCollection.swift
[112/226] Compiling InternalCollectionsUtilities _UniqueCollection.swift
[122/227] Wrapping AST for InternalCollectionsUtilities for debugging
[127/284] Compiling OrderedCollections OrderedDictionary+Hashable.swift
[128/284] Compiling OrderedCollections OrderedDictionary+Initializers.swift
[129/284] Compiling OrderedCollections OrderedDictionary+Invariants.swift
[130/284] Compiling OrderedCollections OrderedDictionary+Move.swift
[131/284] Compiling OrderedCollections OrderedDictionary+Elements.SubSequence.swift
[132/284] Compiling OrderedCollections OrderedDictionary+Elements.swift
[133/284] Compiling OrderedCollections OrderedDictionary+Equatable.swift
[134/284] Compiling OrderedCollections OrderedDictionary+ExpressibleByDictionaryLiteral.swift
[135/284] Compiling OrderedCollections OrderedDictionary+Codable.swift
[136/284] Compiling OrderedCollections OrderedDictionary+CustomReflectable.swift
[137/284] Compiling OrderedCollections OrderedDictionary+Deprecations.swift
[138/284] Compiling OrderedCollections OrderedDictionary+Descriptions.swift
[148/292] Compiling OrderedCollections OrderedDictionary+Partial MutableCollection.swift
[149/292] Compiling OrderedCollections OrderedDictionary+Partial RangeReplaceableCollection.swift
[150/292] Compiling OrderedCollections OrderedDictionary+Sendable.swift
[151/292] Compiling OrderedCollections OrderedDictionary+Sequence.swift
[152/299] Compiling OrderedCollections OrderedSet+Partial SetAlgebra formSymmetricDifference.swift
[153/299] Compiling OrderedCollections OrderedSet+Partial SetAlgebra formUnion.swift
[154/299] Compiling OrderedCollections OrderedSet+Partial SetAlgebra intersection.swift
[155/299] Compiling OrderedCollections OrderedSet+Partial SetAlgebra isDisjoint.swift
[156/299] Compiling OrderedCollections OrderedSet+Partial SetAlgebra isEqualSet.swift
[157/299] Compiling OrderedCollections OrderedSet+Partial SetAlgebra isStrictSubset.swift
[158/299] Compiling OrderedCollections OrderedSet+Partial SetAlgebra isStrictSuperset.swift
[159/299] Compiling OrderedCollections OrderedSet+Partial SetAlgebra isSubset.swift
[160/299] Compiling OrderedCollections OrderedSet+Partial SetAlgebra isSuperset.swift
[161/299] Compiling OrderedCollections OrderedSet+Partial SetAlgebra subtract.swift
[162/299] Compiling OrderedCollections OrderedSet+Partial SetAlgebra subtracting.swift
[163/299] Compiling OrderedCollections OrderedSet+Partial SetAlgebra symmetricDifference.swift
[164/299] Compiling OrderedCollections OrderedSet+Partial SetAlgebra union.swift
[165/299] Compiling OrderedCollections OrderedSet+Partial SetAlgebra+Basics.swift
[166/299] Compiling OrderedCollections OrderedSet+RandomAccessCollection.swift
[167/299] Compiling OrderedCollections OrderedSet+ReserveCapacity.swift
[172/299] Emitting module QsTestSupport
[181/299] Emitting module Algorithms
[182/299] Compiling OrderedCollections OrderedDictionary+Values.swift
[183/299] Compiling OrderedCollections OrderedDictionary.swift
[184/299] Compiling OrderedCollections OrderedSet+Codable.swift
[185/299] Compiling OrderedCollections OrderedSet+CustomReflectable.swift
[186/299] Compiling OrderedCollections OrderedSet+Descriptions.swift
[187/299] Compiling OrderedCollections OrderedSet+Diffing.swift
[188/299] Compiling OrderedCollections OrderedSet+Equatable.swift
[189/299] Compiling OrderedCollections OrderedSet+ExpressibleByArrayLiteral.swift
[190/300] Compiling OrderedCollections OrderedSet+Hashable.swift
[191/300] Compiling OrderedCollections OrderedSet+Initializers.swift
[192/300] Compiling OrderedCollections OrderedSet+Insertions.swift
[193/300] Compiling OrderedCollections OrderedSet+Invariants.swift
[194/300] Compiling OrderedCollections OrderedSet+Move.swift
[195/300] Compiling OrderedCollections OrderedSet+Partial MutableCollection.swift
[196/300] Compiling OrderedCollections OrderedSet+Partial RangeReplaceableCollection.swift
[197/300] Compiling OrderedCollections OrderedSet+Partial SetAlgebra formIntersection.swift
[198/300] Wrapping AST for Algorithms for debugging
[200/300] Compiling OrderedCollections _HashTable+Bucket.swift
[201/300] Compiling OrderedCollections _HashTable+BucketIterator.swift
[202/300] Compiling OrderedCollections _HashTable+Constants.swift
[203/300] Compiling OrderedCollections _HashTable+CustomStringConvertible.swift
[204/300] Compiling OrderedCollections _HashTable+Testing.swift
[205/300] Compiling OrderedCollections _HashTable+UnsafeHandle.swift
[206/300] Compiling OrderedCollections _HashTable.swift
[207/300] Compiling OrderedCollections _Hashtable+Header.swift
[208/300] Compiling OrderedCollections OrderedSet+Sendable.swift
[209/300] Compiling OrderedCollections OrderedSet+SubSequence.swift
[210/300] Compiling OrderedCollections OrderedSet+Testing.swift
[211/300] Compiling OrderedCollections OrderedSet+UnorderedView.swift
[212/300] Compiling OrderedCollections OrderedSet+UnstableInternals.swift
[213/300] Compiling OrderedCollections OrderedSet.swift
[214/300] Compiling OrderedCollections _UnsafeBitset.swift
[242/300] Emitting module OrderedCollections
[243/301] Wrapping AST for OrderedCollections for debugging
[245/301] Compiling QsTestSupport PerfGuardrailsHelpers.swift
/host/spi-builder-workspace/Tests/TestSupport/PerfGuardrailsHelpers.swift:160:15: warning: result of call to 'createFile(atPath:contents:attributes:)' is unused [#no-usage]
158 |   let stdoutURL = tempDir.appendingPathComponent("stdout.log")
159 |   let stderrURL = tempDir.appendingPathComponent("stderr.log")
160 |   fileManager.createFile(atPath: stdoutURL.path, contents: nil)
    |               `- warning: result of call to 'createFile(atPath:contents:attributes:)' is unused [#no-usage]
161 |   fileManager.createFile(atPath: stderrURL.path, contents: nil)
162 |
/host/spi-builder-workspace/Tests/TestSupport/PerfGuardrailsHelpers.swift:161:15: warning: result of call to 'createFile(atPath:contents:attributes:)' is unused [#no-usage]
159 |   let stderrURL = tempDir.appendingPathComponent("stderr.log")
160 |   fileManager.createFile(atPath: stdoutURL.path, contents: nil)
161 |   fileManager.createFile(atPath: stderrURL.path, contents: nil)
    |               `- warning: result of call to 'createFile(atPath:contents:attributes:)' is unused [#no-usage]
162 |
163 |   let stdout = try FileHandle(forWritingTo: stdoutURL)
[247/302] Emitting module SwiftSyntax
[275/302] Compiling SwiftSyntax SyntaxNodesC.swift
[276/302] Compiling SwiftSyntax SyntaxNodesD.swift
[277/302] Compiling SwiftSyntax SyntaxNodesEF.swift
[278/302] Compiling SwiftSyntax SyntaxNodesGHI.swift
[279/302] Compiling SwiftSyntax SyntaxNodesJKLMN.swift
[280/302] Compiling SwiftSyntax SyntaxNodesOP.swift
[281/302] Compiling SwiftSyntax SyntaxNodesQRS.swift
[282/302] Compiling SwiftSyntax SyntaxNodesTUVWXYZ.swift
[283/314] Wrapping AST for SwiftSyntax for debugging
[285/362] Emitting module SwiftDiagnostics
[286/363] Compiling SwiftBasicFormat SyntaxProtocol+Formatted.swift
[287/363] Compiling SwiftBasicFormat Trivia+FormatExtensions.swift
[288/363] Compiling SwiftBasicFormat Syntax+Extensions.swift
[289/363] Compiling SwiftDiagnostics Message.swift
[290/363] Compiling SwiftParser Attributes.swift
[291/363] Compiling SwiftParser Availability.swift
[292/363] Compiling SwiftDiagnostics Note.swift
[293/363] Emitting module SwiftBasicFormat
[294/363] Compiling SwiftParser CharacterInfo.swift
[295/363] Compiling SwiftParser CollectionNodes+Parsable.swift
[296/363] Compiling SwiftBasicFormat Indenter.swift
[297/363] Compiling SwiftDiagnostics FixIt.swift
[298/363] Compiling SwiftDiagnostics GroupedDiagnostics.swift
[299/363] Compiling SwiftDiagnostics DiagnosticsFormatter.swift
[300/363] Compiling SwiftDiagnostics DiagnosticDecorator.swift
[302/364] Compiling SwiftBasicFormat InferIndentation.swift
[302/364] Wrapping AST for SwiftDiagnostics for debugging
[304/364] Compiling SwiftBasicFormat BasicFormat.swift
[305/365] Wrapping AST for SwiftBasicFormat for debugging
[307/365] Compiling SwiftParser StringLiterals.swift
[308/365] Compiling SwiftParser SwiftParserCompatibility.swift
[309/365] Compiling SwiftParser SwiftVersion.swift
[310/365] Compiling SwiftParser SyntaxUtils.swift
[311/365] Compiling SwiftParser TokenConsumer.swift
[312/365] Compiling SwiftParser TokenPrecedence.swift
[313/370] Compiling SwiftParser TokenSpec.swift
[314/370] Compiling SwiftParser TokenSpecSet.swift
[315/370] Compiling SwiftParser TopLevel.swift
[316/370] Compiling SwiftParser TriviaParser.swift
[317/370] Compiling SwiftParser Types.swift
[318/370] Compiling SwiftParser Lexeme.swift
[319/370] Compiling SwiftParser LexemeSequence.swift
[320/370] Compiling SwiftParser Lexer.swift
[321/370] Compiling SwiftParser RegexLiteralLexer.swift
[322/370] Compiling SwiftParser UnicodeScalarExtensions.swift
[323/370] Compiling SwiftParser Lookahead.swift
[324/370] Compiling SwiftParser LoopProgressCondition.swift
[325/370] Compiling SwiftParser Modifiers.swift
[326/370] Compiling SwiftParser Names.swift
[327/370] Compiling SwiftParser Nominals.swift
[328/370] Compiling SwiftParser Parameters.swift
[329/370] Compiling SwiftParser ParseSourceFile.swift
[330/370] Compiling SwiftParser Parser.swift
[331/370] Compiling SwiftParser Patterns.swift
[332/370] Compiling SwiftParser Recovery.swift
[333/370] Compiling SwiftParser Specifiers.swift
[334/370] Compiling SwiftParser Statements.swift
[335/370] Compiling SwiftParser StringLiteralRepresentedLiteralValue.swift
[336/370] Compiling SwiftParser Directives.swift
[337/370] Compiling SwiftParser ExpressionInterpretedAsVersionTuple.swift
[338/370] Compiling SwiftParser Expressions.swift
[339/370] Compiling SwiftParser IncrementalParseTransition.swift
[340/370] Compiling SwiftParser IsValidIdentifier.swift
[341/370] Compiling SwiftParser Cursor.swift
[342/370] Emitting module SwiftParser
[347/370] Compiling SwiftParser CompilerFiles.swift
[348/370] Compiling SwiftParser Declarations.swift
[349/370] Compiling SwiftParser ExperimentalFeatures.swift
[350/370] Compiling SwiftParser IsLexerClassified.swift
[351/370] Compiling SwiftParser LayoutNodes+Parsable.swift
[352/370] Compiling SwiftParser Parser+TokenSpecSet.swift
[353/370] Compiling SwiftParser TokenSpecStaticMembers.swift
[354/371] Wrapping AST for SwiftParser for debugging
[356/394] Compiling SwiftParserDiagnostics SyntaxKindNameForDiagnostics.swift
[357/395] Compiling SwiftOperators OperatorTable.swift
[358/395] Compiling SwiftOperators OperatorTable+Semantics.swift
[359/396] Compiling SwiftOperators PrecedenceGraph.swift
[360/396] Compiling SwiftOperators PrecedenceGroup.swift
[361/396] Compiling SwiftParserDiagnostics DiagnosticExtensions.swift
[362/396] Compiling SwiftParserDiagnostics LexerDiagnosticMessages.swift
[363/396] Compiling SwiftOperators OperatorTable+Folding.swift
[364/396] Compiling SwiftParserDiagnostics TokenNameForDiagnostics.swift
[365/396] Compiling SwiftOperators SyntaxSynthesis.swift
[366/396] Emitting module SwiftOperators
[367/396] Compiling SwiftParserDiagnostics MissingNodesError.swift
[368/396] Compiling SwiftParserDiagnostics MissingTokenError.swift
[369/397] Wrapping AST for SwiftOperators for debugging
[371/397] Compiling SwiftParserDiagnostics SyntaxExtensions.swift
[372/397] Compiling SwiftParserDiagnostics Utils.swift
[373/397] Compiling SwiftParserDiagnostics ChildNameForDiagnostics.swift
[376/397] Compiling SwiftParserDiagnostics ParserDiagnosticMessages.swift
[377/397] Compiling SwiftParserDiagnostics PresenceUtils.swift
[378/397] Emitting module SwiftParserDiagnostics
[381/397] Compiling SwiftParserDiagnostics MultiLineStringLiteralDiagnosticsGenerator.swift
[382/397] Compiling SwiftParserDiagnostics ParseDiagnosticsGenerator.swift
[383/398] Wrapping AST for SwiftParserDiagnostics for debugging
[385/413] Emitting module SwiftSyntaxBuilder
[386/414] Compiling SwiftSyntaxBuilder SyntaxParsable+ExpressibleByStringInterpolation.swift
[387/414] Compiling SwiftSyntaxBuilder ValidatingSyntaxNodes.swift
[388/414] Compiling SwiftSyntaxBuilder Indenter.swift
[389/414] Compiling SwiftSyntaxBuilder ListBuilder.swift
[390/414] Compiling SwiftSyntaxBuilder Syntax+StringInterpolation.swift
[391/414] Compiling SwiftSyntaxBuilder SyntaxNodeWithBody.swift
[392/414] Compiling SwiftSyntaxBuilder ConvenienceInitializers.swift
[393/414] Compiling SwiftSyntaxBuilder DeclSyntaxParseable.swift
[394/414] Compiling SwiftSyntaxBuilder SyntaxExpressibleByStringInterpolationConformances.swift
[395/414] Compiling SwiftSyntaxBuilder ResultBuilderExtensions.swift
[396/414] Compiling SwiftSyntaxBuilder SwiftSyntaxBuilderCompatibility.swift
[397/414] Compiling SwiftSyntaxBuilder RenamedChildrenBuilderCompatibility.swift
[398/414] Compiling SwiftSyntaxBuilder ResultBuilders.swift
[399/414] Compiling SwiftSyntaxBuilder WithTrailingCommaSyntax+EnsuringTrailingComma.swift
[400/414] Compiling SwiftSyntaxBuilder BuildableNodes.swift
[401/415] Wrapping AST for SwiftSyntaxBuilder for debugging
[403/430] Compiling SwiftIfConfig SyntaxProtocol+IfConfig.swift
[404/430] Compiling SwiftIfConfig VersionTuple+Parsing.swift
[405/431] Compiling SwiftIfConfig StaticBuildConfiguration.swift
[406/431] Compiling SwiftIfConfig SyntaxLiteralUtils.swift
[407/431] Compiling SwiftIfConfig IfConfigFunctions.swift
[408/431] Compiling SwiftIfConfig IfConfigRegionState.swift
[409/431] Compiling SwiftIfConfig IfConfigDiagnostic.swift
[410/431] Compiling SwiftIfConfig IfConfigEvaluation.swift
[411/431] Compiling SwiftIfConfig VersionTuple.swift
[412/431] Compiling SwiftIfConfig ActiveSyntaxVisitor.swift
[413/431] Compiling SwiftIfConfig BuildConfiguration.swift
[414/431] Compiling SwiftIfConfig ConfiguredRegions.swift
[415/431] Compiling SwiftIfConfig IfConfigDecl+IfConfig.swift
[416/431] Compiling SwiftIfConfig ActiveClauseEvaluator.swift
[417/431] Compiling SwiftIfConfig ActiveSyntaxRewriter.swift
[418/431] Emitting module SwiftIfConfig
[419/432] Wrapping AST for SwiftIfConfig for debugging
[421/449] Compiling SwiftSyntaxMacros AccessorMacro.swift
[422/449] Compiling SwiftSyntaxMacros AttachedMacro.swift
[423/449] Compiling SwiftSyntaxMacros BodyMacro.swift
[424/451] Compiling SwiftSyntaxMacros MemberMacro.swift
[425/451] Compiling SwiftSyntaxMacros PeerMacro.swift
[426/451] Compiling SwiftSyntaxMacros Macro.swift
[427/451] Compiling SwiftSyntaxMacros MemberAttributeMacro.swift
[428/451] Compiling SwiftSyntaxMacros CodeItemMacro.swift
[429/451] Compiling SwiftSyntaxMacros DeclarationMacro.swift
[430/451] Compiling SwiftSyntaxMacros ExpressionMacro.swift
[431/451] Compiling SwiftSyntaxMacros ExtensionMacro.swift
[432/451] Compiling SwiftSyntaxMacros FreestandingMacro.swift
[433/451] Compiling SwiftSyntaxMacros Macro+Format.swift
[434/451] Compiling SwiftSyntaxMacros AbstractSourceLocation.swift
[435/451] Compiling SwiftSyntaxMacros MacroExpansionContext.swift
[436/451] Compiling SwiftSyntaxMacros MacroExpansionDiagnosticMessages.swift
[437/451] Emitting module SwiftSyntaxMacros
[438/451] Compiling SwiftSyntaxMacros PreambleMacro.swift
[439/451] Compiling SwiftSyntaxMacros Syntax+LexicalContext.swift
[440/452] Wrapping AST for SwiftSyntaxMacros for debugging
[442/461] Compiling SwiftSyntaxMacroExpansion MacroSpec.swift
[443/462] Compiling SwiftSyntaxMacroExpansion MacroArgument.swift
[444/462] Emitting module SwiftSyntaxMacroExpansion
[445/462] Compiling SwiftSyntaxMacroExpansion IndentationUtils.swift
[446/462] Compiling SwiftSyntaxMacroExpansion BasicMacroExpansionContext.swift
[447/462] Compiling SwiftSyntaxMacroExpansion FunctionParameterUtils.swift
[448/462] Compiling SwiftSyntaxMacroExpansion MacroExpansion.swift
[449/462] Compiling SwiftSyntaxMacroExpansion MacroExpansionDiagnosticMessages.swift
[450/462] Compiling SwiftSyntaxMacroExpansion MacroReplacement.swift
[451/462] Compiling SwiftSyntaxMacroExpansion MacroSystem.swift
[452/463] Wrapping AST for SwiftSyntaxMacroExpansion for debugging
[454/475] Compiling SwiftCompilerPluginMessageHandling PluginMessageCompatibility.swift
[455/476] Compiling SwiftCompilerPluginMessageHandling StandardIOMessageConnection.swift
[456/476] Compiling SwiftCompilerPluginMessageHandling PluginMacroExpansionContext.swift
[457/476] Compiling SwiftCompilerPluginMessageHandling LRUCache.swift
[458/476] Compiling SwiftCompilerPluginMessageHandling Macros.swift
[459/476] Compiling SwiftCompilerPluginMessageHandling PluginMessages.swift
[460/476] Compiling SwiftCompilerPluginMessageHandling CompilerPluginMessageHandler.swift
[461/476] Compiling SwiftCompilerPluginMessageHandling Diagnostics.swift
[462/476] Compiling SwiftCompilerPluginMessageHandling CodingUtilities.swift
[463/476] Compiling SwiftCompilerPluginMessageHandling JSON.swift
[464/476] Compiling SwiftCompilerPluginMessageHandling JSONDecoding.swift
[465/476] Compiling SwiftCompilerPluginMessageHandling JSONEncoding.swift
[466/476] Emitting module SwiftCompilerPluginMessageHandling
[467/477] Wrapping AST for SwiftCompilerPluginMessageHandling for debugging
[469/479] Emitting module SwiftCompilerPlugin
[470/479] Compiling SwiftCompilerPlugin CompilerPlugin.swift
[471/480] Wrapping AST for SwiftCompilerPlugin for debugging
[473/484] Emitting module ReerKitMacros
[474/484] Compiling ReerKitMacros DefaultsMacro.swift
[475/484] Compiling ReerKitMacros AssociatedValueMacro.swift
[476/484] Compiling ReerKitMacros MacroDefaultValues.swift
[477/485] Wrapping AST for ReerKitMacros for debugging
[478/485] Write Objects.LinkFileList
[479/485] Linking ReerKitMacros-tool
[481/612] Compiling ReerKit EdgeInsets+REExtensions.swift
/host/spi-builder-workspace/.build/checkouts/ReerKit/Sources/ReerKit/Utility/Lock/MutexLock.swift:25:8: error: no such module 'Darwin'
23 | import Glibc
24 | #else
25 | import Darwin
   |        `- error: no such module 'Darwin'
26 | #endif
27 |
[482/612] Compiling ReerKit Font+REExtensions.swift
/host/spi-builder-workspace/.build/checkouts/ReerKit/Sources/ReerKit/Utility/Lock/MutexLock.swift:25:8: error: no such module 'Darwin'
23 | import Glibc
24 | #else
25 | import Darwin
   |        `- error: no such module 'Darwin'
26 | #endif
27 |
[483/612] Compiling ReerKit AnyObjectExtensionable.swift
/host/spi-builder-workspace/.build/checkouts/ReerKit/Sources/ReerKit/Utility/Lock/MutexLock.swift:25:8: error: no such module 'Darwin'
23 | import Glibc
24 | #else
25 | import Darwin
   |        `- error: no such module 'Darwin'
26 | #endif
27 |
[484/612] Compiling ReerKit Associatable.swift
/host/spi-builder-workspace/.build/checkouts/ReerKit/Sources/ReerKit/Utility/Lock/MutexLock.swift:25:8: error: no such module 'Darwin'
23 | import Glibc
24 | #else
25 | import Darwin
   |        `- error: no such module 'Darwin'
26 | #endif
27 |
[485/612] Compiling ReerKit DeinitObservable.swift
/host/spi-builder-workspace/.build/checkouts/ReerKit/Sources/ReerKit/Utility/Lock/MutexLock.swift:25:8: error: no such module 'Darwin'
23 | import Glibc
24 | #else
25 | import Darwin
   |        `- error: no such module 'Darwin'
26 | #endif
27 |
[486/612] Compiling ReerKit OnceExecutable.swift
/host/spi-builder-workspace/.build/checkouts/ReerKit/Sources/ReerKit/Utility/Lock/MutexLock.swift:25:8: error: no such module 'Darwin'
23 | import Glibc
24 | #else
25 | import Darwin
   |        `- error: no such module 'Darwin'
26 | #endif
27 |
[487/612] Compiling ReerKit Swizzlable.swift
/host/spi-builder-workspace/.build/checkouts/ReerKit/Sources/ReerKit/Utility/Lock/MutexLock.swift:25:8: error: no such module 'Darwin'
23 | import Glibc
24 | #else
25 | import Darwin
   |        `- error: no such module 'Darwin'
26 | #endif
27 |
[488/612] Compiling ReerKit Array+REExtensions.swift
/host/spi-builder-workspace/.build/checkouts/ReerKit/Sources/ReerKit/Utility/Lock/MutexLock.swift:25:8: error: no such module 'Darwin'
23 | import Glibc
24 | #else
25 | import Darwin
   |        `- error: no such module 'Darwin'
26 | #endif
27 |
[489/612] Compiling ReerKit BinaryFloatingPoint+REExtensions.swift
/host/spi-builder-workspace/.build/checkouts/ReerKit/Sources/ReerKit/Utility/Lock/MutexLock.swift:25:8: error: no such module 'Darwin'
23 | import Glibc
24 | #else
25 | import Darwin
   |        `- error: no such module 'Darwin'
26 | #endif
27 |
[490/612] Compiling ReerKit BinaryInteger+REExtensions.swift
/host/spi-builder-workspace/.build/checkouts/ReerKit/Sources/ReerKit/Utility/Lock/MutexLock.swift:25:8: error: no such module 'Darwin'
23 | import Glibc
24 | #else
25 | import Darwin
   |        `- error: no such module 'Darwin'
26 | #endif
27 |
[491/612] Compiling ReerKit Bool+REExtensions.swift
/host/spi-builder-workspace/.build/checkouts/ReerKit/Sources/ReerKit/Utility/Lock/MutexLock.swift:25:8: error: no such module 'Darwin'
23 | import Glibc
24 | #else
25 | import Darwin
   |        `- error: no such module 'Darwin'
26 | #endif
27 |
[492/612] Compiling ReerKit Character+REExtensions.swift
/host/spi-builder-workspace/.build/checkouts/ReerKit/Sources/ReerKit/Utility/Lock/MutexLock.swift:25:8: error: no such module 'Darwin'
23 | import Glibc
24 | #else
25 | import Darwin
   |        `- error: no such module 'Darwin'
26 | #endif
27 |
[493/612] Compiling ReerKit Collection+REExtensions.swift
/host/spi-builder-workspace/.build/checkouts/ReerKit/Sources/ReerKit/Utility/Lock/MutexLock.swift:25:8: error: no such module 'Darwin'
23 | import Glibc
24 | #else
25 | import Darwin
   |        `- error: no such module 'Darwin'
26 | #endif
27 |
[494/612] Compiling ReerKit Comparable+REExtensions.swift
/host/spi-builder-workspace/.build/checkouts/ReerKit/Sources/ReerKit/Utility/Lock/MutexLock.swift:25:8: error: no such module 'Darwin'
23 | import Glibc
24 | #else
25 | import Darwin
   |        `- error: no such module 'Darwin'
26 | #endif
27 |
[495/612] Compiling ReerKit Decodable+REExtensions.swift
/host/spi-builder-workspace/.build/checkouts/ReerKit/Sources/ReerKit/Utility/Lock/MutexLock.swift:25:8: error: no such module 'Darwin'
23 | import Glibc
24 | #else
25 | import Darwin
   |        `- error: no such module 'Darwin'
26 | #endif
27 |
[496/612] Compiling ReerKit Dictionary+REExtensions.swift
/host/spi-builder-workspace/.build/checkouts/ReerKit/Sources/ReerKit/Utility/Lock/MutexLock.swift:25:8: error: no such module 'Darwin'
23 | import Glibc
24 | #else
25 | import Darwin
   |        `- error: no such module 'Darwin'
26 | #endif
27 |
[497/612] Compiling ReerKit Double+REExtensions.swift
/host/spi-builder-workspace/.build/checkouts/ReerKit/Sources/ReerKit/Utility/Lock/MutexLock.swift:25:8: error: no such module 'Darwin'
23 | import Glibc
24 | #else
25 | import Darwin
   |        `- error: no such module 'Darwin'
26 | #endif
27 |
[498/612] Compiling ReerKit Float+REExtensions.swift
/host/spi-builder-workspace/.build/checkouts/ReerKit/Sources/ReerKit/Utility/Lock/MutexLock.swift:25:8: error: no such module 'Darwin'
23 | import Glibc
24 | #else
25 | import Darwin
   |        `- error: no such module 'Darwin'
26 | #endif
27 |
[499/629] Compiling ReerKit UISlider+REExtensions.swift
/host/spi-builder-workspace/.build/checkouts/ReerKit/Sources/ReerKit/Utility/Lock/MutexLock.swift:25:8: error: no such module 'Darwin'
23 | import Glibc
24 | #else
25 | import Darwin
   |        `- error: no such module 'Darwin'
26 | #endif
27 |
[500/629] Compiling ReerKit UIStackView+REExtensions.swift
/host/spi-builder-workspace/.build/checkouts/ReerKit/Sources/ReerKit/Utility/Lock/MutexLock.swift:25:8: error: no such module 'Darwin'
23 | import Glibc
24 | #else
25 | import Darwin
   |        `- error: no such module 'Darwin'
26 | #endif
27 |
[501/629] Compiling ReerKit UIStoryboard+REExtensions.swift
/host/spi-builder-workspace/.build/checkouts/ReerKit/Sources/ReerKit/Utility/Lock/MutexLock.swift:25:8: error: no such module 'Darwin'
23 | import Glibc
24 | #else
25 | import Darwin
   |        `- error: no such module 'Darwin'
26 | #endif
27 |
[502/629] Compiling ReerKit UISwitch+REExtensions.swift
/host/spi-builder-workspace/.build/checkouts/ReerKit/Sources/ReerKit/Utility/Lock/MutexLock.swift:25:8: error: no such module 'Darwin'
23 | import Glibc
24 | #else
25 | import Darwin
   |        `- error: no such module 'Darwin'
26 | #endif
27 |
[503/629] Compiling ReerKit UITabBar+REExtensions.swift
/host/spi-builder-workspace/.build/checkouts/ReerKit/Sources/ReerKit/Utility/Lock/MutexLock.swift:25:8: error: no such module 'Darwin'
23 | import Glibc
24 | #else
25 | import Darwin
   |        `- error: no such module 'Darwin'
26 | #endif
27 |
[504/629] Compiling ReerKit UITableView+REExtensions.swift
/host/spi-builder-workspace/.build/checkouts/ReerKit/Sources/ReerKit/Utility/Lock/MutexLock.swift:25:8: error: no such module 'Darwin'
23 | import Glibc
24 | #else
25 | import Darwin
   |        `- error: no such module 'Darwin'
26 | #endif
27 |
[505/629] Compiling ReerKit UITextField+REExtensions.swift
/host/spi-builder-workspace/.build/checkouts/ReerKit/Sources/ReerKit/Utility/Lock/MutexLock.swift:25:8: error: no such module 'Darwin'
23 | import Glibc
24 | #else
25 | import Darwin
   |        `- error: no such module 'Darwin'
26 | #endif
27 |
[506/629] Compiling ReerKit UITextView+REExtensions.swift
/host/spi-builder-workspace/.build/checkouts/ReerKit/Sources/ReerKit/Utility/Lock/MutexLock.swift:25:8: error: no such module 'Darwin'
23 | import Glibc
24 | #else
25 | import Darwin
   |        `- error: no such module 'Darwin'
26 | #endif
27 |
[507/629] Compiling ReerKit UIView+REExtensions.swift
/host/spi-builder-workspace/.build/checkouts/ReerKit/Sources/ReerKit/Utility/Lock/MutexLock.swift:25:8: error: no such module 'Darwin'
23 | import Glibc
24 | #else
25 | import Darwin
   |        `- error: no such module 'Darwin'
26 | #endif
27 |
[508/629] Compiling ReerKit UIViewController+REExtensions.swift
/host/spi-builder-workspace/.build/checkouts/ReerKit/Sources/ReerKit/Utility/Lock/MutexLock.swift:25:8: error: no such module 'Darwin'
23 | import Glibc
24 | #else
25 | import Darwin
   |        `- error: no such module 'Darwin'
26 | #endif
27 |
[509/629] Compiling ReerKit UIWindow+REExtensions.swift
/host/spi-builder-workspace/.build/checkouts/ReerKit/Sources/ReerKit/Utility/Lock/MutexLock.swift:25:8: error: no such module 'Darwin'
23 | import Glibc
24 | #else
25 | import Darwin
   |        `- error: no such module 'Darwin'
26 | #endif
27 |
[510/629] Compiling ReerKit CountdownTimer.swift
/host/spi-builder-workspace/.build/checkouts/ReerKit/Sources/ReerKit/Utility/Lock/MutexLock.swift:25:8: error: no such module 'Darwin'
23 | import Glibc
24 | #else
25 | import Darwin
   |        `- error: no such module 'Darwin'
26 | #endif
27 |
[511/629] Compiling ReerKit BinaryTree.swift
/host/spi-builder-workspace/.build/checkouts/ReerKit/Sources/ReerKit/Utility/Lock/MutexLock.swift:25:8: error: no such module 'Darwin'
23 | import Glibc
24 | #else
25 | import Darwin
   |        `- error: no such module 'Darwin'
26 | #endif
27 |
[512/629] Compiling ReerKit BoundedQueue.swift
/host/spi-builder-workspace/.build/checkouts/ReerKit/Sources/ReerKit/Utility/Lock/MutexLock.swift:25:8: error: no such module 'Darwin'
23 | import Glibc
24 | #else
25 | import Darwin
   |        `- error: no such module 'Darwin'
26 | #endif
27 |
[513/629] Compiling ReerKit LinkedList.swift
/host/spi-builder-workspace/.build/checkouts/ReerKit/Sources/ReerKit/Utility/Lock/MutexLock.swift:25:8: error: no such module 'Darwin'
23 | import Glibc
24 | #else
25 | import Darwin
   |        `- error: no such module 'Darwin'
26 | #endif
27 |
[514/629] Compiling ReerKit OrderedDictionary.swift
/host/spi-builder-workspace/.build/checkouts/ReerKit/Sources/ReerKit/Utility/Lock/MutexLock.swift:25:8: error: no such module 'Darwin'
23 | import Glibc
24 | #else
25 | import Darwin
   |        `- error: no such module 'Darwin'
26 | #endif
27 |
[515/629] Compiling ReerKit OrderedSet.swift
/host/spi-builder-workspace/.build/checkouts/ReerKit/Sources/ReerKit/Utility/Lock/MutexLock.swift:25:8: error: no such module 'Darwin'
23 | import Glibc
24 | #else
25 | import Darwin
   |        `- error: no such module 'Darwin'
26 | #endif
27 |
[516/629] Compiling ReerKit Queue.swift
/host/spi-builder-workspace/.build/checkouts/ReerKit/Sources/ReerKit/Utility/Lock/MutexLock.swift:25:8: error: no such module 'Darwin'
23 | import Glibc
24 | #else
25 | import Darwin
   |        `- error: no such module 'Darwin'
26 | #endif
27 |
error: emit-module command failed with exit code 1 (use -v to see invocation)
[517/629] Emitting module ReerKit
/host/spi-builder-workspace/.build/checkouts/ReerKit/Sources/ReerKit/Utility/Lock/MutexLock.swift:25:8: error: no such module 'Darwin'
23 | import Glibc
24 | #else
25 | import Darwin
   |        `- error: no such module 'Darwin'
26 | #endif
27 |
[518/629] Compiling ReerKit Stack.swift
/host/spi-builder-workspace/.build/checkouts/ReerKit/Sources/ReerKit/Utility/Lock/MutexLock.swift:25:8: error: no such module 'Darwin'
23 | import Glibc
24 | #else
25 | import Darwin
   |        `- error: no such module 'Darwin'
26 | #endif
27 |
[519/629] Compiling ReerKit Tree.swift
/host/spi-builder-workspace/.build/checkouts/ReerKit/Sources/ReerKit/Utility/Lock/MutexLock.swift:25:8: error: no such module 'Darwin'
23 | import Glibc
24 | #else
25 | import Darwin
   |        `- error: no such module 'Darwin'
26 | #endif
27 |
[520/629] Compiling ReerKit Debouncer.swift
/host/spi-builder-workspace/.build/checkouts/ReerKit/Sources/ReerKit/Utility/Lock/MutexLock.swift:25:8: error: no such module 'Darwin'
23 | import Glibc
24 | #else
25 | import Darwin
   |        `- error: no such module 'Darwin'
26 | #endif
27 |
[521/629] Compiling ReerKit FPSLabel.swift
/host/spi-builder-workspace/.build/checkouts/ReerKit/Sources/ReerKit/Utility/Lock/MutexLock.swift:25:8: error: no such module 'Darwin'
23 | import Glibc
24 | #else
25 | import Darwin
   |        `- error: no such module 'Darwin'
26 | #endif
27 |
[522/629] Compiling ReerKit Memory.swift
/host/spi-builder-workspace/.build/checkouts/ReerKit/Sources/ReerKit/Utility/Lock/MutexLock.swift:25:8: error: no such module 'Darwin'
23 | import Glibc
24 | #else
25 | import Darwin
   |        `- error: no such module 'Darwin'
26 | #endif
27 |
[523/629] Compiling ReerKit DeinitObserver.swift
/host/spi-builder-workspace/.build/checkouts/ReerKit/Sources/ReerKit/Utility/Lock/MutexLock.swift:25:8: error: no such module 'Darwin'
23 | import Glibc
24 | #else
25 | import Darwin
   |        `- error: no such module 'Darwin'
26 | #endif
27 |
[524/629] Compiling ReerKit GlobalFunctions.swift
/host/spi-builder-workspace/.build/checkouts/ReerKit/Sources/ReerKit/Utility/Lock/MutexLock.swift:25:8: error: no such module 'Darwin'
23 | import Glibc
24 | #else
25 | import Darwin
   |        `- error: no such module 'Darwin'
26 | #endif
27 |
[525/629] Compiling ReerKit Invocation.swift
/host/spi-builder-workspace/.build/checkouts/ReerKit/Sources/ReerKit/Utility/Lock/MutexLock.swift:25:8: error: no such module 'Darwin'
23 | import Glibc
24 | #else
25 | import Darwin
   |        `- error: no such module 'Darwin'
26 | #endif
27 |
[526/629] Compiling ReerKit KeyboardManager.swift
/host/spi-builder-workspace/.build/checkouts/ReerKit/Sources/ReerKit/Utility/Lock/MutexLock.swift:25:8: error: no such module 'Darwin'
23 | import Glibc
24 | #else
25 | import Darwin
   |        `- error: no such module 'Darwin'
26 | #endif
27 |
[527/629] Compiling ReerKit Keychain.swift
/host/spi-builder-workspace/.build/checkouts/ReerKit/Sources/ReerKit/Utility/Lock/MutexLock.swift:25:8: error: no such module 'Darwin'
23 | import Glibc
24 | #else
25 | import Darwin
   |        `- error: no such module 'Darwin'
26 | #endif
27 |
[528/629] Compiling ReerKit MutexLock.swift
/host/spi-builder-workspace/.build/checkouts/ReerKit/Sources/ReerKit/Utility/Lock/MutexLock.swift:25:8: error: no such module 'Darwin'
23 | import Glibc
24 | #else
25 | import Darwin
   |        `- error: no such module 'Darwin'
26 | #endif
27 |
[529/629] Compiling ReerKit ReadWriteLock.swift
/host/spi-builder-workspace/.build/checkouts/ReerKit/Sources/ReerKit/Utility/Lock/MutexLock.swift:25:8: error: no such module 'Darwin'
23 | import Glibc
24 | #else
25 | import Darwin
   |        `- error: no such module 'Darwin'
26 | #endif
27 |
[530/629] Compiling ReerKit Synchronizing.swift
/host/spi-builder-workspace/.build/checkouts/ReerKit/Sources/ReerKit/Utility/Lock/MutexLock.swift:25:8: error: no such module 'Darwin'
23 | import Glibc
24 | #else
25 | import Darwin
   |        `- error: no such module 'Darwin'
26 | #endif
27 |
[531/629] Compiling ReerKit UnfairLock.swift
/host/spi-builder-workspace/.build/checkouts/ReerKit/Sources/ReerKit/Utility/Lock/MutexLock.swift:25:8: error: no such module 'Darwin'
23 | import Glibc
24 | #else
25 | import Darwin
   |        `- error: no such module 'Darwin'
26 | #endif
27 |
[532/629] Compiling ReerKit LinearFunction.swift
/host/spi-builder-workspace/.build/checkouts/ReerKit/Sources/ReerKit/Utility/Lock/MutexLock.swift:25:8: error: no such module 'Darwin'
23 | import Glibc
24 | #else
25 | import Darwin
   |        `- error: no such module 'Darwin'
26 | #endif
27 |
[533/629] Compiling ReerKit MulticastDelegate.swift
/host/spi-builder-workspace/.build/checkouts/ReerKit/Sources/ReerKit/Utility/Lock/MutexLock.swift:25:8: error: no such module 'Darwin'
23 | import Glibc
24 | #else
25 | import Darwin
   |        `- error: no such module 'Darwin'
26 | #endif
27 |
[534/629] Compiling ReerKit NanoID.swift
/host/spi-builder-workspace/.build/checkouts/ReerKit/Sources/ReerKit/Utility/Lock/MutexLock.swift:25:8: error: no such module 'Darwin'
23 | import Glibc
24 | #else
25 | import Darwin
   |        `- error: no such module 'Darwin'
26 | #endif
27 |
[535/629] Compiling ReerKit Once.swift
/host/spi-builder-workspace/.build/checkouts/ReerKit/Sources/ReerKit/Utility/Lock/MutexLock.swift:25:8: error: no such module 'Darwin'
23 | import Glibc
24 | #else
25 | import Darwin
   |        `- error: no such module 'Darwin'
26 | #endif
27 |
[536/629] Compiling ReerKit CAAnimation+REExtensions.swift
/host/spi-builder-workspace/.build/checkouts/ReerKit/Sources/ReerKit/Utility/Lock/MutexLock.swift:25:8: error: no such module 'Darwin'
23 | import Glibc
24 | #else
25 | import Darwin
   |        `- error: no such module 'Darwin'
26 | #endif
27 |
[537/629] Compiling ReerKit CAGradientLayer+REExtensions.swift
/host/spi-builder-workspace/.build/checkouts/ReerKit/Sources/ReerKit/Utility/Lock/MutexLock.swift:25:8: error: no such module 'Darwin'
23 | import Glibc
24 | #else
25 | import Darwin
   |        `- error: no such module 'Darwin'
26 | #endif
27 |
[538/629] Compiling ReerKit CALayer+REExtensions.swift
/host/spi-builder-workspace/.build/checkouts/ReerKit/Sources/ReerKit/Utility/Lock/MutexLock.swift:25:8: error: no such module 'Darwin'
23 | import Glibc
24 | #else
25 | import Darwin
   |        `- error: no such module 'Darwin'
26 | #endif
27 |
[539/629] Compiling ReerKit CATransform3D+REExtensions.swift
/host/spi-builder-workspace/.build/checkouts/ReerKit/Sources/ReerKit/Utility/Lock/MutexLock.swift:25:8: error: no such module 'Darwin'
23 | import Glibc
24 | #else
25 | import Darwin
   |        `- error: no such module 'Darwin'
26 | #endif
27 |
[540/629] Compiling ReerKit CGAffineTransform+REExtensions.swift
/host/spi-builder-workspace/.build/checkouts/ReerKit/Sources/ReerKit/Utility/Lock/MutexLock.swift:25:8: error: no such module 'Darwin'
23 | import Glibc
24 | #else
25 | import Darwin
   |        `- error: no such module 'Darwin'
26 | #endif
27 |
[541/629] Compiling ReerKit CGColor+REExtensions.swift
/host/spi-builder-workspace/.build/checkouts/ReerKit/Sources/ReerKit/Utility/Lock/MutexLock.swift:25:8: error: no such module 'Darwin'
23 | import Glibc
24 | #else
25 | import Darwin
   |        `- error: no such module 'Darwin'
26 | #endif
27 |
[542/629] Compiling ReerKit CGFloat+REExtensions.swift
/host/spi-builder-workspace/.build/checkouts/ReerKit/Sources/ReerKit/Utility/Lock/MutexLock.swift:25:8: error: no such module 'Darwin'
23 | import Glibc
24 | #else
25 | import Darwin
   |        `- error: no such module 'Darwin'
26 | #endif
27 |
[543/629] Compiling ReerKit CGPoint+REExtensions.swift
/host/spi-builder-workspace/.build/checkouts/ReerKit/Sources/ReerKit/Utility/Lock/MutexLock.swift:25:8: error: no such module 'Darwin'
23 | import Glibc
24 | #else
25 | import Darwin
   |        `- error: no such module 'Darwin'
26 | #endif
27 |
[544/629] Compiling ReerKit CGRect+REExtensions.swift
/host/spi-builder-workspace/.build/checkouts/ReerKit/Sources/ReerKit/Utility/Lock/MutexLock.swift:25:8: error: no such module 'Darwin'
23 | import Glibc
24 | #else
25 | import Darwin
   |        `- error: no such module 'Darwin'
26 | #endif
27 |
[545/629] Compiling ReerKit CGSize+REExtensions.swift
/host/spi-builder-workspace/.build/checkouts/ReerKit/Sources/ReerKit/Utility/Lock/MutexLock.swift:25:8: error: no such module 'Darwin'
23 | import Glibc
24 | #else
25 | import Darwin
   |        `- error: no such module 'Darwin'
26 | #endif
27 |
[546/629] Compiling ReerKit CGVector+REExtensions.swift
/host/spi-builder-workspace/.build/checkouts/ReerKit/Sources/ReerKit/Utility/Lock/MutexLock.swift:25:8: error: no such module 'Darwin'
23 | import Glibc
24 | #else
25 | import Darwin
   |        `- error: no such module 'Darwin'
26 | #endif
27 |
[547/629] Compiling ReerKit DispatchQueue+REExtensions.swift
/host/spi-builder-workspace/.build/checkouts/ReerKit/Sources/ReerKit/Utility/Lock/MutexLock.swift:25:8: error: no such module 'Darwin'
23 | import Glibc
24 | #else
25 | import Darwin
   |        `- error: no such module 'Darwin'
26 | #endif
27 |
[548/629] Compiling ReerKit Bundle+REExtensions.swift
/host/spi-builder-workspace/.build/checkouts/ReerKit/Sources/ReerKit/Utility/Lock/MutexLock.swift:25:8: error: no such module 'Darwin'
23 | import Glibc
24 | #else
25 | import Darwin
   |        `- error: no such module 'Darwin'
26 | #endif
27 |
[549/629] Compiling ReerKit Calendar+REExtensions.swift
/host/spi-builder-workspace/.build/checkouts/ReerKit/Sources/ReerKit/Utility/Lock/MutexLock.swift:25:8: error: no such module 'Darwin'
23 | import Glibc
24 | #else
25 | import Darwin
   |        `- error: no such module 'Darwin'
26 | #endif
27 |
[550/629] Compiling ReerKit ContiguousBytes+REExtensions.swift
/host/spi-builder-workspace/.build/checkouts/ReerKit/Sources/ReerKit/Utility/Lock/MutexLock.swift:25:8: error: no such module 'Darwin'
23 | import Glibc
24 | #else
25 | import Darwin
   |        `- error: no such module 'Darwin'
26 | #endif
27 |
[551/629] Compiling ReerKit Data+REExtensions.swift
/host/spi-builder-workspace/.build/checkouts/ReerKit/Sources/ReerKit/Utility/Lock/MutexLock.swift:25:8: error: no such module 'Darwin'
23 | import Glibc
24 | #else
25 | import Darwin
   |        `- error: no such module 'Darwin'
26 | #endif
27 |
[552/629] Compiling ReerKit Date+REExtensions.swift
/host/spi-builder-workspace/.build/checkouts/ReerKit/Sources/ReerKit/Utility/Lock/MutexLock.swift:25:8: error: no such module 'Darwin'
23 | import Glibc
24 | #else
25 | import Darwin
   |        `- error: no such module 'Darwin'
26 | #endif
27 |
[553/629] Compiling ReerKit FileManager+REExtensions.swift
/host/spi-builder-workspace/.build/checkouts/ReerKit/Sources/ReerKit/Utility/Lock/MutexLock.swift:25:8: error: no such module 'Darwin'
23 | import Glibc
24 | #else
25 | import Darwin
   |        `- error: no such module 'Darwin'
26 | #endif
27 |
[554/629] Compiling ReerKit Locale+REExtensions.swift
/host/spi-builder-workspace/.build/checkouts/ReerKit/Sources/ReerKit/Utility/Lock/MutexLock.swift:25:8: error: no such module 'Darwin'
23 | import Glibc
24 | #else
25 | import Darwin
   |        `- error: no such module 'Darwin'
26 | #endif
27 |
[555/629] Compiling ReerKit NSAttributedString+REExtensions.swift
/host/spi-builder-workspace/.build/checkouts/ReerKit/Sources/ReerKit/Utility/Lock/MutexLock.swift:25:8: error: no such module 'Darwin'
23 | import Glibc
24 | #else
25 | import Darwin
   |        `- error: no such module 'Darwin'
26 | #endif
27 |
[556/629] Compiling ReerKit NSObject+REExtensions.swift
/host/spi-builder-workspace/.build/checkouts/ReerKit/Sources/ReerKit/Utility/Lock/MutexLock.swift:25:8: error: no such module 'Darwin'
23 | import Glibc
24 | #else
25 | import Darwin
   |        `- error: no such module 'Darwin'
26 | #endif
27 |
[557/629] Compiling ReerKit NSPredicate+REExtensions.swift
/host/spi-builder-workspace/.build/checkouts/ReerKit/Sources/ReerKit/Utility/Lock/MutexLock.swift:25:8: error: no such module 'Darwin'
23 | import Glibc
24 | #else
25 | import Darwin
   |        `- error: no such module 'Darwin'
26 | #endif
27 |
[558/629] Compiling ReerKit NSRange+REExtensions.swift
/host/spi-builder-workspace/.build/checkouts/ReerKit/Sources/ReerKit/Utility/Lock/MutexLock.swift:25:8: error: no such module 'Darwin'
23 | import Glibc
24 | #else
25 | import Darwin
   |        `- error: no such module 'Darwin'
26 | #endif
27 |
[559/629] Compiling ReerKit NSRegularExpression+REExtensions.swift
/host/spi-builder-workspace/.build/checkouts/ReerKit/Sources/ReerKit/Utility/Lock/MutexLock.swift:25:8: error: no such module 'Darwin'
23 | import Glibc
24 | #else
25 | import Darwin
   |        `- error: no such module 'Darwin'
26 | #endif
27 |
[560/629] Compiling ReerKit NotificationCenter+REExtensions.swift
/host/spi-builder-workspace/.build/checkouts/ReerKit/Sources/ReerKit/Utility/Lock/MutexLock.swift:25:8: error: no such module 'Darwin'
23 | import Glibc
24 | #else
25 | import Darwin
   |        `- error: no such module 'Darwin'
26 | #endif
27 |
[561/629] Compiling ReerKit ReerDefaults.swift
/host/spi-builder-workspace/.build/checkouts/ReerKit/Sources/ReerKit/Utility/Lock/MutexLock.swift:25:8: error: no such module 'Darwin'
23 | import Glibc
24 | #else
25 | import Darwin
   |        `- error: no such module 'Darwin'
26 | #endif
27 |
[562/629] Compiling ReerKit Timer+REExtensions.swift
/host/spi-builder-workspace/.build/checkouts/ReerKit/Sources/ReerKit/Utility/Lock/MutexLock.swift:25:8: error: no such module 'Darwin'
23 | import Glibc
24 | #else
25 | import Darwin
   |        `- error: no such module 'Darwin'
26 | #endif
27 |
[563/629] Compiling ReerKit URL+REExtensions.swift
/host/spi-builder-workspace/.build/checkouts/ReerKit/Sources/ReerKit/Utility/Lock/MutexLock.swift:25:8: error: no such module 'Darwin'
23 | import Glibc
24 | #else
25 | import Darwin
   |        `- error: no such module 'Darwin'
26 | #endif
27 |
[564/629] Compiling ReerKit URLRequest+REExtensions.swift
/host/spi-builder-workspace/.build/checkouts/ReerKit/Sources/ReerKit/Utility/Lock/MutexLock.swift:25:8: error: no such module 'Darwin'
23 | import Glibc
24 | #else
25 | import Darwin
   |        `- error: no such module 'Darwin'
26 | #endif
27 |
[565/629] Compiling ReerKit UserDefaults+REExtensions.swift
/host/spi-builder-workspace/.build/checkouts/ReerKit/Sources/ReerKit/Utility/Lock/MutexLock.swift:25:8: error: no such module 'Darwin'
23 | import Glibc
24 | #else
25 | import Darwin
   |        `- error: no such module 'Darwin'
26 | #endif
27 |
[566/629] Compiling ReerKit ReerKit.swift
/host/spi-builder-workspace/.build/checkouts/ReerKit/Sources/ReerKit/Utility/Lock/MutexLock.swift:25:8: error: no such module 'Darwin'
23 | import Glibc
24 | #else
25 | import Darwin
   |        `- error: no such module 'Darwin'
26 | #endif
27 |
[567/629] Compiling ReerKit Punycode.swift
/host/spi-builder-workspace/.build/checkouts/ReerKit/Sources/ReerKit/Utility/Lock/MutexLock.swift:25:8: error: no such module 'Darwin'
23 | import Glibc
24 | #else
25 | import Darwin
   |        `- error: no such module 'Darwin'
26 | #endif
27 |
[568/629] Compiling ReerKit RSA.swift
/host/spi-builder-workspace/.build/checkouts/ReerKit/Sources/ReerKit/Utility/Lock/MutexLock.swift:25:8: error: no such module 'Darwin'
23 | import Glibc
24 | #else
25 | import Darwin
   |        `- error: no such module 'Darwin'
26 | #endif
27 |
[569/629] Compiling ReerKit AssociatedValue.swift
/host/spi-builder-workspace/.build/checkouts/ReerKit/Sources/ReerKit/Utility/Lock/MutexLock.swift:25:8: error: no such module 'Darwin'
23 | import Glibc
24 | #else
25 | import Darwin
   |        `- error: no such module 'Darwin'
26 | #endif
27 |
[570/629] Compiling ReerKit Defaults.swift
/host/spi-builder-workspace/.build/checkouts/ReerKit/Sources/ReerKit/Utility/Lock/MutexLock.swift:25:8: error: no such module 'Darwin'
23 | import Glibc
24 | #else
25 | import Darwin
   |        `- error: no such module 'Darwin'
26 | #endif
27 |
[571/629] Compiling ReerKit Color+REExtensions.swift
/host/spi-builder-workspace/.build/checkouts/ReerKit/Sources/ReerKit/Utility/Lock/MutexLock.swift:25:8: error: no such module 'Darwin'
23 | import Glibc
24 | #else
25 | import Darwin
   |        `- error: no such module 'Darwin'
26 | #endif
27 |
[572/629] Compiling ReerKit UIButton+REExtensions.swift
/host/spi-builder-workspace/.build/checkouts/ReerKit/Sources/ReerKit/Utility/Lock/MutexLock.swift:25:8: error: no such module 'Darwin'
23 | import Glibc
24 | #else
25 | import Darwin
   |        `- error: no such module 'Darwin'
26 | #endif
27 |
[573/629] Compiling ReerKit UICollectionView+REExtensions.swift
/host/spi-builder-workspace/.build/checkouts/ReerKit/Sources/ReerKit/Utility/Lock/MutexLock.swift:25:8: error: no such module 'Darwin'
23 | import Glibc
24 | #else
25 | import Darwin
   |        `- error: no such module 'Darwin'
26 | #endif
27 |
[574/629] Compiling ReerKit UIControl+REExtensions.swift
/host/spi-builder-workspace/.build/checkouts/ReerKit/Sources/ReerKit/Utility/Lock/MutexLock.swift:25:8: error: no such module 'Darwin'
23 | import Glibc
24 | #else
25 | import Darwin
   |        `- error: no such module 'Darwin'
26 | #endif
27 |
[575/629] Compiling ReerKit UIDevice+REExtensions.swift
/host/spi-builder-workspace/.build/checkouts/ReerKit/Sources/ReerKit/Utility/Lock/MutexLock.swift:25:8: error: no such module 'Darwin'
23 | import Glibc
24 | #else
25 | import Darwin
   |        `- error: no such module 'Darwin'
26 | #endif
27 |
[576/629] Compiling ReerKit UIFont+REExtensions.swift
/host/spi-builder-workspace/.build/checkouts/ReerKit/Sources/ReerKit/Utility/Lock/MutexLock.swift:25:8: error: no such module 'Darwin'
23 | import Glibc
24 | #else
25 | import Darwin
   |        `- error: no such module 'Darwin'
26 | #endif
27 |
[577/629] Compiling ReerKit UIGestureRecognizer+REExtensions.swift
/host/spi-builder-workspace/.build/checkouts/ReerKit/Sources/ReerKit/Utility/Lock/MutexLock.swift:25:8: error: no such module 'Darwin'
23 | import Glibc
24 | #else
25 | import Darwin
   |        `- error: no such module 'Darwin'
26 | #endif
27 |
[578/629] Compiling ReerKit UIImage+REExtensions.swift
/host/spi-builder-workspace/.build/checkouts/ReerKit/Sources/ReerKit/Utility/Lock/MutexLock.swift:25:8: error: no such module 'Darwin'
23 | import Glibc
24 | #else
25 | import Darwin
   |        `- error: no such module 'Darwin'
26 | #endif
27 |
[579/629] Compiling ReerKit UIImageView+REExtensions.swift
/host/spi-builder-workspace/.build/checkouts/ReerKit/Sources/ReerKit/Utility/Lock/MutexLock.swift:25:8: error: no such module 'Darwin'
23 | import Glibc
24 | #else
25 | import Darwin
   |        `- error: no such module 'Darwin'
26 | #endif
27 |
[580/629] Compiling ReerKit UILabel+REExtensions.swift
/host/spi-builder-workspace/.build/checkouts/ReerKit/Sources/ReerKit/Utility/Lock/MutexLock.swift:25:8: error: no such module 'Darwin'
23 | import Glibc
24 | #else
25 | import Darwin
   |        `- error: no such module 'Darwin'
26 | #endif
27 |
[581/629] Compiling ReerKit UINavigationBar+REExtensions.swift
/host/spi-builder-workspace/.build/checkouts/ReerKit/Sources/ReerKit/Utility/Lock/MutexLock.swift:25:8: error: no such module 'Darwin'
23 | import Glibc
24 | #else
25 | import Darwin
   |        `- error: no such module 'Darwin'
26 | #endif
27 |
[582/629] Compiling ReerKit UINavigationController+REExtensions.swift
/host/spi-builder-workspace/.build/checkouts/ReerKit/Sources/ReerKit/Utility/Lock/MutexLock.swift:25:8: error: no such module 'Darwin'
23 | import Glibc
24 | #else
25 | import Darwin
   |        `- error: no such module 'Darwin'
26 | #endif
27 |
[583/629] Compiling ReerKit UINavigationItem+REExtensions.swift
/host/spi-builder-workspace/.build/checkouts/ReerKit/Sources/ReerKit/Utility/Lock/MutexLock.swift:25:8: error: no such module 'Darwin'
23 | import Glibc
24 | #else
25 | import Darwin
   |        `- error: no such module 'Darwin'
26 | #endif
27 |
[584/629] Compiling ReerKit UIRefreshControl+REExtensions.swift
/host/spi-builder-workspace/.build/checkouts/ReerKit/Sources/ReerKit/Utility/Lock/MutexLock.swift:25:8: error: no such module 'Darwin'
23 | import Glibc
24 | #else
25 | import Darwin
   |        `- error: no such module 'Darwin'
26 | #endif
27 |
[585/629] Compiling ReerKit UIResponder+REExtensions.swift
/host/spi-builder-workspace/.build/checkouts/ReerKit/Sources/ReerKit/Utility/Lock/MutexLock.swift:25:8: error: no such module 'Darwin'
23 | import Glibc
24 | #else
25 | import Darwin
   |        `- error: no such module 'Darwin'
26 | #endif
27 |
[586/629] Compiling ReerKit UIScreen+REExtensions.swift
/host/spi-builder-workspace/.build/checkouts/ReerKit/Sources/ReerKit/Utility/Lock/MutexLock.swift:25:8: error: no such module 'Darwin'
23 | import Glibc
24 | #else
25 | import Darwin
   |        `- error: no such module 'Darwin'
26 | #endif
27 |
[587/629] Compiling ReerKit UIScrollView+REExtensions.swift
/host/spi-builder-workspace/.build/checkouts/ReerKit/Sources/ReerKit/Utility/Lock/MutexLock.swift:25:8: error: no such module 'Darwin'
23 | import Glibc
24 | #else
25 | import Darwin
   |        `- error: no such module 'Darwin'
26 | #endif
27 |
[588/629] Compiling ReerKit UISearchBar+REExtensions.swift
/host/spi-builder-workspace/.build/checkouts/ReerKit/Sources/ReerKit/Utility/Lock/MutexLock.swift:25:8: error: no such module 'Darwin'
23 | import Glibc
24 | #else
25 | import Darwin
   |        `- error: no such module 'Darwin'
26 | #endif
27 |
[589/629] Compiling ReerKit UISegmentedControl+REExtensions.swift
/host/spi-builder-workspace/.build/checkouts/ReerKit/Sources/ReerKit/Utility/Lock/MutexLock.swift:25:8: error: no such module 'Darwin'
23 | import Glibc
24 | #else
25 | import Darwin
   |        `- error: no such module 'Darwin'
26 | #endif
27 |
[590/629] Compiling ReerKit Clamped.swift
/host/spi-builder-workspace/.build/checkouts/ReerKit/Sources/ReerKit/Utility/Lock/MutexLock.swift:25:8: error: no such module 'Darwin'
23 | import Glibc
24 | #else
25 | import Darwin
   |        `- error: no such module 'Darwin'
26 | #endif
27 |
[591/629] Compiling ReerKit LazyResettable.swift
/host/spi-builder-workspace/.build/checkouts/ReerKit/Sources/ReerKit/Utility/Lock/MutexLock.swift:25:8: error: no such module 'Darwin'
23 | import Glibc
24 | #else
25 | import Darwin
   |        `- error: no such module 'Darwin'
26 | #endif
27 |
[592/629] Compiling ReerKit Locked.swift
/host/spi-builder-workspace/.build/checkouts/ReerKit/Sources/ReerKit/Utility/Lock/MutexLock.swift:25:8: error: no such module 'Darwin'
23 | import Glibc
24 | #else
25 | import Darwin
   |        `- error: no such module 'Darwin'
26 | #endif
27 |
[593/629] Compiling ReerKit RWLocked.swift
/host/spi-builder-workspace/.build/checkouts/ReerKit/Sources/ReerKit/Utility/Lock/MutexLock.swift:25:8: error: no such module 'Darwin'
23 | import Glibc
24 | #else
25 | import Darwin
   |        `- error: no such module 'Darwin'
26 | #endif
27 |
[594/629] Compiling ReerKit Rounded.swift
/host/spi-builder-workspace/.build/checkouts/ReerKit/Sources/ReerKit/Utility/Lock/MutexLock.swift:25:8: error: no such module 'Darwin'
23 | import Glibc
24 | #else
25 | import Darwin
   |        `- error: no such module 'Darwin'
26 | #endif
27 |
[595/629] Compiling ReerKit Trimmed.swift
/host/spi-builder-workspace/.build/checkouts/ReerKit/Sources/ReerKit/Utility/Lock/MutexLock.swift:25:8: error: no such module 'Darwin'
23 | import Glibc
24 | #else
25 | import Darwin
   |        `- error: no such module 'Darwin'
26 | #endif
27 |
[596/629] Compiling ReerKit RETimer.swift
/host/spi-builder-workspace/.build/checkouts/ReerKit/Sources/ReerKit/Utility/Lock/MutexLock.swift:25:8: error: no such module 'Darwin'
23 | import Glibc
24 | #else
25 | import Darwin
   |        `- error: no such module 'Darwin'
26 | #endif
27 |
[597/629] Compiling ReerKit Reachability.swift
/host/spi-builder-workspace/.build/checkouts/ReerKit/Sources/ReerKit/Utility/Lock/MutexLock.swift:25:8: error: no such module 'Darwin'
23 | import Glibc
24 | #else
25 | import Darwin
   |        `- error: no such module 'Darwin'
26 | #endif
27 |
[598/629] Compiling ReerKit Throttler.swift
/host/spi-builder-workspace/.build/checkouts/ReerKit/Sources/ReerKit/Utility/Lock/MutexLock.swift:25:8: error: no such module 'Darwin'
23 | import Glibc
24 | #else
25 | import Darwin
   |        `- error: no such module 'Darwin'
26 | #endif
27 |
[599/629] Compiling ReerKit TypeNameDescribable.swift
/host/spi-builder-workspace/.build/checkouts/ReerKit/Sources/ReerKit/Utility/Lock/MutexLock.swift:25:8: error: no such module 'Darwin'
23 | import Glibc
24 | #else
25 | import Darwin
   |        `- error: no such module 'Darwin'
26 | #endif
27 |
[600/629] Compiling ReerKit Vibrator.swift
/host/spi-builder-workspace/.build/checkouts/ReerKit/Sources/ReerKit/Utility/Lock/MutexLock.swift:25:8: error: no such module 'Darwin'
23 | import Glibc
24 | #else
25 | import Darwin
   |        `- error: no such module 'Darwin'
26 | #endif
27 |
[601/629] Compiling ReerKit Weak.swift
/host/spi-builder-workspace/.build/checkouts/ReerKit/Sources/ReerKit/Utility/Lock/MutexLock.swift:25:8: error: no such module 'Darwin'
23 | import Glibc
24 | #else
25 | import Darwin
   |        `- error: no such module 'Darwin'
26 | #endif
27 |
[602/629] Compiling ReerKit WeakMap.swift
/host/spi-builder-workspace/.build/checkouts/ReerKit/Sources/ReerKit/Utility/Lock/MutexLock.swift:25:8: error: no such module 'Darwin'
23 | import Glibc
24 | #else
25 | import Darwin
   |        `- error: no such module 'Darwin'
26 | #endif
27 |
[603/629] Compiling ReerKit WeakProxy.swift
/host/spi-builder-workspace/.build/checkouts/ReerKit/Sources/ReerKit/Utility/Lock/MutexLock.swift:25:8: error: no such module 'Darwin'
23 | import Glibc
24 | #else
25 | import Darwin
   |        `- error: no such module 'Darwin'
26 | #endif
27 |
[604/629] Compiling ReerKit WeakSet.swift
/host/spi-builder-workspace/.build/checkouts/ReerKit/Sources/ReerKit/Utility/Lock/MutexLock.swift:25:8: error: no such module 'Darwin'
23 | import Glibc
24 | #else
25 | import Darwin
   |        `- error: no such module 'Darwin'
26 | #endif
27 |
[605/629] Compiling ReerKit WKWebView+REExtensions.swift
/host/spi-builder-workspace/.build/checkouts/ReerKit/Sources/ReerKit/Utility/Lock/MutexLock.swift:25:8: error: no such module 'Darwin'
23 | import Glibc
24 | #else
25 | import Darwin
   |        `- error: no such module 'Darwin'
26 | #endif
27 |
[606/629] Compiling ReerKit resource_bundle_accessor.swift
/host/spi-builder-workspace/.build/checkouts/ReerKit/Sources/ReerKit/Utility/Lock/MutexLock.swift:25:8: error: no such module 'Darwin'
23 | import Glibc
24 | #else
25 | import Darwin
   |        `- error: no such module 'Darwin'
26 | #endif
27 |
[607/629] Compiling ReerKit FloatingPoint+REExtensions.swift
/host/spi-builder-workspace/.build/checkouts/ReerKit/Sources/ReerKit/Utility/Lock/MutexLock.swift:25:8: error: no such module 'Darwin'
23 | import Glibc
24 | #else
25 | import Darwin
   |        `- error: no such module 'Darwin'
26 | #endif
27 |
[608/629] Compiling ReerKit Int+REExtensions.swift
/host/spi-builder-workspace/.build/checkouts/ReerKit/Sources/ReerKit/Utility/Lock/MutexLock.swift:25:8: error: no such module 'Darwin'
23 | import Glibc
24 | #else
25 | import Darwin
   |        `- error: no such module 'Darwin'
26 | #endif
27 |
[609/629] Compiling ReerKit MutableCollection+REExtensions.swift
/host/spi-builder-workspace/.build/checkouts/ReerKit/Sources/ReerKit/Utility/Lock/MutexLock.swift:25:8: error: no such module 'Darwin'
23 | import Glibc
24 | #else
25 | import Darwin
   |        `- error: no such module 'Darwin'
26 | #endif
27 |
[610/629] Compiling ReerKit OptionSet+REExtensions.swift
/host/spi-builder-workspace/.build/checkouts/ReerKit/Sources/ReerKit/Utility/Lock/MutexLock.swift:25:8: error: no such module 'Darwin'
23 | import Glibc
24 | #else
25 | import Darwin
   |        `- error: no such module 'Darwin'
26 | #endif
27 |
[611/629] Compiling ReerKit Optional+REExtensions.swift
/host/spi-builder-workspace/.build/checkouts/ReerKit/Sources/ReerKit/Utility/Lock/MutexLock.swift:25:8: error: no such module 'Darwin'
23 | import Glibc
24 | #else
25 | import Darwin
   |        `- error: no such module 'Darwin'
26 | #endif
27 |
[612/629] Compiling ReerKit Range+REExtensions.swift
/host/spi-builder-workspace/.build/checkouts/ReerKit/Sources/ReerKit/Utility/Lock/MutexLock.swift:25:8: error: no such module 'Darwin'
23 | import Glibc
24 | #else
25 | import Darwin
   |        `- error: no such module 'Darwin'
26 | #endif
27 |
[613/629] Compiling ReerKit RangeReplaceableCollection+REExtensions.swift
/host/spi-builder-workspace/.build/checkouts/ReerKit/Sources/ReerKit/Utility/Lock/MutexLock.swift:25:8: error: no such module 'Darwin'
23 | import Glibc
24 | #else
25 | import Darwin
   |        `- error: no such module 'Darwin'
26 | #endif
27 |
[614/629] Compiling ReerKit Sequence+REExtensions.swift
/host/spi-builder-workspace/.build/checkouts/ReerKit/Sources/ReerKit/Utility/Lock/MutexLock.swift:25:8: error: no such module 'Darwin'
23 | import Glibc
24 | #else
25 | import Darwin
   |        `- error: no such module 'Darwin'
26 | #endif
27 |
[615/629] Compiling ReerKit Set+REExtensions.swift
/host/spi-builder-workspace/.build/checkouts/ReerKit/Sources/ReerKit/Utility/Lock/MutexLock.swift:25:8: error: no such module 'Darwin'
23 | import Glibc
24 | #else
25 | import Darwin
   |        `- error: no such module 'Darwin'
26 | #endif
27 |
[616/629] Compiling ReerKit SignedInteger+REExtensions.swift
/host/spi-builder-workspace/.build/checkouts/ReerKit/Sources/ReerKit/Utility/Lock/MutexLock.swift:25:8: error: no such module 'Darwin'
23 | import Glibc
24 | #else
25 | import Darwin
   |        `- error: no such module 'Darwin'
26 | #endif
27 |
[617/629] Compiling ReerKit SignedNumeric+REExtensions.swift
/host/spi-builder-workspace/.build/checkouts/ReerKit/Sources/ReerKit/Utility/Lock/MutexLock.swift:25:8: error: no such module 'Darwin'
23 | import Glibc
24 | #else
25 | import Darwin
   |        `- error: no such module 'Darwin'
26 | #endif
27 |
[618/629] Compiling ReerKit StdlibProtocolWrappers.swift
/host/spi-builder-workspace/.build/checkouts/ReerKit/Sources/ReerKit/Utility/Lock/MutexLock.swift:25:8: error: no such module 'Darwin'
23 | import Glibc
24 | #else
25 | import Darwin
   |        `- error: no such module 'Darwin'
26 | #endif
27 |
[619/629] Compiling ReerKit String+REExtensions.swift
/host/spi-builder-workspace/.build/checkouts/ReerKit/Sources/ReerKit/Utility/Lock/MutexLock.swift:25:8: error: no such module 'Darwin'
23 | import Glibc
24 | #else
25 | import Darwin
   |        `- error: no such module 'Darwin'
26 | #endif
27 |
[620/629] Compiling ReerKit StringProtocol+REExtensions.swift
/host/spi-builder-workspace/.build/checkouts/ReerKit/Sources/ReerKit/Utility/Lock/MutexLock.swift:25:8: error: no such module 'Darwin'
23 | import Glibc
24 | #else
25 | import Darwin
   |        `- error: no such module 'Darwin'
26 | #endif
27 |
[621/629] Compiling ReerKit UIAlertController+REExtensions.swift
/host/spi-builder-workspace/.build/checkouts/ReerKit/Sources/ReerKit/Utility/Lock/MutexLock.swift:25:8: error: no such module 'Darwin'
23 | import Glibc
24 | #else
25 | import Darwin
   |        `- error: no such module 'Darwin'
26 | #endif
27 |
[622/629] Compiling ReerKit UIApplication+REExtensions.swift
/host/spi-builder-workspace/.build/checkouts/ReerKit/Sources/ReerKit/Utility/Lock/MutexLock.swift:25:8: error: no such module 'Darwin'
23 | import Glibc
24 | #else
25 | import Darwin
   |        `- error: no such module 'Darwin'
26 | #endif
27 |
[623/629] Compiling ReerKit UIBarButtonItem+REExtensions.swift
/host/spi-builder-workspace/.build/checkouts/ReerKit/Sources/ReerKit/Utility/Lock/MutexLock.swift:25:8: error: no such module 'Darwin'
23 | import Glibc
24 | #else
25 | import Darwin
   |        `- error: no such module 'Darwin'
26 | #endif
27 |
[624/629] Compiling ReerKit UIBezierPath+REExtensions.swift
/host/spi-builder-workspace/.build/checkouts/ReerKit/Sources/ReerKit/Utility/Lock/MutexLock.swift:25:8: error: no such module 'Darwin'
23 | import Glibc
24 | #else
25 | import Darwin
   |        `- error: no such module 'Darwin'
26 | #endif
27 |
BUILD FAILURE 6.2 android