Build Information
Failed to build ScreenMacros, reference main (9e0371), with Swift 6.2 for Android on 24 Aug 2026 00:07:50 UTC.
Build Command
bash -c docker run --pull=always --rm -v "checkouts-53886769-0":/host -w "$PWD" -e JAVA_HOME="/root/.sdkman/candidates/java/current" -e SPI_BUILD="1" -e SPI_PROCESSING="1" registry.gitlab.com/saguaro1/spi-images:android-6.2-latest swift build --swift-sdk aarch64-unknown-linux-android28 2>&1Build Log
========================================
RunAll
========================================
Builder version: 5.0.2
Interrupt handler set up.
========================================
Checkout
========================================
Clone URL: https://github.com/Koshimizu-Takehito/ScreenMacros.git
Reference: main
Initialized empty Git repository in /host/spi-builder-workspace/.git/
hint: Using 'master' as the name for the initial branch. This default branch name
hint: is subject to change. To configure the initial branch name to use in all
hint: of your new repositories, which will suppress this warning, call:
hint:
hint: git config --global init.defaultBranch <name>
hint:
hint: Names commonly chosen instead of 'master' are 'main', 'trunk' and
hint: 'development'. The just-created branch can be renamed via this command:
hint:
hint: git branch -m <name>
From https://github.com/Koshimizu-Takehito/ScreenMacros
* branch main -> FETCH_HEAD
* [new branch] main -> origin/main
HEAD is now at 9e0371d chore(deps): update dependency realm/swiftlint to v0.65.1 (#38)
Cloned https://github.com/Koshimizu-Takehito/ScreenMacros.git
Revision (git rev-parse @):
9e0371d1849dced739ef550f5fb779a08cab2890
SPI manifest file found: $PWD/.spi.yml
SUCCESS checkout https://github.com/Koshimizu-Takehito/ScreenMacros.git at main
========================================
Build
========================================
Selected platform: android
Swift version: 6.2
Building package at path: $PWD
https://github.com/Koshimizu-Takehito/ScreenMacros.git
Running build ...
bash -c docker run --pull=always --rm -v "checkouts-53886769-0":/host -w "$PWD" -e JAVA_HOME="/root/.sdkman/candidates/java/current" -e SPI_BUILD="1" -e SPI_PROCESSING="1" registry.gitlab.com/saguaro1/spi-images:android-6.2-latest swift build --swift-sdk aarch64-unknown-linux-android28 2>&1
android-6.2-latest: Pulling from saguaro1/spi-images
Digest: sha256:573917aa137cc6f081a4f3d2a0330bac24553e9cd713cd758adf65046f5c6b90
Status: Image is up to date for registry.gitlab.com/saguaro1/spi-images:android-6.2-latest
Fetching https://github.com/swiftlang/swift-syntax.git
[1/76529] Fetching swift-syntax
Fetched https://github.com/swiftlang/swift-syntax.git from cache (2.76s)
Computing version for https://github.com/swiftlang/swift-syntax.git
Computed https://github.com/swiftlang/swift-syntax.git at 602.0.0 (3.72s)
Creating working copy for https://github.com/swiftlang/swift-syntax.git
Working copy of https://github.com/swiftlang/swift-syntax.git resolved at 602.0.0
Downloading package prebuilt https://download.swift.org/prebuilts/swift-syntax/602.0.0/swift-6.2-RELEASE-MacroSupport-ubuntu_jammy_x86_64.tar.gz
Downloaded https://download.swift.org/prebuilts/swift-syntax/602.0.0/swift-6.2-RELEASE-MacroSupport-ubuntu_jammy_x86_64.tar.gz (0.19s)
Building for debugging...
[0/47] Write sources
[28/47] Compiling _SwiftSyntaxCShims PlatformMutex.c
[29/47] Write swift-version--11D90AFD9DD3AB2.txt
[30/47] Compiling _SwiftSyntaxCShims PlatformMutex.c
[32/63] Emitting module SwiftSyntax510
[34/63] Compiling SwiftSyntax510 Empty.swift
[35/64] Compiling SwiftSyntax601 Empty.swift
[36/64] Emitting module SwiftSyntax601
[39/65] Compiling SwiftSyntax600 Empty.swift
[40/65] Emitting module SwiftSyntax600
[41/68] Wrapping AST for SwiftSyntax601 for debugging
[42/69] Compiling SwiftSyntax600 Empty.swift
[44/69] Emitting module SwiftSyntax600
[45/71] Emitting module SwiftSyntax602
[46/71] Compiling SwiftSyntax602 Empty.swift
[47/72] Compiling SwiftSyntax509 Empty.swift
[48/72] Emitting module SwiftSyntax509
[49/73] Wrapping AST for SwiftSyntax600 for debugging
[51/73] Compiling SwiftSyntax509 Empty.swift
[52/73] Emitting module SwiftSyntax509
[55/74] Wrapping AST for SwiftSyntax602 for debugging
[57/74] Emitting module SwiftSyntax602
[58/74] Compiling SwiftSyntax602 Empty.swift
[58/74] Wrapping AST for SwiftSyntax509 for debugging
[61/75] Compiling SwiftSyntax510 Empty.swift
[62/76] Emitting module SwiftSyntax601
[63/76] Compiling SwiftSyntax601 Empty.swift
[65/77] Wrapping AST for SwiftSyntax510 for debugging
[67/203] Compiling SwiftSyntax Identifier.swift
[68/203] Compiling SwiftSyntax MemoryLayout.swift
[69/203] Compiling SwiftSyntax MissingNodeInitializers.swift
[70/203] Compiling SwiftSyntax RawSyntax.swift
[71/203] Compiling SwiftSyntax RawSyntaxArena.swift
[72/203] Compiling SwiftSyntax RawSyntaxLayoutView.swift
[73/203] Compiling SwiftSyntax RawSyntaxNodeProtocol.swift
[74/203] Compiling SwiftSyntax RawSyntaxTokenView.swift
[75/203] Compiling SwiftSyntax SourceEdit.swift
[76/211] Compiling SwiftSyntax Identifier.swift
[77/211] Compiling SwiftSyntax MemoryLayout.swift
[78/211] Compiling SwiftSyntax MissingNodeInitializers.swift
[79/211] Compiling SwiftSyntax RawSyntax.swift
[80/211] Compiling SwiftSyntax RawSyntaxArena.swift
[81/211] Compiling SwiftSyntax RawSyntaxLayoutView.swift
[82/211] Compiling SwiftSyntax RawSyntaxNodeProtocol.swift
[83/211] Compiling SwiftSyntax RawSyntaxTokenView.swift
[84/211] Compiling SwiftSyntax SourceEdit.swift
[85/211] Compiling SwiftSyntax SourceLength.swift
[86/211] Compiling SwiftSyntax SourceLocation.swift
[87/211] Compiling SwiftSyntax SourcePresence.swift
[88/211] Compiling SwiftSyntax SwiftSyntaxCompatibility.swift
[89/211] Compiling SwiftSyntax Syntax.swift
[90/211] Compiling SwiftSyntax SyntaxChildren.swift
[91/211] Compiling SwiftSyntax SyntaxCollection.swift
[92/211] Compiling SwiftSyntax SyntaxHashable.swift
[93/211] Compiling SwiftSyntax SyntaxIdentifier.swift
[112/211] Compiling SwiftSyntax AbsolutePosition.swift
[113/211] Compiling SwiftSyntax AbsoluteSyntaxInfo.swift
[114/211] Compiling SwiftSyntax ArenaAllocatedBuffer.swift
[115/211] Compiling SwiftSyntax Assert.swift
[116/211] Compiling SwiftSyntax BumpPtrAllocator.swift
[117/211] Compiling SwiftSyntax CommonAncestor.swift
[118/211] Compiling SwiftSyntax Convenience.swift
[119/211] Compiling SwiftSyntax CustomTraits.swift
[121/219] Emitting module SwiftSyntax
[123/219] Compiling SwiftSyntax SyntaxNodeStructure.swift
[124/219] Compiling SwiftSyntax SyntaxProtocol.swift
[125/219] Compiling SwiftSyntax SyntaxText.swift
[126/219] Compiling SwiftSyntax SyntaxTreeViewMode.swift
[127/219] Compiling SwiftSyntax TokenDiagnostic.swift
[128/219] Compiling SwiftSyntax TokenSequence.swift
[129/219] Compiling SwiftSyntax TokenSyntax.swift
[130/219] Compiling SwiftSyntax Trivia.swift
[131/219] Compiling SwiftSyntax Utils.swift
[132/219] Compiling SwiftSyntax SyntaxRewriter.swift
[133/219] Compiling SwiftSyntax SyntaxTraits.swift
[134/219] Compiling SwiftSyntax SyntaxVisitor.swift
[135/219] Compiling SwiftSyntax TokenKind.swift
[136/219] Compiling SwiftSyntax Tokens.swift
[137/219] Compiling SwiftSyntax TriviaPieces.swift
[138/219] Compiling SwiftSyntax RawSyntaxNodesAB.swift
[139/219] Compiling SwiftSyntax RawSyntaxNodesC.swift
[140/219] Compiling SwiftSyntax RawSyntaxNodesD.swift
[166/219] Compiling SwiftSyntax ChildNameForKeyPath.swift
[167/219] Compiling SwiftSyntax Keyword.swift
[168/219] Compiling SwiftSyntax RenamedChildrenCompatibility.swift
[169/219] Compiling SwiftSyntax RenamedNodesCompatibility.swift
[170/219] Compiling SwiftSyntax SyntaxAnyVisitor.swift
[171/219] Compiling SwiftSyntax SyntaxBaseNodes.swift
[172/219] Compiling SwiftSyntax SyntaxCollections.swift
[173/219] Compiling SwiftSyntax SyntaxEnum.swift
[174/219] Compiling SwiftSyntax SyntaxKind.swift
[193/219] Compiling SwiftSyntax SyntaxNodesC.swift
[194/219] Compiling SwiftSyntax SyntaxNodesD.swift
[195/219] Compiling SwiftSyntax SyntaxNodesEF.swift
[196/219] Compiling SwiftSyntax SyntaxNodesGHI.swift
[197/219] Compiling SwiftSyntax SyntaxNodesJKLMN.swift
[198/219] Compiling SwiftSyntax SyntaxNodesOP.swift
[199/219] Compiling SwiftSyntax SyntaxNodesQRS.swift
[200/219] Compiling SwiftSyntax SyntaxNodesTUVWXYZ.swift
[201/232] Wrapping AST for SwiftSyntax for debugging
[203/279] Compiling SwiftBasicFormat SyntaxProtocol+Formatted.swift
[204/279] Compiling SwiftBasicFormat Syntax+Extensions.swift
[205/279] Emitting module SwiftDiagnostics
[206/280] Compiling SwiftParser Directives.swift
[207/280] Compiling SwiftParser ExpressionInterpretedAsVersionTuple.swift
[208/280] Compiling SwiftBasicFormat Trivia+FormatExtensions.swift
[209/280] Compiling SwiftDiagnostics Message.swift
[210/280] Compiling SwiftParser Expressions.swift
[211/280] Compiling SwiftParser IncrementalParseTransition.swift
[212/280] Compiling SwiftDiagnostics Note.swift
[213/280] Compiling SwiftBasicFormat Indenter.swift
[214/280] Compiling SwiftBasicFormat InferIndentation.swift
[215/280] Compiling SwiftDiagnostics GroupedDiagnostics.swift
[216/280] Compiling SwiftDiagnostics FixIt.swift
[217/280] Compiling SwiftDiagnostics DiagnosticsFormatter.swift
[218/280] Compiling SwiftDiagnostics DiagnosticDecorator.swift
[227/281] Wrapping AST for SwiftDiagnostics for debugging
[229/282] Compiling SwiftBasicFormat BasicFormat.swift
[230/282] Emitting module SwiftBasicFormat
[232/283] Wrapping AST for SwiftBasicFormat for debugging
[234/342] Compiling SwiftDiagnostics Message.swift
[235/343] Emitting module SwiftDiagnostics
[236/343] Compiling SwiftBasicFormat SyntaxProtocol+Formatted.swift
[237/343] Compiling SwiftBasicFormat Trivia+FormatExtensions.swift
[238/343] Compiling SwiftBasicFormat Syntax+Extensions.swift
[239/343] Compiling SwiftDiagnostics ANSIDiagnosticDecorator.swift
[240/343] Compiling SwiftDiagnostics BasicDiagnosticDecorator.swift
[241/343] Compiling SwiftDiagnostics Convenience.swift
[242/343] Compiling SwiftDiagnostics Diagnostic.swift
[243/343] Compiling SwiftDiagnostics Note.swift
[244/343] Compiling SwiftDiagnostics GroupedDiagnostics.swift
[245/343] Compiling SwiftDiagnostics FixIt.swift
[246/343] Compiling SwiftDiagnostics DiagnosticsFormatter.swift
[247/343] Compiling SwiftDiagnostics DiagnosticDecorator.swift
[248/344] Compiling SwiftBasicFormat InferIndentation.swift
[249/344] Compiling SwiftBasicFormat Indenter.swift
[251/344] Compiling SwiftBasicFormat BasicFormat.swift
[252/344] Compiling SwiftParser StringLiterals.swift
[253/344] Compiling SwiftParser SwiftParserCompatibility.swift
[254/344] Compiling SwiftParser SwiftVersion.swift
[255/344] Compiling SwiftParser SyntaxUtils.swift
[256/344] Compiling SwiftParser TokenConsumer.swift
[257/344] Compiling SwiftParser TokenPrecedence.swift
[258/344] Compiling SwiftParser TokenSpec.swift
[259/344] Compiling SwiftParser TokenSpecSet.swift
[260/344] Compiling SwiftParser TopLevel.swift
[261/344] Compiling SwiftParser TriviaParser.swift
[262/344] Compiling SwiftParser Types.swift
[263/349] Emitting module SwiftBasicFormat
[265/350] Compiling SwiftParser LoopProgressCondition.swift
[266/350] Compiling SwiftParser Modifiers.swift
[267/350] Compiling SwiftParser Names.swift
[268/350] Compiling SwiftParser Nominals.swift
[269/350] Compiling SwiftParser Parameters.swift
[270/350] Compiling SwiftParser ParseSourceFile.swift
[277/355] Compiling SwiftParser Parser.swift
[278/355] Compiling SwiftParser Patterns.swift
[279/355] Compiling SwiftParser Recovery.swift
[280/355] Compiling SwiftParser Specifiers.swift
[281/355] Compiling SwiftParser Statements.swift
[282/355] Compiling SwiftParser StringLiteralRepresentedLiteralValue.swift
[283/355] Compiling SwiftParser Directives.swift
[284/355] Compiling SwiftParser ExpressionInterpretedAsVersionTuple.swift
[285/355] Compiling SwiftParser Expressions.swift
[286/355] Compiling SwiftParser IncrementalParseTransition.swift
[287/355] Compiling SwiftParser IsValidIdentifier.swift
[288/355] Compiling SwiftParser Cursor.swift
[289/355] Compiling SwiftParser Lexeme.swift
[290/355] Compiling SwiftParser LexemeSequence.swift
[291/355] Compiling SwiftParser Lexer.swift
[292/355] Compiling SwiftParser RegexLiteralLexer.swift
[293/355] Compiling SwiftParser UnicodeScalarExtensions.swift
[294/355] Compiling SwiftParser Lookahead.swift
[295/355] Emitting module SwiftParser
[300/355] Compiling SwiftParser CompilerFiles.swift
[301/355] Compiling SwiftParser Declarations.swift
[314/355] Emitting module SwiftParser
[338/355] Compiling SwiftParser ExperimentalFeatures.swift
[339/355] Compiling SwiftParser IsLexerClassified.swift
[340/355] Compiling SwiftParser LayoutNodes+Parsable.swift
[341/355] Compiling SwiftParser Parser+TokenSpecSet.swift
[342/355] Compiling SwiftParser TokenSpecStaticMembers.swift
[349/357] Wrapping AST for SwiftParser for debugging
[351/383] Compiling SwiftParserDiagnostics SyntaxKindNameForDiagnostics.swift
[353/385] Compiling SwiftParserDiagnostics TokenNameForDiagnostics.swift
[355/385] Emitting module SwiftParserDiagnostics
[356/385] Compiling SwiftParserDiagnostics DiagnosticExtensions.swift
[357/385] Compiling SwiftParserDiagnostics LexerDiagnosticMessages.swift
[358/385] Compiling SwiftParserDiagnostics ChildNameForDiagnostics.swift
[360/385] Compiling SwiftParserDiagnostics SyntaxExtensions.swift
[361/385] Compiling SwiftParserDiagnostics Utils.swift
[364/385] Compiling SwiftParserDiagnostics ParserDiagnosticMessages.swift
[365/385] Compiling SwiftParserDiagnostics PresenceUtils.swift
[368/385] Compiling SwiftParserDiagnostics MultiLineStringLiteralDiagnosticsGenerator.swift
[369/385] Compiling SwiftParserDiagnostics ParseDiagnosticsGenerator.swift
[372/385] Compiling SwiftParserDiagnostics MissingNodesError.swift
[373/385] Compiling SwiftParserDiagnostics MissingTokenError.swift
[374/385] Emitting module SwiftParserDiagnostics
[380/387] Wrapping AST for SwiftParserDiagnostics for debugging
[382/417] Compiling SwiftSyntaxBuilder ConvenienceInitializers.swift
[383/417] Compiling SwiftSyntaxBuilder DeclSyntaxParseable.swift
[384/418] Emitting module SwiftSyntaxBuilder
[387/419] Compiling SwiftSyntaxBuilder SyntaxParsable+ExpressibleByStringInterpolation.swift
[388/419] Compiling SwiftSyntaxBuilder ValidatingSyntaxNodes.swift
[389/419] Compiling SwiftSyntaxBuilder WithTrailingCommaSyntax+EnsuringTrailingComma.swift
[390/419] Compiling SwiftSyntaxBuilder BuildableNodes.swift
[391/419] Compiling SwiftSyntaxBuilder RenamedChildrenBuilderCompatibility.swift
[392/419] Compiling SwiftSyntaxBuilder ResultBuilders.swift
[393/419] Emitting module SwiftSyntaxBuilder
[394/419] Compiling SwiftSyntaxBuilder SyntaxExpressibleByStringInterpolationConformances.swift
[395/419] Compiling SwiftSyntaxBuilder Syntax+StringInterpolation.swift
[396/419] Compiling SwiftSyntaxBuilder SyntaxNodeWithBody.swift
[397/419] Compiling SwiftSyntaxBuilder ResultBuilderExtensions.swift
[398/419] Compiling SwiftSyntaxBuilder SwiftSyntaxBuilderCompatibility.swift
[399/419] Compiling SwiftSyntaxBuilder Indenter.swift
[400/419] Compiling SwiftSyntaxBuilder ListBuilder.swift
[404/420] Compiling SwiftSyntaxBuilder SyntaxExpressibleByStringInterpolationConformances.swift
[416/438] Compiling SwiftSyntaxMacros Macro.swift
[417/438] Compiling SwiftSyntaxMacros MemberAttributeMacro.swift
[417/440] Wrapping AST for SwiftSyntaxBuilder for debugging
[419/451] Compiling SwiftSyntaxMacros AbstractSourceLocation.swift
[420/451] Compiling SwiftSyntaxMacros MacroExpansionContext.swift
[421/451] Compiling SwiftSyntaxMacros DeclarationMacro.swift
[422/451] Compiling SwiftSyntaxMacros PeerMacro.swift
[423/453] Compiling SwiftSyntaxMacros ExpressionMacro.swift
[424/453] Compiling SwiftSyntaxMacros ExtensionMacro.swift
[425/457] Compiling SwiftSyntaxMacros MacroExpansionDiagnosticMessages.swift
[426/457] Compiling SwiftSyntaxMacros AccessorMacro.swift
[427/457] Emitting module SwiftSyntaxMacros
[431/459] Compiling SwiftSyntaxMacros AttachedMacro.swift
[432/459] Compiling SwiftSyntaxMacros BodyMacro.swift
[433/459] Compiling SwiftSyntaxMacros Macro.swift
[434/459] Compiling SwiftSyntaxMacros MemberAttributeMacro.swift
[435/459] Compiling SwiftSyntaxMacros MemberMacro.swift
[436/459] Compiling SwiftSyntaxMacros PeerMacro.swift
[437/459] Compiling SwiftSyntaxMacros FreestandingMacro.swift
[438/459] Compiling SwiftSyntaxMacros Macro+Format.swift
[439/459] Compiling SwiftSyntaxMacros CodeItemMacro.swift
[447/459] Compiling SwiftSyntaxMacros PreambleMacro.swift
[448/459] Compiling SwiftSyntaxMacros Syntax+LexicalContext.swift
[450/460] Emitting module SwiftSyntaxMacros
[456/464] Wrapping AST for SwiftSyntaxMacros for debugging
[458/467] Compiling ScreenMacrosCore ScreenMacro.swift
[459/467] Compiling ScreenMacrosCore ScreensMacro.swift
[460/467] Emitting module ScreenMacrosCore
[461/467] Compiling ScreenMacrosCore ScreenMacro.swift
[462/467] Emitting module ScreenMacrosCore
[463/467] Compiling ScreenMacrosCore ScreensMacro.swift
[465/469] Wrapping AST for ScreenMacrosCore for debugging
[467/471] Compiling ScreenMacrosImpl ScreenMacrosPlugin.swift
[468/471] Emitting module ScreenMacrosImpl
[469/472] Wrapping AST for ScreenMacrosImpl for debugging
[470/472] Write Objects.LinkFileList
error: link command failed with exit code 1 (use -v to see invocation)
/usr/bin/ld.gold: error: /host/spi-builder-workspace/.build/prebuilts/swift-syntax/602.0.0/swift-6.2-RELEASE-MacroSupport-ubuntu_jammy_x86_64/lib/libMacroSupport.a(BasicFormat.swift.o): multiple definition of '$s16SwiftBasicFormat0bC0C16indentationWidth0A6Syntax6TriviaVvg'
/usr/bin/ld.gold: /host/spi-builder-workspace/.build/x86_64-unknown-linux-gnu/debug/SwiftBasicFormat-tool.build/BasicFormat.swift.o: previous definition here
/usr/bin/ld.gold: error: /host/spi-builder-workspace/.build/prebuilts/swift-syntax/602.0.0/swift-6.2-RELEASE-MacroSupport-ubuntu_jammy_x86_64/lib/libMacroSupport.a(BasicFormat.swift.o): multiple definition of '$s16SwiftBasicFormat0bC0C16indentationStackSay0A6Syntax6TriviaV0D0_Sb13isUserDefinedtGvg'
/usr/bin/ld.gold: /host/spi-builder-workspace/.build/x86_64-unknown-linux-gnu/debug/SwiftBasicFormat-tool.build/BasicFormat.swift.o: previous definition here
/usr/bin/ld.gold: error: /host/spi-builder-workspace/.build/prebuilts/swift-syntax/602.0.0/swift-6.2-RELEASE-MacroSupport-ubuntu_jammy_x86_64/lib/libMacroSupport.a(BasicFormat.swift.o): multiple definition of '$s16SwiftBasicFormat0bC0C16indentationStackSay0A6Syntax6TriviaV0D0_Sb13isUserDefinedtGvs'
/usr/bin/ld.gold: /host/spi-builder-workspace/.build/x86_64-unknown-linux-gnu/debug/SwiftBasicFormat-tool.build/BasicFormat.swift.o: previous definition here
/usr/bin/ld.gold: error: /host/spi-builder-workspace/.build/prebuilts/swift-syntax/602.0.0/swift-6.2-RELEASE-MacroSupport-ubuntu_jammy_x86_64/lib/libMacroSupport.a(BasicFormat.swift.o): multiple definition of '$s16SwiftBasicFormat0bC0C16indentationStackSay0A6Syntax6TriviaV0D0_Sb13isUserDefinedtGvM'
/usr/bin/ld.gold: /host/spi-builder-workspace/.build/x86_64-unknown-linux-gnu/debug/SwiftBasicFormat-tool.build/BasicFormat.swift.o: previous definition here
/usr/bin/ld.gold: error: /host/spi-builder-workspace/.build/prebuilts/swift-syntax/602.0.0/swift-6.2-RELEASE-MacroSupport-ubuntu_jammy_x86_64/lib/libMacroSupport.a(BasicFormat.swift.o): multiple definition of '$s16SwiftBasicFormat0bC0C23currentIndentationLevel0A6Syntax6TriviaVvg'
/usr/bin/ld.gold: /host/spi-builder-workspace/.build/x86_64-unknown-linux-gnu/debug/SwiftBasicFormat-tool.build/BasicFormat.swift.o: previous definition here
/usr/bin/ld.gold: error: /host/spi-builder-workspace/.build/prebuilts/swift-syntax/602.0.0/swift-6.2-RELEASE-MacroSupport-ubuntu_jammy_x86_64/lib/libMacroSupport.a(BasicFormat.swift.o): multiple definition of '$s16SwiftBasicFormat0bC0C12anchorPoints33_2F202785A7D58B26EC4EDADA9BB2C3A3LLSDy0A6Syntax05TokenO0VAF6TriviaVGvpfi'
/usr/bin/ld.gold: /host/spi-builder-workspace/.build/x86_64-unknown-linux-gnu/debug/SwiftBasicFormat-tool.build/BasicFormat.swift.o: previous definition here
/usr/bin/ld.gold: error: /host/spi-builder-workspace/.build/prebuilts/swift-syntax/602.0.0/swift-6.2-RELEASE-MacroSupport-ubuntu_jammy_x86_64/lib/libMacroSupport.a(BasicFormat.swift.o): multiple definition of '$s16SwiftBasicFormat0bC0C13previousToken33_2F202785A7D58B26EC4EDADA9BB2C3A3LL0A6Syntax0eO0VSgvpfi'
/usr/bin/ld.gold: /host/spi-builder-workspace/.build/x86_64-unknown-linux-gnu/debug/SwiftBasicFormat-tool.build/BasicFormat.swift.o: previous definition here
/usr/bin/ld.gold: error: /host/spi-builder-workspace/.build/prebuilts/swift-syntax/602.0.0/swift-6.2-RELEASE-MacroSupport-ubuntu_jammy_x86_64/lib/libMacroSupport.a(BasicFormat.swift.o): multiple definition of '$s16SwiftBasicFormat0bC0C25stringLiteralNestingLevel33_2F202785A7D58B26EC4EDADA9BB2C3A3LLSivpfi'
/usr/bin/ld.gold: /host/spi-builder-workspace/.build/x86_64-unknown-linux-gnu/debug/SwiftBasicFormat-tool.build/BasicFormat.swift.o: previous definition here
/usr/bin/ld.gold: error: /host/spi-builder-workspace/.build/prebuilts/swift-syntax/602.0.0/swift-6.2-RELEASE-MacroSupport-ubuntu_jammy_x86_64/lib/libMacroSupport.a(BasicFormat.swift.o): multiple definition of '$s16SwiftBasicFormat0bC0C16indentationWidth18initialIndentation8viewModeAC0A6Syntax6TriviaVSg_AiG0j8TreeViewI0OtcfC'
/usr/bin/ld.gold: /host/spi-builder-workspace/.build/x86_64-unknown-linux-gnu/debug/SwiftBasicFormat-tool.build/BasicFormat.swift.o: previous definition here
/usr/bin/ld.gold: error: /host/spi-builder-workspace/.build/prebuilts/swift-syntax/602.0.0/swift-6.2-RELEASE-MacroSupport-ubuntu_jammy_x86_64/lib/libMacroSupport.a(BasicFormat.swift.o): multiple definition of '$s16SwiftBasicFormat0bC0C16indentationWidth18initialIndentation8viewModeAC0A6Syntax6TriviaVSg_AiG0j8TreeViewI0Otcfc'
/usr/bin/ld.gold: /host/spi-builder-workspace/.build/x86_64-unknown-linux-gnu/debug/SwiftBasicFormat-tool.build/BasicFormat.swift.o: previous definition here
/usr/bin/ld.gold: error: /host/spi-builder-workspace/.build/prebuilts/swift-syntax/602.0.0/swift-6.2-RELEASE-MacroSupport-ubuntu_jammy_x86_64/lib/libMacroSupport.a(BasicFormat.swift.o): multiple definition of '$s16SwiftBasicFormat0bC0C5resetyyF'
/usr/bin/ld.gold: /host/spi-builder-workspace/.build/x86_64-unknown-linux-gnu/debug/SwiftBasicFormat-tool.build/BasicFormat.swift.o: previous definition here
/usr/bin/ld.gold: error: /host/spi-builder-workspace/.build/prebuilts/swift-syntax/602.0.0/swift-6.2-RELEASE-MacroSupport-ubuntu_jammy_x86_64/lib/libMacroSupport.a(BasicFormat.swift.o): multiple definition of '$s16SwiftBasicFormat0bC0C24increaseIndentationLevel2toy0A6Syntax6TriviaVSg_tF'
/usr/bin/ld.gold: /host/spi-builder-workspace/.build/x86_64-unknown-linux-gnu/debug/SwiftBasicFormat-tool.build/BasicFormat.swift.o: previous definition here
/usr/bin/ld.gold: error: /host/spi-builder-workspace/.build/prebuilts/swift-syntax/602.0.0/swift-6.2-RELEASE-MacroSupport-ubuntu_jammy_x86_64/lib/libMacroSupport.a(BasicFormat.swift.o): multiple definition of '$s16SwiftBasicFormat0bC0C24decreaseIndentationLevelyyF'
/usr/bin/ld.gold: /host/spi-builder-workspace/.build/x86_64-unknown-linux-gnu/debug/SwiftBasicFormat-tool.build/BasicFormat.swift.o: previous definition here
/usr/bin/ld.gold: error: /host/spi-builder-workspace/.build/prebuilts/swift-syntax/602.0.0/swift-6.2-RELEASE-MacroSupport-ubuntu_jammy_x86_64/lib/libMacroSupport.a(BasicFormat.swift.o): multiple definition of '$s16SwiftBasicFormat0bC0C5visity0A6Syntax015UnexpectedNodesE0VAGF'
/usr/bin/ld.gold: /host/spi-builder-workspace/.build/x86_64-unknown-linux-gnu/debug/SwiftBasicFormat-tool.build/BasicFormat.swift.o: previous definition here
/usr/bin/ld.gold: error: /host/spi-builder-workspace/.build/prebuilts/swift-syntax/602.0.0/swift-6.2-RELEASE-MacroSupport-ubuntu_jammy_x86_64/lib/libMacroSupport.a(BasicFormat.swift.o): multiple definition of '$s16SwiftBasicFormat0bC0C8visitPreyy0A6Syntax0F0VF'
/usr/bin/ld.gold: /host/spi-builder-workspace/.build/x86_64-unknown-linux-gnu/debug/SwiftBasicFormat-tool.build/BasicFormat.swift.o: previous definition here
/usr/bin/ld.gold: error: /host/spi-builder-workspace/.build/prebuilts/swift-syntax/602.0.0/swift-6.2-RELEASE-MacroSupport-ubuntu_jammy_x86_64/lib/libMacroSupport.a(BasicFormat.swift.o): multiple definition of '$s16SwiftBasicFormat0bC0C9visitPostyy0A6Syntax0F0VF'
/usr/bin/ld.gold: /host/spi-builder-workspace/.build/x86_64-unknown-linux-gnu/debug/SwiftBasicFormat-tool.build/BasicFormat.swift.o: previous definition here
/usr/bin/ld.gold: error: /host/spi-builder-workspace/.build/prebuilts/swift-syntax/602.0.0/swift-6.2-RELEASE-MacroSupport-ubuntu_jammy_x86_64/lib/libMacroSupport.a(BasicFormat.swift.o): multiple definition of '$s16SwiftBasicFormat0bC0C28inferInitialTokenIndentationSbvg'
/usr/bin/ld.gold: /host/spi-builder-workspace/.build/x86_64-unknown-linux-gnu/debug/SwiftBasicFormat-tool.build/BasicFormat.swift.o: previous definition here
/usr/bin/ld.gold: error: /host/spi-builder-workspace/.build/prebuilts/swift-syntax/602.0.0/swift-6.2-RELEASE-MacroSupport-ubuntu_jammy_x86_64/lib/libMacroSupport.a(BasicFormat.swift.o): multiple definition of '$s16SwiftBasicFormat0bC0C14requiresIndentySbx0A6Syntax0F8ProtocolRzlF'
/usr/bin/ld.gold: /host/spi-builder-workspace/.build/x86_64-unknown-linux-gnu/debug/SwiftBasicFormat-tool.build/BasicFormat.swift.o: previous definition here
/usr/bin/ld.gold: error: /host/spi-builder-workspace/.build/prebuilts/swift-syntax/602.0.0/swift-6.2-RELEASE-MacroSupport-ubuntu_jammy_x86_64/lib/libMacroSupport.a(BasicFormat.swift.o): multiple definition of '$s16SwiftBasicFormat0bC0C15requiresNewline7between3andSb0A6Syntax05TokenH0VSg_AJtF'
/usr/bin/ld.gold: /host/spi-builder-workspace/.build/x86_64-unknown-linux-gnu/debug/SwiftBasicFormat-tool.build/BasicFormat.swift.o: previous definition here
/usr/bin/ld.gold: error: /host/spi-builder-workspace/.build/prebuilts/swift-syntax/602.0.0/swift-6.2-RELEASE-MacroSupport-ubuntu_jammy_x86_64/lib/libMacroSupport.a(BasicFormat.swift.o): multiple definition of '$s16SwiftBasicFormat0bC0C18requiresWhitespace7between3andSb0A6Syntax05TokenH0VSg_AJtF'
/usr/bin/ld.gold: /host/spi-builder-workspace/.build/x86_64-unknown-linux-gnu/debug/SwiftBasicFormat-tool.build/BasicFormat.swift.o: previous definition here
/usr/bin/ld.gold: error: /host/spi-builder-workspace/.build/prebuilts/swift-syntax/602.0.0/swift-6.2-RELEASE-MacroSupport-ubuntu_jammy_x86_64/lib/libMacroSupport.a(BasicFormat.swift.o): multiple definition of '$s16SwiftBasicFormat0bC0C9isMutableySb0A6Syntax05TokenF0VF'
/usr/bin/ld.gold: /host/spi-builder-workspace/.build/x86_64-unknown-linux-gnu/debug/SwiftBasicFormat-tool.build/BasicFormat.swift.o: previous definition here
/usr/bin/ld.gold: error: /host/spi-builder-workspace/.build/prebuilts/swift-syntax/602.0.0/swift-6.2-RELEASE-MacroSupport-ubuntu_jammy_x86_64/lib/libMacroSupport.a(BasicFormat.swift.o): multiple definition of '$s16SwiftBasicFormat0bC0C18transformTokenTextySSSg0A6Syntax0eG0VF'
/usr/bin/ld.gold: /host/spi-builder-workspace/.build/x86_64-unknown-linux-gnu/debug/SwiftBasicFormat-tool.build/BasicFormat.swift.o: previous definition here
/usr/bin/ld.gold: error: /host/spi-builder-workspace/.build/prebuilts/swift-syntax/602.0.0/swift-6.2-RELEASE-MacroSupport-ubuntu_jammy_x86_64/lib/libMacroSupport.a(BasicFormat.swift.o): multiple definition of '$s16SwiftBasicFormat0bC0C22transformTokenPresencey0A6Syntax06SourceF0OSgAE0eG0VF'
/usr/bin/ld.gold: /host/spi-builder-workspace/.build/x86_64-unknown-linux-gnu/debug/SwiftBasicFormat-tool.build/BasicFormat.swift.o: previous definition here
/usr/bin/ld.gold: error: /host/spi-builder-workspace/.build/prebuilts/swift-syntax/602.0.0/swift-6.2-RELEASE-MacroSupport-ubuntu_jammy_x86_64/lib/libMacroSupport.a(BasicFormat.swift.o): multiple definition of '$s16SwiftBasicFormat0bC0C5visity0A6Syntax05TokenE0VAGF'
/usr/bin/ld.gold: /host/spi-builder-workspace/.build/x86_64-unknown-linux-gnu/debug/SwiftBasicFormat-tool.build/BasicFormat.swift.o: previous definition here
/usr/bin/ld.gold: error: /host/spi-builder-workspace/.build/prebuilts/swift-syntax/602.0.0/swift-6.2-RELEASE-MacroSupport-ubuntu_jammy_x86_64/lib/libMacroSupport.a(BasicFormat.swift.o): multiple definition of '$s16SwiftBasicFormat0bC0C8viewModeAC0A6Syntax0f8TreeViewE0O_tcfC'
/usr/bin/ld.gold: /host/spi-builder-workspace/.build/x86_64-unknown-linux-gnu/debug/SwiftBasicFormat-tool.build/BasicFormat.swift.o: previous definition here
/usr/bin/ld.gold: error: /host/spi-builder-workspace/.build/prebuilts/swift-syntax/602.0.0/swift-6.2-RELEASE-MacroSupport-ubuntu_jammy_x86_64/lib/libMacroSupport.a(BasicFormat.swift.o): multiple definition of '$s16SwiftBasicFormat0bC0C8viewMode18rawAllocationArenaAC0A6Syntax0i8TreeViewE0O_AF03RawiH0CSgtcfC'
/usr/bin/ld.gold: /host/spi-builder-workspace/.build/x86_64-unknown-linux-gnu/debug/SwiftBasicFormat-tool.build/BasicFormat.swift.o: previous definition here
/usr/bin/ld.gold: error: /host/spi-builder-workspace/.build/prebuilts/swift-syntax/602.0.0/swift-6.2-RELEASE-MacroSupport-ubuntu_jammy_x86_64/lib/libMacroSupport.a(BasicFormat.swift.o): multiple definition of '$s16SwiftBasicFormat0bC0CfE'
/usr/bin/ld.gold: /host/spi-builder-workspace/.build/x86_64-unknown-linux-gnu/debug/SwiftBasicFormat-tool.build/BasicFormat.swift.o: previous definition here
/usr/bin/ld.gold: error: /host/spi-builder-workspace/.build/prebuilts/swift-syntax/602.0.0/swift-6.2-RELEASE-MacroSupport-ubuntu_jammy_x86_64/lib/libMacroSupport.a(BasicFormat.swift.o): multiple definition of '$s16SwiftBasicFormat0bC0Cfd'
/usr/bin/ld.gold: /host/spi-builder-workspace/.build/x86_64-unknown-linux-gnu/debug/SwiftBasicFormat-tool.build/BasicFormat.swift.o: previous definition here
/usr/bin/ld.gold: error: /host/spi-builder-workspace/.build/prebuilts/swift-syntax/602.0.0/swift-6.2-RELEASE-MacroSupport-ubuntu_jammy_x86_64/lib/libMacroSupport.a(BasicFormat.swift.o): multiple definition of '$s16SwiftBasicFormat0bC0CfD'
/usr/bin/ld.gold: /host/spi-builder-workspace/.build/x86_64-unknown-linux-gnu/debug/SwiftBasicFormat-tool.build/BasicFormat.swift.o: previous definition here
/usr/bin/ld.gold: error: /host/spi-builder-workspace/.build/prebuilts/swift-syntax/602.0.0/swift-6.2-RELEASE-MacroSupport-ubuntu_jammy_x86_64/lib/libMacroSupport.a(BasicFormat.swift.o): multiple definition of '$s16SwiftBasicFormat0bC0CMa'
/usr/bin/ld.gold: /host/spi-builder-workspace/.build/x86_64-unknown-linux-gnu/debug/SwiftBasicFormat-tool.build/BasicFormat.swift.o: previous definition here
/usr/bin/ld.gold: error: /host/spi-builder-workspace/.build/prebuilts/swift-syntax/602.0.0/swift-6.2-RELEASE-MacroSupport-ubuntu_jammy_x86_64/lib/libMacroSupport.a(BasicFormat.swift.o): multiple definition of '$s16SwiftBasicFormat0bC0C8viewMode18rawAllocationArenaAC0A6Syntax0i8TreeViewE0O_AF03RawiH0CSgtcfc'
/usr/bin/ld.gold: /host/spi-builder-workspace/.build/x86_64-unknown-linux-gnu/debug/SwiftBasicFormat-tool.build/BasicFormat.swift.o: previous definition here
/usr/bin/ld.gold: error: /host/spi-builder-workspace/.build/prebuilts/swift-syntax/602.0.0/swift-6.2-RELEASE-MacroSupport-ubuntu_jammy_x86_64/lib/libMacroSupport.a(BasicFormat.swift.o): multiple definition of '$s16SwiftBasicFormat0bC0C8viewModeAC0A6Syntax0f8TreeViewE0O_tcfc'
/usr/bin/ld.gold: /host/spi-builder-workspace/.build/x86_64-unknown-linux-gnu/debug/SwiftBasicFormat-tool.build/BasicFormat.swift.o: previous definition here
/usr/bin/ld.gold: error: /host/spi-builder-workspace/.build/prebuilts/swift-syntax/602.0.0/swift-6.2-RELEASE-MacroSupport-ubuntu_jammy_x86_64/lib/libMacroSupport.a(BasicFormat.swift.o): multiple definition of '$s16SwiftBasicFormat0bC0C16indentationWidth0A6Syntax6TriviaVvpMV'
/usr/bin/ld.gold: /host/spi-builder-workspace/.build/x86_64-unknown-linux-gnu/debug/SwiftBasicFormat-tool.build/BasicFormat.swift.o: previous definition here
/usr/bin/ld.gold: error: /host/spi-builder-workspace/.build/prebuilts/swift-syntax/602.0.0/swift-6.2-RELEASE-MacroSupport-ubuntu_jammy_x86_64/lib/libMacroSupport.a(BasicFormat.swift.o): multiple definition of '$s16SwiftBasicFormat0bC0C16indentationWidth0A6Syntax6TriviaVvpWvd'
/usr/bin/ld.gold: /host/spi-builder-workspace/.build/x86_64-unknown-linux-gnu/debug/SwiftBasicFormat-tool.build/BasicFormat.swift.o: previous definition here
/usr/bin/ld.gold: error: /host/spi-builder-workspace/.build/prebuilts/swift-syntax/602.0.0/swift-6.2-RELEASE-MacroSupport-ubuntu_jammy_x86_64/lib/libMacroSupport.a(BasicFormat.swift.o): multiple definition of '$s16SwiftBasicFormat0bC0C16indentationStackSay0A6Syntax6TriviaV0D0_Sb13isUserDefinedtGvpWvd'
/usr/bin/ld.gold: /host/spi-builder-workspace/.build/x86_64-unknown-linux-gnu/debug/SwiftBasicFormat-tool.build/BasicFormat.swift.o: previous definition here
/usr/bin/ld.gold: error: /host/spi-builder-workspace/.build/prebuilts/swift-syntax/602.0.0/swift-6.2-RELEASE-MacroSupport-ubuntu_jammy_x86_64/lib/libMacroSupport.a(BasicFormat.swift.o): multiple definition of '$s16SwiftBasicFormat0bC0CMn'
/usr/bin/ld.gold: /host/spi-builder-workspace/.build/x86_64-unknown-linux-gnu/debug/SwiftBasicFormat-tool.build/BasicFormat.swift.o: previous definition here
/usr/bin/ld.gold: error: /host/spi-builder-workspace/.build/prebuilts/swift-syntax/602.0.0/swift-6.2-RELEASE-MacroSupport-ubuntu_jammy_x86_64/lib/libMacroSupport.a(BasicFormat.swift.o): multiple definition of '$s16SwiftBasicFormat0bC0C16indentationStackSay0A6Syntax6TriviaV0D0_Sb13isUserDefinedtGvpMV'
/usr/bin/ld.gold: /host/spi-builder-workspace/.build/x86_64-unknown-linux-gnu/debug/SwiftBasicFormat-tool.build/BasicFormat.swift.o: previous definition here
/usr/bin/ld.gold: error: /host/spi-builder-workspace/.build/prebuilts/swift-syntax/602.0.0/swift-6.2-RELEASE-MacroSupport-ubuntu_jammy_x86_64/lib/libMacroSupport.a(BasicFormat.swift.o): multiple definition of '$s16SwiftBasicFormat0bC0C23currentIndentationLevel0A6Syntax6TriviaVvpMV'
/usr/bin/ld.gold: /host/spi-builder-workspace/.build/x86_64-unknown-linux-gnu/debug/SwiftBasicFormat-tool.build/BasicFormat.swift.o: previous definition here
/usr/bin/ld.gold: error: /host/spi-builder-workspace/.build/prebuilts/swift-syntax/602.0.0/swift-6.2-RELEASE-MacroSupport-ubuntu_jammy_x86_64/lib/libMacroSupport.a(BasicFormat.swift.o): multiple definition of '$s16SwiftBasicFormat0bC0C28inferInitialTokenIndentationSbvpMV'
/usr/bin/ld.gold: /host/spi-builder-workspace/.build/x86_64-unknown-linux-gnu/debug/SwiftBasicFormat-tool.build/BasicFormat.swift.o: previous definition here
/usr/bin/ld.gold: error: /host/spi-builder-workspace/.build/prebuilts/swift-syntax/602.0.0/swift-6.2-RELEASE-MacroSupport-ubuntu_jammy_x86_64/lib/libMacroSupport.a(BasicFormat.swift.o): multiple definition of '$s16SwiftBasicFormat0bC0C16indentationStackSay0A6Syntax6TriviaV0D0_Sb13isUserDefinedtGvgTq'
/usr/bin/ld.gold: /host/spi-builder-workspace/.build/x86_64-unknown-linux-gnu/debug/SwiftBasicFormat-tool.build/BasicFormat.swift.o: previous definition here
/usr/bin/ld.gold: error: /host/spi-builder-workspace/.build/prebuilts/swift-syntax/602.0.0/swift-6.2-RELEASE-MacroSupport-ubuntu_jammy_x86_64/lib/libMacroSupport.a(BasicFormat.swift.o): multiple definition of '$s16SwiftBasicFormat0bC0C16indentationStackSay0A6Syntax6TriviaV0D0_Sb13isUserDefinedtGvsTq'
/usr/bin/ld.gold: /host/spi-builder-workspace/.build/x86_64-unknown-linux-gnu/debug/SwiftBasicFormat-tool.build/BasicFormat.swift.o: previous definition here
/usr/bin/ld.gold: error: /host/spi-builder-workspace/.build/prebuilts/swift-syntax/602.0.0/swift-6.2-RELEASE-MacroSupport-ubuntu_jammy_x86_64/lib/libMacroSupport.a(BasicFormat.swift.o): multiple definition of '$s16SwiftBasicFormat0bC0C16indentationStackSay0A6Syntax6TriviaV0D0_Sb13isUserDefinedtGvMTq'
/usr/bin/ld.gold: /host/spi-builder-workspace/.build/x86_64-unknown-linux-gnu/debug/SwiftBasicFormat-tool.build/BasicFormat.swift.o: previous definition here
/usr/bin/ld.gold: error: /host/spi-builder-workspace/.build/prebuilts/swift-syntax/602.0.0/swift-6.2-RELEASE-MacroSupport-ubuntu_jammy_x86_64/lib/libMacroSupport.a(BasicFormat.swift.o): multiple definition of '$s16SwiftBasicFormat0bC0C23currentIndentationLevel0A6Syntax6TriviaVvgTq'
/usr/bin/ld.gold: /host/spi-builder-workspace/.build/x86_64-unknown-linux-gnu/debug/SwiftBasicFormat-tool.build/BasicFormat.swift.o: previous definition here
/usr/bin/ld.gold: error: /host/spi-builder-workspace/.build/prebuilts/swift-syntax/602.0.0/swift-6.2-RELEASE-MacroSupport-ubuntu_jammy_x86_64/lib/libMacroSupport.a(BasicFormat.swift.o): multiple definition of '$s16SwiftBasicFormat0bC0C16indentationWidth18initialIndentation8viewModeAC0A6Syntax6TriviaVSg_AiG0j8TreeViewI0OtcfCTq'
/usr/bin/ld.gold: /host/spi-builder-workspace/.build/x86_64-unknown-linux-gnu/debug/SwiftBasicFormat-tool.build/BasicFormat.swift.o: previous definition here
/usr/bin/ld.gold: error: /host/spi-builder-workspace/.build/prebuilts/swift-syntax/602.0.0/swift-6.2-RELEASE-MacroSupport-ubuntu_jammy_x86_64/lib/libMacroSupport.a(BasicFormat.swift.o): multiple definition of '$s16SwiftBasicFormat0bC0C5resetyyFTq'
/usr/bin/ld.gold: /host/spi-builder-workspace/.build/x86_64-unknown-linux-gnu/debug/SwiftBasicFormat-tool.build/BasicFormat.swift.o: previous definition here
/usr/bin/ld.gold: error: /host/spi-builder-workspace/.build/prebuilts/swift-syntax/602.0.0/swift-6.2-RELEASE-MacroSupport-ubuntu_jammy_x86_64/lib/libMacroSupport.a(BasicFormat.swift.o): multiple definition of '$s16SwiftBasicFormat0bC0C24increaseIndentationLevel2toy0A6Syntax6TriviaVSg_tFTq'
/usr/bin/ld.gold: /host/spi-builder-workspace/.build/x86_64-unknown-linux-gnu/debug/SwiftBasicFormat-tool.build/BasicFormat.swift.o: previous definition here
/usr/bin/ld.gold: error: /host/spi-builder-workspace/.build/prebuilts/swift-syntax/602.0.0/swift-6.2-RELEASE-MacroSupport-ubuntu_jammy_x86_64/lib/libMacroSupport.a(BasicFormat.swift.o): multiple definition of '$s16SwiftBasicFormat0bC0C24decreaseIndentationLevelyyFTq'
/usr/bin/ld.gold: /host/spi-builder-workspace/.build/x86_64-unknown-linux-gnu/debug/SwiftBasicFormat-tool.build/BasicFormat.swift.o: previous definition here
/usr/bin/ld.gold: error: /host/spi-builder-workspace/.build/prebuilts/swift-syntax/602.0.0/swift-6.2-RELEASE-MacroSupport-ubuntu_jammy_x86_64/lib/libMacroSupport.a(BasicFormat.swift.o): multiple definition of '$s16SwiftBasicFormat0bC0C28inferInitialTokenIndentationSbvgTq'
/usr/bin/ld.gold: /host/spi-builder-workspace/.build/x86_64-unknown-linux-gnu/debug/SwiftBasicFormat-tool.build/BasicFormat.swift.o: previous definition here
/usr/bin/ld.gold: error: /host/spi-builder-workspace/.build/prebuilts/swift-syntax/602.0.0/swift-6.2-RELEASE-MacroSupport-ubuntu_jammy_x86_64/lib/libMacroSupport.a(BasicFormat.swift.o): multiple definition of '$s16SwiftBasicFormat0bC0C14requiresIndentySbx0A6Syntax0F8ProtocolRzlFTq'
/usr/bin/ld.gold: /host/spi-builder-workspace/.build/x86_64-unknown-linux-gnu/debug/SwiftBasicFormat-tool.build/BasicFormat.swift.o: previous definition here
/usr/bin/ld.gold: error: /host/spi-builder-workspace/.build/prebuilts/swift-syntax/602.0.0/swift-6.2-RELEASE-MacroSupport-ubuntu_jammy_x86_64/lib/libMacroSupport.a(BasicFormat.swift.o): multiple definition of '$s16SwiftBasicFormat0bC0C15requiresNewline7between3andSb0A6Syntax05TokenH0VSg_AJtFTq'
/usr/bin/ld.gold: /host/spi-builder-workspace/.build/x86_64-unknown-linux-gnu/debug/SwiftBasicFormat-tool.build/BasicFormat.swift.o: previous definition here
/usr/bin/ld.gold: error: /host/spi-builder-workspace/.build/prebuilts/swift-syntax/602.0.0/swift-6.2-RELEASE-MacroSupport-ubuntu_jammy_x86_64/lib/libMacroSupport.a(BasicFormat.swift.o): multiple definition of '$s16SwiftBasicFormat0bC0C18requiresWhitespace7between3andSb0A6Syntax05TokenH0VSg_AJtFTq'
/usr/bin/ld.gold: /host/spi-builder-workspace/.build/x86_64-unknown-linux-gnu/debug/SwiftBasicFormat-tool.build/BasicFormat.swift.o: previous definition here
/usr/bin/ld.gold: error: /host/spi-builder-workspace/.build/prebuilts/swift-syntax/602.0.0/swift-6.2-RELEASE-MacroSupport-ubuntu_jammy_x86_64/lib/libMacroSupport.a(BasicFormat.swift.o): multiple definition of '$s16SwiftBasicFormat0bC0C9isMutableySb0A6Syntax05TokenF0VFTq'
/usr/bin/ld.gold: /host/spi-builder-workspace/.build/x86_64-unknown-linux-gnu/debug/SwiftBasicFormat-tool.build/BasicFormat.swift.o: previous definition here
/usr/bin/ld.gold: error: /host/spi-builder-workspace/.build/prebuilts/swift-syntax/602.0.0/swift-6.2-RELEASE-MacroSupport-ubuntu_jammy_x86_64/lib/libMacroSupport.a(BasicFormat.swift.o): multiple definition of '$s16SwiftBasicFormat0bC0C18transformTokenTextySSSg0A6Syntax0eG0VFTq'
/usr/bin/ld.gold: /host/spi-builder-workspace/.build/x86_64-unknown-linux-gnu/debug/SwiftBasicFormat-tool.build/BasicFormat.swift.o: previous definition here
/usr/bin/ld.gold: error: /host/spi-builder-workspace/.build/prebuilts/swift-syntax/602.0.0/swift-6.2-RELEASE-MacroSupport-ubuntu_jammy_x86_64/lib/libMacroSupport.a(BasicFormat.swift.o): multiple definition of '$s16SwiftBasicFormat0bC0C22transformTokenPresencey0A6Syntax06SourceF0OSgAE0eG0VFTq'
/usr/bin/ld.gold: /host/spi-builder-workspace/.build/x86_64-unknown-linux-gnu/debug/SwiftBasicFormat-tool.build/BasicFormat.swift.o: previous definition here
/usr/bin/ld.gold: error: /host/spi-builder-workspace/.build/prebuilts/swift-syntax/602.0.0/swift-6.2-RELEASE-MacroSupport-ubuntu_jammy_x86_64/lib/libMacroSupport.a(BasicFormat.swift.o): multiple definition of '$s16SwiftBasicFormat0bC0CN'
/usr/bin/ld.gold: /host/spi-builder-workspace/.build/x86_64-unknown-linux-gnu/debug/SwiftBasicFormat-tool.build/BasicFormat.swift.o: previous definition here
/usr/bin/ld.gold: error: /host/spi-builder-workspace/.build/prebuilts/swift-syntax/602.0.0/swift-6.2-RELEASE-MacroSupport-ubuntu_jammy_x86_64/lib/libMacroSupport.a(BasicFormat.swift.o): multiple definition of '$s16SwiftBasicFormat0bC0C12anchorPoints33_2F202785A7D58B26EC4EDADA9BB2C3A3LLSDy0A6Syntax05TokenO0VAF6TriviaVGvg'
/usr/bin/ld.gold: /host/spi-builder-workspace/.build/x86_64-unknown-linux-gnu/debug/SwiftBasicFormat-tool.build/BasicFormat.swift.o: previous definition here
/usr/bin/ld.gold: error: /host/spi-builder-workspace/.build/prebuilts/swift-syntax/602.0.0/swift-6.2-RELEASE-MacroSupport-ubuntu_jammy_x86_64/lib/libMacroSupport.a(BasicFormat.swift.o): multiple definition of '$s16SwiftBasicFormat0bC0C12anchorPoints33_2F202785A7D58B26EC4EDADA9BB2C3A3LLSDy0A6Syntax05TokenO0VAF6TriviaVGvs'
/usr/bin/ld.gold: /host/spi-builder-workspace/.build/x86_64-unknown-linux-gnu/debug/SwiftBasicFormat-tool.build/BasicFormat.swift.o: previous definition here
/usr/bin/ld.gold: error: /host/spi-builder-workspace/.build/prebuilts/swift-syntax/602.0.0/swift-6.2-RELEASE-MacroSupport-ubuntu_jammy_x86_64/lib/libMacroSupport.a(BasicFormat.swift.o): multiple definition of '$s16SwiftBasicFormat0bC0C12anchorPoints33_2F202785A7D58B26EC4EDADA9BB2C3A3LLSDy0A6Syntax05TokenO0VAF6TriviaVGvM'
/usr/bin/ld.gold: /host/spi-builder-workspace/.build/x86_64-unknown-linux-gnu/debug/SwiftBasicFormat-tool.build/BasicFormat.swift.o: previous definition here
/usr/bin/ld.gold: error: /host/spi-builder-workspace/.build/prebuilts/swift-syntax/602.0.0/swift-6.2-RELEASE-MacroSupport-ubuntu_jammy_x86_64/lib/libMacroSupport.a(BasicFormat.swift.o): multiple definition of '$s16SwiftBasicFormat0bC0C13previousToken33_2F202785A7D58B26EC4EDADA9BB2C3A3LL0A6Syntax0eO0VSgvg'
/usr/bin/ld.gold: /host/spi-builder-workspace/.build/x86_64-unknown-linux-gnu/debug/SwiftBasicFormat-tool.build/BasicFormat.swift.o: previous definition here
/usr/bin/ld.gold: error: /host/spi-builder-workspace/.build/prebuilts/swift-syntax/602.0.0/swift-6.2-RELEASE-MacroSupport-ubuntu_jammy_x86_64/lib/libMacroSupport.a(BasicFormat.swift.o): multiple definition of '$s16SwiftBasicFormat0bC0C13previousToken33_2F202785A7D58B26EC4EDADA9BB2C3A3LL0A6Syntax0eO0VSgvs'
/usr/bin/ld.gold: /host/spi-builder-workspace/.build/x86_64-unknown-linux-gnu/debug/SwiftBasicFormat-tool.build/BasicFormat.swift.o: previous definition here
/usr/bin/ld.gold: error: /host/spi-builder-workspace/.build/prebuilts/swift-syntax/602.0.0/swift-6.2-RELEASE-MacroSupport-ubuntu_jammy_x86_64/lib/libMacroSupport.a(BasicFormat.swift.o): multiple definition of '$s16SwiftBasicFormat0bC0C13previousToken33_2F202785A7D58B26EC4EDADA9BB2C3A3LL0A6Syntax0eO0VSgvM'
/usr/bin/ld.gold: /host/spi-builder-workspace/.build/x86_64-unknown-linux-gnu/debug/SwiftBasicFormat-tool.build/BasicFormat.swift.o: previous definition here
/usr/bin/ld.gold: error: /host/spi-builder-workspace/.build/prebuilts/swift-syntax/602.0.0/swift-6.2-RELEASE-MacroSupport-ubuntu_jammy_x86_64/lib/libMacroSupport.a(BasicFormat.swift.o): multiple definition of '$s16SwiftBasicFormat0bC0C25stringLiteralNestingLevel33_2F202785A7D58B26EC4EDADA9BB2C3A3LLSivg'
/usr/bin/ld.gold: /host/spi-builder-workspace/.build/x86_64-unknown-linux-gnu/debug/SwiftBasicFormat-tool.build/BasicFormat.swift.o: previous definition here
/usr/bin/ld.gold: error: /host/spi-builder-workspace/.build/prebuilts/swift-syntax/602.0.0/swift-6.2-RELEASE-MacroSupport-ubuntu_jammy_x86_64/lib/libMacroSupport.a(BasicFormat.swift.o): multiple definition of '$s16SwiftBasicFormat0bC0C25stringLiteralNestingLevel33_2F202785A7D58B26EC4EDADA9BB2C3A3LLSivs'
/usr/bin/ld.gold: /host/spi-builder-workspace/.build/x86_64-unknown-linux-gnu/debug/SwiftBasicFormat-tool.build/BasicFormat.swift.o: previous definition here
/usr/bin/ld.gold: error: /host/spi-builder-workspace/.build/prebuilts/swift-syntax/602.0.0/swift-6.2-RELEASE-MacroSupport-ubuntu_jammy_x86_64/lib/libMacroSupport.a(BasicFormat.swift.o): multiple definition of '$s16SwiftBasicFormat0bC0C25stringLiteralNestingLevel33_2F202785A7D58B26EC4EDADA9BB2C3A3LLSivM'
/usr/bin/ld.gold: /host/spi-builder-workspace/.build/x86_64-unknown-linux-gnu/debug/SwiftBasicFormat-tool.build/BasicFormat.swift.o: previous definition here
/usr/bin/ld.gold: error: /host/spi-builder-workspace/.build/prebuilts/swift-syntax/602.0.0/swift-6.2-RELEASE-MacroSupport-ubuntu_jammy_x86_64/lib/libMacroSupport.a(BasicFormat.swift.o): multiple definition of '$s16SwiftBasicFormat0bC0C21isInsideStringLiteral33_2F202785A7D58B26EC4EDADA9BB2C3A3LLSbvg'
/usr/bin/ld.gold: /host/spi-builder-workspace/.build/x86_64-unknown-linux-gnu/debug/SwiftBasicFormat-tool.build/BasicFormat.swift.o: previous definition here
/usr/bin/ld.gold: error: /host/spi-builder-workspace/.build/prebuilts/swift-syntax/602.0.0/swift-6.2-RELEASE-MacroSupport-ubuntu_jammy_x86_64/lib/libMacroSupport.a(BasicFormat.swift.o): multiple definition of '$s16SwiftBasicFormat0bC0C27isInsideStringInterpolation33_2F202785A7D58B26EC4EDADA9BB2C3A3LLySb0A6Syntax05TokenQ0VF'
/usr/bin/ld.gold: /host/spi-builder-workspace/.build/x86_64-unknown-linux-gnu/debug/SwiftBasicFormat-tool.build/BasicFormat.swift.o: previous definition here
/usr/bin/ld.gold: error: /host/spi-builder-workspace/.build/prebuilts/swift-syntax/602.0.0/swift-6.2-RELEASE-MacroSupport-ubuntu_jammy_x86_64/lib/libMacroSupport.a(BasicFormat.swift.o): multiple definition of '$s16SwiftBasicFormat0bC0C26childrenSeparatedByNewline33_2F202785A7D58B26EC4EDADA9BB2C3A3LLySb0A6Syntax0Q0VF'
/usr/bin/ld.gold: /host/spi-builder-workspace/.build/x86_64-unknown-linux-gnu/debug/SwiftBasicFormat-tool.build/BasicFormat.swift.o: previous definition here
/usr/bin/ld.gold: error: /host/spi-builder-workspace/.build/prebuilts/swift-syntax/602.0.0/swift-6.2-RELEASE-MacroSupport-ubuntu_jammy_x86_64/lib/libMacroSupport.a(BasicFormat.swift.o): multiple definition of '$s16SwiftBasicFormat0bC0C22anchorPointIndentation33_2F202785A7D58B26EC4EDADA9BB2C3A3LL3for0A6Syntax6TriviaVAG05TokenQ0V_tF'
/usr/bin/ld.gold: /host/spi-builder-workspace/.build/x86_64-unknown-linux-gnu/debug/SwiftBasicFormat-tool.build/BasicFormat.swift.o: previous definition here
/usr/bin/ld.gold: error: /host/spi-builder-workspace/.build/prebuilts/swift-syntax/602.0.0/swift-6.2-RELEASE-MacroSupport-ubuntu_jammy_x86_64/lib/libMacroSupport.a(BasicFormat.swift.o): multiple definition of '$s16SwiftBasicFormat0bC0C39isLeftBraceOfClosureInStmtConditionExpr33_2F202785A7D58B26EC4EDADA9BB2C3A3LLySb0A6Syntax05TokenV0VSgF'
/usr/bin/ld.gold: /host/spi-builder-workspace/.build/x86_64-unknown-linux-gnu/debug/SwiftBasicFormat-tool.build/BasicFormat.swift.o: previous definition here
/usr/bin/ld.gold: error: /host/spi-builder-workspace/.build/prebuilts/swift-syntax/602.0.0/swift-6.2-RELEASE-MacroSupport-ubuntu_jammy_x86_64/lib/libMacroSupport.a(InferIndentation.swift.o): multiple definition of '$s16SwiftBasicFormat0bC0C16inferIndentation2of0A6Syntax6TriviaVSgx_tAF0G8ProtocolRzlFZ'
/usr/bin/ld.gold: /host/spi-builder-workspace/.build/x86_64-unknown-linux-gnu/debug/SwiftBasicFormat-tool.build/InferIndentation.swift.o: previous definition here
/usr/bin/ld.gold: error: /host/spi-builder-workspace/.build/prebuilts/swift-syntax/602.0.0/swift-6.2-RELEASE-MacroSupport-ubuntu_jammy_x86_64/lib/libMacroSupport.a(GroupedDiagnostics.swift.o): multiple definition of '$s16SwiftDiagnostics07GroupedB0V12SourceFileIDV23__derived_struct_equalsySbAE_AEtFZ'
/usr/bin/ld.gold: /host/spi-builder-workspace/.build/x86_64-unknown-linux-gnu/debug/SwiftDiagnostics-tool.build/GroupedDiagnostics.swift.o: previous definition here
/usr/bin/ld.gold: error: /host/spi-builder-workspace/.build/prebuilts/swift-syntax/602.0.0/swift-6.2-RELEASE-MacroSupport-ubuntu_jammy_x86_64/lib/libMacroSupport.a(GroupedDiagnostics.swift.o): multiple definition of '$s16SwiftDiagnostics07GroupedB0V12SourceFileIDV4hash4intoys6HasherVz_tF'
/usr/bin/ld.gold: /host/spi-builder-workspace/.build/x86_64-unknown-linux-gnu/debug/SwiftDiagnostics-tool.build/GroupedDiagnostics.swift.o: previous definition here
/usr/bin/ld.gold: error: /host/spi-builder-workspace/.build/prebuilts/swift-syntax/602.0.0/swift-6.2-RELEASE-MacroSupport-ubuntu_jammy_x86_64/lib/libMacroSupport.a(GroupedDiagnostics.swift.o): multiple definition of '$s16SwiftDiagnostics07GroupedB0V12SourceFileIDV9hashValueSivg'
/usr/bin/ld.gold: /host/spi-builder-workspace/.build/x86_64-unknown-linux-gnu/debug/SwiftDiagnostics-tool.build/GroupedDiagnostics.swift.o: previous definition here
/usr/bin/ld.gold: error: /host/spi-builder-workspace/.build/prebuilts/swift-syntax/602.0.0/swift-6.2-RELEASE-MacroSupport-ubuntu_jammy_x86_64/lib/libMacroSupport.a(GroupedDiagnostics.swift.o): multiple definition of '$s16SwiftDiagnostics07GroupedB0VACycfC'
/usr/bin/ld.gold: /host/spi-builder-workspace/.build/x86_64-unknown-linux-gnu/debug/SwiftDiagnostics-tool.build/GroupedDiagnostics.swift.o: previous definition here
/usr/bin/ld.gold: error: /host/spi-builder-workspace/.build/prebuilts/swift-syntax/602.0.0/swift-6.2-RELEASE-MacroSupport-ubuntu_jammy_x86_64/lib/libMacroSupport.a(GroupedDiagnostics.swift.o): multiple definition of '$s16SwiftDiagnostics07GroupedB0V13addSourceFile4tree23sourceLocationConverter11displayName6parent11diagnosticsAC0eF2IDVx_0A6Syntax0eiJ0CSgSSAK_AL16AbsolutePositionVtSgSayAA10DiagnosticVGtAL0P8ProtocolRzlF'
/usr/bin/ld.gold: /host/spi-builder-workspace/.build/x86_64-unknown-linux-gnu/debug/SwiftDiagnostics-tool.build/GroupedDiagnostics.swift.o: previous definition here
/usr/bin/ld.gold: error: /host/spi-builder-workspace/.build/prebuilts/swift-syntax/602.0.0/swift-6.2-RELEASE-MacroSupport-ubuntu_jammy_x86_64/lib/libMacroSupport.a(GroupedDiagnostics.swift.o): multiple definition of '$s16SwiftDiagnostics07GroupedB0V13addDiagnostic_2inyAA0E0V_AC12SourceFileIDVSgtF'
/usr/bin/ld.gold: /host/spi-builder-workspace/.build/x86_64-unknown-linux-gnu/debug/SwiftDiagnostics-tool.build/GroupedDiagnostics.swift.o: previous definition here
/usr/bin/ld.gold: error: /host/spi-builder-workspace/.build/prebuilts/swift-syntax/602.0.0/swift-6.2-RELEASE-MacroSupport-ubuntu_jammy_x86_64/lib/libMacroSupport.a(GroupedDiagnostics.swift.o): multiple definition of '$s16SwiftDiagnostics07GroupedB0V14annotateSource_9formatter12indentStringSSAC0E6FileIDV_AA0B9FormatterVSStF'
/usr/bin/ld.gold: /host/spi-builder-workspace/.build/x86_64-unknown-linux-gnu/debug/SwiftDiagnostics-tool.build/GroupedDiagnostics.swift.o: previous definition here
/usr/bin/ld.gold: error: /host/spi-builder-workspace/.build/prebuilts/swift-syntax/602.0.0/swift-6.2-RELEASE-MacroSupport-ubuntu_jammy_x86_64/lib/libMacroSupport.a(GroupedDiagnostics.swift.o): multiple definition of '$s16SwiftDiagnostics0B9FormatterV15annotateSources2inSSAA07GroupedB0V_tF'
/usr/bin/ld.gold: /host/spi-builder-workspace/.build/x86_64-unknown-linux-gnu/debug/SwiftDiagnostics-tool.build/GroupedDiagnostics.swift.o: previous definition here
/usr/bin/ld.gold: error: /host/spi-builder-workspace/.build/prebuilts/swift-syntax/602.0.0/swift-6.2-RELEASE-MacroSupport-ubuntu_jammy_x86_64/lib/libMacroSupport.a(GroupedDiagnostics.swift.o): multiple definition of '$s16SwiftDiagnostics0B9FormatterV15annotateSources2in11contextSize8colorizeSSAA07GroupedB0V_SiSbtFZ'
/usr/bin/ld.gold: /host/spi-builder-workspace/.build/x86_64-unknown-linux-gnu/debug/SwiftDiagnostics-tool.build/GroupedDiagnostics.swift.o: previous definition here
/usr/bin/ld.gold: error: /host/spi-builder-workspace/.build/prebuilts/swift-syntax/602.0.0/swift-6.2-RELEASE-MacroSupport-ubuntu_jammy_x86_64/lib/libMacroSupport.a(GroupedDiagnostics.swift.o): multiple definition of '$s16SwiftDiagnostics07GroupedB0V12SourceFileIDVSQAAMc'
/usr/bin/ld.gold: /host/spi-builder-workspace/.build/x86_64-unknown-linux-gnu/debug/SwiftDiagnostics-tool.build/GroupedDiagnostics.swift.o: previous definition here
/usr/bin/ld.gold: error: /host/spi-builder-workspace/.build/prebuilts/swift-syntax/602.0.0/swift-6.2-RELEASE-MacroSupport-ubuntu_jammy_x86_64/lib/libMacroSupport.a(GroupedDiagnostics.swift.o): multiple definition of '$s16SwiftDiagnostics07GroupedB0VMa'
/usr/bin/ld.gold: /host/spi-builder-workspace/.build/x86_64-unknown-linux-gnu/debug/SwiftDiagnostics-tool.build/GroupedDiagnostics.swift.o: previous definition here
/usr/bin/ld.gold: error: /host/spi-builder-workspace/.build/prebuilts/swift-syntax/602.0.0/swift-6.2-RELEASE-MacroSupport-ubuntu_jammy_x86_64/lib/libMacroSupport.a(GroupedDiagnostics.swift.o): multiple definition of '$s16SwiftDiagnostics07GroupedB0V12SourceFileIDVMa'
/usr/bin/ld.gold: /host/spi-builder-workspace/.build/x86_64-unknown-linux-gnu/debug/SwiftDiagnostics-tool.build/GroupedDiagnostics.swift.o: previous definition here
/usr/bin/ld.gold: error: /host/spi-builder-workspace/.build/prebuilts/swift-syntax/602.0.0/swift-6.2-RELEASE-MacroSupport-ubuntu_jammy_x86_64/lib/libMacroSupport.a(GroupedDiagnostics.swift.o): multiple definition of '$s16SwiftDiagnostics07GroupedB0V10SourceFileVMa'
/usr/bin/ld.gold: /host/spi-builder-workspace/.build/x86_64-unknown-linux-gnu/debug/SwiftDiagnostics-tool.build/GroupedDiagnostics.swift.o: previous definition here
/usr/bin/ld.gold: error: /host/spi-builder-workspace/.build/prebuilts/swift-syntax/602.0.0/swift-6.2-RELEASE-MacroSupport-ubuntu_jammy_x86_64/lib/libMacroSupport.a(GroupedDiagnostics.swift.o): multiple definition of '$s16SwiftDiagnostics07GroupedB0V12SourceFileIDVMn'
/usr/bin/ld.gold: /host/spi-builder-workspace/.build/x86_64-unknown-linux-gnu/debug/SwiftDiagnostics-tool.build/GroupedDiagnostics.swift.o: previous definition here
/usr/bin/ld.gold: error: /host/spi-builder-workspace/.build/prebuilts/swift-syntax/602.0.0/swift-6.2-RELEASE-MacroSupport-ubuntu_jammy_x86_64/lib/libMacroSupport.a(GroupedDiagnostics.swift.o): multiple definition of '$s16SwiftDiagnostics07GroupedB0V12SourceFileIDVSHAAMc'
/usr/bin/ld.gold: /host/spi-builder-workspace/.build/x86_64-unknown-linux-gnu/debug/SwiftDiagnostics-tool.build/GroupedDiagnostics.swift.o: previous definition here
/usr/bin/ld.gold: error: /host/spi-builder-workspace/.build/prebuilts/swift-syntax/602.0.0/swift-6.2-RELEASE-MacroSupport-ubuntu_jammy_x86_64/lib/libMacroSupport.a(GroupedDiagnostics.swift.o): multiple definition of '$s16SwiftDiagnostics07GroupedB0V12SourceFileIDV9hashValueSivpMV'
/usr/bin/ld.gold: /host/spi-builder-workspace/.build/x86_64-unknown-linux-gnu/debug/SwiftDiagnostics-tool.build/GroupedDiagnostics.swift.o: previous definition here
/usr/bin/ld.gold: error: /host/spi-builder-workspace/.build/prebuilts/swift-syntax/602.0.0/swift-6.2-RELEASE-MacroSupport-ubuntu_jammy_x86_64/lib/libMacroSupport.a(GroupedDiagnostics.swift.o): multiple definition of '$s16SwiftDiagnostics07GroupedB0VMn'
/usr/bin/ld.gold: /host/spi-builder-workspace/.build/x86_64-unknown-linux-gnu/debug/SwiftDiagnostics-tool.build/GroupedDiagnostics.swift.o: previous definition here
/usr/bin/ld.gold: error: /host/spi-builder-workspace/.build/prebuilts/swift-syntax/602.0.0/swift-6.2-RELEASE-MacroSupport-ubuntu_jammy_x86_64/lib/libMacroSupport.a(GroupedDiagnostics.swift.o): multiple definition of '$s16SwiftDiagnostics07GroupedB0V10SourceFileVMn'
/usr/bin/ld.gold: /host/spi-builder-workspace/.build/x86_64-unknown-linux-gnu/debug/SwiftDiagnostics-tool.build/GroupedDiagnostics.swift.o: previous definition here
/usr/bin/ld.gold: error: /host/spi-builder-workspace/.build/prebuilts/swift-syntax/602.0.0/swift-6.2-RELEASE-MacroSupport-ubuntu_jammy_x86_64/lib/libMacroSupport.a(GroupedDiagnostics.swift.o): multiple definition of '$s16SwiftDiagnostics07GroupedB0VN'
/usr/bin/ld.gold: /host/spi-builder-workspace/.build/x86_64-unknown-linux-gnu/debug/SwiftDiagnostics-tool.build/GroupedDiagnostics.swift.o: previous definition here
/usr/bin/ld.gold: error: /host/spi-builder-workspace/.build/prebuilts/swift-syntax/602.0.0/swift-6.2-RELEASE-MacroSupport-ubuntu_jammy_x86_64/lib/libMacroSupport.a(GroupedDiagnostics.swift.o): multiple definition of '$s16SwiftDiagnostics07GroupedB0V12SourceFileIDVN'
/usr/bin/ld.gold: /host/spi-builder-workspace/.build/x86_64-unknown-linux-gnu/debug/SwiftDiagnostics-tool.build/GroupedDiagnostics.swift.o: previous definition here
/usr/bin/ld.gold: error: /host/spi-builder-workspace/.build/prebuilts/swift-syntax/602.0.0/swift-6.2-RELEASE-MacroSupport-ubuntu_jammy_x86_64/lib/libMacroSupport.a(GroupedDiagnostics.swift.o): multiple definition of '$s16SwiftDiagnostics07GroupedB0V10SourceFileVN'
/usr/bin/ld.gold: /host/spi-builder-workspace/.build/x86_64-unknown-linux-gnu/debug/SwiftDiagnostics-tool.build/GroupedDiagnostics.swift.o: previous definition here
/usr/bin/ld.gold: error: /host/spi-builder-workspace/.build/prebuilts/swift-syntax/602.0.0/swift-6.2-RELEASE-MacroSupport-ubuntu_jammy_x86_64/lib/libMacroSupport.a(DeclSyntaxParseable.swift.o): multiple definition of '$s18SwiftSyntaxBuilder04DeclB9ParseablePAAEyxAA0B10NodeStringVKcfC'
/usr/bin/ld.gold: /host/spi-builder-workspace/.build/x86_64-unknown-linux-gnu/debug/SwiftSyntaxBuilder-tool.build/DeclSyntaxParseable.swift.o: previous definition here
/usr/bin/ld.gold: error: /host/spi-builder-workspace/.build/prebuilts/swift-syntax/602.0.0/swift-6.2-RELEASE-MacroSupport-ubuntu_jammy_x86_64/lib/libMacroSupport.a(DeclSyntaxParseable.swift.o): multiple definition of '$s11SwiftSyntax09ActorDeclB0V0aB7Builder0dB9ParseableADWP'
/usr/bin/ld.gold: /host/spi-builder-workspace/.build/x86_64-unknown-linux-gnu/debug/SwiftSyntaxBuilder-tool.build/DeclSyntaxParseable.swift.o: previous definition here
/usr/bin/ld.gold: error: /host/spi-builder-workspace/.build/prebuilts/swift-syntax/602.0.0/swift-6.2-RELEASE-MacroSupport-ubuntu_jammy_x86_64/lib/libMacroSupport.a(DeclSyntaxParseable.swift.o): multiple definition of '$s11SwiftSyntax09ActorDeclB0V0aB7Builder0dB9ParseableADMc'
/usr/bin/ld.gold: /host/spi-builder-workspace/.build/x86_64-unknown-linux-gnu/debug/SwiftSyntaxBuilder-tool.build/DeclSyntaxParseable.swift.o: previous definition here
/usr/bin/ld.gold: error: /host/spi-builder-workspace/.build/prebuilts/swift-syntax/602.0.0/swift-6.2-RELEASE-MacroSupport-ubuntu_jammy_x86_64/lib/libMacroSupport.a(DeclSyntaxParseable.swift.o): multiple definition of '$s18SwiftSyntaxBuilder04DeclB9ParseableMp'
/usr/bin/ld.gold: /host/spi-builder-workspace/.build/x86_64-unknown-linux-gnu/debug/SwiftSyntaxBuilder-tool.build/DeclSyntaxParseable.swift.o: previous definition here
/usr/bin/ld.gold: error: /host/spi-builder-workspace/.build/prebuilts/swift-syntax/602.0.0/swift-6.2-RELEASE-MacroSupport-ubuntu_jammy_x86_64/lib/libMacroSupport.a(DeclSyntaxParseable.swift.o): multiple definition of '$s11SwiftSyntax018AssociatedTypeDeclB0V0aB7Builder0eB9ParseableADWP'
/usr/bin/ld.gold: /host/spi-builder-workspace/.build/x86_64-unknown-linux-gnu/debug/SwiftSyntaxBuilder-tool.build/DeclSyntaxParseable.swift.o: previous definition here
/usr/bin/ld.gold: error: /host/spi-builder-workspace/.build/prebuilts/swift-syntax/602.0.0/swift-6.2-RELEASE-MacroSupport-ubuntu_jammy_x86_64/lib/libMacroSupport.a(DeclSyntaxParseable.swift.o): multiple definition of '$s11SwiftSyntax018AssociatedTypeDeclB0V0aB7Builder0eB9ParseableADMc'
/usr/bin/ld.gold: /host/spi-builder-workspace/.build/x86_64-unknown-linux-gnu/debug/SwiftSyntaxBuilder-tool.build/DeclSyntaxParseable.swift.o: previous definition here
/usr/bin/ld.gold: error: /host/spi-builder-workspace/.build/prebuilts/swift-syntax/602.0.0/swift-6.2-RELEASE-MacroSupport-ubuntu_jammy_x86_64/lib/libMacroSupport.a(DeclSyntaxParseable.swift.o): multiple definition of '$s11SwiftSyntax012EnumCaseDeclB0V0aB7Builder0eB9ParseableADWP'
/usr/bin/ld.gold: /host/spi-builder-workspace/.build/x86_64-unknown-linux-gnu/debug/SwiftSyntaxBuilder-tool.build/DeclSyntaxParseable.swift.o: previous definition here
/usr/bin/ld.gold: error: /host/spi-builder-workspace/.build/prebuilts/swift-syntax/602.0.0/swift-6.2-RELEASE-MacroSupport-ubuntu_jammy_x86_64/lib/libMacroSupport.a(DeclSyntaxParseable.swift.o): multiple definition of '$s11SwiftSyntax012EnumCaseDeclB0V0aB7Builder0eB9ParseableADMc'
/usr/bin/ld.gold: /host/spi-builder-workspace/.build/x86_64-unknown-linux-gnu/debug/SwiftSyntaxBuilder-tool.build/DeclSyntaxParseable.swift.o: previous definition here
/usr/bin/ld.gold: error: /host/spi-builder-workspace/.build/prebuilts/swift-syntax/602.0.0/swift-6.2-RELEASE-MacroSupport-ubuntu_jammy_x86_64/lib/libMacroSupport.a(DeclSyntaxParseable.swift.o): multiple definition of '$s11SwiftSyntax09ClassDeclB0V0aB7Builder0dB9ParseableADWP'
/usr/bin/ld.gold: /host/spi-builder-workspace/.build/x86_64-unknown-linux-gnu/debug/SwiftSyntaxBuilder-tool.build/DeclSyntaxParseable.swift.o: previous definition here
/usr/bin/ld.gold: error: /host/spi-builder-workspace/.build/prebuilts/swift-syntax/602.0.0/swift-6.2-RELEASE-MacroSupport-ubuntu_jammy_x86_64/lib/libMacroSupport.a(DeclSyntaxParseable.swift.o): multiple definition of '$s11SwiftSyntax09ClassDeclB0V0aB7Builder0dB9ParseableADMc'
/usr/bin/ld.gold: /host/spi-builder-workspace/.build/x86_64-unknown-linux-gnu/debug/SwiftSyntaxBuilder-tool.build/DeclSyntaxParseable.swift.o: previous definition here
/usr/bin/ld.gold: error: /host/spi-builder-workspace/.build/prebuilts/swift-syntax/602.0.0/swift-6.2-RELEASE-MacroSupport-ubuntu_jammy_x86_64/lib/libMacroSupport.a(DeclSyntaxParseable.swift.o): multiple definition of '$s11SwiftSyntax017DeinitializerDeclB0V0aB7Builder0dB9ParseableADWP'
/usr/bin/ld.gold: /host/spi-builder-workspace/.build/x86_64-unknown-linux-gnu/debug/SwiftSyntaxBuilder-tool.build/DeclSyntaxParseable.swift.o: previous definition here
/usr/bin/ld.gold: error: /host/spi-builder-workspace/.build/prebuilts/swift-syntax/602.0.0/swift-6.2-RELEASE-MacroSupport-ubuntu_jammy_x86_64/lib/libMacroSupport.a(DeclSyntaxParseable.swift.o): multiple definition of '$s11SwiftSyntax017DeinitializerDeclB0V0aB7Builder0dB9ParseableADMc'
/usr/bin/ld.gold: /host/spi-builder-workspace/.build/x86_64-unknown-linux-gnu/debug/SwiftSyntaxBuilder-tool.build/DeclSyntaxParseable.swift.o: previous definition here
/usr/bin/ld.gold: error: /host/spi-builder-workspace/.build/prebuilts/swift-syntax/602.0.0/swift-6.2-RELEASE-MacroSupport-ubuntu_jammy_x86_64/lib/libMacroSupport.a(DeclSyntaxParseable.swift.o): multiple definition of '$s11SwiftSyntax08EnumDeclB0V0aB7Builder0dB9ParseableADWP'
/usr/bin/ld.gold: /host/spi-builder-workspace/.build/x86_64-unknown-linux-gnu/debug/SwiftSyntaxBuilder-tool.build/DeclSyntaxParseable.swift.o: previous definition here
/usr/bin/ld.gold: error: /host/spi-builder-workspace/.build/prebuilts/swift-syntax/602.0.0/swift-6.2-RELEASE-MacroSupport-ubuntu_jammy_x86_64/lib/libMacroSupport.a(DeclSyntaxParseable.swift.o): multiple definition of '$s11SwiftSyntax08EnumDeclB0V0aB7Builder0dB9ParseableADMc'
/usr/bin/ld.gold: /host/spi-builder-workspace/.build/x86_64-unknown-linux-gnu/debug/SwiftSyntaxBuilder-tool.build/DeclSyntaxParseable.swift.o: previous definition here
/usr/bin/ld.gold: error: /host/spi-builder-workspace/.build/prebuilts/swift-syntax/602.0.0/swift-6.2-RELEASE-MacroSupport-ubuntu_jammy_x86_64/lib/libMacroSupport.a(DeclSyntaxParseable.swift.o): multiple definition of '$s11SwiftSyntax013ExtensionDeclB0V0aB7Builder0dB9ParseableADWP'
/usr/bin/ld.gold: /host/spi-builder-workspace/.build/x86_64-unknown-linux-gnu/debug/SwiftSyntaxBuilder-tool.build/DeclSyntaxParseable.swift.o: previous definition here
/usr/bin/ld.gold: error: /host/spi-builder-workspace/.build/prebuilts/swift-syntax/602.0.0/swift-6.2-RELEASE-MacroSupport-ubuntu_jammy_x86_64/lib/libMacroSupport.a(DeclSyntaxParseable.swift.o): multiple definition of '$s11SwiftSyntax013ExtensionDeclB0V0aB7Builder0dB9ParseableADMc'
/usr/bin/ld.gold: /host/spi-builder-workspace/.build/x86_64-unknown-linux-gnu/debug/SwiftSyntaxBuilder-tool.build/DeclSyntaxParseable.swift.o: previous definition here
/usr/bin/ld.gold: error: /host/spi-builder-workspace/.build/prebuilts/swift-syntax/602.0.0/swift-6.2-RELEASE-MacroSupport-ubuntu_jammy_x86_64/lib/libMacroSupport.a(DeclSyntaxParseable.swift.o): multiple definition of '$s11SwiftSyntax012FunctionDeclB0V0aB7Builder0dB9ParseableADWP'
/usr/bin/ld.gold: /host/spi-builder-workspace/.build/x86_64-unknown-linux-gnu/debug/SwiftSyntaxBuilder-tool.build/DeclSyntaxParseable.swift.o: previous definition here
/usr/bin/ld.gold: error: /host/spi-builder-workspace/.build/prebuilts/swift-syntax/602.0.0/swift-6.2-RELEASE-MacroSupport-ubuntu_jammy_x86_64/lib/libMacroSupport.a(DeclSyntaxParseable.swift.o): multiple definition of '$s11SwiftSyntax012FunctionDeclB0V0aB7Builder0dB9ParseableADMc'
/usr/bin/ld.gold: /host/spi-builder-workspace/.build/x86_64-unknown-linux-gnu/debug/SwiftSyntaxBuilder-tool.build/DeclSyntaxParseable.swift.o: previous definition here
/usr/bin/ld.gold: error: /host/spi-builder-workspace/.build/prebuilts/swift-syntax/602.0.0/swift-6.2-RELEASE-MacroSupport-ubuntu_jammy_x86_64/lib/libMacroSupport.a(DeclSyntaxParseable.swift.o): multiple definition of '$s11SwiftSyntax010ImportDeclB0V0aB7Builder0dB9ParseableADWP'
/usr/bin/ld.gold: /host/spi-builder-workspace/.build/x86_64-unknown-linux-gnu/debug/SwiftSyntaxBuilder-tool.build/DeclSyntaxParseable.swift.o: previous definition here
/usr/bin/ld.gold: error: /host/spi-builder-workspace/.build/prebuilts/swift-syntax/602.0.0/swift-6.2-RELEASE-MacroSupport-ubuntu_jammy_x86_64/lib/libMacroSupport.a(DeclSyntaxParseable.swift.o): multiple definition of '$s11SwiftSyntax010ImportDeclB0V0aB7Builder0dB9ParseableADMc'
/usr/bin/ld.gold: /host/spi-builder-workspace/.build/x86_64-unknown-linux-gnu/debug/SwiftSyntaxBuilder-tool.build/DeclSyntaxParseable.swift.o: previous definition here
/usr/bin/ld.gold: error: /host/spi-builder-workspace/.build/prebuilts/swift-syntax/602.0.0/swift-6.2-RELEASE-MacroSupport-ubuntu_jammy_x86_64/lib/libMacroSupport.a(DeclSyntaxParseable.swift.o): multiple definition of '$s11SwiftSyntax015InitializerDeclB0V0aB7Builder0dB9ParseableADWP'
/usr/bin/ld.gold: /host/spi-builder-workspace/.build/x86_64-unknown-linux-gnu/debug/SwiftSyntaxBuilder-tool.build/DeclSyntaxParseable.swift.o: previous definition here
/usr/bin/ld.gold: error: /host/spi-builder-workspace/.build/prebuilts/swift-syntax/602.0.0/swift-6.2-RELEASE-MacroSupport-ubuntu_jammy_x86_64/lib/libMacroSupport.a(DeclSyntaxParseable.swift.o): multiple definition of '$s11SwiftSyntax015InitializerDeclB0V0aB7Builder0dB9ParseableADMc'
/usr/bin/ld.gold: /host/spi-builder-workspace/.build/x86_64-unknown-linux-gnu/debug/SwiftSyntaxBuilder-tool.build/DeclSyntaxParseable.swift.o: previous definition here
/usr/bin/ld.gold: error: /host/spi-builder-workspace/.build/prebuilts/swift-syntax/602.0.0/swift-6.2-RELEASE-MacroSupport-ubuntu_jammy_x86_64/lib/libMacroSupport.a(DeclSyntaxParseable.swift.o): multiple definition of '$s11SwiftSyntax012VariableDeclB0V0aB7Builder0dB9ParseableADWP'
/usr/bin/ld.gold: /host/spi-builder-workspace/.build/x86_64-unknown-linux-gnu/debug/SwiftSyntaxBuilder-tool.build/DeclSyntaxParseable.swift.o: previous definition here
/usr/bin/ld.gold: error: /host/spi-builder-workspace/.build/prebuilts/swift-syntax/602.0.0/swift-6.2-RELEASE-MacroSupport-ubuntu_jammy_x86_64/lib/libMacroSupport.a(DeclSyntaxParseable.swift.o): multiple definition of '$s11SwiftSyntax012VariableDeclB0V0aB7Builder0dB9ParseableADMc'
/usr/bin/ld.gold: /host/spi-builder-workspace/.build/x86_64-unknown-linux-gnu/debug/SwiftSyntaxBuilder-tool.build/DeclSyntaxParseable.swift.o: previous definition here
/usr/bin/ld.gold: error: /host/spi-builder-workspace/.build/prebuilts/swift-syntax/602.0.0/swift-6.2-RELEASE-MacroSupport-ubuntu_jammy_x86_64/lib/libMacroSupport.a(DeclSyntaxParseable.swift.o): multiple definition of '$s11SwiftSyntax09MacroDeclB0V0aB7Builder0dB9ParseableADWP'
/usr/bin/ld.gold: /host/spi-builder-workspace/.build/x86_64-unknown-linux-gnu/debug/SwiftSyntaxBuilder-tool.build/DeclSyntaxParseable.swift.o: previous definition here
/usr/bin/ld.gold: error: /host/spi-builder-workspace/.build/prebuilts/swift-syntax/602.0.0/swift-6.2-RELEASE-MacroSupport-ubuntu_jammy_x86_64/lib/libMacroSupport.a(DeclSyntaxParseable.swift.o): multiple definition of '$s11SwiftSyntax09MacroDeclB0V0aB7Builder0dB9ParseableADMc'
/usr/bin/ld.gold: /host/spi-builder-workspace/.build/x86_64-unknown-linux-gnu/debug/SwiftSyntaxBuilder-tool.build/DeclSyntaxParseable.swift.o: previous definition here
/usr/bin/ld.gold: error: /host/spi-builder-workspace/.build/prebuilts/swift-syntax/602.0.0/swift-6.2-RELEASE-MacroSupport-ubuntu_jammy_x86_64/lib/libMacroSupport.a(DeclSyntaxParseable.swift.o): multiple definition of '$s11SwiftSyntax012OperatorDeclB0V0aB7Builder0dB9ParseableADWP'
/usr/bin/ld.gold: /host/spi-builder-workspace/.build/x86_64-unknown-linux-gnu/debug/SwiftSyntaxBuilder-tool.build/DeclSyntaxParseable.swift.o: previous definition here
/usr/bin/ld.gold: error: /host/spi-builder-workspace/.build/prebuilts/swift-syntax/602.0.0/swift-6.2-RELEASE-MacroSupport-ubuntu_jammy_x86_64/lib/libMacroSupport.a(DeclSyntaxParseable.swift.o): multiple definition of '$s11SwiftSyntax012OperatorDeclB0V0aB7Builder0dB9ParseableADMc'
/usr/bin/ld.gold: /host/spi-builder-workspace/.build/x86_64-unknown-linux-gnu/debug/SwiftSyntaxBuilder-tool.build/DeclSyntaxParseable.swift.o: previous definition here
/usr/bin/ld.gold: error: /host/spi-builder-workspace/.build/prebuilts/swift-syntax/602.0.0/swift-6.2-RELEASE-MacroSupport-ubuntu_jammy_x86_64/lib/libMacroSupport.a(DeclSyntaxParseable.swift.o): multiple definition of '$s11SwiftSyntax018MacroExpansionDeclB0V0aB7Builder0eB9ParseableADWP'
/usr/bin/ld.gold: /host/spi-builder-workspace/.build/x86_64-unknown-linux-gnu/debug/SwiftSyntaxBuilder-tool.build/DeclSyntaxParseable.swift.o: previous definition here
/usr/bin/ld.gold: error: /host/spi-builder-workspace/.build/prebuilts/swift-syntax/602.0.0/swift-6.2-RELEASE-MacroSupport-ubuntu_jammy_x86_64/lib/libMacroSupport.a(DeclSyntaxParseable.swift.o): multiple definition of '$s11SwiftSyntax018MacroExpansionDeclB0V0aB7Builder0eB9ParseableADMc'
/usr/bin/ld.gold: /host/spi-builder-workspace/.build/x86_64-unknown-linux-gnu/debug/SwiftSyntaxBuilder-tool.build/DeclSyntaxParseable.swift.o: previous definition here
/usr/bin/ld.gold: error: /host/spi-builder-workspace/.build/prebuilts/swift-syntax/602.0.0/swift-6.2-RELEASE-MacroSupport-ubuntu_jammy_x86_64/lib/libMacroSupport.a(DeclSyntaxParseable.swift.o): multiple definition of '$s11SwiftSyntax019PrecedenceGroupDeclB0V0aB7Builder0eB9ParseableADWP'
/usr/bin/ld.gold: /host/spi-builder-workspace/.build/x86_64-unknown-linux-gnu/debug/SwiftSyntaxBuilder-tool.build/DeclSyntaxParseable.swift.o: previous definition here
/usr/bin/ld.gold: error: /host/spi-builder-workspace/.build/prebuilts/swift-syntax/602.0.0/swift-6.2-RELEASE-MacroSupport-ubuntu_jammy_x86_64/lib/libMacroSupport.a(DeclSyntaxParseable.swift.o): multiple definition of '$s11SwiftSyntax019PrecedenceGroupDeclB0V0aB7Builder0eB9ParseableADMc'
/usr/bin/ld.gold: /host/spi-builder-workspace/.build/x86_64-unknown-linux-gnu/debug/SwiftSyntaxBuilder-tool.build/DeclSyntaxParseable.swift.o: previous definition here
/usr/bin/ld.gold: error: /host/spi-builder-workspace/.build/prebuilts/swift-syntax/602.0.0/swift-6.2-RELEASE-MacroSupport-ubuntu_jammy_x86_64/lib/libMacroSupport.a(DeclSyntaxParseable.swift.o): multiple definition of '$s11SwiftSyntax012ProtocolDeclB0V0aB7Builder0dB9ParseableADWP'
/usr/bin/ld.gold: /host/spi-builder-workspace/.build/x86_64-unknown-linux-gnu/debug/SwiftSyntaxBuilder-tool.build/DeclSyntaxParseable.swift.o: previous definition here
/usr/bin/ld.gold: error: /host/spi-builder-workspace/.build/prebuilts/swift-syntax/602.0.0/swift-6.2-RELEASE-MacroSupport-ubuntu_jammy_x86_64/lib/libMacroSupport.a(DeclSyntaxParseable.swift.o): multiple definition of '$s11SwiftSyntax012ProtocolDeclB0V0aB7Builder0dB9ParseableADMc'
/usr/bin/ld.gold: /host/spi-builder-workspace/.build/x86_64-unknown-linux-gnu/debug/SwiftSyntaxBuilder-tool.build/DeclSyntaxParseable.swift.o: previous definition here
/usr/bin/ld.gold: error: /host/spi-builder-workspace/.build/prebuilts/swift-syntax/602.0.0/swift-6.2-RELEASE-MacroSupport-ubuntu_jammy_x86_64/lib/libMacroSupport.a(DeclSyntaxParseable.swift.o): multiple definition of '$s11SwiftSyntax010StructDeclB0V0aB7Builder0dB9ParseableADWP'
/usr/bin/ld.gold: /host/spi-builder-workspace/.build/x86_64-unknown-linux-gnu/debug/SwiftSyntaxBuilder-tool.build/DeclSyntaxParseable.swift.o: previous definition here
/usr/bin/ld.gold: error: /host/spi-builder-workspace/.build/prebuilts/swift-syntax/602.0.0/swift-6.2-RELEASE-MacroSupport-ubuntu_jammy_x86_64/lib/libMacroSupport.a(DeclSyntaxParseable.swift.o): multiple definition of '$s11SwiftSyntax010StructDeclB0V0aB7Builder0dB9ParseableADMc'
/usr/bin/ld.gold: /host/spi-builder-workspace/.build/x86_64-unknown-linux-gnu/debug/SwiftSyntaxBuilder-tool.build/DeclSyntaxParseable.swift.o: previous definition here
/usr/bin/ld.gold: error: /host/spi-builder-workspace/.build/prebuilts/swift-syntax/602.0.0/swift-6.2-RELEASE-MacroSupport-ubuntu_jammy_x86_64/lib/libMacroSupport.a(DeclSyntaxParseable.swift.o): multiple definition of '$s11SwiftSyntax013SubscriptDeclB0V0aB7Builder0dB9ParseableADWP'
/usr/bin/ld.gold: /host/spi-builder-workspace/.build/x86_64-unknown-linux-gnu/debug/SwiftSyntaxBuilder-tool.build/DeclSyntaxParseable.swift.o: previous definition here
/usr/bin/ld.gold: error: /host/spi-builder-workspace/.build/prebuilts/swift-syntax/602.0.0/swift-6.2-RELEASE-MacroSupport-ubuntu_jammy_x86_64/lib/libMacroSupport.a(DeclSyntaxParseable.swift.o): multiple definition of '$s11SwiftSyntax013SubscriptDeclB0V0aB7Builder0dB9ParseableADMc'
/usr/bin/ld.gold: /host/spi-builder-workspace/.build/x86_64-unknown-linux-gnu/debug/SwiftSyntaxBuilder-tool.build/DeclSyntaxParseable.swift.o: previous definition here
/usr/bin/ld.gold: error: /host/spi-builder-workspace/.build/prebuilts/swift-syntax/602.0.0/swift-6.2-RELEASE-MacroSupport-ubuntu_jammy_x86_64/lib/libMacroSupport.a(DeclSyntaxParseable.swift.o): multiple definition of '$s11SwiftSyntax013TypeAliasDeclB0V0aB7Builder0eB9ParseableADWP'
/usr/bin/ld.gold: /host/spi-builder-workspace/.build/x86_64-unknown-linux-gnu/debug/SwiftSyntaxBuilder-tool.build/DeclSyntaxParseable.swift.o: previous definition here
/usr/bin/ld.gold: error: /host/spi-builder-workspace/.build/prebuilts/swift-syntax/602.0.0/swift-6.2-RELEASE-MacroSupport-ubuntu_jammy_x86_64/lib/libMacroSupport.a(DeclSyntaxParseable.swift.o): multiple definition of '$s11SwiftSyntax013TypeAliasDeclB0V0aB7Builder0eB9ParseableADMc'
/usr/bin/ld.gold: /host/spi-builder-workspace/.build/x86_64-unknown-linux-gnu/debug/SwiftSyntaxBuilder-tool.build/DeclSyntaxParseable.swift.o: previous definition here
/usr/bin/ld.gold: error: /host/spi-builder-workspace/.build/prebuilts/swift-syntax/602.0.0/swift-6.2-RELEASE-MacroSupport-ubuntu_jammy_x86_64/lib/libMacroSupport.a(DeclSyntaxParseable.swift.o): multiple definition of '$s18SwiftSyntaxBuilder04DeclB9ParseableTL'
/usr/bin/ld.gold: /host/spi-builder-workspace/.build/x86_64-unknown-linux-gnu/debug/SwiftSyntaxBuilder-tool.build/DeclSyntaxParseable.swift.o: previous definition here
/usr/bin/ld.gold: error: /host/spi-builder-workspace/.build/prebuilts/swift-syntax/602.0.0/swift-6.2-RELEASE-MacroSupport-ubuntu_jammy_x86_64/lib/libMacroSupport.a(DeclSyntaxParseable.swift.o): multiple definition of '$s18SwiftSyntaxBuilder04DeclB9ParseableP0aB00dB8ProtocolTb'
/usr/bin/ld.gold: /host/spi-builder-workspace/.build/x86_64-unknown-linux-gnu/debug/SwiftSyntaxBuilder-tool.build/DeclSyntaxParseable.swift.o: previous definition here
/usr/bin/ld.gold: error: /host/spi-builder-workspace/.build/prebuilts/swift-syntax/602.0.0/swift-6.2-RELEASE-MacroSupport-ubuntu_jammy_x86_64/lib/libMacroSupport.a(DiagnosticsFormatter.swift.o): multiple definition of '$s16SwiftDiagnostics0B9FormatterV11contextSizeSivg'
/usr/bin/ld.gold: /host/spi-builder-workspace/.build/x86_64-unknown-linux-gnu/debug/SwiftDiagnostics-tool.build/DiagnosticsFormatter.swift.o: previous definition here
/usr/bin/ld.gold: error: /host/spi-builder-workspace/.build/prebuilts/swift-syntax/602.0.0/swift-6.2-RELEASE-MacroSupport-ubuntu_jammy_x86_64/lib/libMacroSupport.a(DiagnosticsFormatter.swift.o): multiple definition of '$s16SwiftDiagnostics0B9FormatterV8colorizeSbvg'
/usr/bin/ld.gold: /host/spi-builder-workspace/.build/x86_64-unknown-linux-gnu/debug/SwiftDiagnostics-tool.build/DiagnosticsFormatter.swift.o: previous definition here
/usr/bin/ld.gold: error: /host/spi-builder-workspace/.build/prebuilts/swift-syntax/602.0.0/swift-6.2-RELEASE-MacroSupport-ubuntu_jammy_x86_64/lib/libMacroSupport.a(DiagnosticsFormatter.swift.o): multiple definition of '$s16SwiftDiagnostics0B9FormatterV11contextSize8colorizeACSi_SbtcfC'
/usr/bin/ld.gold: /host/spi-builder-workspace/.build/x86_64-unknown-linux-gnu/debug/SwiftDiagnostics-tool.build/DiagnosticsFormatter.swift.o: previous definition here
/usr/bin/ld.gold: error: /host/spi-builder-workspace/.build/prebuilts/swift-syntax/602.0.0/swift-6.2-RELEASE-MacroSupport-ubuntu_jammy_x86_64/lib/libMacroSupport.a(DiagnosticsFormatter.swift.o): multiple definition of '$s16SwiftDiagnostics0B9FormatterV15annotatedSource4tree5diags11contextSize8colorizeSSx_SayAA10DiagnosticVGSiSbt0A6Syntax0L8ProtocolRzlFZ'
/usr/bin/ld.gold: /host/spi-builder-workspace/.build/x86_64-unknown-linux-gnu/debug/SwiftDiagnostics-tool.build/DiagnosticsFormatter.swift.o: previous definition here
/usr/bin/ld.gold: error: /host/spi-builder-workspace/.build/prebuilts/swift-syntax/602.0.0/swift-6.2-RELEASE-MacroSupport-ubuntu_jammy_x86_64/lib/libMacroSupport.a(DiagnosticsFormatter.swift.o): multiple definition of '$s16SwiftDiagnostics0B9FormatterV15annotatedSource4tree5diagsSSx_SayAA10DiagnosticVGt0A6Syntax0I8ProtocolRzlF'
/usr/bin/ld.gold: /host/spi-builder-workspace/.build/x86_64-unknown-linux-gnu/debug/SwiftDiagnostics-tool.build/DiagnosticsFormatter.swift.o: previous definition here
/usr/bin/ld.gold: error: /host/spi-builder-workspace/.build/prebuilts/swift-syntax/602.0.0/swift-6.2-RELEASE-MacroSupport-ubuntu_jammy_x86_64/lib/libMacroSupport.a(DiagnosticsFormatter.swift.o): multiple definition of '$s16SwiftDiagnostics0B9FormatterV15annotatedSource4tree5diags12indentString11suffixTexts23sourceLocationConverterSSx_SayAA10DiagnosticVGSSSDy0A6Syntax16AbsolutePositionVSSGAM0emN0CSgtAM0P8ProtocolRzlF'
/usr/bin/ld.gold: /host/spi-builder-workspace/.build/x86_64-unknown-linux-gnu/debug/SwiftDiagnostics-tool.build/DiagnosticsFormatter.swift.o: previous definition here
/usr/bin/ld.gold: error: /host/spi-builder-workspace/.build/prebuilts/swift-syntax/602.0.0/swift-6.2-RELEASE-MacroSupport-ubuntu_jammy_x86_64/lib/libMacroSupport.a(DiagnosticsFormatter.swift.o): multiple definition of '$s16SwiftDiagnostics0B9FormatterV16formattedMessageySSxAA010DiagnosticE0RzlF'
/usr/bin/ld.gold: /host/spi-builder-workspace/.build/x86_64-unknown-linux-gnu/debug/SwiftDiagnostics-tool.build/DiagnosticsFormatter.swift.o: previous definition here
/usr/bin/ld.gold: error: /host/spi-builder-workspace/.build/prebuilts/swift-syntax/602.0.0/swift-6.2-RELEASE-MacroSupport-ubuntu_jammy_x86_64/lib/libMacroSupport.a(DiagnosticsFormatter.swift.o): multiple definition of '$s16SwiftDiagnostics0B9FormatterV17categoryFootnotes_11leadingTextSSx_SStSTRzAA18DiagnosticCategoryV7ElementRtzlF'
/usr/bin/ld.gold: /host/spi-builder-workspace/.build/x86_64-unknown-linux-gnu/debug/SwiftDiagnostics-tool.build/DiagnosticsFormatter.swift.o: previous definition here
/usr/bin/ld.gold: error: /host/spi-builder-workspace/.build/prebuilts/swift-syntax/602.0.0/swift-6.2-RELEASE-MacroSupport-ubuntu_jammy_x86_64/lib/libMacroSupport.a(DiagnosticsFormatter.swift.o): multiple definition of '$s16SwiftDiagnostics0B9FormatterVMa'
/usr/bin/ld.gold: /host/spi-builder-workspace/.build/x86_64-unknown-linux-gnu/debug/SwiftDiagnostics-tool.build/DiagnosticsFormatter.swift.o: previous definition here
/usr/bin/ld.gold: error: /host/spi-builder-workspace/.build/prebuilts/swift-syntax/602.0.0/swift-6.2-RELEASE-MacroSupport-ubuntu_jammy_x86_64/lib/libMacroSupport.a(DiagnosticsFormatter.swift.o): multiple definition of '$s16SwiftDiagnostics0B9FormatterV11contextSizeSivpMV'
/usr/bin/ld.gold: /host/spi-builder-workspace/.build/x86_64-unknown-linux-gnu/debug/SwiftDiagnostics-tool.build/DiagnosticsFormatter.swift.o: previous definition here
/usr/bin/ld.gold: error: /host/spi-builder-workspace/.build/prebuilts/swift-syntax/602.0.0/swift-6.2-RELEASE-MacroSupport-ubuntu_jammy_x86_64/lib/libMacroSupport.a(DiagnosticsFormatter.swift.o): multiple definition of '$s16SwiftDiagnostics0B9FormatterVMn'
/usr/bin/ld.gold: /host/spi-builder-workspace/.build/x86_64-unknown-linux-gnu/debug/SwiftDiagnostics-tool.build/DiagnosticsFormatter.swift.o: previous definition here
/usr/bin/ld.gold: error: /host/spi-builder-workspace/.build/prebuilts/swift-syntax/602.0.0/swift-6.2-RELEASE-MacroSupport-ubuntu_jammy_x86_64/lib/libMacroSupport.a(DiagnosticsFormatter.swift.o): multiple definition of '$s16SwiftDiagnostics0B9FormatterV8colorizeSbvpMV'
/usr/bin/ld.gold: /host/spi-builder-workspace/.build/x86_64-unknown-linux-gnu/debug/SwiftDiagnostics-tool.build/DiagnosticsFormatter.swift.o: previous definition here
/usr/bin/ld.gold: error: /host/spi-builder-workspace/.build/prebuilts/swift-syntax/602.0.0/swift-6.2-RELEASE-MacroSupport-ubuntu_jammy_x86_64/lib/libMacroSupport.a(DiagnosticsFormatter.swift.o): multiple definition of '$s16SwiftDiagnostics0B9FormatterVN'
/usr/bin/ld.gold: /host/spi-builder-workspace/.build/x86_64-unknown-linux-gnu/debug/SwiftDiagnostics-tool.build/DiagnosticsFormatter.swift.o: previous definition here
/usr/bin/ld.gold: error: /host/spi-builder-workspace/.build/prebuilts/swift-syntax/602.0.0/swift-6.2-RELEASE-MacroSupport-ubuntu_jammy_x86_64/lib/libMacroSupport.a(FixIt.swift.o): multiple definition of '$s16SwiftDiagnostics5FixItV7message7changesAcA0cD7Message_p_SayAC6ChangeOGtcfC'
/usr/bin/ld.gold: /host/spi-builder-workspace/.build/x86_64-unknown-linux-gnu/debug/SwiftDiagnostics-tool.build/FixIt.swift.o: previous definition here
/usr/bin/ld.gold: error: /host/spi-builder-workspace/.build/prebuilts/swift-syntax/602.0.0/swift-6.2-RELEASE-MacroSupport-ubuntu_jammy_x86_64/lib/libMacroSupport.a(FixIt.swift.o): multiple definition of '$s16SwiftDiagnostics5FixItV6ChangeO26ReplacingOptionalChildDataV6parent03newH07keyPathAGy__xq_Gx_q_s8Sendable_s011WritableKeyM0Cyxq_SgGXctcfC'
/usr/bin/ld.gold: /host/spi-builder-workspace/.build/x86_64-unknown-linux-gnu/debug/SwiftDiagnostics-tool.build/FixIt.swift.o: previous definition here
/usr/bin/ld.gold: error: /host/spi-builder-workspace/.build/prebuilts/swift-syntax/602.0.0/swift-6.2-RELEASE-MacroSupport-ubuntu_jammy_x86_64/lib/libMacroSupport.a(FixIt.swift.o): multiple definition of '$s16SwiftDiagnostics5FixItV6ChangeO26ReplacingOptionalChildDataVMa'
/usr/bin/ld.gold: /host/spi-builder-workspace/.build/x86_64-unknown-linux-gnu/debug/SwiftDiagnostics-tool.build/FixIt.swift.o: previous definition here
/usr/bin/ld.gold: error: /host/spi-builder-workspace/.build/prebuilts/swift-syntax/602.0.0/swift-6.2-RELEASE-MacroSupport-ubuntu_jammy_x86_64/lib/libMacroSupport.a(FixIt.swift.o): multiple definition of '$s16SwiftDiagnostics5FixItV6ChangeO26ReplacingOptionalChildDataV16replacementRangeSny0A6Syntax16AbsolutePositionVGvg'
/usr/bin/ld.gold: /host/spi-builder-workspace/.build/x86_64-unknown-linux-gnu/debug/SwiftDiagnostics-tool.build/FixIt.swift.o: previous definition here
/usr/bin/ld.gold: error: /host/spi-builder-workspace/.build/prebuilts/swift-syntax/602.0.0/swift-6.2-RELEASE-MacroSupport-ubuntu_jammy_x86_64/lib/libMacroSupport.a(FixIt.swift.o): multiple definition of '$s16SwiftDiagnostics5FixItV7messageAA0cD7Message_pvg'
/usr/bin/ld.gold: /host/spi-builder-workspace/.build/x86_64-unknown-linux-gnu/debug/SwiftDiagnostics-tool.build/FixIt.swift.o: previous definition here
/usr/bin/ld.gold: error: /host/spi-builder-workspace/.build/prebuilts/swift-syntax/602.0.0/swift-6.2-RELEASE-MacroSupport-ubuntu_jammy_x86_64/lib/libMacroSupport.a(FixIt.swift.o): multiple definition of '$s16SwiftDiagnostics5FixItV7changesSayAC6ChangeOGvg'
/usr/bin/ld.gold: /host/spi-builder-workspace/.build/x86_64-unknown-linux-gnu/debug/SwiftDiagnostics-tool.build/FixIt.swift.o: previous definition here
/usr/bin/ld.gold: error: /host/spi-builder-workspace/.build/prebuilts/swift-syntax/602.0.0/swift-6.2-RELEASE-MacroSupport-ubuntu_jammy_x86_64/lib/libMacroSupport.a(FixIt.swift.o): multiple definition of '$s16SwiftDiagnostics5FixItV5editsSay0A6Syntax10SourceEditVGvg'
/usr/bin/ld.gold: /host/spi-builder-workspace/.build/x86_64-unknown-linux-gnu/debug/SwiftDiagnostics-tool.build/FixIt.swift.o: previous definition here
/usr/bin/ld.gold: error: /host/spi-builder-workspace/.build/prebuilts/swift-syntax/602.0.0/swift-6.2-RELEASE-MacroSupport-ubuntu_jammy_x86_64/lib/libMacroSupport.a(FixIt.swift.o): multiple definition of '$s16SwiftDiagnostics18ReplacingChildDataTL'
/usr/bin/ld.gold: /host/spi-builder-workspace/.build/x86_64-unknown-linux-gnu/debug/SwiftDiagnostics-tool.build/FixIt.swift.o: previous definition here
/usr/bin/ld.gold: error: /host/spi-builder-workspace/.build/prebuilts/swift-syntax/602.0.0/swift-6.2-RELEASE-MacroSupport-ubuntu_jammy_x86_64/lib/libMacroSupport.a(FixIt.swift.o): multiple definition of '$s5Child16SwiftDiagnostics09ReplacingA4DataPTl'
/usr/bin/ld.gold: /host/spi-builder-workspace/.build/x86_64-unknown-linux-gnu/debug/SwiftDiagnostics-tool.build/FixIt.swift.o: previous definition here
/usr/bin/ld.gold: error: /host/spi-builder-workspace/.build/prebuilts/swift-syntax/602.0.0/swift-6.2-RELEASE-MacroSupport-ubuntu_jammy_x86_64/lib/libMacroSupport.a(FixIt.swift.o): multiple definition of '$s16SwiftDiagnostics18ReplacingChildDataP0D0AC_0A6Syntax0F8ProtocolTn'
/usr/bin/ld.gold: /host/spi-builder-workspace/.build/x86_64-unknown-linux-gnu/debug/SwiftDiagnostics-tool.build/FixIt.swift.o: previous definition here
/usr/bin/ld.gold: error: /host/spi-builder-workspace/.build/prebuilts/swift-syntax/602.0.0/swift-6.2-RELEASE-MacroSupport-ubuntu_jammy_x86_64/lib/libMacroSupport.a(FixIt.swift.o): multiple definition of '$s16SwiftDiagnostics5FixItVMa'
/usr/bin/ld.gold: /host/spi-builder-workspace/.build/x86_64-unknown-linux-gnu/debug/SwiftDiagnostics-tool.build/FixIt.swift.o: previous definition here
/usr/bin/ld.gold: error: /host/spi-builder-workspace/.build/prebuilts/swift-syntax/602.0.0/swift-6.2-RELEASE-MacroSupport-ubuntu_jammy_x86_64/lib/libMacroSupport.a(FixIt.swift.o): multiple definition of '$s16SwiftDiagnostics5FixItV6ChangeOMa'
/usr/bin/ld.gold: /host/spi-builder-workspace/.build/x86_64-unknown-linux-gnu/debug/SwiftDiagnostics-tool.build/FixIt.swift.o: previous definition here
/usr/bin/ld.gold: error: /host/spi-builder-workspace/.build/prebuilts/swift-syntax/602.0.0/swift-6.2-RELEASE-MacroSupport-ubuntu_jammy_x86_64/lib/libMacroSupport.a(FixIt.swift.o): multiple definition of '$s16SwiftDiagnostics5FixItV6ChangeO26ReplacingOptionalChildDataVMn'
/usr/bin/ld.gold: /host/spi-builder-workspace/.build/x86_64-unknown-linux-gnu/debug/SwiftDiagnostics-tool.build/FixIt.swift.o: previous definition here
/usr/bin/ld.gold: error: /host/spi-builder-workspace/.build/prebuilts/swift-syntax/602.0.0/swift-6.2-RELEASE-MacroSupport-ubuntu_jammy_x86_64/lib/libMacroSupport.a(FixIt.swift.o): multiple definition of '$s16SwiftDiagnostics5FixItV7messageAA0cD7Message_pvpMV'
/usr/bin/ld.gold: /host/spi-builder-workspace/.build/x86_64-unknown-linux-gnu/debug/SwiftDiagnostics-tool.build/FixIt.swift.o: previous definition here
/usr/bin/ld.gold: error: /host/spi-builder-workspace/.build/prebuilts/swift-syntax/602.0.0/swift-6.2-RELEASE-MacroSupport-ubuntu_jammy_x86_64/lib/libMacroSupport.a(FixIt.swift.o): multiple definition of '$s16SwiftDiagnostics12FixItMessageMp'
/usr/bin/ld.gold: /host/spi-builder-workspace/.build/x86_64-unknown-linux-gnu/debug/SwiftDiagnostics-tool.build/FixIt.swift.o: previous definition here
/usr/bin/ld.gold: error: /host/spi-builder-workspace/.build/prebuilts/swift-syntax/602.0.0/swift-6.2-RELEASE-MacroSupport-ubuntu_jammy_x86_64/lib/libMacroSupport.a(FixIt.swift.o): multiple definition of '$s16SwiftDiagnostics18ReplacingChildDataMp'
/usr/bin/ld.gold: /host/spi-builder-workspace/.build/x86_64-unknown-linux-gnu/debug/SwiftDiagnostics-tool.build/FixIt.swift.o: previous definition here
/usr/bin/ld.gold: error: /host/spi-builder-workspace/.build/prebuilts/swift-syntax/602.0.0/swift-6.2-RELEASE-MacroSupport-ubuntu_jammy_x86_64/lib/libMacroSupport.a(FixIt.swift.o): multiple definition of '$s16SwiftDiagnostics5FixItVMn'
/usr/bin/ld.gold: /host/spi-builder-workspace/.build/x86_64-unknown-linux-gnu/debug/SwiftDiagnostics-tool.build/FixIt.swift.o: previous definition here
/usr/bin/ld.gold: error: /host/spi-builder-workspace/.build/prebuilts/swift-syntax/602.0.0/swift-6.2-RELEASE-MacroSupport-ubuntu_jammy_x86_64/lib/libMacroSupport.a(FixIt.swift.o): multiple definition of '$s16SwiftDiagnostics5FixItV6ChangeOMn'
/usr/bin/ld.gold: /host/spi-builder-workspace/.build/x86_64-unknown-linux-gnu/debug/SwiftDiagnostics-tool.build/FixIt.swift.o: previous definition here
/usr/bin/ld.gold: error: /host/spi-builder-workspace/.build/prebuilts/swift-syntax/602.0.0/swift-6.2-RELEASE-MacroSupport-ubuntu_jammy_x86_64/lib/libMacroSupport.a(FixIt.swift.o): multiple definition of '$s16SwiftDiagnostics5FixItV6ChangeO26ReplacingOptionalChildDataVy__xq_GAA0fhI0AAMc'
/usr/bin/ld.gold: /host/spi-builder-workspace/.build/x86_64-unknown-linux-gnu/debug/SwiftDiagnostics-tool.build/FixIt.swift.o: previous definition here
/usr/bin/ld.gold: error: /host/spi-builder-workspace/.build/prebuilts/swift-syntax/602.0.0/swift-6.2-RELEASE-MacroSupport-ubuntu_jammy_x86_64/lib/libMacroSupport.a(FixIt.swift.o): multiple definition of '$s16SwiftDiagnostics5FixItV7changesSayAC6ChangeOGvpMV'
/usr/bin/ld.gold: /host/spi-builder-workspace/.build/x86_64-unknown-linux-gnu/debug/SwiftDiagnostics-tool.build/FixIt.swift.o: previous definition here
/usr/bin/ld.gold: error: /host/spi-builder-workspace/.build/prebuilts/swift-syntax/602.0.0/swift-6.2-RELEASE-MacroSupport-ubuntu_jammy_x86_64/lib/libMacroSupport.a(FixIt.swift.o): multiple definition of '$s16SwiftDiagnostics5FixItV5editsSay0A6Syntax10SourceEditVGvpMV'
/usr/bin/ld.gold: /host/spi-builder-workspace/.build/x86_64-unknown-linux-gnu/debug/SwiftDiagnostics-tool.build/FixIt.swift.o: previous definition here
/usr/bin/ld.gold: error: /host/spi-builder-workspace/.build/prebuilts/swift-syntax/602.0.0/swift-6.2-RELEASE-MacroSupport-ubuntu_jammy_x86_64/lib/libMacroSupport.a(FixIt.swift.o): multiple definition of '$s16SwiftDiagnostics12FixItMessageTL'
/usr/bin/ld.gold: /host/spi-builder-workspace/.build/x86_64-unknown-linux-gnu/debug/SwiftDiagnostics-tool.build/FixIt.swift.o: previous definition here
/usr/bin/ld.gold: error: /host/spi-builder-workspace/.build/prebuilts/swift-syntax/602.0.0/swift-6.2-RELEASE-MacroSupport-ubuntu_jammy_x86_64/lib/libMacroSupport.a(FixIt.swift.o): multiple definition of '$s16SwiftDiagnostics18ReplacingChildDataP6ParentAC_0A6Syntax0G8ProtocolTn'
/usr/bin/ld.gold: /host/spi-builder-workspace/.build/x86_64-unknown-linux-gnu/debug/SwiftDiagnostics-tool.build/FixIt.swift.o: previous definition here
/usr/bin/ld.gold: error: /host/spi-builder-workspace/.build/prebuilts/swift-syntax/602.0.0/swift-6.2-RELEASE-MacroSupport-ubuntu_jammy_x86_64/lib/libMacroSupport.a(FixIt.swift.o): multiple definition of '$s6Parent16SwiftDiagnostics18ReplacingChildDataPTl'
/usr/bin/ld.gold: /host/spi-builder-workspace/.build/x86_64-unknown-linux-gnu/debug/SwiftDiagnostics-tool.build/FixIt.swift.o: previous definition here
/usr/bin/ld.gold: error: /host/spi-builder-workspace/.build/prebuilts/swift-syntax/602.0.0/swift-6.2-RELEASE-MacroSupport-ubuntu_jammy_x86_64/lib/libMacroSupport.a(FixIt.swift.o): multiple definition of '$s16SwiftDiagnostics5FixItVN'
/usr/bin/ld.gold: /host/spi-builder-workspace/.build/x86_64-unknown-linux-gnu/debug/SwiftDiagnostics-tool.build/FixIt.swift.o: previous definition here
/usr/bin/ld.gold: error: /host/spi-builder-workspace/.build/prebuilts/swift-syntax/602.0.0/swift-6.2-RELEASE-MacroSupport-ubuntu_jammy_x86_64/lib/libMacroSupport.a(FixIt.swift.o): multiple definition of '$s16SwiftDiagnostics5FixItV6ChangeON'
/usr/bin/ld.gold: /host/spi-builder-workspace/.build/x86_64-unknown-linux-gnu/debug/SwiftDiagnostics-tool.build/FixIt.swift.o: previous definition here
/usr/bin/ld.gold: error: /host/spi-builder-workspace/.build/prebuilts/swift-syntax/602.0.0/swift-6.2-RELEASE-MacroSupport-ubuntu_jammy_x86_64/lib/libMacroSupport.a(Syntax+StringInterpolation.swift.o): multiple definition of '$s18SwiftSyntaxBuilder0B19StringInterpolationV15literalCapacity18interpolationCountACSi_SitcfC'
/usr/bin/ld.gold: /host/spi-builder-workspace/.build/x86_64-unknown-linux-gnu/debug/SwiftSyntaxBuilder-tool.build/Syntax+StringInterpolation.swift.o: previous definition here
/usr/bin/ld.gold: error: /host/spi-builder-workspace/.build/prebuilts/swift-syntax/602.0.0/swift-6.2-RELEASE-MacroSupport-ubuntu_jammy_x86_64/lib/libMacroSupport.a(Syntax+StringInterpolation.swift.o): multiple definition of '$s18SwiftSyntaxBuilder0B19StringInterpolationV13appendLiteralyySSF'
/usr/bin/ld.gold: /host/spi-builder-workspace/.build/x86_64-unknown-linux-gnu/debug/SwiftSyntaxBuilder-tool.build/Syntax+StringInterpolation.swift.o: previous definition here
/usr/bin/ld.gold: error: /host/spi-builder-workspace/.build/prebuilts/swift-syntax/602.0.0/swift-6.2-RELEASE-MacroSupport-ubuntu_jammy_x86_64/lib/libMacroSupport.a(Syntax+StringInterpolation.swift.o): multiple definition of '$s18SwiftSyntaxBuilder0B39StringInterpolationInvalidNodeTypeErrorV08expectedH006actualG0AC0aB00B8Protocol_pXp_xtcAfGRzlufC'
/usr/bin/ld.gold: /host/spi-builder-workspace/.build/x86_64-unknown-linux-gnu/debug/SwiftSyntaxBuilder-tool.build/Syntax+StringInterpolation.swift.o: previous definition here
/usr/bin/ld.gold: error: /host/spi-builder-workspace/.build/prebuilts/swift-syntax/602.0.0/swift-6.2-RELEASE-MacroSupport-ubuntu_jammy_x86_64/lib/libMacroSupport.a(Syntax+StringInterpolation.swift.o): multiple definition of '$s18SwiftSyntaxBuilder0B19StringInterpolationV06appendE0yyx0aB00B8ProtocolRzlF'
/usr/bin/ld.gold: /host/spi-builder-workspace/.build/x86_64-unknown-linux-gnu/debug/SwiftSyntaxBuilder-tool.build/Syntax+StringInterpolation.swift.o: previous definition here
/usr/bin/ld.gold: error: /host/spi-builder-workspace/.build/prebuilts/swift-syntax/602.0.0/swift-6.2-RELEASE-MacroSupport-ubuntu_jammy_x86_64/lib/libMacroSupport.a(Syntax+StringInterpolation.swift.o): multiple definition of '$s18SwiftSyntaxBuilder0B19StringInterpolationV06appendE0yyxSg0aB00B8ProtocolRzlF'
/usr/bin/ld.gold: /host/spi-builder-workspace/.build/x86_64-unknown-linux-gnu/debug/SwiftSyntaxBuilder-tool.build/Syntax+StringInterpolation.swift.o: previous definition here
/usr/bin/ld.gold: error: /host/spi-builder-workspace/.build/prebuilts/swift-syntax/602.0.0/swift-6.2-RELEASE-MacroSupport-ubuntu_jammy_x86_64/lib/libMacroSupport.a(Syntax+StringInterpolation.swift.o): multiple definition of '$s18SwiftSyntaxBuilder0B19StringInterpolationV06appendE03rawyx_tlF'
/usr/bin/ld.gold: /host/spi-builder-workspace/.build/x86_64-unknown-linux-gnu/debug/SwiftSyntaxBuilder-tool.build/Syntax+StringInterpolation.swift.o: previous definition here
/usr/bin/ld.gold: error: /host/spi-builder-workspace/.build/prebuilts/swift-syntax/602.0.0/swift-6.2-RELEASE-MacroSupport-ubuntu_jammy_x86_64/lib/libMacroSupport.a(Syntax+StringInterpolation.swift.o): multiple definition of '$s18SwiftSyntaxBuilder0B19StringInterpolationV06appendE0yyxmlF'
/usr/bin/ld.gold: /host/spi-builder-workspace/.build/x86_64-unknown-linux-gnu/debug/SwiftSyntaxBuilder-tool.build/Syntax+StringInterpolation.swift.o: previous definition here
/usr/bin/ld.gold: error: /host/spi-builder-workspace/.build/prebuilts/swift-syntax/602.0.0/swift-6.2-RELEASE-MacroSupport-ubuntu_jammy_x86_64/lib/libMacroSupport.a(Syntax+StringInterpolation.swift.o): multiple definition of '$s18SwiftSyntaxBuilder0B19StringInterpolationV06appendE0_6formatyx_0A11BasicFormat0hI0Ct0aB00B8ProtocolRzlF'
/usr/bin/ld.gold: /host/spi-builder-workspace/.build/x86_64-unknown-linux-gnu/debug/SwiftSyntaxBuilder-tool.build/Syntax+StringInterpolation.swift.o: previous definition here
/usr/bin/ld.gold: error: /host/spi-builder-workspace/.build/prebuilts/swift-syntax/602.0.0/swift-6.2-RELEASE-MacroSupport-ubuntu_jammy_x86_64/lib/libMacroSupport.a(Syntax+StringInterpolation.swift.o): multiple definition of '$s18SwiftSyntaxBuilder0B19StringInterpolationV06appendE0yy0aB06TriviaVF'
/usr/bin/ld.gold: /host/spi-builder-workspace/.build/x86_64-unknown-linux-gnu/debug/SwiftSyntaxBuilder-tool.build/Syntax+StringInterpolation.swift.o: previous definition here
/usr/bin/ld.gold: error: /host/spi-builder-workspace/.build/prebuilts/swift-syntax/602.0.0/swift-6.2-RELEASE-MacroSupport-ubuntu_jammy_x86_64/lib/libMacroSupport.a(Syntax+StringInterpolation.swift.o): multiple definition of '$s18SwiftSyntaxBuilder0B19StringInterpolationV06appendE07literal6formatyx_0A11BasicFormat0iJ0CtAA020ExpressibleByLiteralB0RzlF'
/usr/bin/ld.gold: /host/spi-builder-workspace/.build/x86_64-unknown-linux-gnu/debug/SwiftSyntaxBuilder-tool.build/Syntax+StringInterpolation.swift.o: previous definition here
/usr/bin/ld.gold: error: /host/spi-builder-workspace/.build/prebuilts/swift-syntax/602.0.0/swift-6.2-RELEASE-MacroSupport-ubuntu_jammy_x86_64/lib/libMacroSupport.a(Syntax+StringInterpolation.swift.o): multiple definition of '$s18SwiftSyntaxBuilder0B19StringInterpolationV06appendE07literal6formatyxSg_0A11BasicFormat0iJ0CtAA020ExpressibleByLiteralB0RzlF'
/usr/bin/ld.gold: /host/spi-builder-workspace/.build/x86_64-unknown-linux-gnu/debug/SwiftSyntaxBuilder-tool.build/Syntax+StringInterpolation.swift.o: previous definition here
/usr/bin/ld.gold: error: /host/spi-builder-workspace/.build/prebuilts/swift-syntax/602.0.0/swift-6.2-RELEASE-MacroSupport-ubuntu_jammy_x86_64/lib/libMacroSupport.a(Syntax+StringInterpolation.swift.o): multiple definition of '$sxSg18SwiftSyntaxBuilder020ExpressibleByLiteralB0A2bCRzlMc'
/usr/bin/ld.gold: /host/spi-builder-workspace/.build/x86_64-unknown-linux-gnu/debug/SwiftSyntaxBuilder-tool.build/Syntax+StringInterpolation.swift.o: previous definition here
/usr/bin/ld.gold: error: /host/spi-builder-workspace/.build/prebuilts/swift-syntax/602.0.0/swift-6.2-RELEASE-MacroSupport-ubuntu_jammy_x86_64/lib/libMacroSupport.a(Syntax+StringInterpolation.swift.o): multiple definition of '$s18SwiftSyntaxBuilder0B39StringInterpolationInvalidNodeTypeErrorV11descriptionSSvg'
/usr/bin/ld.gold: /host/spi-builder-workspace/.build/x86_64-unknown-linux-gnu/debug/SwiftSyntaxBuilder-tool.build/Syntax+StringInterpolation.swift.o: previous definition here
/usr/bin/ld.gold: error: /host/spi-builder-workspace/.build/prebuilts/swift-syntax/602.0.0/swift-6.2-RELEASE-MacroSupport-ubuntu_jammy_x86_64/lib/libMacroSupport.a(Syntax+StringInterpolation.swift.o): multiple definition of '$s18SwiftSyntaxBuilder0B32ExpressibleByStringInterpolationPAAE13stringLiteralxSS_tcfC'
/usr/bin/ld.gold: /host/spi-builder-workspace/.build/x86_64-unknown-linux-gnu/debug/SwiftSyntaxBuilder-tool.build/Syntax+StringInterpolation.swift.o: previous definition here
/usr/bin/ld.gold: error: /host/spi-builder-workspace/.build/prebuilts/swift-syntax/602.0.0/swift-6.2-RELEASE-MacroSupport-ubuntu_jammy_x86_64/lib/libMacroSupport.a(Syntax+StringInterpolation.swift.o): multiple definition of '$sSs18SwiftSyntaxBuilderE011makeLiteralB00aB006Stringe4ExprB0VyF'
/usr/bin/ld.gold: /host/spi-builder-workspace/.build/x86_64-unknown-linux-gnu/debug/SwiftSyntaxBuilder-tool.build/Syntax+StringInterpolation.swift.o: previous definition here
/usr/bin/ld.gold: error: /host/spi-builder-workspace/.build/prebuilts/swift-syntax/602.0.0/swift-6.2-RELEASE-MacroSupport-ubuntu_jammy_x86_64/lib/libMacroSupport.a(Syntax+StringInterpolation.swift.o): multiple definition of '$sSS18SwiftSyntaxBuilderE011makeLiteralB00aB006Stringe4ExprB0VyF'
/usr/bin/ld.gold: /host/spi-builder-workspace/.build/x86_64-unknown-linux-gnu/debug/SwiftSyntaxBuilder-tool.build/Syntax+StringInterpolation.swift.o: previous definition here
/usr/bin/ld.gold: error: /host/spi-builder-workspace/.build/prebuilts/swift-syntax/602.0.0/swift-6.2-RELEASE-MacroSupport-ubuntu_jammy_x86_64/lib/libMacroSupport.a(Syntax+StringInterpolation.swift.o): multiple definition of '$s18SwiftSyntaxBuilder020ExpressibleByLiteralB0PAASzRzrlE04makefB00aB007Integerf4ExprB0VyF'
/usr/bin/ld.gold: /host/spi-builder-workspace/.build/x86_64-unknown-linux-gnu/debug/SwiftSyntaxBuilder-tool.build/Syntax+StringInterpolation.swift.o: previous definition here
/usr/bin/ld.gold: error: /host/spi-builder-workspace/.build/prebuilts/swift-syntax/602.0.0/swift-6.2-RELEASE-MacroSupport-ubuntu_jammy_x86_64/lib/libMacroSupport.a(Syntax+StringInterpolation.swift.o): multiple definition of '$s18SwiftSyntaxBuilder020ExpressibleByLiteralB0PAASFRzs25LosslessStringConvertibleRzrlE04makefB00aB004ExprB0VyF'
/usr/bin/ld.gold: /host/spi-builder-workspace/.build/x86_64-unknown-linux-gnu/debug/SwiftSyntaxBuilder-tool.build/Syntax+StringInterpolation.swift.o: previous definition here
/usr/bin/ld.gold: error: /host/spi-builder-workspace/.build/prebuilts/swift-syntax/602.0.0/swift-6.2-RELEASE-MacroSupport-ubuntu_jammy_x86_64/lib/libMacroSupport.a(Syntax+StringInterpolation.swift.o): multiple definition of '$s18SwiftSyntaxBuilder020ExpressibleByLiteralB0Mp'
/usr/bin/ld.gold: /host/spi-builder-workspace/.build/x86_64-unknown-linux-gnu/debug/SwiftSyntaxBuilder-tool.build/Syntax+StringInterpolation.swift.o: previous definition here
/usr/bin/ld.gold: error: /host/spi-builder-workspace/.build/prebuilts/swift-syntax/602.0.0/swift-6.2-RELEASE-MacroSupport-ubuntu_jammy_x86_64/lib/libMacroSupport.a(Syntax+StringInterpolation.swift.o): multiple definition of '$sSb18SwiftSyntaxBuilderE011makeLiteralB00aB007Booleane4ExprB0VyF'
/usr/bin/ld.gold: /host/spi-builder-workspace/.build/x86_64-unknown-linux-gnu/debug/SwiftSyntaxBuilder-tool.build/Syntax+StringInterpolation.swift.o: previous definition here
/usr/bin/ld.gold: error: /host/spi-builder-workspace/.build/prebuilts/swift-syntax/602.0.0/swift-6.2-RELEASE-MacroSupport-ubuntu_jammy_x86_64/lib/libMacroSupport.a(Syntax+StringInterpolation.swift.o): multiple definition of '$ss10ArraySliceV18SwiftSyntaxBuilderAC020ExpressibleByLiteralD0RzlE04makehD00cD00a4ExprD0VyF'
/usr/bin/ld.gold: /host/spi-builder-workspace/.build/x86_64-unknown-linux-gnu/debug/SwiftSyntaxBuilder-tool.build/Syntax+StringInterpolation.swift.o: previous definition here
/usr/bin/ld.gold: error: /host/spi-builder-workspace/.build/prebuilts/swift-syntax/602.0.0/swift-6.2-RELEASE-MacroSupport-ubuntu_jammy_x86_64/lib/libMacroSupport.a(Syntax+StringInterpolation.swift.o): multiple definition of '$s18SwiftSyntaxBuilder020ExpressibleByLiteralB0TL'
/usr/bin/ld.gold: /host/spi-builder-workspace/.build/x86_64-unknown-linux-gnu/debug/SwiftSyntaxBuilder-tool.build/Syntax+StringInterpolation.swift.o: previous definition here
/usr/bin/ld.gold: error: /host/spi-builder-workspace/.build/prebuilts/swift-syntax/602.0.0/swift-6.2-RELEASE-MacroSupport-ubuntu_jammy_x86_64/lib/libMacroSupport.a(Syntax+StringInterpolation.swift.o): multiple definition of '$s11LiteralType18SwiftSyntaxBuilder013ExpressibleByaD0PTl'
/usr/bin/ld.gold: /host/spi-builder-workspace/.build/x86_64-unknown-linux-gnu/debug/SwiftSyntaxBuilder-tool.build/Syntax+StringInterpolation.swift.o: previous definition here
/usr/bin/ld.gold: error: /host/spi-builder-workspace/.build/prebuilts/swift-syntax/602.0.0/swift-6.2-RELEASE-MacroSupport-ubuntu_jammy_x86_64/lib/libMacroSupport.a(Syntax+StringInterpolation.swift.o): multiple definition of '$s18SwiftSyntaxBuilder020ExpressibleByLiteralB0P0F4TypeAC_0aB004ExprB8ProtocolTn'
/usr/bin/ld.gold: /host/spi-builder-workspace/.build/x86_64-unknown-linux-gnu/debug/SwiftSyntaxBuilder-tool.build/Syntax+StringInterpolation.swift.o: previous definition here
/usr/bin/ld.gold: error: /host/spi-builder-workspace/.build/prebuilts/swift-syntax/602.0.0/swift-6.2-RELEASE-MacroSupport-ubuntu_jammy_x86_64/lib/libMacroSupport.a(Syntax+StringInterpolation.swift.o): multiple definition of '$sSa18SwiftSyntaxBuilderAA020ExpressibleByLiteralB0RzlE04makefB00aB009ArrayExprB0VyF'
/usr/bin/ld.gold: /host/spi-builder-workspace/.build/x86_64-unknown-linux-gnu/debug/SwiftSyntaxBuilder-tool.build/Syntax+StringInterpolation.swift.o: previous definition here
/usr/bin/ld.gold: error: /host/spi-builder-workspace/.build/prebuilts/swift-syntax/602.0.0/swift-6.2-RELEASE-MacroSupport-ubuntu_jammy_x86_64/lib/libMacroSupport.a(Syntax+StringInterpolation.swift.o): multiple definition of '$sSh18SwiftSyntaxBuilderAA020ExpressibleByLiteralB0RzrlE04makefB00aB009ArrayExprB0VyF'
/usr/bin/ld.gold: /host/spi-builder-workspace/.build/x86_64-unknown-linux-gnu/debug/SwiftSyntaxBuilder-tool.build/Syntax+StringInterpolation.swift.o: previous definition here
/usr/bin/ld.gold: error: /host/spi-builder-workspace/.build/prebuilts/swift-syntax/602.0.0/swift-6.2-RELEASE-MacroSupport-ubuntu_jammy_x86_64/lib/libMacroSupport.a(Syntax+StringInterpolation.swift.o): multiple definition of '$ss13KeyValuePairsV18SwiftSyntaxBuilderAC020ExpressibleByLiteralE0RzAcDR_rlE04makeiE00dE0014DictionaryExprE0VyF'
/usr/bin/ld.gold: /host/spi-builder-workspace/.build/x86_64-unknown-linux-gnu/debug/SwiftSyntaxBuilder-tool.build/Syntax+StringInterpolation.swift.o: previous definition here
/usr/bin/ld.gold: error: /host/spi-builder-workspace/.build/prebuilts/swift-syntax/602.0.0/swift-6.2-RELEASE-MacroSupport-ubuntu_jammy_x86_64/lib/libMacroSupport.a(Syntax+StringInterpolation.swift.o): multiple definition of '$sSD18SwiftSyntaxBuilderAA020ExpressibleByLiteralB0RzAaBR_rlE04makefB00aB0014DictionaryExprB0VyF'
/usr/bin/ld.gold: /host/spi-builder-workspace/.build/x86_64-unknown-linux-gnu/debug/SwiftSyntaxBuilder-tool.build/Syntax+StringInterpolation.swift.o: previous definition here
/usr/bin/ld.gold: error: /host/spi-builder-workspace/.build/prebuilts/swift-syntax/602.0.0/swift-6.2-RELEASE-MacroSupport-ubuntu_jammy_x86_64/lib/libMacroSupport.a(Syntax+StringInterpolation.swift.o): multiple definition of '$sSq18SwiftSyntaxBuilderAA020ExpressibleByLiteralB0RzlE04makefB00aB004ExprB0VyF'
/usr/bin/ld.gold: /host/spi-builder-workspace/.build/x86_64-unknown-linux-gnu/debug/SwiftSyntaxBuilder-tool.build/Syntax+StringInterpolation.swift.o: previous definition here
/usr/bin/ld.gold: error: /host/spi-builder-workspace/.build/prebuilts/swift-syntax/602.0.0/swift-6.2-RELEASE-MacroSupport-ubuntu_jammy_x86_64/lib/libMacroSupport.a(Syntax+StringInterpolation.swift.o): multiple definition of '$s11SwiftSyntax05TokenB0V0aB7BuilderE19stringInterpolationAcD0b6StringF0V_tcfC'
/usr/bin/ld.gold: /host/spi-builder-workspace/.build/x86_64-unknown-linux-gnu/debug/SwiftSyntaxBuilder-tool.build/Syntax+StringInterpolation.swift.o: previous definition here
/usr/bin/ld.gold: error: /host/spi-builder-workspace/.build/prebuilts/swift-syntax/602.0.0/swift-6.2-RELEASE-MacroSupport-ubuntu_jammy_x86_64/lib/libMacroSupport.a(Syntax+StringInterpolation.swift.o): multiple definition of '$s11SwiftSyntax6TriviaV0aB7BuilderE19stringInterpolationACs013DefaultStringF0V_tcfC'
/usr/bin/ld.gold: /host/spi-builder-workspace/.build/x86_64-unknown-linux-gnu/debug/SwiftSyntaxBuilder-tool.build/Syntax+StringInterpolation.swift.o: previous definition here
/usr/bin/ld.gold: error: /host/spi-builder-workspace/.build/prebuilts/swift-syntax/602.0.0/swift-6.2-RELEASE-MacroSupport-ubuntu_jammy_x86_64/lib/libMacroSupport.a(Syntax+StringInterpolation.swift.o): multiple definition of '$s11SwiftSyntax6TriviaV0aB7BuilderE13stringLiteralACSS_tcfC'
/usr/bin/ld.gold: /host/spi-builder-workspace/.build/x86_64-unknown-linux-gnu/debug/SwiftSyntaxBuilder-tool.build/Syntax+StringInterpolation.swift.o: previous definition here
/usr/bin/ld.gold: error: /host/spi-builder-workspace/.build/prebuilts/swift-syntax/602.0.0/swift-6.2-RELEASE-MacroSupport-ubuntu_jammy_x86_64/lib/libMacroSupport.a(Syntax+StringInterpolation.swift.o): multiple definition of '$s11SwiftSyntax05TokenB0Vs32ExpressibleByStringInterpolation0aB7BuilderMc'
/usr/bin/ld.gold: /host/spi-builder-workspace/.build/x86_64-unknown-linux-gnu/debug/SwiftSyntaxBuilder-tool.build/Syntax+StringInterpolation.swift.o: previous definition here
/usr/bin/ld.gold: error: /host/spi-builder-workspace/.build/prebuilts/swift-syntax/602.0.0/swift-6.2-RELEASE-MacroSupport-ubuntu_jammy_x86_64/lib/libMacroSupport.a(Syntax+StringInterpolation.swift.o): multiple definition of '$s11SwiftSyntax05TokenB0Vs26ExpressibleByStringLiteral0aB7BuilderMc'
/usr/bin/ld.gold: /host/spi-builder-workspace/.build/x86_64-unknown-linux-gnu/debug/SwiftSyntaxBuilder-tool.build/Syntax+StringInterpolation.swift.o: previous definition here
/usr/bin/ld.gold: error: /host/spi-builder-workspace/.build/prebuilts/swift-syntax/602.0.0/swift-6.2-RELEASE-MacroSupport-ubuntu_jammy_x86_64/lib/libMacroSupport.a(Syntax+StringInterpolation.swift.o): multiple definition of '$s18SwiftSyntaxBuilder0B19StringInterpolationVs0dE8ProtocolAAMc'
/usr/bin/ld.gold: /host/spi-builder-workspace/.build/x86_64-unknown-linux-gnu/debug/SwiftSyntaxBuilder-tool.build/Syntax+StringInterpolation.swift.o: previous definition here
/usr/bin/ld.gold: error: /host/spi-builder-workspace/.build/prebuilts/swift-syntax/602.0.0/swift-6.2-RELEASE-MacroSupport-ubuntu_jammy_x86_64/lib/libMacroSupport.a(Syntax+StringInterpolation.swift.o): multiple definition of '$s11SwiftSyntax05TokenB0Vs43ExpressibleByExtendedGraphemeClusterLiteral0aB7BuilderMc'
/usr/bin/ld.gold: /host/spi-builder-workspace/.build/x86_64-unknown-linux-gnu/debug/SwiftSyntaxBuilder-tool.build/Syntax+StringInterpolation.swift.o: previous definition here
/usr/bin/ld.gold: error: /host/spi-builder-workspace/.build/prebuilts/swift-syntax/602.0.0/swift-6.2-RELEASE-MacroSupport-ubuntu_jammy_x86_64/lib/libMacroSupport.a(Syntax+StringInterpolation.swift.o): multiple definition of '$s11SwiftSyntax05TokenB0Vs33ExpressibleByUnicodeScalarLiteral0aB7BuilderMc'
/usr/bin/ld.gold: /host/spi-builder-workspace/.build/x86_64-unknown-linux-gnu/debug/SwiftSyntaxBuilder-tool.build/Syntax+StringInterpolation.swift.o: previous definition here
/usr/bin/ld.gold: error: /host/spi-builder-workspace/.build/prebuilts/swift-syntax/602.0.0/swift-6.2-RELEASE-MacroSupport-ubuntu_jammy_x86_64/lib/libMacroSupport.a(Syntax+StringInterpolation.swift.o): multiple definition of '$s11SwiftSyntax6TriviaVs26ExpressibleByStringLiteral0aB7BuilderMc'
/usr/bin/ld.gold: /host/spi-builder-workspace/.build/x86_64-unknown-linux-gnu/debug/SwiftSyntaxBuilder-tool.build/Syntax+StringInterpolation.swift.o: previous definition here
/usr/bin/ld.gold: error: /host/spi-builder-workspace/.build/prebuilts/swift-syntax/602.0.0/swift-6.2-RELEASE-MacroSupport-ubuntu_jammy_x86_64/lib/libMacroSupport.a(Syntax+StringInterpolation.swift.o): multiple definition of '$s11SwiftSyntax6TriviaVs43ExpressibleByExtendedGraphemeClusterLiteral0aB7BuilderMc'
/usr/bin/ld.gold: /host/spi-builder-workspace/.build/x86_64-unknown-linux-gnu/debug/SwiftSyntaxBuilder-tool.build/Syntax+StringInterpolation.swift.o: previous definition here
/usr/bin/ld.gold: error: /host/spi-builder-workspace/.build/prebuilts/swift-syntax/602.0.0/swift-6.2-RELEASE-MacroSupport-ubuntu_jammy_x86_64/lib/libMacroSupport.a(Syntax+StringInterpolation.swift.o): multiple definition of '$s11SwiftSyntax6TriviaVs33ExpressibleByUnicodeScalarLiteral0aB7BuilderMc'
/usr/bin/ld.gold: /host/spi-builder-workspace/.build/x86_64-unknown-linux-gnu/debug/SwiftSyntaxBuilder-tool.build/Syntax+StringInterpolation.swift.o: previous definition here
/usr/bin/ld.gold: error: /host/spi-builder-workspace/.build/prebuilts/swift-syntax/602.0.0/swift-6.2-RELEASE-MacroSupport-ubuntu_jammy_x86_64/lib/libMacroSupport.a(Syntax+StringInterpolation.swift.o): multiple definition of '$s18SwiftSyntaxBuilder0B19StringInterpolationVMa'
/usr/bin/ld.gold: /host/spi-builder-workspace/.build/x86_64-unknown-linux-gnu/debug/SwiftSyntaxBuilder-tool.build/Syntax+StringInterpolation.swift.o: previous definition here
/usr/bin/ld.gold: error: /host/spi-builder-workspace/.build/prebuilts/swift-syntax/602.0.0/swift-6.2-RELEASE-MacroSupport-ubuntu_jammy_x86_64/lib/libMacroSupport.a(Syntax+StringInterpolation.swift.o): multiple definition of '$s18SwiftSyntaxBuilder0B39StringInterpolationInvalidNodeTypeErrorVMa'
/usr/bin/ld.gold: /host/spi-builder-workspace/.build/x86_64-unknown-linux-gnu/debug/SwiftSyntaxBuilder-tool.build/Syntax+StringInterpolation.swift.o: previous definition here
/usr/bin/ld.gold: error: /host/spi-builder-workspace/.build/prebuilts/swift-syntax/602.0.0/swift-6.2-RELEASE-MacroSupport-ubuntu_jammy_x86_64/lib/libMacroSupport.a(Syntax+StringInterpolation.swift.o): multiple definition of '$s18SwiftSyntaxBuilder012InterpolatedB4NodeVMa'
/usr/bin/ld.gold: /host/spi-builder-workspace/.build/x86_64-unknown-linux-gnu/debug/SwiftSyntaxBuilder-tool.build/Syntax+StringInterpolation.swift.o: previous definition here
/usr/bin/ld.gold: error: /host/spi-builder-workspace/.build/prebuilts/swift-syntax/602.0.0/swift-6.2-RELEASE-MacroSupport-ubuntu_jammy_x86_64/lib/libMacroSupport.a(Syntax+StringInterpolation.swift.o): multiple definition of '$s18SwiftSyntaxBuilder16UnexpectedTriviaVMa'
/usr/bin/ld.gold: /host/spi-builder-workspace/.build/x86_64-unknown-linux-gnu/debug/SwiftSyntaxBuilder-tool.build/Syntax+StringInterpolation.swift.o: previous definition here
/usr/bin/ld.gold: error: /host/spi-builder-workspace/.build/prebuilts/swift-syntax/602.0.0/swift-6.2-RELEASE-MacroSupport-ubuntu_jammy_x86_64/lib/libMacroSupport.a(Syntax+StringInterpolation.swift.o): multiple definition of '$s18SwiftSyntaxBuilder0B34StringInterpolationDiagnosticErrorVMa'
/usr/bin/ld.gold: /host/spi-builder-workspace/.build/x86_64-unknown-linux-gnu/debug/SwiftSyntaxBuilder-tool.build/Syntax+StringInterpolation.swift.o: previous definition here
/usr/bin/ld.gold: error: /host/spi-builder-workspace/.build/prebuilts/swift-syntax/602.0.0/swift-6.2-RELEASE-MacroSupport-ubuntu_jammy_x86_64/lib/libMacroSupport.a(Syntax+StringInterpolation.swift.o): multiple definition of '$s18SwiftSyntaxBuilder0B19StringInterpolationVMn'
/usr/bin/ld.gold: /host/spi-builder-workspace/.build/x86_64-unknown-linux-gnu/debug/SwiftSyntaxBuilder-tool.build/Syntax+StringInterpolation.swift.o: previous definition here
/usr/bin/ld.gold: error: /host/spi-builder-workspace/.build/prebuilts/swift-syntax/602.0.0/swift-6.2-RELEASE-MacroSupport-ubuntu_jammy_x86_64/lib/libMacroSupport.a(Syntax+StringInterpolation.swift.o): multiple definition of '$s18SwiftSyntaxBuilder0B39StringInterpolationInvalidNodeTypeErrorVs0I0AAMc'
/usr/bin/ld.gold: /host/spi-builder-workspace/.build/x86_64-unknown-linux-gnu/debug/SwiftSyntaxBuilder-tool.build/Syntax+StringInterpolation.swift.o: previous definition here
/usr/bin/ld.gold: error: /host/spi-builder-workspace/.build/prebuilts/swift-syntax/602.0.0/swift-6.2-RELEASE-MacroSupport-ubuntu_jammy_x86_64/lib/libMacroSupport.a(Syntax+StringInterpolation.swift.o): multiple definition of '$s18SwiftSyntaxBuilder0B39StringInterpolationInvalidNodeTypeErrorVMn'
/usr/bin/ld.gold: /host/spi-builder-workspace/.build/x86_64-unknown-linux-gnu/debug/SwiftSyntaxBuilder-tool.build/Syntax+StringInterpolation.swift.o: previous definition here
/usr/bin/ld.gold: error: /host/spi-builder-workspace/.build/prebuilts/swift-syntax/602.0.0/swift-6.2-RELEASE-MacroSupport-ubuntu_jammy_x86_64/lib/libMacroSupport.a(Syntax+StringInterpolation.swift.o): multiple definition of '$s18SwiftSyntaxBuilder0B39StringInterpolationInvalidNodeTypeErrorVs06CustomD11ConvertibleAAMc'
/usr/bin/ld.gold: /host/spi-builder-workspace/.build/x86_64-unknown-linux-gnu/debug/SwiftSyntaxBuilder-tool.build/Syntax+StringInterpolation.swift.o: previous definition here
/usr/bin/ld.gold: error: /host/spi-builder-workspace/.build/prebuilts/swift-syntax/602.0.0/swift-6.2-RELEASE-MacroSupport-ubuntu_jammy_x86_64/lib/libMacroSupport.a(Syntax+StringInterpolation.swift.o): multiple definition of '$sSs18SwiftSyntaxBuilder020ExpressibleByLiteralB0AAWP'
/usr/bin/ld.gold: /host/spi-builder-workspace/.build/x86_64-unknown-linux-gnu/debug/SwiftSyntaxBuilder-tool.build/Syntax+StringInterpolation.swift.o: previous definition here
/usr/bin/ld.gold: error: /host/spi-builder-workspace/.build/prebuilts/swift-syntax/602.0.0/swift-6.2-RELEASE-MacroSupport-ubuntu_jammy_x86_64/lib/libMacroSupport.a(Syntax+StringInterpolation.swift.o): multiple definition of '$sSs18SwiftSyntaxBuilder020ExpressibleByLiteralB0AAMc'
/usr/bin/ld.gold: /host/spi-builder-workspace/.build/x86_64-unknown-linux-gnu/debug/SwiftSyntaxBuilder-tool.build/Syntax+StringInterpolation.swift.o: previous definition here
/usr/bin/ld.gold: error: /host/spi-builder-workspace/.build/prebuilts/swift-syntax/602.0.0/swift-6.2-RELEASE-MacroSupport-ubuntu_jammy_x86_64/lib/libMacroSupport.a(Syntax+StringInterpolation.swift.o): multiple definition of '$sSS18SwiftSyntaxBuilder020ExpressibleByLiteralB0AAWP'
/usr/bin/ld.gold: /host/spi-builder-workspace/.build/x86_64-unknown-linux-gnu/debug/SwiftSyntaxBuilder-tool.build/Syntax+StringInterpolation.swift.o: previous definition here
/usr/bin/ld.gold: error: /host/spi-builder-workspace/.build/prebuilts/swift-syntax/602.0.0/swift-6.2-RELEASE-MacroSupport-ubuntu_jammy_x86_64/lib/libMacroSupport.a(Syntax+StringInterpolation.swift.o): multiple definition of '$sSS18SwiftSyntaxBuilder020ExpressibleByLiteralB0AAMc'
/usr/bin/ld.gold: /host/spi-builder-workspace/.build/x86_64-unknown-linux-gnu/debug/SwiftSyntaxBuilder-tool.build/Syntax+StringInterpolation.swift.o: previous definition here
/usr/bin/ld.gold: error: /host/spi-builder-workspace/.build/prebuilts/swift-syntax/602.0.0/swift-6.2-RELEASE-MacroSupport-ubuntu_jammy_x86_64/lib/libMacroSupport.a(Syntax+StringInterpolation.swift.o): multiple definition of '$sSi18SwiftSyntaxBuilder020ExpressibleByLiteralB0AAWP'
/usr/bin/ld.gold: /host/spi-builder-workspace/.build/x86_64-unknown-linux-gnu/debug/SwiftSyntaxBuilder-tool.build/Syntax+StringInterpolation.swift.o: previous definition here
/usr/bin/ld.gold: error: /host/spi-builder-workspace/.build/prebuilts/swift-syntax/602.0.0/swift-6.2-RELEASE-MacroSupport-ubuntu_jammy_x86_64/lib/libMacroSupport.a(Syntax+StringInterpolation.swift.o): multiple definition of '$sSi18SwiftSyntaxBuilder020ExpressibleByLiteralB0AAMc'
/usr/bin/ld.gold: /host/spi-builder-workspace/.build/x86_64-unknown-linux-gnu/debug/SwiftSyntaxBuilder-tool.build/Syntax+StringInterpolation.swift.o: previous definition here
/usr/bin/ld.gold: error: /host/spi-builder-workspace/.build/prebuilts/swift-syntax/602.0.0/swift-6.2-RELEASE-MacroSupport-ubuntu_jammy_x86_64/lib/libMacroSupport.a(Syntax+StringInterpolation.swift.o): multiple definition of '$ss4Int8V18SwiftSyntaxBuilder020ExpressibleByLiteralC0ACWP'
/usr/bin/ld.gold: /host/spi-builder-workspace/.build/x86_64-unknown-linux-gnu/debug/SwiftSyntaxBuilder-tool.build/Syntax+StringInterpolation.swift.o: previous definition here
/usr/bin/ld.gold: error: /host/spi-builder-workspace/.build/prebuilts/swift-syntax/602.0.0/swift-6.2-RELEASE-MacroSupport-ubuntu_jammy_x86_64/lib/libMacroSupport.a(Syntax+StringInterpolation.swift.o): multiple definition of '$ss4Int8V18SwiftSyntaxBuilder020ExpressibleByLiteralC0ACMc'
/usr/bin/ld.gold: /host/spi-builder-workspace/.build/x86_64-unknown-linux-gnu/debug/SwiftSyntaxBuilder-tool.build/Syntax+StringInterpolation.swift.o: previous definition here
/usr/bin/ld.gold: error: /host/spi-builder-workspace/.build/prebuilts/swift-syntax/602.0.0/swift-6.2-RELEASE-MacroSupport-ubuntu_jammy_x86_64/lib/libMacroSupport.a(Syntax+StringInterpolation.swift.o): multiple definition of '$ss5Int16V18SwiftSyntaxBuilder020ExpressibleByLiteralC0ACWP'
/usr/bin/ld.gold: /host/spi-builder-workspace/.build/x86_64-unknown-linux-gnu/debug/SwiftSyntaxBuilder-tool.build/Syntax+StringInterpolation.swift.o: previous definition here
/usr/bin/ld.gold: error: /host/spi-builder-workspace/.build/prebuilts/swift-syntax/602.0.0/swift-6.2-RELEASE-MacroSupport-ubuntu_jammy_x86_64/lib/libMacroSupport.a(Syntax+StringInterpolation.swift.o): multiple definition of '$ss5Int16V18SwiftSyntaxBuilder020ExpressibleByLiteralC0ACMc'
/usr/bin/ld.gold: /host/spi-builder-workspace/.build/x86_64-unknown-linux-gnu/debug/SwiftSyntaxBuilder-tool.build/Syntax+StringInterpolation.swift.o: previous definition here
/usr/bin/ld.gold: error: /host/spi-builder-workspace/.build/prebuilts/swift-syntax/602.0.0/swift-6.2-RELEASE-MacroSupport-ubuntu_jammy_x86_64/lib/libMacroSupport.a(Syntax+StringInterpolation.swift.o): multiple definition of '$ss5Int32V18SwiftSyntaxBuilder020ExpressibleByLiteralC0ACWP'
/usr/bin/ld.gold: /host/spi-builder-workspace/.build/x86_64-unknown-linux-gnu/debug/SwiftSyntaxBuilder-tool.build/Syntax+StringInterpolation.swift.o: previous definition here
/usr/bin/ld.gold: error: /host/spi-builder-workspace/.build/prebuilts/swift-syntax/602.0.0/swift-6.2-RELEASE-MacroSupport-ubuntu_jammy_x86_64/lib/libMacroSupport.a(Syntax+StringInterpolation.swift.o): multiple definition of '$ss5Int32V18SwiftSyntaxBuilder020ExpressibleByLiteralC0ACMc'
/usr/bin/ld.gold: /host/spi-builder-workspace/.build/x86_64-unknown-linux-gnu/debug/SwiftSyntaxBuilder-tool.build/Syntax+StringInterpolation.swift.o: previous definition here
/usr/bin/ld.gold: error: /host/spi-builder-workspace/.build/prebuilts/swift-syntax/602.0.0/swift-6.2-RELEASE-MacroSupport-ubuntu_jammy_x86_64/lib/libMacroSupport.a(Syntax+StringInterpolation.swift.o): multiple definition of '$ss5Int64V18SwiftSyntaxBuilder020ExpressibleByLiteralC0ACWP'
/usr/bin/ld.gold: /host/spi-builder-workspace/.build/x86_64-unknown-linux-gnu/debug/SwiftSyntaxBuilder-tool.build/Syntax+StringInterpolation.swift.o: previous definition here
/usr/bin/ld.gold: error: /host/spi-builder-workspace/.build/prebuilts/swift-syntax/602.0.0/swift-6.2-RELEASE-MacroSupport-ubuntu_jammy_x86_64/lib/libMacroSupport.a(Syntax+StringInterpolation.swift.o): multiple definition of '$ss5Int64V18SwiftSyntaxBuilder020ExpressibleByLiteralC0ACMc'
/usr/bin/ld.gold: /host/spi-builder-workspace/.build/x86_64-unknown-linux-gnu/debug/SwiftSyntaxBuilder-tool.build/Syntax+StringInterpolation.swift.o: previous definition here
/usr/bin/ld.gold: error: /host/spi-builder-workspace/.build/prebuilts/swift-syntax/602.0.0/swift-6.2-RELEASE-MacroSupport-ubuntu_jammy_x86_64/lib/libMacroSupport.a(Syntax+StringInterpolation.swift.o): multiple definition of '$sSu18SwiftSyntaxBuilder020ExpressibleByLiteralB0AAWP'
/usr/bin/ld.gold: /host/spi-builder-workspace/.build/x86_64-unknown-linux-gnu/debug/SwiftSyntaxBuilder-tool.build/Syntax+StringInterpolation.swift.o: previous definition here
/usr/bin/ld.gold: error: /host/spi-builder-workspace/.build/prebuilts/swift-syntax/602.0.0/swift-6.2-RELEASE-MacroSupport-ubuntu_jammy_x86_64/lib/libMacroSupport.a(Syntax+StringInterpolation.swift.o): multiple definition of '$sSu18SwiftSyntaxBuilder020ExpressibleByLiteralB0AAMc'
/usr/bin/ld.gold: /host/spi-builder-workspace/.build/x86_64-unknown-linux-gnu/debug/SwiftSyntaxBuilder-tool.build/Syntax+StringInterpolation.swift.o: previous definition here
/usr/bin/ld.gold: error: /host/spi-builder-workspace/.build/prebuilts/swift-syntax/602.0.0/swift-6.2-RELEASE-MacroSupport-ubuntu_jammy_x86_64/lib/libMacroSupport.a(Syntax+StringInterpolation.swift.o): multiple definition of '$ss5UInt8V18SwiftSyntaxBuilder020ExpressibleByLiteralC0ACWP'
/usr/bin/ld.gold: /host/spi-builder-workspace/.build/x86_64-unknown-linux-gnu/debug/SwiftSyntaxBuilder-tool.build/Syntax+StringInterpolation.swift.o: previous definition here
/usr/bin/ld.gold: error: /host/spi-builder-workspace/.build/prebuilts/swift-syntax/602.0.0/swift-6.2-RELEASE-MacroSupport-ubuntu_jammy_x86_64/lib/libMacroSupport.a(Syntax+StringInterpolation.swift.o): multiple definition of '$ss5UInt8V18SwiftSyntaxBuilder020ExpressibleByLiteralC0ACMc'
/usr/bin/ld.gold: /host/spi-builder-workspace/.build/x86_64-unknown-linux-gnu/debug/SwiftSyntaxBuilder-tool.build/Syntax+StringInterpolation.swift.o: previous definition here
/usr/bin/ld.gold: error: /host/spi-builder-workspace/.build/prebuilts/swift-syntax/602.0.0/swift-6.2-RELEASE-MacroSupport-ubuntu_jammy_x86_64/lib/libMacroSupport.a(Syntax+StringInterpolation.swift.o): multiple definition of '$ss6UInt16V18SwiftSyntaxBuilder020ExpressibleByLiteralC0ACWP'
/usr/bin/ld.gold: /host/spi-builder-workspace/.build/x86_64-unknown-linux-gnu/debug/SwiftSyntaxBuilder-tool.build/Syntax+StringInterpolation.swift.o: previous definition here
/usr/bin/ld.gold: error: /host/spi-builder-workspace/.build/prebuilts/swift-syntax/602.0.0/swift-6.2-RELEASE-MacroSupport-ubuntu_jammy_x86_64/lib/libMacroSupport.a(Syntax+StringInterpolation.swift.o): multiple definition of '$ss6UInt16V18SwiftSyntaxBuilder020ExpressibleByLiteralC0ACMc'
/usr/bin/ld.gold: /host/spi-builder-workspace/.build/x86_64-unknown-linux-gnu/debug/SwiftSyntaxBuilder-tool.build/Syntax+StringInterpolation.swift.o: previous definition here
/usr/bin/ld.gold: error: /host/spi-builder-workspace/.build/prebuilts/swift-syntax/602.0.0/swift-6.2-RELEASE-MacroSupport-ubuntu_jammy_x86_64/lib/libMacroSupport.a(Syntax+StringInterpolation.swift.o): multiple definition of '$ss6UInt32V18SwiftSyntaxBuilder020ExpressibleByLiteralC0ACWP'
/usr/bin/ld.gold: /host/spi-builder-workspace/.build/x86_64-unknown-linux-gnu/debug/SwiftSyntaxBuilder-tool.build/Syntax+StringInterpolation.swift.o: previous definition here
/usr/bin/ld.gold: error: /host/spi-builder-workspace/.build/prebuilts/swift-syntax/602.0.0/swift-6.2-RELEASE-MacroSupport-ubuntu_jammy_x86_64/lib/libMacroSupport.a(Syntax+StringInterpolation.swift.o): multiple definition of '$ss6UInt32V18SwiftSyntaxBuilder020ExpressibleByLiteralC0ACMc'
/usr/bin/ld.gold: /host/spi-builder-workspace/.build/x86_64-unknown-linux-gnu/debug/SwiftSyntaxBuilder-tool.build/Syntax+StringInterpolation.swift.o: previous definition here
/usr/bin/ld.gold: error: /host/spi-builder-workspace/.build/prebuilts/swift-syntax/602.0.0/swift-6.2-RELEASE-MacroSupport-ubuntu_jammy_x86_64/lib/libMacroSupport.a(Syntax+StringInterpolation.swift.o): multiple definition of '$ss6UInt64V18SwiftSyntaxBuilder020ExpressibleByLiteralC0ACWP'
/usr/bin/ld.gold: /host/spi-builder-workspace/.build/x86_64-unknown-linux-gnu/debug/SwiftSyntaxBuilder-tool.build/Syntax+StringInterpolation.swift.o: previous definition here
/usr/bin/ld.gold: error: /host/spi-builder-workspace/.build/prebuilts/swift-syntax/602.0.0/swift-6.2-RELEASE-MacroSupport-ubuntu_jammy_x86_64/lib/libMacroSupport.a(Syntax+StringInterpolation.swift.o): multiple definition of '$ss6UInt64V18SwiftSyntaxBuilder020ExpressibleByLiteralC0ACMc'
/usr/bin/ld.gold: /host/spi-builder-workspace/.build/x86_64-unknown-linux-gnu/debug/SwiftSyntaxBuilder-tool.build/Syntax+StringInterpolation.swift.o: previous definition here
/usr/bin/ld.gold: error: /host/spi-builder-workspace/.build/prebuilts/swift-syntax/602.0.0/swift-6.2-RELEASE-MacroSupport-ubuntu_jammy_x86_64/lib/libMacroSupport.a(Syntax+StringInterpolation.swift.o): multiple definition of '$sSf18SwiftSyntaxBuilder020ExpressibleByLiteralB0AAWP'
/usr/bin/ld.gold: /host/spi-builder-workspace/.build/x86_64-unknown-linux-gnu/debug/SwiftSyntaxBuilder-tool.build/Syntax+StringInterpolation.swift.o: previous definition here
/usr/bin/ld.gold: error: /host/spi-builder-workspace/.build/prebuilts/swift-syntax/602.0.0/swift-6.2-RELEASE-MacroSupport-ubuntu_jammy_x86_64/lib/libMacroSupport.a(Syntax+StringInterpolation.swift.o): multiple definition of '$sSf18SwiftSyntaxBuilder020ExpressibleByLiteralB0AAMc'
/usr/bin/ld.gold: /host/spi-builder-workspace/.build/x86_64-unknown-linux-gnu/debug/SwiftSyntaxBuilder-tool.build/Syntax+StringInterpolation.swift.o: previous definition here
/usr/bin/ld.gold: error: /host/spi-builder-workspace/.build/prebuilts/swift-syntax/602.0.0/swift-6.2-RELEASE-MacroSupport-ubuntu_jammy_x86_64/lib/libMacroSupport.a(Syntax+StringInterpolation.swift.o): multiple definition of '$sSd18SwiftSyntaxBuilder020ExpressibleByLiteralB0AAWP'
/usr/bin/ld.gold: /host/spi-builder-workspace/.build/x86_64-unknown-linux-gnu/debug/SwiftSyntaxBuilder-tool.build/Syntax+StringInterpolation.swift.o: previous definition here
/usr/bin/ld.gold: error: /host/spi-builder-workspace/.build/prebuilts/swift-syntax/602.0.0/swift-6.2-RELEASE-MacroSupport-ubuntu_jammy_x86_64/lib/libMacroSupport.a(Syntax+StringInterpolation.swift.o): multiple definition of '$sSd18SwiftSyntaxBuilder020ExpressibleByLiteralB0AAMc'
/usr/bin/ld.gold: /host/spi-builder-workspace/.build/x86_64-unknown-linux-gnu/debug/SwiftSyntaxBuilder-tool.build/Syntax+StringInterpolation.swift.o: previous definition here
/usr/bin/ld.gold: error: /host/spi-builder-workspace/.build/prebuilts/swift-syntax/602.0.0/swift-6.2-RELEASE-MacroSupport-ubuntu_jammy_x86_64/lib/libMacroSupport.a(Syntax+StringInterpolation.swift.o): multiple definition of '$ss7Float16V18SwiftSyntaxBuilder020ExpressibleByLiteralC0ACWP'
/usr/bin/ld.gold: /host/spi-builder-workspace/.build/x86_64-unknown-linux-gnu/debug/SwiftSyntaxBuilder-tool.build/Syntax+StringInterpolation.swift.o: previous definition here
/usr/bin/ld.gold: error: /host/spi-builder-workspace/.build/prebuilts/swift-syntax/602.0.0/swift-6.2-RELEASE-MacroSupport-ubuntu_jammy_x86_64/lib/libMacroSupport.a(Syntax+StringInterpolation.swift.o): multiple definition of '$ss7Float16V18SwiftSyntaxBuilder020ExpressibleByLiteralC0ACMc'
/usr/bin/ld.gold: /host/spi-builder-workspace/.build/x86_64-unknown-linux-gnu/debug/SwiftSyntaxBuilder-tool.build/Syntax+StringInterpolation.swift.o: previous definition here
/usr/bin/ld.gold: error: /host/spi-builder-workspace/.build/prebuilts/swift-syntax/602.0.0/swift-6.2-RELEASE-MacroSupport-ubuntu_jammy_x86_64/lib/libMacroSupport.a(Syntax+StringInterpolation.swift.o): multiple definition of '$sSb18SwiftSyntaxBuilder020ExpressibleByLiteralB0AAWP'
/usr/bin/ld.gold: /host/spi-builder-workspace/.build/x86_64-unknown-linux-gnu/debug/SwiftSyntaxBuilder-tool.build/Syntax+StringInterpolation.swift.o: previous definition here
/usr/bin/ld.gold: error: /host/spi-builder-workspace/.build/prebuilts/swift-syntax/602.0.0/swift-6.2-RELEASE-MacroSupport-ubuntu_jammy_x86_64/lib/libMacroSupport.a(Syntax+StringInterpolation.swift.o): multiple definition of '$sSb18SwiftSyntaxBuilder020ExpressibleByLiteralB0AAMc'
/usr/bin/ld.gold: /host/spi-builder-workspace/.build/x86_64-unknown-linux-gnu/debug/SwiftSyntaxBuilder-tool.build/Syntax+StringInterpolation.swift.o: previous definition here
/usr/bin/ld.gold: error: /host/spi-builder-workspace/.build/prebuilts/swift-syntax/602.0.0/swift-6.2-RELEASE-MacroSupport-ubuntu_jammy_x86_64/lib/libMacroSupport.a(Syntax+StringInterpolation.swift.o): multiple definition of '$ss10ArraySliceVyxG18SwiftSyntaxBuilder020ExpressibleByLiteralD0A2dERzlMc'
/usr/bin/ld.gold: /host/spi-builder-workspace/.build/x86_64-unknown-linux-gnu/debug/SwiftSyntaxBuilder-tool.build/Syntax+StringInterpolation.swift.o: previous definition here
/usr/bin/ld.gold: error: /host/spi-builder-workspace/.build/prebuilts/swift-syntax/602.0.0/swift-6.2-RELEASE-MacroSupport-ubuntu_jammy_x86_64/lib/libMacroSupport.a(Syntax+StringInterpolation.swift.o): multiple definition of '$sSayxG18SwiftSyntaxBuilder020ExpressibleByLiteralB0A2bCRzlMc'
/usr/bin/ld.gold: /host/spi-builder-workspace/.build/x86_64-unknown-linux-gnu/debug/SwiftSyntaxBuilder-tool.build/Syntax+StringInterpolation.swift.o: previous definition here
/usr/bin/ld.gold: error: /host/spi-builder-workspace/.build/prebuilts/swift-syntax/602.0.0/swift-6.2-RELEASE-MacroSupport-ubuntu_jammy_x86_64/lib/libMacroSupport.a(Syntax+StringInterpolation.swift.o): multiple definition of '$sShyxG18SwiftSyntaxBuilder020ExpressibleByLiteralB0A2bCRzrlMc'
/usr/bin/ld.gold: /host/spi-builder-workspace/.build/x86_64-unknown-linux-gnu/debug/SwiftSyntaxBuilder-tool.build/Syntax+StringInterpolation.swift.o: previous definition here
/usr/bin/ld.gold: error: /host/spi-builder-workspace/.build/prebuilts/swift-syntax/602.0.0/swift-6.2-RELEASE-MacroSupport-ubuntu_jammy_x86_64/lib/libMacroSupport.a(Syntax+StringInterpolation.swift.o): multiple definition of '$ss13KeyValuePairsVyxq_G18SwiftSyntaxBuilder020ExpressibleByLiteralE0A2dERzAdER_rlMc'
/usr/bin/ld.gold: /host/spi-builder-workspace/.build/x86_64-unknown-linux-gnu/debug/SwiftSyntaxBuilder-tool.build/Syntax+StringInterpolation.swift.o: previous definition here
/usr/bin/ld.gold: error: /host/spi-builder-workspace/.build/prebuilts/swift-syntax/602.0.0/swift-6.2-RELEASE-MacroSupport-ubuntu_jammy_x86_64/lib/libMacroSupport.a(Syntax+StringInterpolation.swift.o): multiple definition of '$sSDyxq_G18SwiftSyntaxBuilder020ExpressibleByLiteralB0A2bCRzAbCR_rlMc'
/usr/bin/ld.gold: /host/spi-builder-workspace/.build/x86_64-unknown-linux-gnu/debug/SwiftSyntaxBuilder-tool.build/Syntax+StringInterpolation.swift.o: previous definition here
/usr/bin/ld.gold: error: /host/spi-builder-workspace/.build/prebuilts/swift-syntax/602.0.0/swift-6.2-RELEASE-MacroSupport-ubuntu_jammy_x86_64/lib/libMacroSupport.a(Syntax+StringInterpolation.swift.o): multiple definition of '$s11SwiftSyntax05TokenB0V0aB7Builder0B32ExpressibleByStringInterpolationADWP'
/usr/bin/ld.gold: /host/spi-builder-workspace/.build/x86_64-unknown-linux-gnu/debug/SwiftSyntaxBuilder-tool.build/Syntax+StringInterpolation.swift.o: previous definition here
/usr/bin/ld.gold: error: /host/spi-builder-workspace/.build/prebuilts/swift-syntax/602.0.0/swift-6.2-RELEASE-MacroSupport-ubuntu_jammy_x86_64/lib/libMacroSupport.a(Syntax+StringInterpolation.swift.o): multiple definition of '$s11SwiftSyntax05TokenB0V0aB7Builder0B32ExpressibleByStringInterpolationADMc'
/usr/bin/ld.gold: /host/spi-builder-workspace/.build/x86_64-unknown-linux-gnu/debug/SwiftSyntaxBuilder-tool.build/Syntax+StringInterpolation.swift.o: previous definition here
/usr/bin/ld.gold: error: /host/spi-builder-workspace/.build/prebuilts/swift-syntax/602.0.0/swift-6.2-RELEASE-MacroSupport-ubuntu_jammy_x86_64/lib/libMacroSupport.a(Syntax+StringInterpolation.swift.o): multiple definition of '$s18SwiftSyntaxBuilder0B32ExpressibleByStringInterpolationMp'
/usr/bin/ld.gold: /host/spi-builder-workspace/.build/x86_64-unknown-linux-gnu/debug/SwiftSyntaxBuilder-tool.build/Syntax+StringInterpolation.swift.o: previous definition here
/usr/bin/ld.gold: error: /host/spi-builder-workspace/.build/prebuilts/swift-syntax/602.0.0/swift-6.2-RELEASE-MacroSupport-ubuntu_jammy_x86_64/lib/libMacroSupport.a(Syntax+StringInterpolation.swift.o): multiple definition of '$s11SwiftSyntax6TriviaVs32ExpressibleByStringInterpolation0aB7BuilderMc'
/usr/bin/ld.gold: /host/spi-builder-workspace/.build/x86_64-unknown-linux-gnu/debug/SwiftSyntaxBuilder-tool.build/Syntax+StringInterpolation.swift.o: previous definition here
/usr/bin/ld.gold: error: /host/spi-builder-workspace/.build/prebuilts/swift-syntax/602.0.0/swift-6.2-RELEASE-MacroSupport-ubuntu_jammy_x86_64/lib/libMacroSupport.a(Syntax+StringInterpolation.swift.o): multiple definition of '$s18SwiftSyntaxBuilder0B39StringInterpolationInvalidNodeTypeErrorV11descriptionSSvpMV'
/usr/bin/ld.gold: /host/spi-builder-workspace/.build/x86_64-unknown-linux-gnu/debug/SwiftSyntaxBuilder-tool.build/Syntax+StringInterpolation.swift.o: previous definition here
/usr/bin/ld.gold: error: /host/spi-builder-workspace/.build/prebuilts/swift-syntax/602.0.0/swift-6.2-RELEASE-MacroSupport-ubuntu_jammy_x86_64/lib/libMacroSupport.a(Syntax+StringInterpolation.swift.o): multiple definition of '$s18SwiftSyntaxBuilder012InterpolatedB4NodeVMn'
/usr/bin/ld.gold: /host/spi-builder-workspace/.build/x86_64-unknown-linux-gnu/debug/SwiftSyntaxBuilder-tool.build/Syntax+StringInterpolation.swift.o: previous definition here
/usr/bin/ld.gold: error: /host/spi-builder-workspace/.build/prebuilts/swift-syntax/602.0.0/swift-6.2-RELEASE-MacroSupport-ubuntu_jammy_x86_64/lib/libMacroSupport.a(Syntax+StringInterpolation.swift.o): multiple definition of '$s18SwiftSyntaxBuilder16UnexpectedTriviaVMn'
/usr/bin/ld.gold: /host/spi-builder-workspace/.build/x86_64-unknown-linux-gnu/debug/SwiftSyntaxBuilder-tool.build/Syntax+StringInterpolation.swift.o: previous definition here
/usr/bin/ld.gold: error: /host/spi-builder-workspace/.build/prebuilts/swift-syntax/602.0.0/swift-6.2-RELEASE-MacroSupport-ubuntu_jammy_x86_64/lib/libMacroSupport.a(Syntax+StringInterpolation.swift.o): multiple definition of '$s18SwiftSyntaxBuilder0B34StringInterpolationDiagnosticErrorVMn'
/usr/bin/ld.gold: /host/spi-builder-workspace/.build/x86_64-unknown-linux-gnu/debug/SwiftSyntaxBuilder-tool.build/Syntax+StringInterpolation.swift.o: previous definition here
/usr/bin/ld.gold: error: /host/spi-builder-workspace/.build/prebuilts/swift-syntax/602.0.0/swift-6.2-RELEASE-MacroSupport-ubuntu_jammy_x86_64/lib/libMacroSupport.a(Syntax+StringInterpolation.swift.o): multiple definition of '$s18SwiftSyntaxBuilder0B34StringInterpolationDiagnosticErrorVs06CustomD11ConvertibleAAMc'
/usr/bin/ld.gold: /host/spi-builder-workspace/.build/x86_64-unknown-linux-gnu/debug/SwiftSyntaxBuilder-tool.build/Syntax+StringInterpolation.swift.o: previous definition here
/usr/bin/ld.gold: error: /host/spi-builder-workspace/.build/prebuilts/swift-syntax/602.0.0/swift-6.2-RELEASE-MacroSupport-ubuntu_jammy_x86_64/lib/libMacroSupport.a(Syntax+StringInterpolation.swift.o): multiple definition of '$s18SwiftSyntaxBuilder16UnexpectedTriviaV0A11Diagnostics17DiagnosticMessageAAMc'
/usr/bin/ld.gold: /host/spi-builder-workspace/.build/x86_64-unknown-linux-gnu/debug/SwiftSyntaxBuilder-tool.build/Syntax+StringInterpolation.swift.o: previous definition here
/usr/bin/ld.gold: error: /host/spi-builder-workspace/.build/prebuilts/swift-syntax/602.0.0/swift-6.2-RELEASE-MacroSupport-ubuntu_jammy_x86_64/lib/libMacroSupport.a(Syntax+StringInterpolation.swift.o): multiple definition of '$s18SwiftSyntaxBuilder16UnexpectedTriviaV0A11Diagnostics17DiagnosticMessageAAWP'
/usr/bin/ld.gold: /host/spi-builder-workspace/.build/x86_64-unknown-linux-gnu/debug/SwiftSyntaxBuilder-tool.build/Syntax+StringInterpolation.swift.o: previous definition here
/usr/bin/ld.gold: error: /host/spi-builder-workspace/.build/prebuilts/swift-syntax/602.0.0/swift-6.2-RELEASE-MacroSupport-ubuntu_jammy_x86_64/lib/libMacroSupport.a(Syntax+StringInterpolation.swift.o): multiple definition of '$s18SwiftSyntaxBuilder0B34StringInterpolationDiagnosticErrorVs0G0AAMc'
/usr/bin/ld.gold: /host/spi-builder-workspace/.build/x86_64-unknown-linux-gnu/debug/SwiftSyntaxBuilder-tool.build/Syntax+StringInterpolation.swift.o: previous definition here
/usr/bin/ld.gold: error: /host/spi-builder-workspace/.build/prebuilts/swift-syntax/602.0.0/swift-6.2-RELEASE-MacroSupport-ubuntu_jammy_x86_64/lib/libMacroSupport.a(Syntax+StringInterpolation.swift.o): multiple definition of '$s18SwiftSyntaxBuilder0B19StringInterpolationVN'
/usr/bin/ld.gold: /host/spi-builder-workspace/.build/x86_64-unknown-linux-gnu/debug/SwiftSyntaxBuilder-tool.build/Syntax+StringInterpolation.swift.o: previous definition here
/usr/bin/ld.gold: error: /host/spi-builder-workspace/.build/prebuilts/swift-syntax/602.0.0/swift-6.2-RELEASE-MacroSupport-ubuntu_jammy_x86_64/lib/libMacroSupport.a(Syntax+StringInterpolation.swift.o): multiple definition of '$s18SwiftSyntaxBuilder0B32ExpressibleByStringInterpolationTL'
/usr/bin/ld.gold: /host/spi-builder-workspace/.build/x86_64-unknown-linux-gnu/debug/SwiftSyntaxBuilder-tool.build/Syntax+StringInterpolation.swift.o: previous definition here
/usr/bin/ld.gold: error: /host/spi-builder-workspace/.build/prebuilts/swift-syntax/602.0.0/swift-6.2-RELEASE-MacroSupport-ubuntu_jammy_x86_64/lib/libMacroSupport.a(Syntax+StringInterpolation.swift.o): multiple definition of '$s18SwiftSyntaxBuilder0B32ExpressibleByStringInterpolationPs0defG0Tb'
/usr/bin/ld.gold: /host/spi-builder-workspace/.build/x86_64-unknown-linux-gnu/debug/SwiftSyntaxBuilder-tool.build/Syntax+StringInterpolation.swift.o: previous definition here
/usr/bin/ld.gold: error: /host/spi-builder-workspace/.build/prebuilts/swift-syntax/602.0.0/swift-6.2-RELEASE-MacroSupport-ubuntu_jammy_x86_64/lib/libMacroSupport.a(Syntax+StringInterpolation.swift.o): multiple definition of '$s18SwiftSyntaxBuilder0B39StringInterpolationInvalidNodeTypeErrorVN'
/usr/bin/ld.gold: /host/spi-builder-workspace/.build/x86_64-unknown-linux-gnu/debug/SwiftSyntaxBuilder-tool.build/Syntax+StringInterpolation.swift.o: previous definition here
/usr/bin/ld.gold: error: /host/spi-builder-workspace/.build/prebuilts/swift-syntax/602.0.0/swift-6.2-RELEASE-MacroSupport-ubuntu_jammy_x86_64/lib/libMacroSupport.a(Syntax+StringInterpolation.swift.o): multiple definition of '$s18SwiftSyntaxBuilder012InterpolatedB4NodeVN'
/usr/bin/ld.gold: /host/spi-builder-workspace/.build/x86_64-unknown-linux-gnu/debug/SwiftSyntaxBuilder-tool.build/Syntax+StringInterpolation.swift.o: previous definition here
/usr/bin/ld.gold: error: /host/spi-builder-workspace/.build/prebuilts/swift-syntax/602.0.0/swift-6.2-RELEASE-MacroSupport-ubuntu_jammy_x86_64/lib/libMacroSupport.a(Syntax+StringInterpolation.swift.o): multiple definition of '$s18SwiftSyntaxBuilder16UnexpectedTriviaVN'
/usr/bin/ld.gold: /host/spi-builder-workspace/.build/x86_64-unknown-linux-gnu/debug/SwiftSyntaxBuilder-tool.build/Syntax+StringInterpolation.swift.o: previous definition here
/usr/bin/ld.gold: error: /host/spi-builder-workspace/.build/prebuilts/swift-syntax/602.0.0/swift-6.2-RELEASE-MacroSupport-ubuntu_jammy_x86_64/lib/libMacroSupport.a(Syntax+StringInterpolation.swift.o): multiple definition of '$s18SwiftSyntaxBuilder0B34StringInterpolationDiagnosticErrorVN'
/usr/bin/ld.gold: /host/spi-builder-workspace/.build/x86_64-unknown-linux-gnu/debug/SwiftSyntaxBuilder-tool.build/Syntax+StringInterpolation.swift.o: previous definition here
/usr/bin/ld.gold: error: /host/spi-builder-workspace/.build/prebuilts/swift-syntax/602.0.0/swift-6.2-RELEASE-MacroSupport-ubuntu_jammy_x86_64/lib/libMacroSupport.a(ConvenienceInitializers.swift.o): multiple definition of '$s11SwiftSyntax016ArrayElementListB0V0aB7BuilderE11expressionsACSayAA04ExprB0VG_tcfC'
/usr/bin/ld.gold: /host/spi-builder-workspace/.build/x86_64-unknown-linux-gnu/debug/SwiftSyntaxBuilder-tool.build/ConvenienceInitializers.swift.o: previous definition here
/usr/bin/ld.gold: error: /host/spi-builder-workspace/.build/prebuilts/swift-syntax/602.0.0/swift-6.2-RELEASE-MacroSupport-ubuntu_jammy_x86_64/lib/libMacroSupport.a(ConvenienceInitializers.swift.o): multiple definition of '$s11SwiftSyntax09ArrayExprB0V0aB7BuilderE11expressionsACSayAA0dB0VG_tcfC'
/usr/bin/ld.gold: /host/spi-builder-workspace/.build/x86_64-unknown-linux-gnu/debug/SwiftSyntaxBuilder-tool.build/ConvenienceInitializers.swift.o: previous definition here
/usr/bin/ld.gold: error: /host/spi-builder-workspace/.build/prebuilts/swift-syntax/602.0.0/swift-6.2-RELEASE-MacroSupport-ubuntu_jammy_x86_64/lib/libMacroSupport.a(ConvenienceInitializers.swift.o): multiple definition of '$s11SwiftSyntax09AttributeB0V0aB7BuilderE_12argumentListAcA04TypeB0V_AA011LabeledExprfB0VSgyXEtcfC'
/usr/bin/ld.gold: /host/spi-builder-workspace/.build/x86_64-unknown-linux-gnu/debug/SwiftSyntaxBuilder-tool.build/ConvenienceInitializers.swift.o: previous definition here
/usr/bin/ld.gold: error: /host/spi-builder-workspace/.build/prebuilts/swift-syntax/602.0.0/swift-6.2-RELEASE-MacroSupport-ubuntu_jammy_x86_64/lib/libMacroSupport.a(ConvenienceInitializers.swift.o): multiple definition of '$s11SwiftSyntax018BinaryOperatorExprB0V0aB7BuilderE4textACSS_tcfC'
/usr/bin/ld.gold: /host/spi-builder-workspace/.build/x86_64-unknown-linux-gnu/debug/SwiftSyntaxBuilder-tool.build/ConvenienceInitializers.swift.o: previous definition here
/usr/bin/ld.gold: error: /host/spi-builder-workspace/.build/prebuilts/swift-syntax/602.0.0/swift-6.2-RELEASE-MacroSupport-ubuntu_jammy_x86_64/lib/libMacroSupport.a(ConvenienceInitializers.swift.o): multiple definition of '$s11SwiftSyntax018BooleanLiteralExprB0V0aB7BuilderE07booleanD0ACSb_tcfC'
/usr/bin/ld.gold: /host/spi-builder-workspace/.build/x86_64-unknown-linux-gnu/debug/SwiftSyntaxBuilder-tool.build/ConvenienceInitializers.swift.o: previous definition here
/usr/bin/ld.gold: error: /host/spi-builder-workspace/.build/prebuilts/swift-syntax/602.0.0/swift-6.2-RELEASE-MacroSupport-ubuntu_jammy_x86_64/lib/libMacroSupport.a(ConvenienceInitializers.swift.o): multiple definition of '$s11SwiftSyntax011CatchClauseB0V0aB7BuilderE13leadingTrivia_04bodyE0AcA0G0V_AA0c8ItemListB0VAA09CodeBlockijB0VyXEtcfC'
/usr/bin/ld.gold: /host/spi-builder-workspace/.build/x86_64-unknown-linux-gnu/debug/SwiftSyntaxBuilder-tool.build/ConvenienceInitializers.swift.o: previous definition here
/usr/bin/ld.gold: error: /host/spi-builder-workspace/.build/prebuilts/swift-syntax/602.0.0/swift-6.2-RELEASE-MacroSupport-ubuntu_jammy_x86_64/lib/libMacroSupport.a(ConvenienceInitializers.swift.o): multiple definition of '$s11SwiftSyntax014DictionaryExprB0V0aB7BuilderE10leftSquare05rightG007contentE0AcA05TokenB0V_AiA0c11ElementListB0VyXEtcfC'
/usr/bin/ld.gold: /host/spi-builder-workspace/.build/x86_64-unknown-linux-gnu/debug/SwiftSyntaxBuilder-tool.build/ConvenienceInitializers.swift.o: previous definition here
/usr/bin/ld.gold: error: /host/spi-builder-workspace/.build/prebuilts/swift-syntax/602.0.0/swift-6.2-RELEASE-MacroSupport-ubuntu_jammy_x86_64/lib/libMacroSupport.a(ConvenienceInitializers.swift.o): multiple definition of '$s11SwiftSyntax08ExprListB0V0aB7BuilderEyACSayAA0cB8Protocol_pGcfC'
/usr/bin/ld.gold: /host/spi-builder-workspace/.build/x86_64-unknown-linux-gnu/debug/SwiftSyntaxBuilder-tool.build/ConvenienceInitializers.swift.o: previous definition here
/usr/bin/ld.gold: error: /host/spi-builder-workspace/.build/prebuilts/swift-syntax/602.0.0/swift-6.2-RELEASE-MacroSupport-ubuntu_jammy_x86_64/lib/libMacroSupport.a(ConvenienceInitializers.swift.o): multiple definition of '$s11SwiftSyntax04ExprB0V0aB7BuilderE7literalACx_tcAD020ExpressibleByLiteralB0RzlufC'
/usr/bin/ld.gold: /host/spi-builder-workspace/.build/x86_64-unknown-linux-gnu/debug/SwiftSyntaxBuilder-tool.build/ConvenienceInitializers.swift.o: previous definition here
/usr/bin/ld.gold: error: /host/spi-builder-workspace/.build/prebuilts/swift-syntax/602.0.0/swift-6.2-RELEASE-MacroSupport-ubuntu_jammy_x86_64/lib/libMacroSupport.a(ConvenienceInitializers.swift.o): multiple definition of '$s11SwiftSyntax016FloatLiteralExprB0V0aB7BuilderE05floatD0ACSf_tcfC'
/usr/bin/ld.gold: /host/spi-builder-workspace/.build/x86_64-unknown-linux-gnu/debug/SwiftSyntaxBuilder-tool.build/ConvenienceInitializers.swift.o: previous definition here
/usr/bin/ld.gold: error: /host/spi-builder-workspace/.build/prebuilts/swift-syntax/602.0.0/swift-6.2-RELEASE-MacroSupport-ubuntu_jammy_x86_64/lib/libMacroSupport.a(ConvenienceInitializers.swift.o): multiple definition of '$s11SwiftSyntax016FunctionCallExprB0V0aB7BuilderE6callee15trailingClosure26additionalTrailingClosures12argumentListACx_AA0ieB0VSgAA08Multipleki7ElementnB0VAA07LabeledenB0VyXEtcAA0eB8ProtocolRzlufC'
/usr/bin/ld.gold: /host/spi-builder-workspace/.build/x86_64-unknown-linux-gnu/debug/SwiftSyntaxBuilder-tool.build/ConvenienceInitializers.swift.o: previous definition here
/usr/bin/ld.gold: error: /host/spi-builder-workspace/.build/prebuilts/swift-syntax/602.0.0/swift-6.2-RELEASE-MacroSupport-ubuntu_jammy_x86_64/lib/libMacroSupport.a(ConvenienceInitializers.swift.o): multiple definition of '$s11SwiftSyntax018IntegerLiteralExprB0V0aB7BuilderE07integerD0ACSi_tcfC'
/usr/bin/ld.gold: /host/spi-builder-workspace/.build/x86_64-unknown-linux-gnu/debug/SwiftSyntaxBuilder-tool.build/ConvenienceInitializers.swift.o: previous definition here
/usr/bin/ld.gold: error: /host/spi-builder-workspace/.build/prebuilts/swift-syntax/602.0.0/swift-6.2-RELEASE-MacroSupport-ubuntu_jammy_x86_64/lib/libMacroSupport.a(ConvenienceInitializers.swift.o): multiple definition of '$s11SwiftSyntax011LabeledExprB0V0aB7BuilderE5label10expressionACSSSg_xtcAA0dB8ProtocolRzlufC'
/usr/bin/ld.gold: /host/spi-builder-workspace/.build/x86_64-unknown-linux-gnu/debug/SwiftSyntaxBuilder-tool.build/ConvenienceInitializers.swift.o: previous definition here
/usr/bin/ld.gold: error: /host/spi-builder-workspace/.build/prebuilts/swift-syntax/602.0.0/swift-6.2-RELEASE-MacroSupport-ubuntu_jammy_x86_64/lib/libMacroSupport.a(ConvenienceInitializers.swift.o): multiple definition of '$s11SwiftSyntax017StringLiteralExprB0V0aB7BuilderE13openDelimiter12openingQuote7content07closingJ005closeH0AcA05TokenB0VSg_AKSSAkLtcfC'
/usr/bin/ld.gold: /host/spi-builder-workspace/.build/x86_64-unknown-linux-gnu/debug/SwiftSyntaxBuilder-tool.build/ConvenienceInitializers.swift.o: previous definition here
/usr/bin/ld.gold: error: /host/spi-builder-workspace/.build/prebuilts/swift-syntax/602.0.0/swift-6.2-RELEASE-MacroSupport-ubuntu_jammy_x86_64/lib/libMacroSupport.a(ConvenienceInitializers.swift.o): multiple definition of '$s11SwiftSyntax015UnexpectedNodesB0V0aB7BuilderEyACSayAA0B8Protocol_pGcfC'
/usr/bin/ld.gold: /host/spi-builder-workspace/.build/x86_64-unknown-linux-gnu/debug/SwiftSyntaxBuilder-tool.build/ConvenienceInitializers.swift.o: previous definition here
/usr/bin/ld.gold: error: /host/spi-builder-workspace/.build/prebuilts/swift-syntax/602.0.0/swift-6.2-RELEASE-MacroSupport-ubuntu_jammy_x86_64/lib/libMacroSupport.a(ConvenienceInitializers.swift.o): multiple definition of '$s11SwiftSyntax012VariableDeclB0V0aB7BuilderE13leadingTrivia10attributes9modifiers_4name4type11initializer13accessorBlockAcA0G0V_AA013AttributeListB0VAA0d8ModifierpB0VAA7KeywordOAA07PatternB0VAA014TypeAnnotationB0VSgAA017InitializerClauseB0VSgAA08AccessornB0VSgtcfC'
/usr/bin/ld.gold: /host/spi-builder-workspace/.build/x86_64-unknown-linux-gnu/debug/SwiftSyntaxBuilder-tool.build/ConvenienceInitializers.swift.o: previous definition here
/usr/bin/ld.gold: error: /host/spi-builder-workspace/.build/prebuilts/swift-syntax/602.0.0/swift-6.2-RELEASE-MacroSupport-ubuntu_jammy_x86_64/lib/libMacroSupport.a(ConvenienceInitializers.swift.o): multiple definition of '$s18SwiftSyntaxBuilder0B19StringInterpolationV10sourceTextSays5UInt8VGvpfi'
/usr/bin/ld.gold: /host/spi-builder-workspace/.build/x86_64-unknown-linux-gnu/debug/SwiftSyntaxBuilder-tool.build/Syntax+StringInterpolation.swift.o: previous definition here
/usr/bin/ld.gold: error: /host/spi-builder-workspace/.build/prebuilts/swift-syntax/602.0.0/swift-6.2-RELEASE-MacroSupport-ubuntu_jammy_x86_64/lib/libMacroSupport.a(ConvenienceInitializers.swift.o): multiple definition of '$s18SwiftSyntaxBuilder0B19StringInterpolationV15lastIndentation0aB06TriviaVSgvpfi'
/usr/bin/ld.gold: /host/spi-builder-workspace/.build/x86_64-unknown-linux-gnu/debug/SwiftSyntaxBuilder-tool.build/Syntax+StringInterpolation.swift.o: previous definition here
/usr/bin/ld.gold: error: /host/spi-builder-workspace/.build/prebuilts/swift-syntax/602.0.0/swift-6.2-RELEASE-MacroSupport-ubuntu_jammy_x86_64/lib/libMacroSupport.a(ConvenienceInitializers.swift.o): multiple definition of '$s18SwiftSyntaxBuilder0B19StringInterpolationV012interpolatedB5NodesSayAA012InterpolatedB4NodeVGvpfi'
/usr/bin/ld.gold: /host/spi-builder-workspace/.build/x86_64-unknown-linux-gnu/debug/SwiftSyntaxBuilder-tool.build/Syntax+StringInterpolation.swift.o: previous definition here
/usr/bin/ld.gold: error: /host/spi-builder-workspace/.build/prebuilts/swift-syntax/602.0.0/swift-6.2-RELEASE-MacroSupport-ubuntu_jammy_x86_64/lib/libMacroSupport.a(ConvenienceInitializers.swift.o): multiple definition of '$s11SwiftSyntax016FloatLiteralExprB0V0aB7BuilderEyACSfcfC'
/usr/bin/ld.gold: /host/spi-builder-workspace/.build/x86_64-unknown-linux-gnu/debug/SwiftSyntaxBuilder-tool.build/ConvenienceInitializers.swift.o: previous definition here
/usr/bin/ld.gold: error: /host/spi-builder-workspace/.build/prebuilts/swift-syntax/602.0.0/swift-6.2-RELEASE-MacroSupport-ubuntu_jammy_x86_64/lib/libMacroSupport.a(ConvenienceInitializers.swift.o): multiple definition of '$s11SwiftSyntax018IntegerLiteralExprB0V0aB7BuilderEyACSicfC'
/usr/bin/ld.gold: /host/spi-builder-workspace/.build/x86_64-unknown-linux-gnu/debug/SwiftSyntaxBuilder-tool.build/ConvenienceInitializers.swift.o: previous definition here
/usr/bin/ld.gold: error: /host/spi-builder-workspace/.build/prebuilts/swift-syntax/602.0.0/swift-6.2-RELEASE-MacroSupport-ubuntu_jammy_x86_64/lib/libMacroSupport.a(ConvenienceInitializers.swift.o): multiple definition of '$s11SwiftSyntax018BooleanLiteralExprB0V0aB7BuilderEyACSbcfC'
/usr/bin/ld.gold: /host/spi-builder-workspace/.build/x86_64-unknown-linux-gnu/debug/SwiftSyntaxBuilder-tool.build/ConvenienceInitializers.swift.o: previous definition here
/usr/bin/ld.gold: error: /host/spi-builder-workspace/.build/prebuilts/swift-syntax/602.0.0/swift-6.2-RELEASE-MacroSupport-ubuntu_jammy_x86_64/lib/libMacroSupport.a(ConvenienceInitializers.swift.o): multiple definition of '$s11SwiftSyntax018BooleanLiteralExprB0Vs013ExpressibleBycD00aB7BuilderMc'
/usr/bin/ld.gold: /host/spi-builder-workspace/.build/x86_64-unknown-linux-gnu/debug/SwiftSyntaxBuilder-tool.build/ConvenienceInitializers.swift.o: previous definition here
/usr/bin/ld.gold: error: /host/spi-builder-workspace/.build/prebuilts/swift-syntax/602.0.0/swift-6.2-RELEASE-MacroSupport-ubuntu_jammy_x86_64/lib/libMacroSupport.a(ConvenienceInitializers.swift.o): multiple definition of '$s11SwiftSyntax016FloatLiteralExprB0Vs013ExpressibleBycD00aB7BuilderMc'
/usr/bin/ld.gold: /host/spi-builder-workspace/.build/x86_64-unknown-linux-gnu/debug/SwiftSyntaxBuilder-tool.build/ConvenienceInitializers.swift.o: previous definition here
/usr/bin/ld.gold: error: /host/spi-builder-workspace/.build/prebuilts/swift-syntax/602.0.0/swift-6.2-RELEASE-MacroSupport-ubuntu_jammy_x86_64/lib/libMacroSupport.a(ConvenienceInitializers.swift.o): multiple definition of '$s11SwiftSyntax018IntegerLiteralExprB0Vs013ExpressibleBycD00aB7BuilderMc'
/usr/bin/ld.gold: /host/spi-builder-workspace/.build/x86_64-unknown-linux-gnu/debug/SwiftSyntaxBuilder-tool.build/ConvenienceInitializers.swift.o: previous definition here
/usr/bin/ld.gold: error: /host/spi-builder-workspace/.build/prebuilts/swift-syntax/602.0.0/swift-6.2-RELEASE-MacroSupport-ubuntu_jammy_x86_64/lib/libMacroSupport.a(ListBuilder.swift.o): multiple definition of '$s18SwiftSyntaxBuilder04ListC0PAAE15buildExpressionySay11FinalResult_7ElementQZGAGFZ'
/usr/bin/ld.gold: /host/spi-builder-workspace/.build/x86_64-unknown-linux-gnu/debug/SwiftSyntaxBuilder-tool.build/ListBuilder.swift.o: previous definition here
/usr/bin/ld.gold: error: /host/spi-builder-workspace/.build/prebuilts/swift-syntax/602.0.0/swift-6.2-RELEASE-MacroSupport-ubuntu_jammy_x86_64/lib/libMacroSupport.a(ListBuilder.swift.o): multiple definition of '$s18SwiftSyntaxBuilder04ListC0Mp'
/usr/bin/ld.gold: /host/spi-builder-workspace/.build/x86_64-unknown-linux-gnu/debug/SwiftSyntaxBuilder-tool.build/ListBuilder.swift.o: previous definition here
/usr/bin/ld.gold: error: /host/spi-builder-workspace/.build/prebuilts/swift-syntax/602.0.0/swift-6.2-RELEASE-MacroSupport-ubuntu_jammy_x86_64/lib/libMacroSupport.a(ListBuilder.swift.o): multiple definition of '$s18SwiftSyntaxBuilder04ListC0PAAE10buildBlockySay11FinalResult_7ElementQZGAHd_tFZ'
/usr/bin/ld.gold: /host/spi-builder-workspace/.build/x86_64-unknown-linux-gnu/debug/SwiftSyntaxBuilder-tool.build/ListBuilder.swift.o: previous definition here
/usr/bin/ld.gold: error: /host/spi-builder-workspace/.build/prebuilts/swift-syntax/602.0.0/swift-6.2-RELEASE-MacroSupport-ubuntu_jammy_x86_64/lib/libMacroSupport.a(ListBuilder.swift.o): multiple definition of '$s18SwiftSyntaxBuilder04ListC0PAA0aB0017WithTrailingCommaB011FinalResult_7ElementRPzrlE05buildhI0yAFQzSayAHGFZ'
/usr/bin/ld.gold: /host/spi-builder-workspace/.build/x86_64-unknown-linux-gnu/debug/SwiftSyntaxBuilder-tool.build/ListBuilder.swift.o: previous definition here
/usr/bin/ld.gold: error: /host/spi-builder-workspace/.build/prebuilts/swift-syntax/602.0.0/swift-6.2-RELEASE-MacroSupport-ubuntu_jammy_x86_64/lib/libMacroSupport.a(ListBuilder.swift.o): multiple definition of '$s18SwiftSyntaxBuilder04ListC0PAAE15buildExpressionySay7ElementQyd__Gqd__STRd__11FinalResult_AEQZAFRSlFZ'
/usr/bin/ld.gold: /host/spi-builder-workspace/.build/x86_64-unknown-linux-gnu/debug/SwiftSyntaxBuilder-tool.build/ListBuilder.swift.o: previous definition here
/usr/bin/ld.gold: error: /host/spi-builder-workspace/.build/prebuilts/swift-syntax/602.0.0/swift-6.2-RELEASE-MacroSupport-ubuntu_jammy_x86_64/lib/libMacroSupport.a(ListBuilder.swift.o): multiple definition of '$s18SwiftSyntaxBuilder04ListC0PAAE15buildExpressionySay11FinalResult_7ElementQZGAEQzFZ'
/usr/bin/ld.gold: /host/spi-builder-workspace/.build/x86_64-unknown-linux-gnu/debug/SwiftSyntaxBuilder-tool.build/ListBuilder.swift.o: previous definition here
/usr/bin/ld.gold: error: /host/spi-builder-workspace/.build/prebuilts/swift-syntax/602.0.0/swift-6.2-RELEASE-MacroSupport-ubuntu_jammy_x86_64/lib/libMacroSupport.a(ListBuilder.swift.o): multiple definition of '$s18SwiftSyntaxBuilder04ListC0TL'
/usr/bin/ld.gold: /host/spi-builder-workspace/.build/x86_64-unknown-linux-gnu/debug/SwiftSyntaxBuilder-tool.build/ListBuilder.swift.o: previous definition here
/usr/bin/ld.gold: error: /host/spi-builder-workspace/.build/prebuilts/swift-syntax/602.0.0/swift-6.2-RELEASE-MacroSupport-ubuntu_jammy_x86_64/lib/libMacroSupport.a(ListBuilder.swift.o): multiple definition of '$s11FinalResult18SwiftSyntaxBuilder04ListE0PTl'
/usr/bin/ld.gold: /host/spi-builder-workspace/.build/x86_64-unknown-linux-gnu/debug/SwiftSyntaxBuilder-tool.build/ListBuilder.swift.o: previous definition here
/usr/bin/ld.gold: error: /host/spi-builder-workspace/.build/prebuilts/swift-syntax/602.0.0/swift-6.2-RELEASE-MacroSupport-ubuntu_jammy_x86_64/lib/libMacroSupport.a(ListBuilder.swift.o): multiple definition of '$s18SwiftSyntaxBuilder04ListC0P11FinalResultAC_0aB00B10CollectionTn'
/usr/bin/ld.gold: /host/spi-builder-workspace/.build/x86_64-unknown-linux-gnu/debug/SwiftSyntaxBuilder-tool.build/ListBuilder.swift.o: previous definition here
/usr/bin/ld.gold: error: /host/spi-builder-workspace/.build/prebuilts/swift-syntax/602.0.0/swift-6.2-RELEASE-MacroSupport-ubuntu_jammy_x86_64/lib/libMacroSupport.a(ListBuilder.swift.o): multiple definition of '$s18SwiftSyntaxBuilder04ListC0PAAE13buildOptionalySay11FinalResult_7ElementQZGAHSgFZ'
/usr/bin/ld.gold: /host/spi-builder-workspace/.build/x86_64-unknown-linux-gnu/debug/SwiftSyntaxBuilder-tool.build/ListBuilder.swift.o: previous definition here
/usr/bin/ld.gold: error: /host/spi-builder-workspace/.build/prebuilts/swift-syntax/602.0.0/swift-6.2-RELEASE-MacroSupport-ubuntu_jammy_x86_64/lib/libMacroSupport.a(ListBuilder.swift.o): multiple definition of '$s18SwiftSyntaxBuilder04ListC0PAAE11buildEither5firstSay11FinalResult_7ElementQZGAI_tFZ'
/usr/bin/ld.gold: /host/spi-builder-workspace/.build/x86_64-unknown-linux-gnu/debug/SwiftSyntaxBuilder-tool.build/ListBuilder.swift.o: previous definition here
/usr/bin/ld.gold: error: /host/spi-builder-workspace/.build/prebuilts/swift-syntax/602.0.0/swift-6.2-RELEASE-MacroSupport-ubuntu_jammy_x86_64/lib/libMacroSupport.a(ListBuilder.swift.o): multiple definition of '$s18SwiftSyntaxBuilder04ListC0PAAE10buildArrayySay11FinalResult_7ElementQZGSayAHGFZ'
/usr/bin/ld.gold: /host/spi-builder-workspace/.build/x86_64-unknown-linux-gnu/debug/SwiftSyntaxBuilder-tool.build/ListBuilder.swift.o: previous definition here
/usr/bin/ld.gold: error: /host/spi-builder-workspace/.build/prebuilts/swift-syntax/602.0.0/swift-6.2-RELEASE-MacroSupport-ubuntu_jammy_x86_64/lib/libMacroSupport.a(ListBuilder.swift.o): multiple definition of '$s18SwiftSyntaxBuilder04ListC0PAAE16buildFinalResulty0fG0QzSayAE_7ElementQZGFZ'
/usr/bin/ld.gold: /host/spi-builder-workspace/.build/x86_64-unknown-linux-gnu/debug/SwiftSyntaxBuilder-tool.build/ListBuilder.swift.o: previous definition here
/usr/bin/ld.gold: error: /host/spi-builder-workspace/.build/prebuilts/swift-syntax/602.0.0/swift-6.2-RELEASE-MacroSupport-ubuntu_jammy_x86_64/lib/libMacroSupport.a(ListBuilder.swift.o): multiple definition of '$s18SwiftSyntaxBuilder04ListC0PAAE11buildEither6secondSay11FinalResult_7ElementQZGAI_tFZ'
/usr/bin/ld.gold: /host/spi-builder-workspace/.build/x86_64-unknown-linux-gnu/debug/SwiftSyntaxBuilder-tool.build/ListBuilder.swift.o: previous definition here
/usr/bin/ld.gold: error: /host/spi-builder-workspace/.build/prebuilts/swift-syntax/602.0.0/swift-6.2-RELEASE-MacroSupport-ubuntu_jammy_x86_64/lib/libMacroSupport.a(ListBuilder.swift.o): multiple definition of '$s18SwiftSyntaxBuilder04ListC0PAAE24buildLimitedAvailabilityySay11FinalResult_7ElementQZGAHFZ'
/usr/bin/ld.gold: /host/spi-builder-workspace/.build/x86_64-unknown-linux-gnu/debug/SwiftSyntaxBuilder-tool.build/ListBuilder.swift.o: previous definition here
clang: error: linker command failed with exit code 1 (use -v to see invocation)
[471/472] Linking ScreenMacrosImpl-tool
BUILD FAILURE 6.2 android