Build Information
Failed to build RagnarNetworking, reference 1.0.0 (fa3c56), with Swift 6.3 for Linux on 16 Sep 2026 07:03:30 UTC.
Build Command
bash -c docker run --pull=always --rm -v "checkouts-54344844-0":/host -w "$PWD" -e JAVA_HOME="/root/.sdkman/candidates/java/current" -e SPI_BUILD="1" -e SPI_PROCESSING="1" registry.gitlab.com/saguaro1/spi-images:basic-6.3-latest swift build --triple x86_64-unknown-linux-gnu 2>&1Build Log
========================================
RunAll
========================================
Builder version: 5.1.0
Interrupt handler set up.
========================================
Checkout
========================================
Clone URL: https://github.com/JamesRagnar/RagnarNetworking.git
Reference: 1.0.0
Initialized empty Git repository in /host/spi-builder-workspace/.git/
hint: Using 'master' as the name for the initial branch. This default branch name
hint: is subject to change. To configure the initial branch name to use in all
hint: of your new repositories, which will suppress this warning, call:
hint:
hint: git config --global init.defaultBranch <name>
hint:
hint: Names commonly chosen instead of 'master' are 'main', 'trunk' and
hint: 'development'. The just-created branch can be renamed via this command:
hint:
hint: git branch -m <name>
From https://github.com/JamesRagnar/RagnarNetworking
* tag 1.0.0 -> FETCH_HEAD
HEAD is now at fa3c564 test audit (#99)
Cloned https://github.com/JamesRagnar/RagnarNetworking.git
Revision (git rev-parse @):
fa3c5649c9c96e174f21cc28db8b140ff7f42d20
SPI manifest file found: $PWD/.spi.yml
SUCCESS checkout https://github.com/JamesRagnar/RagnarNetworking.git at 1.0.0
========================================
Build
========================================
Selected platform: linux
Swift version: 6.3
Building package at path: $PWD
https://github.com/JamesRagnar/RagnarNetworking.git
Running build ...
bash -c docker run --pull=always --rm -v "checkouts-54344844-0":/host -w "$PWD" -e JAVA_HOME="/root/.sdkman/candidates/java/current" -e SPI_BUILD="1" -e SPI_PROCESSING="1" registry.gitlab.com/saguaro1/spi-images:basic-6.3-latest swift build --triple x86_64-unknown-linux-gnu 2>&1
basic-6.3-latest: Pulling from saguaro1/spi-images
Digest: sha256:c577f8f8f4df4f423827bf5e7d96027716bb7030ef75b2fd4a15f7fb0043ce6d
Status: Image is up to date for registry.gitlab.com/saguaro1/spi-images:basic-6.3-latest
Building for debugging...
[0/4] Write sources
[3/4] Write swift-version-24593BA9C3E375BF.txt
error: emit-module command failed with exit code 1 (use -v to see invocation)
[5/40] Emitting module RagnarNetworking
/host/spi-builder-workspace/Sources/RagnarNetworking/Interfaces/Response/ResponseContract.swift:9:8: error: no such module 'OSLog'
7 |
8 | import Foundation
9 | import OSLog
| `- error: no such module 'OSLog'
10 |
11 | /// The successful and failed status-code semantics for an Interface response.
[6/44] Compiling RagnarWebSocket WebSocketMessage.swift
/host/spi-builder-workspace/Sources/RagnarWebSocket/Logging/Logger+RagnarWebSocket.swift:1:8: error: no such module 'OSLog'
1 | import OSLog
| `- error: no such module 'OSLog'
2 |
3 | let loggingSubsystem = "com.ragnar.networking"
[7/44] Compiling RagnarWebSocket Logger+RagnarWebSocket.swift
/host/spi-builder-workspace/Sources/RagnarWebSocket/Logging/Logger+RagnarWebSocket.swift:1:8: error: no such module 'OSLog'
1 | import OSLog
| `- error: no such module 'OSLog'
2 |
3 | let loggingSubsystem = "com.ragnar.networking"
[8/44] Compiling RagnarNetworking Transport.swift
/host/spi-builder-workspace/Sources/RagnarNetworking/Interfaces/Response/ResponseContract.swift:9:8: error: no such module 'OSLog'
7 |
8 | import Foundation
9 | import OSLog
| `- error: no such module 'OSLog'
10 |
11 | /// The successful and failed status-code semantics for an Interface response.
[9/44] Compiling RagnarNetworking TransportError.swift
/host/spi-builder-workspace/Sources/RagnarNetworking/Interfaces/Response/ResponseContract.swift:9:8: error: no such module 'OSLog'
7 |
8 | import Foundation
9 | import OSLog
| `- error: no such module 'OSLog'
10 |
11 | /// The successful and failed status-code semantics for an Interface response.
[10/44] Compiling RagnarNetworking URLSession+Transport.swift
/host/spi-builder-workspace/Sources/RagnarNetworking/Interfaces/Response/ResponseContract.swift:9:8: error: no such module 'OSLog'
7 |
8 | import Foundation
9 | import OSLog
| `- error: no such module 'OSLog'
10 |
11 | /// The successful and failed status-code semantics for an Interface response.
[11/44] Compiling RagnarNetworking Logger+RagnarNetworking.swift
/host/spi-builder-workspace/Sources/RagnarNetworking/Interfaces/Response/ResponseContract.swift:9:8: error: no such module 'OSLog'
7 |
8 | import Foundation
9 | import OSLog
| `- error: no such module 'OSLog'
10 |
11 | /// The successful and failed status-code semantics for an Interface response.
[12/44] Compiling RagnarWebSocket WebSocketError.swift
/host/spi-builder-workspace/Sources/RagnarWebSocket/Logging/Logger+RagnarWebSocket.swift:1:8: error: no such module 'OSLog'
1 | import OSLog
| `- error: no such module 'OSLog'
2 |
3 | let loggingSubsystem = "com.ragnar.networking"
[13/44] Compiling RagnarNetworking AuthenticationScheme.swift
/host/spi-builder-workspace/Sources/RagnarNetworking/Interfaces/Response/ResponseContract.swift:9:8: error: no such module 'OSLog'
7 |
8 | import Foundation
9 | import OSLog
| `- error: no such module 'OSLog'
10 |
11 | /// The successful and failed status-code semantics for an Interface response.
[14/44] Compiling RagnarNetworking ErrorSnapshot.swift
/host/spi-builder-workspace/Sources/RagnarNetworking/Interfaces/Response/ResponseContract.swift:9:8: error: no such module 'OSLog'
7 |
8 | import Foundation
9 | import OSLog
| `- error: no such module 'OSLog'
10 |
11 | /// The successful and failed status-code semantics for an Interface response.
[15/44] Compiling RagnarNetworking Interface.swift
/host/spi-builder-workspace/Sources/RagnarNetworking/Interfaces/Response/ResponseContract.swift:9:8: error: no such module 'OSLog'
7 |
8 | import Foundation
9 | import OSLog
| `- error: no such module 'OSLog'
10 |
11 | /// The successful and failed status-code semantics for an Interface response.
[16/44] Compiling RagnarNetworking RequestContext.swift
/host/spi-builder-workspace/Sources/RagnarNetworking/Interfaces/Response/ResponseContract.swift:9:8: error: no such module 'OSLog'
7 |
8 | import Foundation
9 | import OSLog
| `- error: no such module 'OSLog'
10 |
11 | /// The successful and failed status-code semantics for an Interface response.
[17/44] Compiling RagnarNetworking APIClient.swift
/host/spi-builder-workspace/Sources/RagnarNetworking/Interfaces/Response/ResponseContract.swift:9:8: error: no such module 'OSLog'
7 |
8 | import Foundation
9 | import OSLog
| `- error: no such module 'OSLog'
10 |
11 | /// The successful and failed status-code semantics for an Interface response.
[18/44] Compiling RagnarNetworking APIClientError.swift
/host/spi-builder-workspace/Sources/RagnarNetworking/Interfaces/Response/ResponseContract.swift:9:8: error: no such module 'OSLog'
7 |
8 | import Foundation
9 | import OSLog
| `- error: no such module 'OSLog'
10 |
11 | /// The successful and failed status-code semantics for an Interface response.
[19/44] Compiling RagnarNetworking CredentialSource.swift
/host/spi-builder-workspace/Sources/RagnarNetworking/Interfaces/Response/ResponseContract.swift:9:8: error: no such module 'OSLog'
7 |
8 | import Foundation
9 | import OSLog
| `- error: no such module 'OSLog'
10 |
11 | /// The successful and failed status-code semantics for an Interface response.
[20/44] Compiling RagnarNetworking AuthenticationChallengePolicy.swift
/host/spi-builder-workspace/Sources/RagnarNetworking/Interfaces/Response/ResponseContract.swift:9:8: error: no such module 'OSLog'
7 |
8 | import Foundation
9 | import OSLog
| `- error: no such module 'OSLog'
10 |
11 | /// The successful and failed status-code semantics for an Interface response.
error: emit-module command failed with exit code 1 (use -v to see invocation)
[21/44] Emitting module RagnarWebSocket
/host/spi-builder-workspace/Sources/RagnarWebSocket/Logging/Logger+RagnarWebSocket.swift:1:8: error: no such module 'OSLog'
1 | import OSLog
| `- error: no such module 'OSLog'
2 |
3 | let loggingSubsystem = "com.ragnar.networking"
[22/44] Compiling RagnarWebSocket WebSocketClient.swift
/host/spi-builder-workspace/Sources/RagnarWebSocket/Logging/Logger+RagnarWebSocket.swift:1:8: error: no such module 'OSLog'
1 | import OSLog
| `- error: no such module 'OSLog'
2 |
3 | let loggingSubsystem = "com.ragnar.networking"
[23/44] Compiling RagnarWebSocket URLSessionWebSocketClient.swift
/host/spi-builder-workspace/Sources/RagnarWebSocket/Logging/Logger+RagnarWebSocket.swift:1:8: error: no such module 'OSLog'
1 | import OSLog
| `- error: no such module 'OSLog'
2 |
3 | let loggingSubsystem = "com.ragnar.networking"
[24/44] Compiling RagnarWebSocket WebSocketCloseCode.swift
/host/spi-builder-workspace/Sources/RagnarWebSocket/Logging/Logger+RagnarWebSocket.swift:1:8: error: no such module 'OSLog'
1 | import OSLog
| `- error: no such module 'OSLog'
2 |
3 | let loggingSubsystem = "com.ragnar.networking"
[25/44] Compiling RagnarNetworking RequestBody.swift
/host/spi-builder-workspace/Sources/RagnarNetworking/Interfaces/Response/ResponseContract.swift:9:8: error: no such module 'OSLog'
7 |
8 | import Foundation
9 | import OSLog
| `- error: no such module 'OSLog'
10 |
11 | /// The successful and failed status-code semantics for an Interface response.
[26/44] Compiling RagnarNetworking RequestBuilder.swift
/host/spi-builder-workspace/Sources/RagnarNetworking/Interfaces/Response/ResponseContract.swift:9:8: error: no such module 'OSLog'
7 |
8 | import Foundation
9 | import OSLog
| `- error: no such module 'OSLog'
10 |
11 | /// The successful and failed status-code semantics for an Interface response.
[27/44] Compiling RagnarNetworking RequestEncoder.swift
/host/spi-builder-workspace/Sources/RagnarNetworking/Interfaces/Response/ResponseContract.swift:9:8: error: no such module 'OSLog'
7 |
8 | import Foundation
9 | import OSLog
| `- error: no such module 'OSLog'
10 |
11 | /// The successful and failed status-code semantics for an Interface response.
[28/44] Compiling RagnarNetworking RequestError.swift
/host/spi-builder-workspace/Sources/RagnarNetworking/Interfaces/Response/ResponseContract.swift:9:8: error: no such module 'OSLog'
7 |
8 | import Foundation
9 | import OSLog
| `- error: no such module 'OSLog'
10 |
11 | /// The successful and failed status-code semantics for an Interface response.
[29/44] Compiling RagnarNetworking URLRequest+Authentication.swift
/host/spi-builder-workspace/Sources/RagnarNetworking/Interfaces/Response/ResponseContract.swift:9:8: error: no such module 'OSLog'
7 |
8 | import Foundation
9 | import OSLog
| `- error: no such module 'OSLog'
10 |
11 | /// The successful and failed status-code semantics for an Interface response.
[30/44] Compiling RagnarNetworking URLRequest+RequestBuilder.swift
/host/spi-builder-workspace/Sources/RagnarNetworking/Interfaces/Response/ResponseContract.swift:9:8: error: no such module 'OSLog'
7 |
8 | import Foundation
9 | import OSLog
| `- error: no such module 'OSLog'
10 |
11 | /// The successful and failed status-code semantics for an Interface response.
[31/44] Compiling RagnarNetworking DefaultResponseHandler.swift
/host/spi-builder-workspace/Sources/RagnarNetworking/Interfaces/Response/ResponseContract.swift:9:8: error: no such module 'OSLog'
7 |
8 | import Foundation
9 | import OSLog
| `- error: no such module 'OSLog'
10 |
11 | /// The successful and failed status-code semantics for an Interface response.
[32/44] Compiling RagnarNetworking EmptyResponse.swift
/host/spi-builder-workspace/Sources/RagnarNetworking/Interfaces/Response/ResponseContract.swift:9:8: error: no such module 'OSLog'
7 |
8 | import Foundation
9 | import OSLog
| `- error: no such module 'OSLog'
10 |
11 | /// The successful and failed status-code semantics for an Interface response.
[33/44] Compiling RagnarNetworking ResponseContext.swift
/host/spi-builder-workspace/Sources/RagnarNetworking/Interfaces/Response/ResponseContract.swift:9:8: error: no such module 'OSLog'
7 |
8 | import Foundation
9 | import OSLog
| `- error: no such module 'OSLog'
10 |
11 | /// The successful and failed status-code semantics for an Interface response.
[34/44] Compiling RagnarNetworking ServerConfiguration.swift
/host/spi-builder-workspace/Sources/RagnarNetworking/Interfaces/Response/ResponseContract.swift:9:8: error: no such module 'OSLog'
7 |
8 | import Foundation
9 | import OSLog
| `- error: no such module 'OSLog'
10 |
11 | /// The successful and failed status-code semantics for an Interface response.
[35/44] Compiling RagnarNetworking Authenticator.swift
/host/spi-builder-workspace/Sources/RagnarNetworking/Interfaces/Response/ResponseContract.swift:9:8: error: no such module 'OSLog'
7 |
8 | import Foundation
9 | import OSLog
| `- error: no such module 'OSLog'
10 |
11 | /// The successful and failed status-code semantics for an Interface response.
[36/44] Compiling RagnarNetworking Nullable.swift
/host/spi-builder-workspace/Sources/RagnarNetworking/Interfaces/Response/ResponseContract.swift:9:8: error: no such module 'OSLog'
7 |
8 | import Foundation
9 | import OSLog
| `- error: no such module 'OSLog'
10 |
11 | /// The successful and failed status-code semantics for an Interface response.
/host/spi-builder-workspace/Sources/RagnarNetworking/Interfaces/Response/ResponseContract.swift:9:8: error: no such module 'OSLog'
7 |
8 | import Foundation
9 | import OSLog
| `- error: no such module 'OSLog'
10 |
11 | /// The successful and failed status-code semantics for an Interface response.
BUILD FAILURE 6.3 linux