The Swift Package Index logo.Swift Package Index

Build Information

Failed to build Unity-Ad-Quality-Swift-Package, reference 9.10.0 (a81df6), with Swift 6.4 for watchOS using Xcode 27.0 on 29 Sep 2026 14:47:28 UTC.

Build Command

env DEVELOPER_DIR=/Applications/Xcode-27.0.0-Release.Candidate.app xcrun xcodebuild -IDEClonedSourcePackagesDirPathOverride=$PWD/.dependencies -skipMacroValidation -skipPackagePluginValidation -derivedDataPath $PWD/.derivedData build -scheme Unity-Ad-Quality-Swift-Package -destination generic/platform=watchOS

Build Log

========================================
RunAll
========================================
Builder version: 5.1.0
Interrupt handler set up.
========================================
Checkout
========================================
Clone URL: https://github.com/ironsource-mobile/Unity-Ad-Quality-Swift-Package.git
Reference: 9.10.0
Initialized empty Git repository in /Users/admin/builder/spi-builder-workspace/.git/
From https://github.com/ironsource-mobile/Unity-Ad-Quality-Swift-Package
 * tag               9.10.0     -> FETCH_HEAD
HEAD is now at a81df68 Released SDK version 9.10.0
Cloned https://github.com/ironsource-mobile/Unity-Ad-Quality-Swift-Package.git
Revision (git rev-parse @):
a81df68cf80e989d1d9a2c15a75070488ce123b3
SUCCESS checkout https://github.com/ironsource-mobile/Unity-Ad-Quality-Swift-Package.git at 9.10.0
========================================
Build
========================================
Selected platform:         watchOS
Swift version:             6.4
Building package at path:  $PWD
https://github.com/ironsource-mobile/Unity-Ad-Quality-Swift-Package.git
Command line invocation:
    /Applications/Xcode-27.0.0-Release.Candidate.app/Contents/Developer/usr/bin/xcodebuild -IDEClonedSourcePackagesDirPathOverride=/Users/admin/builder/spi-builder-workspace/.dependencies -resolvePackageDependencies
Resolve Package Graph
Resolve Package Graph
Resolved source packages:
  Unity-Ad-Quality-Swift-Package: /Users/admin/builder/spi-builder-workspace
resolved source packages: Unity-Ad-Quality-Swift-Package
2026-09-29 10:46:41.380 xcodebuild[529:3034] [MT] IDERunDestination: Supported platforms for the buildables in the current scheme is empty.
{
  "dependencies" : [
  ],
  "manifest_display_name" : "Unity-Ad-Quality-Swift-Package",
  "name" : "Unity-Ad-Quality-Swift-Package",
  "path" : "/Users/admin/builder/spi-builder-workspace",
  "platforms" : [
    {
      "name" : "ios",
      "version" : "12.0"
    }
  ],
  "products" : [
    {
      "name" : "AdQuality",
      "targets" : [
        "AdQuality"
      ],
      "type" : {
        "library" : [
          "automatic"
        ]
      }
    }
  ],
  "targets" : [
    {
      "c99name" : "AdQuality",
      "module_type" : "BinaryTarget",
      "name" : "AdQuality",
      "path" : "remote/archive/IronSourceAdQualitySDK-ios-v9.10.0.zip",
      "product_memberships" : [
        "AdQuality"
      ],
      "sources" : [
      ],
      "type" : "binary"
    }
  ],
  "tools_version" : "5.4"
}
{
  "workspace" : {
    "name" : "Unity-Ad-Quality-Swift-Package",
    "schemes" : [
      "Unity-Ad-Quality-Swift-Package"
    ]
  }
}
2026-09-29 10:47:22.788 xcodebuild[659:4145] [MT] IDERunDestination: Supported platforms for the buildables in the current scheme is empty.
Running build ...
env DEVELOPER_DIR=/Applications/Xcode-27.0.0-Release.Candidate.app xcrun xcodebuild -IDEClonedSourcePackagesDirPathOverride=$PWD/.dependencies -skipMacroValidation -skipPackagePluginValidation -derivedDataPath $PWD/.derivedData build -scheme Unity-Ad-Quality-Swift-Package -destination generic/platform=watchOS
Command line invocation:
    /Applications/Xcode-27.0.0-Release.Candidate.app/Contents/Developer/usr/bin/xcodebuild -IDEClonedSourcePackagesDirPathOverride=/Users/admin/builder/spi-builder-workspace/.dependencies -skipMacroValidation -skipPackagePluginValidation -derivedDataPath /Users/admin/builder/spi-builder-workspace/.derivedData build -scheme Unity-Ad-Quality-Swift-Package -destination generic/platform=watchOS
Resolve Package Graph
Resolved source packages:
  Unity-Ad-Quality-Swift-Package: /Users/admin/builder/spi-builder-workspace
ComputePackagePrebuildTargetDependencyGraph
Prepare packages
CreateBuildRequest
SendProjectDescription
CreateBuildOperation
ComputeTargetDependencyGraph
note: Building targets in dependency order
note: Target dependency graph (1 target)
    Target 'AdQuality-product' in project 'Unity-Ad-Quality-Swift-Package' (no dependencies)
GatherProvisioningInputs
CreateBuildDescription
ExecuteExternalTool /Applications/Xcode-27.0.0-Release.Candidate.app/Contents/Developer/Toolchains/XcodeDefault.xctoolchain/usr/bin/clang -v -E -dM -isysroot /Applications/Xcode-27.0.0-Release.Candidate.app/Contents/Developer/Platforms/WatchOS.platform/Developer/SDKs/WatchOS27.0.sdk -x c -c /dev/null
Build description signature: 7d1eed2b203219a6b4a644b9b40fe8b4
Build description path: /Users/admin/builder/spi-builder-workspace/.derivedData/Build/Intermediates.noindex/XCBuildData/7d1eed2b203219a6b4a644b9b40fe8b4.xcbuilddata
/Users/admin/builder/spi-builder-workspace/.dependencies/artifacts/spi-builder-workspace/AdQuality/IronSourceAdQualitySDK.xcframework:1:1: error: While building for watchOS, no library for this platform was found in '/Users/admin/builder/spi-builder-workspace/.dependencies/artifacts/spi-builder-workspace/AdQuality/IronSourceAdQualitySDK.xcframework'. (in target 'AdQuality-product' from project 'Unity-Ad-Quality-Swift-Package')
2026-09-29 10:47:24.327 xcodebuild[660:4191] [MT] IDERunDestination: Supported platforms for the buildables in the current scheme is empty.
** BUILD FAILED **
The following build commands failed:
	Building workspace Unity-Ad-Quality-Swift-Package with scheme Unity-Ad-Quality-Swift-Package
(1 failure)
Command line invocation:
    /Applications/Xcode-27.0.0-Release.Candidate.app/Contents/Developer/usr/bin/xcodebuild -IDEClonedSourcePackagesDirPathOverride=/Users/admin/builder/spi-builder-workspace/.dependencies -resolvePackageDependencies
Resolve Package Graph
Resolved source packages:
  Unity-Ad-Quality-Swift-Package: /Users/admin/builder/spi-builder-workspace
resolved source packages: Unity-Ad-Quality-Swift-Package
2026-09-29 10:47:25.874 xcodebuild[672:4290] [MT] IDERunDestination: Supported platforms for the buildables in the current scheme is empty.
{
  "dependencies" : [
  ],
  "manifest_display_name" : "Unity-Ad-Quality-Swift-Package",
  "name" : "Unity-Ad-Quality-Swift-Package",
  "path" : "/Users/admin/builder/spi-builder-workspace",
  "platforms" : [
    {
      "name" : "ios",
      "version" : "12.0"
    }
  ],
  "products" : [
    {
      "name" : "AdQuality",
      "targets" : [
        "AdQuality"
      ],
      "type" : {
        "library" : [
          "automatic"
        ]
      }
    }
  ],
  "targets" : [
    {
      "c99name" : "AdQuality",
      "module_type" : "BinaryTarget",
      "name" : "AdQuality",
      "path" : "remote/archive/IronSourceAdQualitySDK-ios-v9.10.0.zip",
      "product_memberships" : [
        "AdQuality"
      ],
      "sources" : [
      ],
      "type" : "binary"
    }
  ],
  "tools_version" : "5.4"
}
{
  "workspace" : {
    "name" : "Unity-Ad-Quality-Swift-Package",
    "schemes" : [
      "Unity-Ad-Quality-Swift-Package"
    ]
  }
}
2026-09-29 10:47:27.077 xcodebuild[680:4357] [MT] IDERunDestination: Supported platforms for the buildables in the current scheme is empty.
Running build ...
env DEVELOPER_DIR=/Applications/Xcode-27.0.0-Release.Candidate.app xcrun xcodebuild -IDEClonedSourcePackagesDirPathOverride=$PWD/.dependencies -skipMacroValidation -skipPackagePluginValidation -derivedDataPath $PWD/.derivedData build -scheme Unity-Ad-Quality-Swift-Package -destination generic/platform=watchOS
Command line invocation:
    /Applications/Xcode-27.0.0-Release.Candidate.app/Contents/Developer/usr/bin/xcodebuild -IDEClonedSourcePackagesDirPathOverride=/Users/admin/builder/spi-builder-workspace/.dependencies -skipMacroValidation -skipPackagePluginValidation -derivedDataPath /Users/admin/builder/spi-builder-workspace/.derivedData build -scheme Unity-Ad-Quality-Swift-Package -destination generic/platform=watchOS
Resolve Package Graph
Resolved source packages:
  Unity-Ad-Quality-Swift-Package: /Users/admin/builder/spi-builder-workspace
ComputePackagePrebuildTargetDependencyGraph
Prepare packages
CreateBuildRequest
SendProjectDescription
CreateBuildOperation
ComputeTargetDependencyGraph
note: Building targets in dependency order
note: Target dependency graph (1 target)
    Target 'AdQuality-product' in project 'Unity-Ad-Quality-Swift-Package' (no dependencies)
GatherProvisioningInputs
CreateBuildDescription
/Users/admin/builder/spi-builder-workspace/.dependencies/artifacts/spi-builder-workspace/AdQuality/IronSourceAdQualitySDK.xcframework:1:1: error: While building for watchOS, no library for this platform was found in '/Users/admin/builder/spi-builder-workspace/.dependencies/artifacts/spi-builder-workspace/AdQuality/IronSourceAdQualitySDK.xcframework'. (in target 'AdQuality-product' from project 'Unity-Ad-Quality-Swift-Package')
2026-09-29 10:47:28.030 xcodebuild[681:4385] [MT] IDERunDestination: Supported platforms for the buildables in the current scheme is empty.
** BUILD FAILED **
The following build commands failed:
	Building workspace Unity-Ad-Quality-Swift-Package with scheme Unity-Ad-Quality-Swift-Package
(1 failure)
BUILD FAILURE 6.4 watchOS