The Swift Package Index logo.Swift Package Index

Build Information

Failed to build Siren, reference master (d43c63), with Swift 6.1 for macOS (SPM) on 16 Aug 2026 12:38:59 UTC.

Build Command

env DEVELOPER_DIR=/Applications/Xcode-16.3.0.app xcrun swift build --arch arm64

Build Log

========================================
RunAll
========================================
Builder version: undefined version: run 'make version' to update
Interrupt handler set up.
========================================
Checkout
========================================
Clone URL: https://github.com/ArtSabintsev/Siren.git
Reference: master
Initialized empty Git repository in /Users/admin/builder/spi-builder-workspace/.git/
From https://github.com/ArtSabintsev/Siren
 * branch            master     -> FETCH_HEAD
 * [new branch]      master     -> origin/master
HEAD is now at d43c63e Convert the Example app from CocoaPods to a local Swift package (#435)
Cloned https://github.com/ArtSabintsev/Siren.git
Revision (git rev-parse @):
d43c63eff4114f9de0bdaa1f4e786029b0513362
SUCCESS checkout https://github.com/ArtSabintsev/Siren.git at master
========================================
Build
========================================
Selected platform:         macosSpm
Swift version:             6.1
Building package at path:  $PWD
https://github.com/ArtSabintsev/Siren.git
https://github.com/ArtSabintsev/Siren.git
{
  "dependencies" : [
  ],
  "manifest_display_name" : "Siren",
  "name" : "Siren",
  "path" : "/Users/admin/builder/spi-builder-workspace",
  "platforms" : [
    {
      "name" : "ios",
      "version" : "17.0"
    },
    {
      "name" : "tvos",
      "version" : "17.0"
    }
  ],
  "products" : [
    {
      "name" : "Siren",
      "targets" : [
        "Siren"
      ],
      "type" : {
        "library" : [
          "automatic"
        ]
      }
    }
  ],
  "swift_languages_versions" : [
    "5"
  ],
  "targets" : [
    {
      "c99name" : "SirenTests",
      "module_type" : "SwiftTarget",
      "name" : "SirenTests",
      "path" : "Tests/SirenTests",
      "sources" : [
        "DataParserTests.swift",
        "LocalizationTests.swift"
      ],
      "target_dependencies" : [
        "Siren"
      ],
      "type" : "test"
    },
    {
      "c99name" : "Siren",
      "module_type" : "SwiftTarget",
      "name" : "Siren",
      "path" : "Sources",
      "product_memberships" : [
        "Siren"
      ],
      "resources" : [
        {
          "path" : "/Users/admin/builder/spi-builder-workspace/Sources/PrivacyInfo.xcprivacy",
          "rule" : {
            "copy" : {
            }
          }
        },
        {
          "path" : "/Users/admin/builder/spi-builder-workspace/Sources/Siren.bundle",
          "rule" : {
            "copy" : {
            }
          }
        }
      ],
      "sources" : [
        "Extensions/BundleExtension.swift",
        "Extensions/DateExtension.swift",
        "Extensions/UIAlertControllerExtension.swift",
        "Extensions/UserDefaultsExtension.swift",
        "Managers/APIManager.swift",
        "Managers/PresentationManager.swift",
        "Managers/RulesManager.swift",
        "Models/APIModel.swift",
        "Models/AlertAction.swift",
        "Models/AlertConstants.swift",
        "Models/AppStoreCountry.swift",
        "Models/Localization.swift",
        "Models/Model.swift",
        "Models/PerformCheck.swift",
        "Models/Rules.swift",
        "Models/UpdateResults.swift",
        "Siren.swift",
        "Utilities/DataParser.swift",
        "Utilities/KnownError.swift",
        "View Controllers/SirenViewController.swift"
      ],
      "type" : "library"
    }
  ],
  "tools_version" : "5.9"
}
Running build ...
env DEVELOPER_DIR=/Applications/Xcode-16.3.0.app xcrun swift build --arch arm64 -Xswiftc -Xfrontend -Xswiftc -stats-output-dir -Xswiftc -Xfrontend -Xswiftc .stats -Xswiftc -strict-concurrency=complete -Xswiftc -enable-upcoming-feature -Xswiftc StrictConcurrency -Xswiftc -enable-upcoming-feature -Xswiftc DisableOutwardActorInference -Xswiftc -enable-upcoming-feature -Xswiftc GlobalActorIsolatedTypesUsability -Xswiftc -enable-upcoming-feature -Xswiftc InferSendableFromCaptures
Building for debugging...
[0/4] Copying PrivacyInfo.xcprivacy
[0/4] Write sources
[2/4] Copying Siren.bundle
[3/4] Write swift-version-2F0A5646E1D333AE.txt
error: emit-module command failed with exit code 1 (use -v to see invocation)
[5/24] Emitting module Siren
/Users/admin/builder/spi-builder-workspace/Sources/Extensions/UIAlertControllerExtension.swift:9:8: error: no such module 'UIKit'
 7 | //
 8 |
 9 | import UIKit
   |        `- error: no such module 'UIKit'
10 |
11 | // `UIAlertController` Extension for Siren.
[6/26] Compiling Siren SirenViewController.swift
/Users/admin/builder/spi-builder-workspace/Sources/Extensions/UIAlertControllerExtension.swift:9:8: error: no such module 'UIKit'
 7 | //
 8 |
 9 | import UIKit
   |        `- error: no such module 'UIKit'
10 |
11 | // `UIAlertController` Extension for Siren.
[7/26] Compiling Siren resource_bundle_accessor.swift
/Users/admin/builder/spi-builder-workspace/Sources/Extensions/UIAlertControllerExtension.swift:9:8: error: no such module 'UIKit'
 7 | //
 8 |
 9 | import UIKit
   |        `- error: no such module 'UIKit'
10 |
11 | // `UIAlertController` Extension for Siren.
[8/26] Compiling Siren APIModel.swift
/Users/admin/builder/spi-builder-workspace/Sources/Extensions/UIAlertControllerExtension.swift:9:8: error: no such module 'UIKit'
 7 | //
 8 |
 9 | import UIKit
   |        `- error: no such module 'UIKit'
10 |
11 | // `UIAlertController` Extension for Siren.
[9/26] Compiling Siren AlertAction.swift
/Users/admin/builder/spi-builder-workspace/Sources/Extensions/UIAlertControllerExtension.swift:9:8: error: no such module 'UIKit'
 7 | //
 8 |
 9 | import UIKit
   |        `- error: no such module 'UIKit'
10 |
11 | // `UIAlertController` Extension for Siren.
[10/26] Compiling Siren UserDefaultsExtension.swift
/Users/admin/builder/spi-builder-workspace/Sources/Extensions/UIAlertControllerExtension.swift:9:8: error: no such module 'UIKit'
 7 | //
 8 |
 9 | import UIKit
   |        `- error: no such module 'UIKit'
10 |
11 | // `UIAlertController` Extension for Siren.
[11/26] Compiling Siren APIManager.swift
/Users/admin/builder/spi-builder-workspace/Sources/Extensions/UIAlertControllerExtension.swift:9:8: error: no such module 'UIKit'
 7 | //
 8 |
 9 | import UIKit
   |        `- error: no such module 'UIKit'
10 |
11 | // `UIAlertController` Extension for Siren.
[12/26] Compiling Siren PresentationManager.swift
/Users/admin/builder/spi-builder-workspace/Sources/Extensions/UIAlertControllerExtension.swift:9:8: error: no such module 'UIKit'
 7 | //
 8 |
 9 | import UIKit
   |        `- error: no such module 'UIKit'
10 |
11 | // `UIAlertController` Extension for Siren.
[13/26] Compiling Siren RulesManager.swift
/Users/admin/builder/spi-builder-workspace/Sources/Extensions/UIAlertControllerExtension.swift:9:8: error: no such module 'UIKit'
 7 | //
 8 |
 9 | import UIKit
   |        `- error: no such module 'UIKit'
10 |
11 | // `UIAlertController` Extension for Siren.
[14/26] Compiling Siren BundleExtension.swift
/Users/admin/builder/spi-builder-workspace/Sources/Extensions/UIAlertControllerExtension.swift:9:8: error: no such module 'UIKit'
 7 | //
 8 |
 9 | import UIKit
   |        `- error: no such module 'UIKit'
10 |
11 | // `UIAlertController` Extension for Siren.
[15/26] Compiling Siren DateExtension.swift
/Users/admin/builder/spi-builder-workspace/Sources/Extensions/UIAlertControllerExtension.swift:9:8: error: no such module 'UIKit'
 7 | //
 8 |
 9 | import UIKit
   |        `- error: no such module 'UIKit'
10 |
11 | // `UIAlertController` Extension for Siren.
[16/26] Compiling Siren UIAlertControllerExtension.swift
/Users/admin/builder/spi-builder-workspace/Sources/Extensions/UIAlertControllerExtension.swift:9:8: error: no such module 'UIKit'
 7 | //
 8 |
 9 | import UIKit
   |        `- error: no such module 'UIKit'
10 |
11 | // `UIAlertController` Extension for Siren.
[17/26] Compiling Siren PerformCheck.swift
/Users/admin/builder/spi-builder-workspace/Sources/Extensions/UIAlertControllerExtension.swift:9:8: error: no such module 'UIKit'
 7 | //
 8 |
 9 | import UIKit
   |        `- error: no such module 'UIKit'
10 |
11 | // `UIAlertController` Extension for Siren.
[18/26] Compiling Siren Rules.swift
/Users/admin/builder/spi-builder-workspace/Sources/Extensions/UIAlertControllerExtension.swift:9:8: error: no such module 'UIKit'
 7 | //
 8 |
 9 | import UIKit
   |        `- error: no such module 'UIKit'
10 |
11 | // `UIAlertController` Extension for Siren.
[19/26] Compiling Siren DataParser.swift
/Users/admin/builder/spi-builder-workspace/Sources/Extensions/UIAlertControllerExtension.swift:9:8: error: no such module 'UIKit'
 7 | //
 8 |
 9 | import UIKit
   |        `- error: no such module 'UIKit'
10 |
11 | // `UIAlertController` Extension for Siren.
[20/26] Compiling Siren KnownError.swift
/Users/admin/builder/spi-builder-workspace/Sources/Extensions/UIAlertControllerExtension.swift:9:8: error: no such module 'UIKit'
 7 | //
 8 |
 9 | import UIKit
   |        `- error: no such module 'UIKit'
10 |
11 | // `UIAlertController` Extension for Siren.
[21/26] Compiling Siren Localization.swift
/Users/admin/builder/spi-builder-workspace/Sources/Extensions/UIAlertControllerExtension.swift:9:8: error: no such module 'UIKit'
 7 | //
 8 |
 9 | import UIKit
   |        `- error: no such module 'UIKit'
10 |
11 | // `UIAlertController` Extension for Siren.
[22/26] Compiling Siren Model.swift
/Users/admin/builder/spi-builder-workspace/Sources/Extensions/UIAlertControllerExtension.swift:9:8: error: no such module 'UIKit'
 7 | //
 8 |
 9 | import UIKit
   |        `- error: no such module 'UIKit'
10 |
11 | // `UIAlertController` Extension for Siren.
[23/26] Compiling Siren UpdateResults.swift
/Users/admin/builder/spi-builder-workspace/Sources/Extensions/UIAlertControllerExtension.swift:9:8: error: no such module 'UIKit'
 7 | //
 8 |
 9 | import UIKit
   |        `- error: no such module 'UIKit'
10 |
11 | // `UIAlertController` Extension for Siren.
[24/26] Compiling Siren Siren.swift
/Users/admin/builder/spi-builder-workspace/Sources/Extensions/UIAlertControllerExtension.swift:9:8: error: no such module 'UIKit'
 7 | //
 8 |
 9 | import UIKit
   |        `- error: no such module 'UIKit'
10 |
11 | // `UIAlertController` Extension for Siren.
[25/26] Compiling Siren AlertConstants.swift
/Users/admin/builder/spi-builder-workspace/Sources/Extensions/UIAlertControllerExtension.swift:9:8: error: no such module 'UIKit'
 7 | //
 8 |
 9 | import UIKit
   |        `- error: no such module 'UIKit'
10 |
11 | // `UIAlertController` Extension for Siren.
[26/26] Compiling Siren AppStoreCountry.swift
/Users/admin/builder/spi-builder-workspace/Sources/Extensions/UIAlertControllerExtension.swift:9:8: error: no such module 'UIKit'
 7 | //
 8 |
 9 | import UIKit
   |        `- error: no such module 'UIKit'
10 |
11 | // `UIAlertController` Extension for Siren.
Running build ...
env DEVELOPER_DIR=/Applications/Xcode-16.3.0.app xcrun swift build --arch arm64
[0/1] Planning build
Building for debugging...
[0/1] Write swift-version-2F0A5646E1D333AE.txt
error: emit-module command failed with exit code 1 (use -v to see invocation)
[2/21] Emitting module Siren
/Users/admin/builder/spi-builder-workspace/Sources/Extensions/UIAlertControllerExtension.swift:9:8: error: no such module 'UIKit'
 7 | //
 8 |
 9 | import UIKit
   |        `- error: no such module 'UIKit'
10 |
11 | // `UIAlertController` Extension for Siren.
[3/23] Compiling Siren PresentationManager.swift
/Users/admin/builder/spi-builder-workspace/Sources/Extensions/UIAlertControllerExtension.swift:9:8: error: no such module 'UIKit'
 7 | //
 8 |
 9 | import UIKit
   |        `- error: no such module 'UIKit'
10 |
11 | // `UIAlertController` Extension for Siren.
[4/23] Compiling Siren RulesManager.swift
/Users/admin/builder/spi-builder-workspace/Sources/Extensions/UIAlertControllerExtension.swift:9:8: error: no such module 'UIKit'
 7 | //
 8 |
 9 | import UIKit
   |        `- error: no such module 'UIKit'
10 |
11 | // `UIAlertController` Extension for Siren.
[5/23] Compiling Siren UserDefaultsExtension.swift
/Users/admin/builder/spi-builder-workspace/Sources/Extensions/UIAlertControllerExtension.swift:9:8: error: no such module 'UIKit'
 7 | //
 8 |
 9 | import UIKit
   |        `- error: no such module 'UIKit'
10 |
11 | // `UIAlertController` Extension for Siren.
[6/23] Compiling Siren APIManager.swift
/Users/admin/builder/spi-builder-workspace/Sources/Extensions/UIAlertControllerExtension.swift:9:8: error: no such module 'UIKit'
 7 | //
 8 |
 9 | import UIKit
   |        `- error: no such module 'UIKit'
10 |
11 | // `UIAlertController` Extension for Siren.
[7/23] Compiling Siren PerformCheck.swift
/Users/admin/builder/spi-builder-workspace/Sources/Extensions/UIAlertControllerExtension.swift:9:8: error: no such module 'UIKit'
 7 | //
 8 |
 9 | import UIKit
   |        `- error: no such module 'UIKit'
10 |
11 | // `UIAlertController` Extension for Siren.
[8/23] Compiling Siren Rules.swift
/Users/admin/builder/spi-builder-workspace/Sources/Extensions/UIAlertControllerExtension.swift:9:8: error: no such module 'UIKit'
 7 | //
 8 |
 9 | import UIKit
   |        `- error: no such module 'UIKit'
10 |
11 | // `UIAlertController` Extension for Siren.
[9/23] Compiling Siren AlertConstants.swift
/Users/admin/builder/spi-builder-workspace/Sources/Extensions/UIAlertControllerExtension.swift:9:8: error: no such module 'UIKit'
 7 | //
 8 |
 9 | import UIKit
   |        `- error: no such module 'UIKit'
10 |
11 | // `UIAlertController` Extension for Siren.
[10/23] Compiling Siren AppStoreCountry.swift
/Users/admin/builder/spi-builder-workspace/Sources/Extensions/UIAlertControllerExtension.swift:9:8: error: no such module 'UIKit'
 7 | //
 8 |
 9 | import UIKit
   |        `- error: no such module 'UIKit'
10 |
11 | // `UIAlertController` Extension for Siren.
[11/23] Compiling Siren SirenViewController.swift
/Users/admin/builder/spi-builder-workspace/Sources/Extensions/UIAlertControllerExtension.swift:9:8: error: no such module 'UIKit'
 7 | //
 8 |
 9 | import UIKit
   |        `- error: no such module 'UIKit'
10 |
11 | // `UIAlertController` Extension for Siren.
[12/23] Compiling Siren resource_bundle_accessor.swift
/Users/admin/builder/spi-builder-workspace/Sources/Extensions/UIAlertControllerExtension.swift:9:8: error: no such module 'UIKit'
 7 | //
 8 |
 9 | import UIKit
   |        `- error: no such module 'UIKit'
10 |
11 | // `UIAlertController` Extension for Siren.
[13/23] Compiling Siren Localization.swift
/Users/admin/builder/spi-builder-workspace/Sources/Extensions/UIAlertControllerExtension.swift:9:8: error: no such module 'UIKit'
 7 | //
 8 |
 9 | import UIKit
   |        `- error: no such module 'UIKit'
10 |
11 | // `UIAlertController` Extension for Siren.
[14/23] Compiling Siren Model.swift
/Users/admin/builder/spi-builder-workspace/Sources/Extensions/UIAlertControllerExtension.swift:9:8: error: no such module 'UIKit'
 7 | //
 8 |
 9 | import UIKit
   |        `- error: no such module 'UIKit'
10 |
11 | // `UIAlertController` Extension for Siren.
[15/23] Compiling Siren UpdateResults.swift
/Users/admin/builder/spi-builder-workspace/Sources/Extensions/UIAlertControllerExtension.swift:9:8: error: no such module 'UIKit'
 7 | //
 8 |
 9 | import UIKit
   |        `- error: no such module 'UIKit'
10 |
11 | // `UIAlertController` Extension for Siren.
[16/23] Compiling Siren Siren.swift
/Users/admin/builder/spi-builder-workspace/Sources/Extensions/UIAlertControllerExtension.swift:9:8: error: no such module 'UIKit'
 7 | //
 8 |
 9 | import UIKit
   |        `- error: no such module 'UIKit'
10 |
11 | // `UIAlertController` Extension for Siren.
[17/23] Compiling Siren DataParser.swift
/Users/admin/builder/spi-builder-workspace/Sources/Extensions/UIAlertControllerExtension.swift:9:8: error: no such module 'UIKit'
 7 | //
 8 |
 9 | import UIKit
   |        `- error: no such module 'UIKit'
10 |
11 | // `UIAlertController` Extension for Siren.
[18/23] Compiling Siren KnownError.swift
/Users/admin/builder/spi-builder-workspace/Sources/Extensions/UIAlertControllerExtension.swift:9:8: error: no such module 'UIKit'
 7 | //
 8 |
 9 | import UIKit
   |        `- error: no such module 'UIKit'
10 |
11 | // `UIAlertController` Extension for Siren.
[19/23] Compiling Siren APIModel.swift
/Users/admin/builder/spi-builder-workspace/Sources/Extensions/UIAlertControllerExtension.swift:9:8: error: no such module 'UIKit'
 7 | //
 8 |
 9 | import UIKit
   |        `- error: no such module 'UIKit'
10 |
11 | // `UIAlertController` Extension for Siren.
[20/23] Compiling Siren AlertAction.swift
/Users/admin/builder/spi-builder-workspace/Sources/Extensions/UIAlertControllerExtension.swift:9:8: error: no such module 'UIKit'
 7 | //
 8 |
 9 | import UIKit
   |        `- error: no such module 'UIKit'
10 |
11 | // `UIAlertController` Extension for Siren.
[21/23] Compiling Siren BundleExtension.swift
/Users/admin/builder/spi-builder-workspace/Sources/Extensions/UIAlertControllerExtension.swift:9:8: error: no such module 'UIKit'
 7 | //
 8 |
 9 | import UIKit
   |        `- error: no such module 'UIKit'
10 |
11 | // `UIAlertController` Extension for Siren.
[22/23] Compiling Siren DateExtension.swift
/Users/admin/builder/spi-builder-workspace/Sources/Extensions/UIAlertControllerExtension.swift:9:8: error: no such module 'UIKit'
 7 | //
 8 |
 9 | import UIKit
   |        `- error: no such module 'UIKit'
10 |
11 | // `UIAlertController` Extension for Siren.
[23/23] Compiling Siren UIAlertControllerExtension.swift
/Users/admin/builder/spi-builder-workspace/Sources/Extensions/UIAlertControllerExtension.swift:9:8: error: no such module 'UIKit'
 7 | //
 8 |
 9 | import UIKit
   |        `- error: no such module 'UIKit'
10 |
11 | // `UIAlertController` Extension for Siren.
BUILD FAILURE 6.1 macosSpm