Build Information
Failed to build swift-analytics, reference main (9aa9c9), with Swift 6.1 for Android on 27 Jun 2026 23:40:35 UTC.
Build Command
bash -c docker run --pull=always --rm -v "checkouts-53886768-0":/host -w "$PWD" -e JAVA_HOME="/root/.sdkman/candidates/java/current" -e SPI_BUILD="1" -e SPI_PROCESSING="1" registry.gitlab.com/saguaro1/spi-images:android-6.1-latest swift build --swift-sdk aarch64-unknown-linux-android24 2>&1Build Log
========================================
RunAll
========================================
Builder version: 0e64495ecc1688c3b3e031a5ef1348b5c05091ae
Interrupt handler set up.
========================================
Checkout
========================================
Clone URL: https://github.com/dankinsoid/swift-analytics.git
Reference: main
Initialized empty Git repository in /host/spi-builder-workspace/.git/
hint: Using 'master' as the name for the initial branch. This default branch name
hint: is subject to change. To configure the initial branch name to use in all
hint: of your new repositories, which will suppress this warning, call:
hint:
hint: git config --global init.defaultBranch <name>
hint:
hint: Names commonly chosen instead of 'master' are 'main', 'trunk' and
hint: 'development'. The just-created branch can be renamed via this command:
hint:
hint: git branch -m <name>
From https://github.com/dankinsoid/swift-analytics
* branch main -> FETCH_HEAD
* [new branch] main -> origin/main
HEAD is now at 9aa9c93 fix: resolvedParameters lets provider win over base
Cloned https://github.com/dankinsoid/swift-analytics.git
Revision (git rev-parse @):
9aa9c9391e733a4b9fd6aef30f5be41e4cf57fcc
SUCCESS checkout https://github.com/dankinsoid/swift-analytics.git at main
========================================
Build
========================================
Selected platform: android
Swift version: 6.1
Building package at path: $PWD
https://github.com/dankinsoid/swift-analytics.git
https://github.com/dankinsoid/swift-analytics.git
WARNING: environment variable SUPPRESS_SWIFT_6_FLAGS is not set
Running build ...
bash -c docker run --pull=always --rm -v "checkouts-53886768-0":/host -w "$PWD" -e JAVA_HOME="/root/.sdkman/candidates/java/current" -e SPI_BUILD="1" -e SPI_PROCESSING="1" registry.gitlab.com/saguaro1/spi-images:android-6.1-latest swift build --swift-sdk aarch64-unknown-linux-android24 -Xswiftc -Xfrontend -Xswiftc -stats-output-dir -Xswiftc -Xfrontend -Xswiftc .stats -Xswiftc -strict-concurrency=complete -Xswiftc -enable-upcoming-feature -Xswiftc StrictConcurrency -Xswiftc -enable-upcoming-feature -Xswiftc DisableOutwardActorInference -Xswiftc -enable-upcoming-feature -Xswiftc GlobalActorIsolatedTypesUsability -Xswiftc -enable-upcoming-feature -Xswiftc InferSendableFromCaptures 2>&1
android-6.1-latest: Pulling from saguaro1/spi-images
Digest: sha256:365d9b14669f92fea0572234887def10439445c91d7e524c78a6579ad7294f11
Status: Image is up to date for registry.gitlab.com/saguaro1/spi-images:android-6.1-latest
Building for debugging...
[0/2] Write sources
[1/2] Write swift-version-24593BA9C3E375BF.txt
[3/15] Compiling SwiftAnalytics ParametersValueEncoder.swift
/host/spi-builder-workspace/Sources/SwiftAnalytics/ParametersValueEncoder.swift:481:23: error: pattern variable binding cannot appear in an expression
479 | // .formatted doesn't compile on Linux due to a Swift bug.
480 | #if !os(Linux)
481 | case let .formatted(formatter):
| `- error: pattern variable binding cannot appear in an expression
482 | return .string(formatter.string(from: date))
483 | #endif
[4/16] Compiling SwiftAnalytics ParametersValueDecoder.swift
/host/spi-builder-workspace/Sources/SwiftAnalytics/ParametersValueDecoder.swift:736:23: error: pattern variable binding cannot appear in an expression
734 | // .formatted doesn't compile on Linux due to a Swift bug.
735 | #if !os(Linux)
736 | case let .formatted(formatter):
| `- error: pattern variable binding cannot appear in an expression
737 | return try decodeFormattedDate(from: value, using: formatter)
738 | #endif
[5/16] Compiling SwiftAnalytics ParametersProvider.swift
/host/spi-builder-workspace/Sources/SwiftAnalytics/ParametersProvider.swift:12:8: error: Unsupported runtime
10 | import WASILibc
11 | #else
12 | #error("Unsupported runtime")
| `- error: Unsupported runtime
13 | #endif
14 |
[6/16] Compiling SwiftAnalytics ParametersValue+JSONString.swift
/host/spi-builder-workspace/Sources/SwiftAnalytics/ParametersProvider.swift:12:8: error: Unsupported runtime
10 | import WASILibc
11 | #else
12 | #error("Unsupported runtime")
| `- error: Unsupported runtime
13 | #endif
14 |
error: emit-module command failed with exit code 1 (use -v to see invocation)
[7/16] Compiling SwiftAnalytics Analytics.swift
[8/16] Compiling SwiftAnalytics AnalyticsHandler.swift
[9/16] Compiling SwiftAnalytics MultiplexAnalyticsHandler.swift
[10/16] Compiling SwiftAnalytics NOOPAnalyticsHandler.swift
[11/16] Emitting module SwiftAnalytics
/host/spi-builder-workspace/Sources/SwiftAnalytics/Locks.swift:40:8: error: Unsupported runtime
38 | import Musl
39 | #else
40 | #error("Unsupported runtime")
| `- error: Unsupported runtime
41 | #endif
42 |
/host/spi-builder-workspace/Sources/SwiftAnalytics/Locks.swift:58:47: error: cannot find type 'pthread_rwlock_t' in scope
56 | fileprivate var shared = true
57 | #else
58 | fileprivate let rwlock: UnsafeMutablePointer<pthread_rwlock_t> =
| `- error: cannot find type 'pthread_rwlock_t' in scope
59 | UnsafeMutablePointer.allocate(capacity: 1)
60 | #endif
/host/spi-builder-workspace/Sources/SwiftAnalytics/ParametersProvider.swift:12:8: error: Unsupported runtime
10 | import WASILibc
11 | #else
12 | #error("Unsupported runtime")
| `- error: Unsupported runtime
13 | #endif
14 |
[12/16] Compiling SwiftAnalytics AnalyticsSystem.swift
/host/spi-builder-workspace/Sources/SwiftAnalytics/Locks.swift:58:47: error: cannot find type 'pthread_rwlock_t' in scope
56 | fileprivate var shared = true
57 | #else
58 | fileprivate let rwlock: UnsafeMutablePointer<pthread_rwlock_t> =
| `- error: cannot find type 'pthread_rwlock_t' in scope
59 | UnsafeMutablePointer.allocate(capacity: 1)
60 | #endif
[13/16] Compiling SwiftAnalytics AnyCodingKey.swift
/host/spi-builder-workspace/Sources/SwiftAnalytics/Locks.swift:58:47: error: cannot find type 'pthread_rwlock_t' in scope
56 | fileprivate var shared = true
57 | #else
58 | fileprivate let rwlock: UnsafeMutablePointer<pthread_rwlock_t> =
| `- error: cannot find type 'pthread_rwlock_t' in scope
59 | UnsafeMutablePointer.allocate(capacity: 1)
60 | #endif
[14/16] Compiling SwiftAnalytics Locks.swift
/host/spi-builder-workspace/Sources/SwiftAnalytics/Locks.swift:40:8: error: Unsupported runtime
38 | import Musl
39 | #else
40 | #error("Unsupported runtime")
| `- error: Unsupported runtime
41 | #endif
42 |
/host/spi-builder-workspace/Sources/SwiftAnalytics/Locks.swift:58:47: error: cannot find type 'pthread_rwlock_t' in scope
56 | fileprivate var shared = true
57 | #else
58 | fileprivate let rwlock: UnsafeMutablePointer<pthread_rwlock_t> =
| `- error: cannot find type 'pthread_rwlock_t' in scope
59 | UnsafeMutablePointer.allocate(capacity: 1)
60 | #endif
/host/spi-builder-workspace/Sources/SwiftAnalytics/Locks.swift:69:13: error: cannot find 'pthread_rwlock_init' in scope
67 | InitializeSRWLock(rwlock)
68 | #else
69 | let err = pthread_rwlock_init(rwlock, nil)
| `- error: cannot find 'pthread_rwlock_init' in scope
70 | precondition(err == 0, "\(#function) failed in pthread_rwlock with error \(err)")
71 | #endif
/host/spi-builder-workspace/Sources/SwiftAnalytics/Locks.swift:69:41: error: 'nil' requires a contextual type
67 | InitializeSRWLock(rwlock)
68 | #else
69 | let err = pthread_rwlock_init(rwlock, nil)
| `- error: 'nil' requires a contextual type
70 | precondition(err == 0, "\(#function) failed in pthread_rwlock with error \(err)")
71 | #endif
/host/spi-builder-workspace/Sources/SwiftAnalytics/Locks.swift:81:13: error: cannot find 'pthread_rwlock_destroy' in scope
79 | self.rwlock.deallocate()
80 | #else
81 | let err = pthread_rwlock_destroy(self.rwlock)
| `- error: cannot find 'pthread_rwlock_destroy' in scope
82 | precondition(err == 0, "\(#function) failed in pthread_rwlock with error \(err)")
83 | self.rwlock.deallocate()
/host/spi-builder-workspace/Sources/SwiftAnalytics/Locks.swift:98:13: error: cannot find 'pthread_rwlock_rdlock' in scope
96 | shared = true
97 | #else
98 | let err = pthread_rwlock_rdlock(rwlock)
| `- error: cannot find 'pthread_rwlock_rdlock' in scope
99 | precondition(err == 0, "\(#function) failed in pthread_rwlock with error \(err)")
100 | #endif
/host/spi-builder-workspace/Sources/SwiftAnalytics/Locks.swift:114:13: error: cannot find 'pthread_rwlock_wrlock' in scope
112 | shared = false
113 | #else
114 | let err = pthread_rwlock_wrlock(rwlock)
| `- error: cannot find 'pthread_rwlock_wrlock' in scope
115 | precondition(err == 0, "\(#function) failed in pthread_rwlock with error \(err)")
116 | #endif
/host/spi-builder-workspace/Sources/SwiftAnalytics/Locks.swift:134:13: error: cannot find 'pthread_rwlock_unlock' in scope
132 | }
133 | #else
134 | let err = pthread_rwlock_unlock(rwlock)
| `- error: cannot find 'pthread_rwlock_unlock' in scope
135 | precondition(err == 0, "\(#function) failed in pthread_rwlock with error \(err)")
136 | #endif
[15/16] Compiling SwiftAnalytics MockAnalyticsHandler.swift
/host/spi-builder-workspace/Sources/SwiftAnalytics/Locks.swift:40:8: error: Unsupported runtime
38 | import Musl
39 | #else
40 | #error("Unsupported runtime")
| `- error: Unsupported runtime
41 | #endif
42 |
/host/spi-builder-workspace/Sources/SwiftAnalytics/Locks.swift:58:47: error: cannot find type 'pthread_rwlock_t' in scope
56 | fileprivate var shared = true
57 | #else
58 | fileprivate let rwlock: UnsafeMutablePointer<pthread_rwlock_t> =
| `- error: cannot find type 'pthread_rwlock_t' in scope
59 | UnsafeMutablePointer.allocate(capacity: 1)
60 | #endif
/host/spi-builder-workspace/Sources/SwiftAnalytics/Locks.swift:69:13: error: cannot find 'pthread_rwlock_init' in scope
67 | InitializeSRWLock(rwlock)
68 | #else
69 | let err = pthread_rwlock_init(rwlock, nil)
| `- error: cannot find 'pthread_rwlock_init' in scope
70 | precondition(err == 0, "\(#function) failed in pthread_rwlock with error \(err)")
71 | #endif
/host/spi-builder-workspace/Sources/SwiftAnalytics/Locks.swift:69:41: error: 'nil' requires a contextual type
67 | InitializeSRWLock(rwlock)
68 | #else
69 | let err = pthread_rwlock_init(rwlock, nil)
| `- error: 'nil' requires a contextual type
70 | precondition(err == 0, "\(#function) failed in pthread_rwlock with error \(err)")
71 | #endif
/host/spi-builder-workspace/Sources/SwiftAnalytics/Locks.swift:81:13: error: cannot find 'pthread_rwlock_destroy' in scope
79 | self.rwlock.deallocate()
80 | #else
81 | let err = pthread_rwlock_destroy(self.rwlock)
| `- error: cannot find 'pthread_rwlock_destroy' in scope
82 | precondition(err == 0, "\(#function) failed in pthread_rwlock with error \(err)")
83 | self.rwlock.deallocate()
/host/spi-builder-workspace/Sources/SwiftAnalytics/Locks.swift:98:13: error: cannot find 'pthread_rwlock_rdlock' in scope
96 | shared = true
97 | #else
98 | let err = pthread_rwlock_rdlock(rwlock)
| `- error: cannot find 'pthread_rwlock_rdlock' in scope
99 | precondition(err == 0, "\(#function) failed in pthread_rwlock with error \(err)")
100 | #endif
/host/spi-builder-workspace/Sources/SwiftAnalytics/Locks.swift:114:13: error: cannot find 'pthread_rwlock_wrlock' in scope
112 | shared = false
113 | #else
114 | let err = pthread_rwlock_wrlock(rwlock)
| `- error: cannot find 'pthread_rwlock_wrlock' in scope
115 | precondition(err == 0, "\(#function) failed in pthread_rwlock with error \(err)")
116 | #endif
/host/spi-builder-workspace/Sources/SwiftAnalytics/Locks.swift:134:13: error: cannot find 'pthread_rwlock_unlock' in scope
132 | }
133 | #else
134 | let err = pthread_rwlock_unlock(rwlock)
| `- error: cannot find 'pthread_rwlock_unlock' in scope
135 | precondition(err == 0, "\(#function) failed in pthread_rwlock with error \(err)")
136 | #endif
[16/16] Compiling SwiftAnalytics WithAnalyticsParameters.swift
Running build ...
bash -c docker run --pull=always --rm -v "checkouts-53886768-0":/host -w "$PWD" -e JAVA_HOME="/root/.sdkman/candidates/java/current" -e SPI_BUILD="1" -e SPI_PROCESSING="1" registry.gitlab.com/saguaro1/spi-images:android-6.1-latest swift build --swift-sdk aarch64-unknown-linux-android24 2>&1
android-6.1-latest: Pulling from saguaro1/spi-images
Digest: sha256:365d9b14669f92fea0572234887def10439445c91d7e524c78a6579ad7294f11
Status: Image is up to date for registry.gitlab.com/saguaro1/spi-images:android-6.1-latest
[0/1] Planning build
Building for debugging...
[0/1] Write swift-version-24593BA9C3E375BF.txt
[2/14] Compiling SwiftAnalytics AnalyticsSystem.swift
/host/spi-builder-workspace/Sources/SwiftAnalytics/Locks.swift:58:47: error: cannot find type 'pthread_rwlock_t' in scope
56 | fileprivate var shared = true
57 | #else
58 | fileprivate let rwlock: UnsafeMutablePointer<pthread_rwlock_t> =
| `- error: cannot find type 'pthread_rwlock_t' in scope
59 | UnsafeMutablePointer.allocate(capacity: 1)
60 | #endif
[3/14] Compiling SwiftAnalytics AnyCodingKey.swift
/host/spi-builder-workspace/Sources/SwiftAnalytics/Locks.swift:58:47: error: cannot find type 'pthread_rwlock_t' in scope
56 | fileprivate var shared = true
57 | #else
58 | fileprivate let rwlock: UnsafeMutablePointer<pthread_rwlock_t> =
| `- error: cannot find type 'pthread_rwlock_t' in scope
59 | UnsafeMutablePointer.allocate(capacity: 1)
60 | #endif
[4/14] Compiling SwiftAnalytics Locks.swift
/host/spi-builder-workspace/Sources/SwiftAnalytics/Locks.swift:40:8: error: Unsupported runtime
38 | import Musl
39 | #else
40 | #error("Unsupported runtime")
| `- error: Unsupported runtime
41 | #endif
42 |
/host/spi-builder-workspace/Sources/SwiftAnalytics/Locks.swift:58:47: error: cannot find type 'pthread_rwlock_t' in scope
56 | fileprivate var shared = true
57 | #else
58 | fileprivate let rwlock: UnsafeMutablePointer<pthread_rwlock_t> =
| `- error: cannot find type 'pthread_rwlock_t' in scope
59 | UnsafeMutablePointer.allocate(capacity: 1)
60 | #endif
/host/spi-builder-workspace/Sources/SwiftAnalytics/Locks.swift:69:13: error: cannot find 'pthread_rwlock_init' in scope
67 | InitializeSRWLock(rwlock)
68 | #else
69 | let err = pthread_rwlock_init(rwlock, nil)
| `- error: cannot find 'pthread_rwlock_init' in scope
70 | precondition(err == 0, "\(#function) failed in pthread_rwlock with error \(err)")
71 | #endif
/host/spi-builder-workspace/Sources/SwiftAnalytics/Locks.swift:69:41: error: 'nil' requires a contextual type
67 | InitializeSRWLock(rwlock)
68 | #else
69 | let err = pthread_rwlock_init(rwlock, nil)
| `- error: 'nil' requires a contextual type
70 | precondition(err == 0, "\(#function) failed in pthread_rwlock with error \(err)")
71 | #endif
/host/spi-builder-workspace/Sources/SwiftAnalytics/Locks.swift:81:13: error: cannot find 'pthread_rwlock_destroy' in scope
79 | self.rwlock.deallocate()
80 | #else
81 | let err = pthread_rwlock_destroy(self.rwlock)
| `- error: cannot find 'pthread_rwlock_destroy' in scope
82 | precondition(err == 0, "\(#function) failed in pthread_rwlock with error \(err)")
83 | self.rwlock.deallocate()
/host/spi-builder-workspace/Sources/SwiftAnalytics/Locks.swift:98:13: error: cannot find 'pthread_rwlock_rdlock' in scope
96 | shared = true
97 | #else
98 | let err = pthread_rwlock_rdlock(rwlock)
| `- error: cannot find 'pthread_rwlock_rdlock' in scope
99 | precondition(err == 0, "\(#function) failed in pthread_rwlock with error \(err)")
100 | #endif
/host/spi-builder-workspace/Sources/SwiftAnalytics/Locks.swift:114:13: error: cannot find 'pthread_rwlock_wrlock' in scope
112 | shared = false
113 | #else
114 | let err = pthread_rwlock_wrlock(rwlock)
| `- error: cannot find 'pthread_rwlock_wrlock' in scope
115 | precondition(err == 0, "\(#function) failed in pthread_rwlock with error \(err)")
116 | #endif
/host/spi-builder-workspace/Sources/SwiftAnalytics/Locks.swift:134:13: error: cannot find 'pthread_rwlock_unlock' in scope
132 | }
133 | #else
134 | let err = pthread_rwlock_unlock(rwlock)
| `- error: cannot find 'pthread_rwlock_unlock' in scope
135 | precondition(err == 0, "\(#function) failed in pthread_rwlock with error \(err)")
136 | #endif
[5/14] Compiling SwiftAnalytics MockAnalyticsHandler.swift
/host/spi-builder-workspace/Sources/SwiftAnalytics/Locks.swift:40:8: error: Unsupported runtime
38 | import Musl
39 | #else
40 | #error("Unsupported runtime")
| `- error: Unsupported runtime
41 | #endif
42 |
/host/spi-builder-workspace/Sources/SwiftAnalytics/Locks.swift:58:47: error: cannot find type 'pthread_rwlock_t' in scope
56 | fileprivate var shared = true
57 | #else
58 | fileprivate let rwlock: UnsafeMutablePointer<pthread_rwlock_t> =
| `- error: cannot find type 'pthread_rwlock_t' in scope
59 | UnsafeMutablePointer.allocate(capacity: 1)
60 | #endif
/host/spi-builder-workspace/Sources/SwiftAnalytics/Locks.swift:69:13: error: cannot find 'pthread_rwlock_init' in scope
67 | InitializeSRWLock(rwlock)
68 | #else
69 | let err = pthread_rwlock_init(rwlock, nil)
| `- error: cannot find 'pthread_rwlock_init' in scope
70 | precondition(err == 0, "\(#function) failed in pthread_rwlock with error \(err)")
71 | #endif
/host/spi-builder-workspace/Sources/SwiftAnalytics/Locks.swift:69:41: error: 'nil' requires a contextual type
67 | InitializeSRWLock(rwlock)
68 | #else
69 | let err = pthread_rwlock_init(rwlock, nil)
| `- error: 'nil' requires a contextual type
70 | precondition(err == 0, "\(#function) failed in pthread_rwlock with error \(err)")
71 | #endif
/host/spi-builder-workspace/Sources/SwiftAnalytics/Locks.swift:81:13: error: cannot find 'pthread_rwlock_destroy' in scope
79 | self.rwlock.deallocate()
80 | #else
81 | let err = pthread_rwlock_destroy(self.rwlock)
| `- error: cannot find 'pthread_rwlock_destroy' in scope
82 | precondition(err == 0, "\(#function) failed in pthread_rwlock with error \(err)")
83 | self.rwlock.deallocate()
/host/spi-builder-workspace/Sources/SwiftAnalytics/Locks.swift:98:13: error: cannot find 'pthread_rwlock_rdlock' in scope
96 | shared = true
97 | #else
98 | let err = pthread_rwlock_rdlock(rwlock)
| `- error: cannot find 'pthread_rwlock_rdlock' in scope
99 | precondition(err == 0, "\(#function) failed in pthread_rwlock with error \(err)")
100 | #endif
/host/spi-builder-workspace/Sources/SwiftAnalytics/Locks.swift:114:13: error: cannot find 'pthread_rwlock_wrlock' in scope
112 | shared = false
113 | #else
114 | let err = pthread_rwlock_wrlock(rwlock)
| `- error: cannot find 'pthread_rwlock_wrlock' in scope
115 | precondition(err == 0, "\(#function) failed in pthread_rwlock with error \(err)")
116 | #endif
/host/spi-builder-workspace/Sources/SwiftAnalytics/Locks.swift:134:13: error: cannot find 'pthread_rwlock_unlock' in scope
132 | }
133 | #else
134 | let err = pthread_rwlock_unlock(rwlock)
| `- error: cannot find 'pthread_rwlock_unlock' in scope
135 | precondition(err == 0, "\(#function) failed in pthread_rwlock with error \(err)")
136 | #endif
[6/15] Compiling SwiftAnalytics ParametersValueEncoder.swift
/host/spi-builder-workspace/Sources/SwiftAnalytics/ParametersValueEncoder.swift:481:23: error: pattern variable binding cannot appear in an expression
479 | // .formatted doesn't compile on Linux due to a Swift bug.
480 | #if !os(Linux)
481 | case let .formatted(formatter):
| `- error: pattern variable binding cannot appear in an expression
482 | return .string(formatter.string(from: date))
483 | #endif
[7/15] Compiling SwiftAnalytics WithAnalyticsParameters.swift
[8/15] Compiling SwiftAnalytics MultiplexAnalyticsHandler.swift
[9/15] Compiling SwiftAnalytics NOOPAnalyticsHandler.swift
[10/15] Compiling SwiftAnalytics ParametersValueDecoder.swift
/host/spi-builder-workspace/Sources/SwiftAnalytics/ParametersValueDecoder.swift:736:23: error: pattern variable binding cannot appear in an expression
734 | // .formatted doesn't compile on Linux due to a Swift bug.
735 | #if !os(Linux)
736 | case let .formatted(formatter):
| `- error: pattern variable binding cannot appear in an expression
737 | return try decodeFormattedDate(from: value, using: formatter)
738 | #endif
[11/15] Compiling SwiftAnalytics ParametersProvider.swift
/host/spi-builder-workspace/Sources/SwiftAnalytics/ParametersProvider.swift:12:8: error: Unsupported runtime
10 | import WASILibc
11 | #else
12 | #error("Unsupported runtime")
| `- error: Unsupported runtime
13 | #endif
14 |
[12/15] Compiling SwiftAnalytics ParametersValue+JSONString.swift
/host/spi-builder-workspace/Sources/SwiftAnalytics/ParametersProvider.swift:12:8: error: Unsupported runtime
10 | import WASILibc
11 | #else
12 | #error("Unsupported runtime")
| `- error: Unsupported runtime
13 | #endif
14 |
error: emit-module command failed with exit code 1 (use -v to see invocation)
[13/15] Emitting module SwiftAnalytics
/host/spi-builder-workspace/Sources/SwiftAnalytics/Locks.swift:40:8: error: Unsupported runtime
38 | import Musl
39 | #else
40 | #error("Unsupported runtime")
| `- error: Unsupported runtime
41 | #endif
42 |
/host/spi-builder-workspace/Sources/SwiftAnalytics/Locks.swift:58:47: error: cannot find type 'pthread_rwlock_t' in scope
56 | fileprivate var shared = true
57 | #else
58 | fileprivate let rwlock: UnsafeMutablePointer<pthread_rwlock_t> =
| `- error: cannot find type 'pthread_rwlock_t' in scope
59 | UnsafeMutablePointer.allocate(capacity: 1)
60 | #endif
/host/spi-builder-workspace/Sources/SwiftAnalytics/ParametersProvider.swift:12:8: error: Unsupported runtime
10 | import WASILibc
11 | #else
12 | #error("Unsupported runtime")
| `- error: Unsupported runtime
13 | #endif
14 |
[14/15] Compiling SwiftAnalytics Analytics.swift
[15/15] Compiling SwiftAnalytics AnalyticsHandler.swift
BUILD FAILURE 6.1 android