The Swift Package Index logo.Swift Package Index

Build Information

Failed to build PerformanceBezier, reference 1.3.2 (b3cc82), with Swift 6.4 for macOS (Xcode) using Xcode 27.0 on 18 Sep 2026 18:40:18 UTC.

Build Command

env DEVELOPER_DIR=/Applications/Xcode-27.0.0-Release.Candidate.app xcrun xcodebuild -IDEClonedSourcePackagesDirPathOverride=$PWD/.dependencies -skipMacroValidation -skipPackagePluginValidation -derivedDataPath $PWD/.derivedData build -scheme PerformanceBezier -destination platform=macOS,arch=arm64

Build Log

========================================
RunAll
========================================
Builder version: 5.1.0
Interrupt handler set up.
========================================
Checkout
========================================
Clone URL: https://github.com/adamwulf/PerformanceBezier.git
Reference: 1.3.2
Initialized empty Git repository in /Users/admin/builder/spi-builder-workspace/.git/
From https://github.com/adamwulf/PerformanceBezier
 * tag               1.3.2      -> FETCH_HEAD
HEAD is now at b3cc822 remove cocoapods support
Cloned https://github.com/adamwulf/PerformanceBezier.git
Revision (git rev-parse @):
b3cc82221836a8ce1f0692033d58b1ff836c57f8
SUCCESS checkout https://github.com/adamwulf/PerformanceBezier.git at 1.3.2
========================================
Build
========================================
Selected platform:         macosXcodebuild
Swift version:             6.4
Building package at path:  $PWD
https://github.com/adamwulf/PerformanceBezier.git
Command line invocation:
    /Applications/Xcode-27.0.0-Release.Candidate.app/Contents/Developer/usr/bin/xcodebuild -IDEClonedSourcePackagesDirPathOverride=/Users/admin/builder/spi-builder-workspace/.dependencies -resolvePackageDependencies
resolved source packages:
{
  "dependencies" : [
  ],
  "manifest_display_name" : "PerformanceBezier",
  "name" : "PerformanceBezier",
  "path" : "/Users/admin/builder/spi-builder-workspace",
  "platforms" : [
  ],
  "products" : [
    {
      "name" : "PerformanceBezier",
      "targets" : [
        "PerformanceBezier"
      ],
      "type" : {
        "library" : [
          "automatic"
        ]
      }
    }
  ],
  "targets" : [
    {
      "c99name" : "PerformanceBezierTests",
      "module_type" : "ClangTarget",
      "name" : "PerformanceBezierTests",
      "path" : "PerformanceBezierTests",
      "sources" : [
        "PerformanceBezierAbstractTest.m",
        "PerformanceBezierCPUTest.m",
        "PerformanceBezierClockwiseTest.m",
        "PerformanceBezierDescriptionTest.m",
        "PerformanceBezierElementTest.m",
        "PerformanceBezierEqualsTest.m",
        "PerformanceBezierFlatTest.m",
        "PerformanceBezierTrimTest.m",
        "PerformanceBezierUtilTest.m"
      ],
      "target_dependencies" : [
        "PerformanceBezier"
      ],
      "type" : "test"
    },
    {
      "c99name" : "PerformanceBezier",
      "module_type" : "ClangTarget",
      "name" : "PerformanceBezier",
      "path" : "PerformanceBezier",
      "product_memberships" : [
        "PerformanceBezier"
      ],
      "sources" : [
        "JRSwizzle.m",
        "UIBezierPath+Ahmed.m",
        "UIBezierPath+Center.m",
        "UIBezierPath+Clockwise.m",
        "UIBezierPath+Description.m",
        "UIBezierPath+Equals.m",
        "UIBezierPath+FirstLast.m",
        "UIBezierPath+NSOSX.m",
        "UIBezierPath+Performance.m",
        "UIBezierPath+Trim.m",
        "UIBezierPath+Uncached.m",
        "UIBezierPath+Util.m",
        "UIBezierPathProperties.m"
      ],
      "type" : "library"
    }
  ],
  "tools_version" : "5.3"
}
{
  "project" : {
    "configurations" : [
      "Debug",
      "Release"
    ],
    "name" : "PerformanceBezier",
    "schemes" : [
      "PerformanceBezier"
    ],
    "targets" : [
      "PerformanceBezier",
      "PerformanceBezierTests"
    ]
  }
}
Running build ...
env DEVELOPER_DIR=/Applications/Xcode-27.0.0-Release.Candidate.app xcrun xcodebuild -IDEClonedSourcePackagesDirPathOverride=$PWD/.dependencies -skipMacroValidation -skipPackagePluginValidation -derivedDataPath $PWD/.derivedData build -scheme PerformanceBezier -destination platform=macOS,arch=arm64
Command line invocation:
    /Applications/Xcode-27.0.0-Release.Candidate.app/Contents/Developer/usr/bin/xcodebuild -IDEClonedSourcePackagesDirPathOverride=/Users/admin/builder/spi-builder-workspace/.dependencies -skipMacroValidation -skipPackagePluginValidation -derivedDataPath /Users/admin/builder/spi-builder-workspace/.derivedData build -scheme PerformanceBezier -destination platform=macOS,arch=arm64
ComputePackagePrebuildTargetDependencyGraph
Prepare packages
CreateBuildRequest
SendProjectDescription
CreateBuildOperation
ComputeTargetDependencyGraph
note: Building targets in dependency order
note: Target dependency graph (1 target)
    Target 'PerformanceBezier' in project 'PerformanceBezier' (no dependencies)
GatherProvisioningInputs
CreateBuildDescription
ExecuteExternalTool /Applications/Xcode-27.0.0-Release.Candidate.app/Contents/Developer/Toolchains/XcodeDefault.xctoolchain/usr/bin/clang -v -E -dM -isysroot /Applications/Xcode-27.0.0-Release.Candidate.app/Contents/Developer/Platforms/MacOSX.platform/Developer/SDKs/MacOSX27.0.sdk -x c -c /dev/null
ExecuteExternalTool /Applications/Xcode-27.0.0-Release.Candidate.app/Contents/Developer/Toolchains/XcodeDefault.xctoolchain/usr/bin/clang -v -E -dM -arch arm64 -isysroot /Applications/Xcode-27.0.0-Release.Candidate.app/Contents/Developer/Platforms/MacOSX.platform/Developer/SDKs/MacOSX27.0.sdk -x objective-c -c /dev/null
ExecuteExternalTool /Applications/Xcode-27.0.0-Release.Candidate.app/Contents/Developer/Toolchains/XcodeDefault.xctoolchain/usr/bin/clang -v -E -dM -arch arm64 -isysroot /Applications/Xcode-27.0.0-Release.Candidate.app/Contents/Developer/Platforms/MacOSX.platform/Developer/SDKs/MacOSX27.0.sdk -x c -c /dev/null
ExecuteExternalTool /Applications/Xcode-27.0.0-Release.Candidate.app/Contents/Developer/Toolchains/XcodeDefault.xctoolchain/usr/bin/libtool -V
ExecuteExternalTool /Applications/Xcode-27.0.0-Release.Candidate.app/Contents/Developer/Toolchains/XcodeDefault.xctoolchain/usr/bin/clang -v -E -dM -arch x86_64 -isysroot /Applications/Xcode-27.0.0-Release.Candidate.app/Contents/Developer/Platforms/MacOSX.platform/Developer/SDKs/MacOSX27.0.sdk -x objective-c -c /dev/null
ExecuteExternalTool /Applications/Xcode-27.0.0-Release.Candidate.app/Contents/Developer/Toolchains/XcodeDefault.xctoolchain/usr/bin/clang -v -E -dM -arch x86_64 -isysroot /Applications/Xcode-27.0.0-Release.Candidate.app/Contents/Developer/Platforms/MacOSX.platform/Developer/SDKs/MacOSX27.0.sdk -x c -c /dev/null
Build description signature: a1f3f4cbdc4c1ec840ac20a95997461b
Build description path: /Users/admin/builder/spi-builder-workspace/.derivedData/Build/Intermediates.noindex/XCBuildData/a1f3f4cbdc4c1ec840ac20a95997461b.xcbuilddata
/Users/admin/builder/spi-builder-workspace/PerformanceBezier.xcodeproj: error: The macOS deployment target 'MACOSX_DEPLOYMENT_TARGET' is set to 10.15, but the range of supported deployment target versions is 12.0 to 27.0.x. (in target 'PerformanceBezier' from project 'PerformanceBezier')
/Users/admin/builder/spi-builder-workspace/PerformanceBezier.xcodeproj: warning: tasks in 'Copy Headers' are delayed by unsandboxed script phases; set ENABLE_USER_SCRIPT_SANDBOXING=YES to enable sandboxing (in target 'PerformanceBezier' from project 'PerformanceBezier')
warning: Run script build phase 'Build Framework Script' will be run during every build because it does not specify any outputs. To address this issue, either add output dependencies to the script phase, or configure it to run in every build by unchecking "Based on dependency analysis" in the script phase. (in target 'PerformanceBezier' from project 'PerformanceBezier')
warning: Run script build phase 'Prepare Build Script' will be run during every build because it does not specify any outputs. To address this issue, either add output dependencies to the script phase, or configure it to run in every build by unchecking "Based on dependency analysis" in the script phase. (in target 'PerformanceBezier' from project 'PerformanceBezier')
warning: Run script build phase 'Process Headers Script' will be run during every build because it does not specify any outputs. To address this issue, either add output dependencies to the script phase, or configure it to run in every build by unchecking "Based on dependency analysis" in the script phase. (in target 'PerformanceBezier' from project 'PerformanceBezier')
--- xcodebuild: WARNING: Using the first of multiple matching destinations:
{ platform:macOS, arch:arm64, variant:Mac Catalyst, id:7b49f80ebb8398b9dd46a41837e23f89bd96e1b0, name:My Mac }
{ platform:macOS, arch:arm64, variant:Designed for [iPad,iPhone], id:7b49f80ebb8398b9dd46a41837e23f89bd96e1b0, name:My Mac }
** BUILD FAILED **
The following build commands failed:
	Building project PerformanceBezier with scheme PerformanceBezier
(1 failure)
Command line invocation:
    /Applications/Xcode-27.0.0-Release.Candidate.app/Contents/Developer/usr/bin/xcodebuild -IDEClonedSourcePackagesDirPathOverride=/Users/admin/builder/spi-builder-workspace/.dependencies -resolvePackageDependencies
resolved source packages:
{
  "dependencies" : [
  ],
  "manifest_display_name" : "PerformanceBezier",
  "name" : "PerformanceBezier",
  "path" : "/Users/admin/builder/spi-builder-workspace",
  "platforms" : [
  ],
  "products" : [
    {
      "name" : "PerformanceBezier",
      "targets" : [
        "PerformanceBezier"
      ],
      "type" : {
        "library" : [
          "automatic"
        ]
      }
    }
  ],
  "targets" : [
    {
      "c99name" : "PerformanceBezierTests",
      "module_type" : "ClangTarget",
      "name" : "PerformanceBezierTests",
      "path" : "PerformanceBezierTests",
      "sources" : [
        "PerformanceBezierAbstractTest.m",
        "PerformanceBezierCPUTest.m",
        "PerformanceBezierClockwiseTest.m",
        "PerformanceBezierDescriptionTest.m",
        "PerformanceBezierElementTest.m",
        "PerformanceBezierEqualsTest.m",
        "PerformanceBezierFlatTest.m",
        "PerformanceBezierTrimTest.m",
        "PerformanceBezierUtilTest.m"
      ],
      "target_dependencies" : [
        "PerformanceBezier"
      ],
      "type" : "test"
    },
    {
      "c99name" : "PerformanceBezier",
      "module_type" : "ClangTarget",
      "name" : "PerformanceBezier",
      "path" : "PerformanceBezier",
      "product_memberships" : [
        "PerformanceBezier"
      ],
      "sources" : [
        "JRSwizzle.m",
        "UIBezierPath+Ahmed.m",
        "UIBezierPath+Center.m",
        "UIBezierPath+Clockwise.m",
        "UIBezierPath+Description.m",
        "UIBezierPath+Equals.m",
        "UIBezierPath+FirstLast.m",
        "UIBezierPath+NSOSX.m",
        "UIBezierPath+Performance.m",
        "UIBezierPath+Trim.m",
        "UIBezierPath+Uncached.m",
        "UIBezierPath+Util.m",
        "UIBezierPathProperties.m"
      ],
      "type" : "library"
    }
  ],
  "tools_version" : "5.3"
}
{
  "project" : {
    "configurations" : [
      "Debug",
      "Release"
    ],
    "name" : "PerformanceBezier",
    "schemes" : [
      "PerformanceBezier"
    ],
    "targets" : [
      "PerformanceBezier",
      "PerformanceBezierTests"
    ]
  }
}
Running build ...
env DEVELOPER_DIR=/Applications/Xcode-27.0.0-Release.Candidate.app xcrun xcodebuild -IDEClonedSourcePackagesDirPathOverride=$PWD/.dependencies -skipMacroValidation -skipPackagePluginValidation -derivedDataPath $PWD/.derivedData build -scheme PerformanceBezier -destination platform=macOS,arch=arm64
Command line invocation:
    /Applications/Xcode-27.0.0-Release.Candidate.app/Contents/Developer/usr/bin/xcodebuild -IDEClonedSourcePackagesDirPathOverride=/Users/admin/builder/spi-builder-workspace/.dependencies -skipMacroValidation -skipPackagePluginValidation -derivedDataPath /Users/admin/builder/spi-builder-workspace/.derivedData build -scheme PerformanceBezier -destination platform=macOS,arch=arm64
ComputePackagePrebuildTargetDependencyGraph
Prepare packages
CreateBuildRequest
SendProjectDescription
CreateBuildOperation
ComputeTargetDependencyGraph
note: Building targets in dependency order
note: Target dependency graph (1 target)
    Target 'PerformanceBezier' in project 'PerformanceBezier' (no dependencies)
GatherProvisioningInputs
CreateBuildDescription
/Users/admin/builder/spi-builder-workspace/PerformanceBezier.xcodeproj: error: The macOS deployment target 'MACOSX_DEPLOYMENT_TARGET' is set to 10.15, but the range of supported deployment target versions is 12.0 to 27.0.x. (in target 'PerformanceBezier' from project 'PerformanceBezier')
warning: Run script build phase 'Build Framework Script' will be run during every build because it does not specify any outputs. To address this issue, either add output dependencies to the script phase, or configure it to run in every build by unchecking "Based on dependency analysis" in the script phase. (in target 'PerformanceBezier' from project 'PerformanceBezier')
warning: Run script build phase 'Prepare Build Script' will be run during every build because it does not specify any outputs. To address this issue, either add output dependencies to the script phase, or configure it to run in every build by unchecking "Based on dependency analysis" in the script phase. (in target 'PerformanceBezier' from project 'PerformanceBezier')
warning: Run script build phase 'Process Headers Script' will be run during every build because it does not specify any outputs. To address this issue, either add output dependencies to the script phase, or configure it to run in every build by unchecking "Based on dependency analysis" in the script phase. (in target 'PerformanceBezier' from project 'PerformanceBezier')
/Users/admin/builder/spi-builder-workspace/PerformanceBezier.xcodeproj: warning: tasks in 'Copy Headers' are delayed by unsandboxed script phases; set ENABLE_USER_SCRIPT_SANDBOXING=YES to enable sandboxing (in target 'PerformanceBezier' from project 'PerformanceBezier')
--- xcodebuild: WARNING: Using the first of multiple matching destinations:
{ platform:macOS, arch:arm64, variant:Mac Catalyst, id:7b49f80ebb8398b9dd46a41837e23f89bd96e1b0, name:My Mac }
{ platform:macOS, arch:arm64, variant:Designed for [iPad,iPhone], id:7b49f80ebb8398b9dd46a41837e23f89bd96e1b0, name:My Mac }
** BUILD FAILED **
The following build commands failed:
	Building project PerformanceBezier with scheme PerformanceBezier
(1 failure)
BUILD FAILURE 6.4 macosXcodebuild