The Swift Package Index logo.Swift Package Index

Build Information

Failed to build FFmpegKit, reference v1.6.0 (0243a6), with Swift 6.1 for Wasm on 11 Aug 2026 03:30:50 UTC.

Build Command

bash -c docker run --pull=always --rm -v "checkouts-53886770-1":/host -w "$PWD" -e JAVA_HOME="/root/.sdkman/candidates/java/current" -e SPI_BUILD="1" -e SPI_PROCESSING="1" registry.gitlab.com/saguaro1/spi-images:wasm-6.1-latest swift build --swift-sdk wasm32-unknown-wasi 2>&1

Build Log

========================================
RunAll
========================================
Builder version: 729ceb5fcd9493dc13ee340bc4f0908bd201f85d
Interrupt handler set up.
========================================
Checkout
========================================
Clone URL: https://github.com/jaywcjlove/ffmpeg-kit.git
Reference: v1.6.0
Initialized empty Git repository in /host/spi-builder-workspace/.git/
hint: Using 'master' as the name for the initial branch. This default branch name
hint: is subject to change. To configure the initial branch name to use in all
hint: of your new repositories, which will suppress this warning, call:
hint:
hint: 	git config --global init.defaultBranch <name>
hint:
hint: Names commonly chosen instead of 'master' are 'main', 'trunk' and
hint: 'development'. The just-created branch can be renamed via this command:
hint:
hint: 	git branch -m <name>
From https://github.com/jaywcjlove/ffmpeg-kit
 * tag               v1.6.0     -> FETCH_HEAD
HEAD is now at 0243a6a feat: support WebP image format.
Cloned https://github.com/jaywcjlove/ffmpeg-kit.git
Revision (git rev-parse @):
0243a6a262944e2e6cd1dd9603122108594d182a
SUCCESS checkout https://github.com/jaywcjlove/ffmpeg-kit.git at v1.6.0
========================================
Build
========================================
Selected platform:         wasm
Swift version:             6.1
Building package at path:  $PWD
https://github.com/jaywcjlove/ffmpeg-kit.git
https://github.com/jaywcjlove/ffmpeg-kit.git
WARNING: environment variable SUPPRESS_SWIFT_6_FLAGS is not set
Running build ...
bash -c docker run --pull=always --rm -v "checkouts-53886770-1":/host -w "$PWD" -e JAVA_HOME="/root/.sdkman/candidates/java/current" -e SPI_BUILD="1" -e SPI_PROCESSING="1" registry.gitlab.com/saguaro1/spi-images:wasm-6.1-latest swift build --swift-sdk wasm32-unknown-wasi -Xswiftc -Xfrontend -Xswiftc -stats-output-dir -Xswiftc -Xfrontend -Xswiftc .stats -Xswiftc -strict-concurrency=complete -Xswiftc -enable-upcoming-feature -Xswiftc StrictConcurrency -Xswiftc -enable-upcoming-feature -Xswiftc DisableOutwardActorInference -Xswiftc -enable-upcoming-feature -Xswiftc GlobalActorIsolatedTypesUsability -Xswiftc -enable-upcoming-feature -Xswiftc InferSendableFromCaptures 2>&1
wasm-6.1-latest: Pulling from saguaro1/spi-images
Digest: sha256:290f441d1f5b7bf0dbbe61e8b7514208804cdcb507d57b3c762463ad036298f7
Status: Image is up to date for registry.gitlab.com/saguaro1/spi-images:wasm-6.1-latest
Building for debugging...
[0/3] Write sources
[1/3] Compiling CFFmpegBridge CFFmpegBridge.c
[2/3] Write swift-version-24593BA9C3E375BF.txt
[4/11] Compiling ffmpegkit Support.swift
/host/spi-builder-workspace/Sources/FFmpegKit/Execution.swift:2:8: error: no such module 'Darwin'
  1 | import CFFmpegBridge
  2 | import Darwin
    |        `- error: no such module 'Darwin'
  3 | import Foundation
  4 |
[5/12] Compiling ffmpegkit Execution.swift
/host/spi-builder-workspace/Sources/FFmpegKit/Execution.swift:2:8: error: no such module 'Darwin'
  1 | import CFFmpegBridge
  2 | import Darwin
    |        `- error: no such module 'Darwin'
  3 | import Foundation
  4 |
[6/12] Compiling ffmpegkit Session.swift
/host/spi-builder-workspace/Sources/FFmpegKit/Execution.swift:2:8: error: no such module 'Darwin'
  1 | import CFFmpegBridge
  2 | import Darwin
    |        `- error: no such module 'Darwin'
  3 | import Foundation
  4 |
[7/12] Compiling ffmpegkit MediaInformation.swift
/host/spi-builder-workspace/Sources/FFmpegKit/Execution.swift:2:8: error: no such module 'Darwin'
  1 | import CFFmpegBridge
  2 | import Darwin
    |        `- error: no such module 'Darwin'
  3 | import Foundation
  4 |
[8/12] Compiling ffmpegkit Types.swift
/host/spi-builder-workspace/Sources/FFmpegKit/Execution.swift:2:8: error: no such module 'Darwin'
  1 | import CFFmpegBridge
  2 | import Darwin
    |        `- error: no such module 'Darwin'
  3 | import Foundation
  4 |
error: emit-module command failed with exit code 1 (use -v to see invocation)
[9/12] Emitting module ffmpegkit
/host/spi-builder-workspace/Sources/FFmpegKit/Execution.swift:2:8: error: no such module 'Darwin'
  1 | import CFFmpegBridge
  2 | import Darwin
    |        `- error: no such module 'Darwin'
  3 | import Foundation
  4 |
[10/12] Compiling ffmpegkit FFprobeKit.swift
/host/spi-builder-workspace/Sources/FFmpegKit/Execution.swift:2:8: error: no such module 'Darwin'
  1 | import CFFmpegBridge
  2 | import Darwin
    |        `- error: no such module 'Darwin'
  3 | import Foundation
  4 |
[11/12] Compiling ffmpegkit FFmpegKit.swift
/host/spi-builder-workspace/Sources/FFmpegKit/Execution.swift:2:8: error: no such module 'Darwin'
  1 | import CFFmpegBridge
  2 | import Darwin
    |        `- error: no such module 'Darwin'
  3 | import Foundation
  4 |
[12/12] Compiling ffmpegkit FFmpegKitConfig.swift
/host/spi-builder-workspace/Sources/FFmpegKit/Execution.swift:2:8: error: no such module 'Darwin'
  1 | import CFFmpegBridge
  2 | import Darwin
    |        `- error: no such module 'Darwin'
  3 | import Foundation
  4 |
Running build ...
bash -c docker run --pull=always --rm -v "checkouts-53886770-1":/host -w "$PWD" -e JAVA_HOME="/root/.sdkman/candidates/java/current" -e SPI_BUILD="1" -e SPI_PROCESSING="1" registry.gitlab.com/saguaro1/spi-images:wasm-6.1-latest swift build --swift-sdk wasm32-unknown-wasi 2>&1
wasm-6.1-latest: Pulling from saguaro1/spi-images
Digest: sha256:290f441d1f5b7bf0dbbe61e8b7514208804cdcb507d57b3c762463ad036298f7
Status: Image is up to date for registry.gitlab.com/saguaro1/spi-images:wasm-6.1-latest
[0/1] Planning build
Building for debugging...
[0/1] Write swift-version-24593BA9C3E375BF.txt
[2/9] Compiling ffmpegkit Support.swift
/host/spi-builder-workspace/Sources/FFmpegKit/Execution.swift:2:8: error: no such module 'Darwin'
  1 | import CFFmpegBridge
  2 | import Darwin
    |        `- error: no such module 'Darwin'
  3 | import Foundation
  4 |
[3/10] Compiling ffmpegkit FFprobeKit.swift
/host/spi-builder-workspace/Sources/FFmpegKit/Execution.swift:2:8: error: no such module 'Darwin'
  1 | import CFFmpegBridge
  2 | import Darwin
    |        `- error: no such module 'Darwin'
  3 | import Foundation
  4 |
[4/10] Compiling ffmpegkit MediaInformation.swift
/host/spi-builder-workspace/Sources/FFmpegKit/Execution.swift:2:8: error: no such module 'Darwin'
  1 | import CFFmpegBridge
  2 | import Darwin
    |        `- error: no such module 'Darwin'
  3 | import Foundation
  4 |
[5/10] Compiling ffmpegkit Session.swift
/host/spi-builder-workspace/Sources/FFmpegKit/Execution.swift:2:8: error: no such module 'Darwin'
  1 | import CFFmpegBridge
  2 | import Darwin
    |        `- error: no such module 'Darwin'
  3 | import Foundation
  4 |
error: emit-module command failed with exit code 1 (use -v to see invocation)
[6/10] Compiling ffmpegkit FFmpegKitConfig.swift
/host/spi-builder-workspace/Sources/FFmpegKit/Execution.swift:2:8: error: no such module 'Darwin'
  1 | import CFFmpegBridge
  2 | import Darwin
    |        `- error: no such module 'Darwin'
  3 | import Foundation
  4 |
[7/10] Compiling ffmpegkit Execution.swift
/host/spi-builder-workspace/Sources/FFmpegKit/Execution.swift:2:8: error: no such module 'Darwin'
  1 | import CFFmpegBridge
  2 | import Darwin
    |        `- error: no such module 'Darwin'
  3 | import Foundation
  4 |
[8/10] Emitting module ffmpegkit
/host/spi-builder-workspace/Sources/FFmpegKit/Execution.swift:2:8: error: no such module 'Darwin'
  1 | import CFFmpegBridge
  2 | import Darwin
    |        `- error: no such module 'Darwin'
  3 | import Foundation
  4 |
[9/10] Compiling ffmpegkit FFmpegKit.swift
/host/spi-builder-workspace/Sources/FFmpegKit/Execution.swift:2:8: error: no such module 'Darwin'
  1 | import CFFmpegBridge
  2 | import Darwin
    |        `- error: no such module 'Darwin'
  3 | import Foundation
  4 |
[10/10] Compiling ffmpegkit Types.swift
/host/spi-builder-workspace/Sources/FFmpegKit/Execution.swift:2:8: error: no such module 'Darwin'
  1 | import CFFmpegBridge
  2 | import Darwin
    |        `- error: no such module 'Darwin'
  3 | import Foundation
  4 |
BUILD FAILURE 6.1 wasm