Build Information
Failed to build GoogleCloudOSConfigV1, reference 0.5.0 (255871), with Swift 6.2 for Android on 12 Oct 2026 02:52:14 UTC.
Build Command
bash -c docker run --pull=always --rm -v "checkouts-54344847-1":/host -w "$PWD" -e JAVA_HOME="/root/.sdkman/candidates/java/current" -e SPI_BUILD="1" -e SPI_PROCESSING="1" registry.gitlab.com/saguaro1/spi-images:android-6.2-latest swift build --swift-sdk aarch64-unknown-linux-android28 2>&1Build Log
========================================
RunAll
========================================
Builder version: 5.1.1
Interrupt handler set up.
========================================
Checkout
========================================
Clone URL: https://github.com/googleapis/swift-google-cloud-osconfig-v1.git
Reference: 0.5.0
Initialized empty Git repository in /host/spi-builder-workspace/.git/
hint: Using 'master' as the name for the initial branch. This default branch name
hint: is subject to change. To configure the initial branch name to use in all
hint: of your new repositories, which will suppress this warning, call:
hint:
hint: git config --global init.defaultBranch <name>
hint:
hint: Names commonly chosen instead of 'master' are 'main', 'trunk' and
hint: 'development'. The just-created branch can be renamed via this command:
hint:
hint: git branch -m <name>
From https://github.com/googleapis/swift-google-cloud-osconfig-v1
* tag 0.5.0 -> FETCH_HEAD
HEAD is now at 255871d chore: release circa 2026-10-07 (#1382)
Cloned https://github.com/googleapis/swift-google-cloud-osconfig-v1.git
Revision (git rev-parse @):
255871d8c7fe98c2ea3c13d65cc1c7484a33f0e7
SPI manifest file found: $PWD/.spi.yml
SUCCESS checkout https://github.com/googleapis/swift-google-cloud-osconfig-v1.git at 0.5.0
========================================
Build
========================================
Selected platform: android
Swift version: 6.2
Building package at path: $PWD
https://github.com/googleapis/swift-google-cloud-osconfig-v1.git
Running build ...
bash -c docker run --pull=always --rm -v "checkouts-54344847-1":/host -w "$PWD" -e JAVA_HOME="/root/.sdkman/candidates/java/current" -e SPI_BUILD="1" -e SPI_PROCESSING="1" registry.gitlab.com/saguaro1/spi-images:android-6.2-latest swift build --swift-sdk aarch64-unknown-linux-android28 2>&1
android-6.2-latest: Pulling from saguaro1/spi-images
Digest: sha256:a839c9ce201f1dacc8eb056626ec7ab0a1c6d53d7b77c83feda395f4507c51be
Status: Image is up to date for registry.gitlab.com/saguaro1/spi-images:android-6.2-latest
Fetching https://github.com/googleapis/swift-google-wkt
Fetching https://github.com/googleapis/swift-google-rpc
Fetching https://github.com/googleapis/swift-google-type
Fetching https://github.com/googleapis/swift-google-auth
Fetching https://github.com/apple/swift-log
Fetching https://github.com/googleapis/swift-google-longrunning
[1/619] Fetching swift-google-longrunning
[70/8876] Fetching swift-google-longrunning, swift-log
[71/9298] Fetching swift-google-longrunning, swift-log, swift-google-rpc
[76/9735] Fetching swift-google-longrunning, swift-log, swift-google-rpc, swift-google-type
[483/10758] Fetching swift-google-longrunning, swift-log, swift-google-rpc, swift-google-type, swift-google-auth
[546/11781] Fetching swift-google-longrunning, swift-log, swift-google-rpc, swift-google-type, swift-google-auth, swift-google-wkt
Fetched https://github.com/googleapis/swift-google-type from cache (0.39s)
Fetched https://github.com/googleapis/swift-google-longrunning from cache (0.39s)
[2538/10725] Fetching swift-log, swift-google-rpc, swift-google-auth, swift-google-wkt
Fetching https://github.com/googleapis/swift-google-gax
Fetched https://github.com/googleapis/swift-google-wkt from cache (0.42s)
[3262/9702] Fetching swift-log, swift-google-rpc, swift-google-auth
Fetched https://github.com/googleapis/swift-google-auth from cache (0.42s)
[2404/8679] Fetching swift-log, swift-google-rpc
Fetched https://github.com/googleapis/swift-google-rpc from cache (0.53s)
Fetched https://github.com/apple/swift-log from cache (0.53s)
[1/1748] Fetching swift-google-gax
Fetched https://github.com/googleapis/swift-google-gax from cache (0.42s)
Computing version for https://github.com/googleapis/swift-google-wkt
Computed https://github.com/googleapis/swift-google-wkt at 0.5.0 (0.96s)
Fetching https://github.com/swift-extras/swift-extras-base64
[1/954] Fetching swift-extras-base64
Fetched https://github.com/swift-extras/swift-extras-base64 from cache (0.37s)
Computing version for https://github.com/googleapis/swift-google-type
Computed https://github.com/googleapis/swift-google-type at 0.5.0 (0.54s)
Computing version for https://github.com/googleapis/swift-google-rpc
Computed https://github.com/googleapis/swift-google-rpc at 0.5.0 (0.15s)
Computing version for https://github.com/googleapis/swift-google-longrunning
Computed https://github.com/googleapis/swift-google-longrunning at 0.5.0 (0.16s)
Computing version for https://github.com/googleapis/swift-google-gax
Computed https://github.com/googleapis/swift-google-gax at 0.5.0 (0.16s)
Fetching https://github.com/swift-server/async-http-client.git
Fetching https://github.com/apple/swift-nio
[1/16464] Fetching async-http-client
[2/102838] Fetching async-http-client, swift-nio
Fetched https://github.com/swift-server/async-http-client.git from cache (3.21s)
Fetched https://github.com/apple/swift-nio from cache (3.24s)
Computing version for https://github.com/googleapis/swift-google-auth
Computed https://github.com/googleapis/swift-google-auth at 0.5.0 (3.43s)
Fetching https://github.com/vapor/jwt-kit.git
Fetching https://github.com/apple/swift-system.git
[1/7241] Fetching swift-system
[2753/17495] Fetching swift-system, jwt-kit
Fetched https://github.com/apple/swift-system.git from cache (0.89s)
Fetched https://github.com/vapor/jwt-kit.git from cache (0.89s)
Computing version for https://github.com/swift-extras/swift-extras-base64
Computed https://github.com/swift-extras/swift-extras-base64 at 1.2.0 (1.06s)
Computing version for https://github.com/swift-server/async-http-client.git
Computed https://github.com/swift-server/async-http-client.git at 1.36.2 (0.19s)
Fetching https://github.com/apple/swift-nio-http2.git
Fetching https://github.com/apple/swift-distributed-tracing.git
Fetching https://github.com/apple/swift-nio-transport-services.git
Fetching https://github.com/apple/swift-atomics.git
Fetching https://github.com/apple/swift-service-context.git
Fetching https://github.com/apple/swift-algorithms.git
[1/1501] Fetching swift-service-context
[1172/4368] Fetching swift-service-context, swift-nio-transport-services
[1503/6257] Fetching swift-service-context, swift-nio-transport-services, swift-atomics
[2104/12808] Fetching swift-service-context, swift-nio-transport-services, swift-atomics, swift-distributed-tracing
[8093/18972] Fetching swift-service-context, swift-nio-transport-services, swift-atomics, swift-distributed-tracing, swift-algorithms
Fetched https://github.com/apple/swift-nio-transport-services.git from cache (0.49s)
Fetching https://github.com/apple/swift-nio-extras.git
[8084/16105] Fetching swift-service-context, swift-atomics, swift-distributed-tracing, swift-algorithms
[13456/28399] Fetching swift-service-context, swift-atomics, swift-distributed-tracing, swift-algorithms, swift-nio-http2
Fetched https://github.com/apple/swift-algorithms.git from cache (0.62s)
Fetched https://github.com/apple/swift-service-context.git from cache (0.62s)
Fetched https://github.com/apple/swift-atomics.git from cache (0.62s)
Fetching https://github.com/apple/swift-configuration.git
Fetched https://github.com/apple/swift-distributed-tracing.git from cache (0.62s)
Fetching https://github.com/apple/swift-nio-ssl.git
[2705/12294] Fetching swift-nio-http2
[12295/18997] Fetching swift-nio-http2, swift-nio-extras
[17591/22925] Fetching swift-nio-http2, swift-nio-extras, swift-configuration
[19273/39805] Fetching swift-nio-http2, swift-nio-extras, swift-configuration, swift-nio-ssl
Fetched https://github.com/apple/swift-nio-extras.git from cache (0.61s)
[17235/33102] Fetching swift-nio-http2, swift-configuration, swift-nio-ssl
Fetched https://github.com/apple/swift-configuration.git from cache (0.55s)
Fetched https://github.com/apple/swift-nio-http2.git from cache (1.17s)
[1688/16880] Fetching swift-nio-ssl
Fetched https://github.com/apple/swift-nio-ssl.git from cache (1.21s)
Computing version for https://github.com/apple/swift-service-context.git
Computed https://github.com/apple/swift-service-context.git at 1.3.0 (1.98s)
Computing version for https://github.com/apple/swift-algorithms.git
Computed https://github.com/apple/swift-algorithms.git at 1.2.1 (0.92s)
Fetching https://github.com/apple/swift-numerics.git
[1/6742] Fetching swift-numerics
Fetched https://github.com/apple/swift-numerics.git from cache (0.49s)
Computing version for https://github.com/apple/swift-log
Computed https://github.com/apple/swift-log at 1.16.1 (0.67s)
Computing version for https://github.com/apple/swift-distributed-tracing.git
Computed https://github.com/apple/swift-distributed-tracing.git at 1.5.0 (0.17s)
Computing version for https://github.com/apple/swift-atomics.git
Computed https://github.com/apple/swift-atomics.git at 1.3.1 (0.15s)
Computing version for https://github.com/apple/swift-numerics.git
Computed https://github.com/apple/swift-numerics.git at 1.1.1 (0.16s)
Computing version for https://github.com/apple/swift-nio
Computed https://github.com/apple/swift-nio at 2.104.0 (0.36s)
Fetching https://github.com/apple/swift-collections.git
[1/28703] Fetching swift-collections
Fetched https://github.com/apple/swift-collections.git from cache (1.28s)
Computing version for https://github.com/apple/swift-configuration.git
Computed https://github.com/apple/swift-configuration.git at 1.2.2 (2.10s)
Fetching https://github.com/swift-server/swift-service-lifecycle
[1/2867] Fetching swift-service-lifecycle
Fetched https://github.com/swift-server/swift-service-lifecycle from cache (0.47s)
Computing version for https://github.com/apple/swift-nio-transport-services.git
Computed https://github.com/apple/swift-nio-transport-services.git at 1.28.0 (0.64s)
Computing version for https://github.com/swift-server/swift-service-lifecycle
Computed https://github.com/swift-server/swift-service-lifecycle at 2.12.1 (0.15s)
Fetching https://github.com/apple/swift-async-algorithms.git
[1/6820] Fetching swift-async-algorithms
Fetched https://github.com/apple/swift-async-algorithms.git from cache (0.60s)
Computing version for https://github.com/apple/swift-async-algorithms.git
Computed https://github.com/apple/swift-async-algorithms.git at 1.1.7 (0.82s)
Computing version for https://github.com/apple/swift-collections.git
Computed https://github.com/apple/swift-collections.git at 1.7.2 (0.24s)
Computing version for https://github.com/apple/swift-nio-http2.git
Computed https://github.com/apple/swift-nio-http2.git at 1.46.0 (0.16s)
Computing version for https://github.com/vapor/jwt-kit.git
Computed https://github.com/vapor/jwt-kit.git at 5.7.1 (0.14s)
Fetching https://github.com/apple/swift-certificates.git
Fetching https://github.com/apple/swift-crypto.git
[1/18629] Fetching swift-crypto
[374/26242] Fetching swift-crypto, swift-certificates
Fetched https://github.com/apple/swift-certificates.git from cache (1.48s)
Fetched https://github.com/apple/swift-crypto.git from cache (1.50s)
Computing version for https://github.com/apple/swift-crypto.git
Computed https://github.com/apple/swift-crypto.git at 4.5.2 (2.11s)
Fetching https://github.com/apple/swift-asn1.git
[1/2009] Fetching swift-asn1
Fetched https://github.com/apple/swift-asn1.git from cache (0.45s)
Computing version for https://github.com/apple/swift-asn1.git
Computed https://github.com/apple/swift-asn1.git at 1.7.3 (0.63s)
Computing version for https://github.com/apple/swift-certificates.git
Computed https://github.com/apple/swift-certificates.git at 1.21.0 (0.21s)
Computing version for https://github.com/apple/swift-nio-ssl.git
Computed https://github.com/apple/swift-nio-ssl.git at 2.37.5 (0.19s)
Computing version for https://github.com/apple/swift-system.git
Computed https://github.com/apple/swift-system.git at 1.8.1 (0.18s)
Computing version for https://github.com/apple/swift-nio-extras.git
Computed https://github.com/apple/swift-nio-extras.git at 1.35.1 (0.27s)
Fetching https://github.com/apple/swift-http-structured-headers.git
Fetching https://github.com/apple/swift-http-types.git
[1/1253] Fetching swift-http-structured-headers
[1254/3192] Fetching swift-http-structured-headers, swift-http-types
Fetched https://github.com/apple/swift-http-structured-headers.git from cache (0.43s)
Fetched https://github.com/apple/swift-http-types.git from cache (0.43s)
Computing version for https://github.com/apple/swift-http-structured-headers.git
Computed https://github.com/apple/swift-http-structured-headers.git at 1.7.0 (0.59s)
Computing version for https://github.com/apple/swift-http-types.git
Computed https://github.com/apple/swift-http-types.git at 1.8.0 (0.17s)
Creating working copy for https://github.com/googleapis/swift-google-auth
Working copy of https://github.com/googleapis/swift-google-auth resolved at 0.5.0
Creating working copy for https://github.com/swift-server/swift-service-lifecycle
Working copy of https://github.com/swift-server/swift-service-lifecycle resolved at 2.12.1
Creating working copy for https://github.com/swift-server/async-http-client.git
Working copy of https://github.com/swift-server/async-http-client.git resolved at 1.36.2
Creating working copy for https://github.com/apple/swift-http-types.git
Working copy of https://github.com/apple/swift-http-types.git resolved at 1.8.0
Creating working copy for https://github.com/apple/swift-http-structured-headers.git
Working copy of https://github.com/apple/swift-http-structured-headers.git resolved at 1.7.0
Creating working copy for https://github.com/apple/swift-crypto.git
Working copy of https://github.com/apple/swift-crypto.git resolved at 4.5.2
Creating working copy for https://github.com/apple/swift-nio-transport-services.git
Working copy of https://github.com/apple/swift-nio-transport-services.git resolved at 1.28.0
Creating working copy for https://github.com/apple/swift-numerics.git
Working copy of https://github.com/apple/swift-numerics.git resolved at 1.1.1
Creating working copy for https://github.com/apple/swift-asn1.git
Working copy of https://github.com/apple/swift-asn1.git resolved at 1.7.3
Creating working copy for https://github.com/googleapis/swift-google-type
Working copy of https://github.com/googleapis/swift-google-type resolved at 0.5.0
Creating working copy for https://github.com/apple/swift-certificates.git
Working copy of https://github.com/apple/swift-certificates.git resolved at 1.21.0
Creating working copy for https://github.com/apple/swift-service-context.git
Working copy of https://github.com/apple/swift-service-context.git resolved at 1.3.0
Creating working copy for https://github.com/apple/swift-algorithms.git
Working copy of https://github.com/apple/swift-algorithms.git resolved at 1.2.1
Creating working copy for https://github.com/googleapis/swift-google-wkt
Working copy of https://github.com/googleapis/swift-google-wkt resolved at 0.5.0
Creating working copy for https://github.com/googleapis/swift-google-longrunning
Working copy of https://github.com/googleapis/swift-google-longrunning resolved at 0.5.0
Creating working copy for https://github.com/apple/swift-configuration.git
Working copy of https://github.com/apple/swift-configuration.git resolved at 1.2.2
Creating working copy for https://github.com/apple/swift-async-algorithms.git
Working copy of https://github.com/apple/swift-async-algorithms.git resolved at 1.1.7
Creating working copy for https://github.com/apple/swift-nio-http2.git
Working copy of https://github.com/apple/swift-nio-http2.git resolved at 1.46.0
Creating working copy for https://github.com/apple/swift-collections.git
Working copy of https://github.com/apple/swift-collections.git resolved at 1.7.2
Creating working copy for https://github.com/apple/swift-nio-extras.git
Working copy of https://github.com/apple/swift-nio-extras.git resolved at 1.35.1
Creating working copy for https://github.com/apple/swift-atomics.git
Working copy of https://github.com/apple/swift-atomics.git resolved at 1.3.1
Creating working copy for https://github.com/googleapis/swift-google-rpc
Working copy of https://github.com/googleapis/swift-google-rpc resolved at 0.5.0
Creating working copy for https://github.com/apple/swift-log
Working copy of https://github.com/apple/swift-log resolved at 1.16.1
Creating working copy for https://github.com/apple/swift-nio-ssl.git
Working copy of https://github.com/apple/swift-nio-ssl.git resolved at 2.37.5
Creating working copy for https://github.com/swift-extras/swift-extras-base64
Working copy of https://github.com/swift-extras/swift-extras-base64 resolved at 1.2.0
Creating working copy for https://github.com/apple/swift-nio
Working copy of https://github.com/apple/swift-nio resolved at 2.104.0
Creating working copy for https://github.com/googleapis/swift-google-gax
Working copy of https://github.com/googleapis/swift-google-gax resolved at 0.5.0
Creating working copy for https://github.com/apple/swift-distributed-tracing.git
Working copy of https://github.com/apple/swift-distributed-tracing.git resolved at 1.5.0
Creating working copy for https://github.com/vapor/jwt-kit.git
Working copy of https://github.com/vapor/jwt-kit.git resolved at 5.7.1
Creating working copy for https://github.com/apple/swift-system.git
Working copy of https://github.com/apple/swift-system.git resolved at 1.8.1
Building for debugging...
[0/1002] Write sources
[70/1002] Compiling _NumericsShims _NumericsShims.c
[71/1002] Compiling _AtomicsShims.c
[72/1002] Compiling SimpleFIPS202.c
[72/1002] Compiling CXKCPShims shims.c
[74/1002] Compiling p256-armv8-asm-win.S
[75/1002] Compiling p256-armv8-asm-linux.S
[76/1002] Compiling ghashv8-armv8-win.S
[77/1002] Compiling KeccakSponge.c
[78/1002] Compiling p256-armv8-asm-apple.S
[79/1002] Compiling CNIOWindows WSAStartup.c
[80/1002] Compiling CNIOWASI CNIOWASI.c
[80/1002] Write swift-version--11D90AFD9DD3AB2.txt
[82/1002] Compiling CNIOWindows shim.c
[83/1002] Compiling CNIOOpenBSD shim.c
[84/1002] Compiling CNIOPosix event_loop_id.c
[85/1002] Compiling CNIOLinux liburing_shims.c
[86/1002] Compiling CSystem shims.c
[86/1002] Compiling KeccakHash.c
[88/1008] Compiling CNIOLinux shim.c
[90/1078] Emitting module _NIOBase64
[90/1078] Compiling KeccakP-1600-opt64.c
[92/1089] Emitting module _NIODataStructures
[93/1089] Emitting module Logging
[94/1090] Compiling ServiceContextModule ServiceContextKey.swift
[95/1090] Compiling RealModule RealFunctions.swift
[96/1091] Compiling Logging SwiftLogNoOpLogHandler.swift
[97/1091] Compiling Logging Locks.swift
[98/1091] Emitting module RealModule
[99/1091] Compiling Logging MultiplexLogHandler.swift
[100/1091] Compiling Logging StreamLogHandler.swift
[101/1091] Emitting module ServiceContextModule
[102/1091] Compiling ServiceContextModule ServiceContext.swift
[103/1092] Compiling RealModule Real.swift
[104/1092] Compiling RealModule RelaxedArithmetic.swift
[106/1092] Compiling SystemPackage FileOperations.swift
[107/1092] Compiling SystemPackage FilePath.swift
[108/1111] Compiling InternalCollectionsUtilities MutableRef.swift
[109/1111] Compiling InternalCollectionsUtilities FixedWidthInteger+roundUpToPowerOfTwo.swift
[110/1122] Compiling RealModule Float80+Real.swift
[111/1122] Compiling _NIOBase64 Base64.swift
[112/1123] Compiling InternalCollectionsUtilities Iterable+CopyContents.swift
[113/1123] Compiling InternalCollectionsUtilities Iterable+Equality.swift
[114/1123] Compiling InternalCollectionsUtilities LifetimeOverride.swift
[116/1126] Compiling RealModule Float16+Real.swift
[122/1127] Compiling Logging Logger+Attributes.swift
[124/1127] Compiling _NIODataStructures Heap.swift
[125/1128] Compiling Logging LoggingSystem.swift
[126/1133] Compiling InternalCollectionsUtilities UnsafeMutablePointer+Extras.swift
[127/1133] Compiling InternalCollectionsUtilities UnsafeMutableRawBufferPointer+Extras.swift
[128/1133] Compiling InternalCollectionsUtilities UnsafePointer+Extras.swift
[129/1133] Compiling _CertificateInternals _TinyArray.swift
[130/1133] Emitting module _CertificateInternals
[131/1134] Compiling InternalCollectionsUtilities UnsafeRawBufferPointer+Extras.swift
[132/1134] Compiling InternalCollectionsUtilities _SortedCollection.swift
[133/1134] Compiling InternalCollectionsUtilities _UniqueCollection.swift
[135/1134] Compiling InternalCollectionsUtilities Descriptions.swift
[139/1134] Compiling InternalCollectionsUtilities Integer rank.swift
[140/1134] Compiling InternalCollectionsUtilities UInt+first and last set bit.swift
[141/1134] Compiling InternalCollectionsUtilities UInt+reversed.swift
[142/1139] Compiling _NIODataStructures PriorityQueue.swift
[143/1139] Compiling _NIODataStructures _TinyArray.swift
[143/1140] Wrapping AST for _NIOBase64 for debugging
[145/1140] Compiling Logging Logger.swift
[146/1140] Compiling Logging Logger+With.swift
[146/1140] Wrapping AST for _CertificateInternals for debugging
[149/1140] Compiling Instrumentation NoOpInstrument.swift
[149/1140] Wrapping AST for RealModule for debugging
[150/1140] Wrapping AST for ServiceContextModule for debugging
[152/1140] Compiling Instrumentation MultiplexInstrument.swift
[152/1140] Wrapping AST for _NIODataStructures for debugging
[154/1140] Compiling Instrumentation Instrument.swift
[154/1140] Compiling CNIOLLHTTP c_nio_http.c
[156/1140] Emitting module Instrumentation
[156/1140] Compiling CNIOLLHTTP c_nio_api.c
[157/1140] Compiling CNIOFreeBSD shim.c
[159/1140] Compiling InternalCollectionsUtilities BorrowingIteratorProtocol+Equality.swift
[160/1140] Compiling InternalCollectionsUtilities BorrowingIteratorProtocol+Extras.swift
[161/1140] Compiling InternalCollectionsUtilities Debugging.swift
[162/1140] Compiling InternalCollectionsUtilities MutableSpan+Extras.swift
[163/1140] Compiling InternalCollectionsUtilities OutputSpan+Extras.swift
[164/1140] Compiling InternalCollectionsUtilities RandomAccessCollection+Offsets.swift
[165/1140] Compiling InternalCollectionsUtilities Span+Extras.swift
[165/1140] Compiling CNIOLLHTTP c_nio_llhttp.c
[166/1140] Compiling CNIOExtrasZlib zutil.c
[175/1140] Compiling CNIOExtrasZlib inftrees.c
[176/1140] Compiling CNIOExtrasZlib trees.c
[177/1140] Compiling CNIOExtrasZlib inffast.c
[178/1140] Compiling CNIOExtrasZlib inflate.c
[179/1140] Compiling CNIOExtrasZlib crc32.c
[181/1140] Emitting module InternalCollectionsUtilities
[181/1140] Compiling CNIOExtrasZlib adler32.c
[182/1140] Compiling CNIOExtrasZlib deflate.c
[183/1140] Compiling CNIODarwin shim.c
[185/1140] Compiling InternalCollectionsUtilities _UnsafeBitSet+_Word.swift
[186/1140] Compiling InternalCollectionsUtilities _UnsafeBitSet.swift
[186/1140] Compiling fiat_p256_adx_sqr.S
[187/1140] Compiling fiat_p256_adx_mul.S
[188/1140] Compiling fiat_curve25519_adx_square.S
[189/1140] Compiling fiat_curve25519_adx_mul.S
[193/1140] Compiling InternalCollectionsUtilities UnsafeBufferPointer+Extras.swift
[194/1140] Compiling InternalCollectionsUtilities UnsafeMutableBufferPointer+Extras.swift
[195/1140] Compiling InternalCollectionsUtilities Strideable+LimitHelpers.swift
[196/1140] Compiling InternalCollectionsUtilities String+Padding.swift
[197/1140] Compiling InternalCollectionsUtilities TemporaryAllocation.swift
[198/1140] Compiling InternalCollectionsUtilities _UnsafeBitSet+Index.swift
[199/1141] Compiling CNIOBoringSSLShims shims.c
[203/1141] Compiling ExtrasBase64 Base32+Span.swift
[204/1141] Compiling ExtrasBase64 Base32.swift
[210/1141] Compiling Instrumentation Locks.swift
[211/1141] Compiling Instrumentation InstrumentationSystem.swift
[219/1147] Compiling SystemPackage Backcompat.swift
[220/1147] Compiling SystemPackage CInterop.swift
[221/1147] Compiling SystemPackage Constants.swift
[222/1147] Compiling SystemPackage Exports.swift
[223/1147] Compiling SystemPackage Mocking.swift
[228/1147] Compiling SystemPackage RawIORequest.swift
[230/1147] Compiling Logging MetadataProvider.swift
[231/1151] Emitting module SpanPreview
[248/1151] Emitting module SystemPackage
[249/1151] Compiling SpanPreview MutableSpan+InputSpanHelpers.swift
[250/1151] Compiling SpanPreview InputSpan.swift
[251/1151] Compiling SpanPreview OutputSpan+InputSpanHelpers.swift
[253/1152] Emitting module SwiftASN1
[257/1162] Wrapping AST for SwiftASN1 for debugging
[258/1162] Wrapping AST for SpanPreview for debugging
[259/1162] Wrapping AST for Logging for debugging
[260/1189] Wrapping AST for InternalCollectionsUtilities for debugging
[261/1204] Wrapping AST for Instrumentation for debugging
[263/1204] Compiling Tracing TracingTime.swift
[264/1205] Compiling Tracing WithTracer.swift
[265/1205] Compiling Tracing Tracer.swift
[266/1205] Compiling Tracing TracerProtocol.swift
[267/1205] Compiling Tracing NoOpTracer.swift
[268/1205] Compiling Tracing InstrumentationSystem+Tracing.swift
[269/1205] Compiling DequeModule UniqueDeque+Consumption.swift
[270/1205] Compiling DequeModule UniqueDeque+ContainerOperations.swift
[271/1205] Compiling DequeModule UniqueDeque+Deprecations.swift
[272/1205] Compiling DequeModule UniqueDeque+Descriptions.swift
[273/1205] Compiling DequeModule UniqueDeque+Equatable.swift
[274/1205] Compiling DequeModule UniqueDeque+Hashable.swift
[275/1210] Compiling DequeModule RigidDeque+Descriptions.swift
[276/1210] Compiling DequeModule RigidDeque+Equatable.swift
[277/1210] Compiling DequeModule RigidDeque+Hashable.swift
[278/1210] Compiling DequeModule RigidDeque+Initializers.swift
[279/1210] Compiling DequeModule RigidDeque+Insertions.swift
[280/1210] Compiling DequeModule RigidDeque+Iterable.swift
[281/1210] Compiling Tracing TracerProtocol+Legacy.swift
[281/1210] Compiling tls_record.cc
[283/1210] Compiling DequeModule UniqueDeque+Initializers.swift
[284/1210] Compiling DequeModule UniqueDeque+Insertions.swift
[285/1210] Compiling DequeModule UniqueDeque+Iterable.swift
[286/1210] Compiling DequeModule UniqueDeque+Prepend.swift
[287/1210] Compiling DequeModule UniqueDeque+Removals.swift
[287/1210] Compiling tls_method.cc
[294/1210] Emitting module Tracing
[295/1211] Compiling Tracing SpanProtocol.swift
[297/1212] Compiling tls13_server.cc
[298/1212] Wrapping AST for Tracing for debugging
[299/1212] Wrapping AST for SystemPackage for debugging
[301/1212] Compiling DequeModule RigidDeque+Prepend.swift
[302/1212] Compiling DequeModule RigidDeque+Removals.swift
[303/1212] Compiling DequeModule RigidDeque+Replacements.swift
[304/1212] Compiling DequeModule RigidDeque+Testing.swift
[305/1212] Compiling DequeModule RigidDeque.swift
[306/1212] Compiling DequeModule UniqueDeque+Append.swift
[307/1212] Compiling DequeModule _DequeBuffer.swift
[308/1212] Compiling DequeModule _DequeBufferHeader.swift
[309/1212] Compiling DequeModule RigidDeque+Append.swift
[310/1212] Compiling DequeModule RigidDeque+Consumption.swift
[311/1212] Compiling DequeModule RigidDeque+ContainerOperations.swift
[312/1212] Compiling DequeModule RigidDeque+Deprecations.swift
[313/1212] Compiling DequeModule Deque+Extras.swift
[314/1212] Compiling DequeModule Deque+Hashable.swift
[315/1212] Compiling DequeModule Deque+Testing.swift
[316/1212] Compiling DequeModule Deque._Storage.swift
[317/1212] Compiling DequeModule Deque._UnsafeHandle.swift
[318/1212] Compiling DequeModule Deque.swift
[319/1212] Compiling DequeModule Deque+Codable.swift
[320/1212] Compiling DequeModule Deque+Collection.swift
[321/1212] Compiling DequeModule Deque+CustomReflectable.swift
[322/1212] Compiling DequeModule Deque+Descriptions.swift
[323/1212] Compiling DequeModule Deque+Equatable.swift
[324/1212] Compiling DequeModule Deque+ExpressibleByArrayLiteral.swift
[324/1212] Compiling tls13_enc.cc
[325/1212] Compiling tls13_client.cc
[326/1212] Compiling t1_enc.cc
[327/1212] Compiling ssl_versions.cc
[328/1212] Compiling tls13_both.cc
[329/1212] Compiling ssl_x509.cc
[330/1212] Compiling ssl_stat.cc
[332/1212] Compiling DequeModule UniqueDeque+Replacements.swift
[333/1212] Compiling DequeModule UniqueDeque.swift
[334/1212] Compiling DequeModule _DequeSlot.swift
[335/1212] Compiling DequeModule _UnsafeDequeHandle.swift
[336/1212] Compiling DequeModule _UnsafeDequeSegments.swift
[336/1212] Compiling ssl_session.cc
[337/1212] Compiling ssl_transcript.cc
[338/1212] Compiling ssl_privkey.cc
[340/1212] Emitting module DequeModule
[341/1213] Compiling ssl_key_share.cc
[343/1213] Emitting module ExtrasBase64
[343/1213] Compiling ssl_lib.cc
[344/1213] Compiling ssl_file.cc
[346/1213] Compiling ExtrasBase64 Base64+Span.swift
[347/1213] Compiling ExtrasBase64 Base64.swift
[348/1257] Wrapping AST for DequeModule for debugging
[349/1257] Compiling ssl_credential.cc
[350/1257] Compiling ssl_cert.cc
[352/1257] Compiling Configuration JSONSnapshot.swift
[353/1257] Compiling Configuration PropertyListSnapshot.swift
[354/1257] Compiling Configuration ReloadingFileProvider.swift
[355/1257] Compiling Configuration ReloadingFileProviderMetrics.swift
[356/1257] Compiling Configuration YAMLSnapshot.swift
[357/1257] Compiling Configuration InMemoryProvider.swift
[358/1267] Compiling Configuration Deprecations.swift
[359/1267] Compiling Configuration ExpressibleByConfigInt.swift
[360/1267] Compiling Configuration ExpressibleByConfigString.swift
[361/1267] Compiling Configuration CLIKeyEncoder.swift
[362/1267] Compiling Configuration ConfigKeyEncoder.swift
[363/1267] Compiling Configuration DotSeparatorKeyDecoder.swift
[363/1293] Wrapping AST for ExtrasBase64 for debugging
[364/1293] Compiling ssl_cipher.cc
[365/1293] Compiling ssl_buffer.cc
[366/1293] Compiling ssl_asn1.cc
[367/1293] Compiling ssl_aead_ctx.cc
[368/1293] Compiling s3_pkt.cc
[370/1293] Compiling GoogleWKT WKTEmpty.swift
[371/1293] Compiling GoogleWKT WKTFieldMask.swift
[372/1293] Compiling GoogleWKT WKTStringValue.swift
[373/1293] Compiling GoogleWKT WKTTimestamp.swift
[374/1293] Compiling GoogleWKT WKTUInt32Value.swift
[375/1293] Compiling GoogleWKT WKTUInt64Value.swift
[375/1293] Compiling s3_lib.cc
[376/1293] Compiling s3_both.cc
[378/1293] Compiling GoogleWKT WKTField.swift
[379/1293] Compiling GoogleWKT WKTMethod.swift
[380/1293] Compiling GoogleWKT WKTMixin.swift
[381/1293] Compiling GoogleWKT WKTOption.swift
[382/1297] Compiling GoogleWKT WKTValue.swift
[383/1297] Compiling GoogleWKT WKTApi.swift
[384/1297] Compiling GoogleWKT WKTEnum.swift
[385/1297] Compiling GoogleWKT WKTEnumValue.swift
[390/1297] Compiling GoogleWKT WKTFloatValue.swift
[391/1297] Compiling GoogleWKT WKTInt32Value.swift
[392/1297] Compiling GoogleWKT WKTInt64Value.swift
[393/1297] Compiling GoogleWKT WKTRecursive.swift
[394/1297] Compiling GoogleWKT UnknownFields.swift
[395/1297] Compiling GoogleWKT WKTAny.swift
[396/1297] Compiling GoogleWKT WKTAnyError.swift
[397/1297] Compiling GoogleWKT WKTBoolValue.swift
[398/1297] Compiling GoogleWKT WKTBytesValue.swift
[399/1297] Compiling GoogleWKT WKTDoubleValue.swift
[400/1297] Compiling GoogleWKT WKTDuration.swift
[403/1297] Emitting module GoogleWKT
[404/1297] Compiling GoogleWKT AnyPackable.swift
[405/1297] Compiling GoogleWKT DecodeToDefault.swift
[406/1297] Compiling GoogleWKT DiscoveryBase64.swift
[407/1297] Compiling GoogleWKT ProtoJSONDecoder.swift
[408/1297] Compiling GoogleWKT ProtoJSONEncoder.swift
[408/1297] Compiling handshake_server.cc
[410/1297] Compiling GoogleWKT WKTSourceContext.swift
[411/1297] Compiling GoogleWKT WKTSyntax.swift
[412/1297] Compiling GoogleWKT WKTType.swift
[413/1297] Compiling GoogleWKT PackageVersion.swift
[414/1298] Compiling handshake_client.cc
[415/1298] Compiling handoff.cc
[416/1331] Compiling encrypted_client_hello.cc
[417/1331] Wrapping AST for GoogleWKT for debugging
[418/1331] Compiling handshake.cc
[419/1331] Compiling extensions.cc
[421/1331] Compiling GoogleRpc RequestInfo.swift
[422/1331] Compiling GoogleRpc ResourceInfo.swift
[423/1333] Emitting module GoogleType
[424/1335] Compiling GoogleRpc PreconditionFailure.swift
[425/1335] Compiling GoogleRpc QuotaFailure.swift
[426/1335] Compiling GoogleRpc HttpRequest.swift
[427/1335] Compiling GoogleRpc HttpResponse.swift
[432/1335] Compiling GoogleRpc LocalizedMessage.swift
[433/1335] Compiling GoogleRpc PackageVersion.swift
[434/1335] Compiling GoogleRpc DebugInfo.swift
[435/1335] Compiling GoogleRpc ErrorInfo.swift
[436/1335] Compiling GoogleRpc Help.swift
[437/1335] Compiling GoogleRpc HttpHeader.swift
[438/1335] Compiling GoogleRpc BadRequest.swift
[439/1335] Compiling GoogleRpc Code.swift
[444/1335] Compiling Configuration MutableInMemoryProvider.swift
[445/1335] Compiling Configuration ConfigProvider+Operators.swift
[446/1335] Compiling Configuration KeyMappingProvider.swift
[447/1335] Compiling Configuration SecretsSpecifier.swift
[448/1335] Compiling Configuration AsyncCombineLatestManySequence.swift
[449/1335] Compiling Configuration CombineLatestManyStateMachine.swift
[450/1335] Emitting module Configuration
[451/1335] Compiling Configuration CombineLatestManyStorage.swift
[452/1335] Compiling Configuration AsyncSequences.swift
[453/1335] Compiling Configuration FoundationExtensions.swift
[454/1335] Compiling Configuration Span.swift
[455/1335] Compiling Configuration ConfigBytesFromStringDecoder.swift
[456/1335] Emitting module GoogleRpc
[469/1335] Compiling GoogleRpc RetryInfo.swift
[470/1335] Compiling GoogleRpc Status.swift
[471/1335] Compiling GoogleType Quaternion.swift
[478/1335] Compiling GoogleType TimeOfDay.swift
[479/1335] Compiling GoogleType TimeZone.swift
[483/1337] Compiling dtls_record.cc
[484/1337] Wrapping AST for GoogleRpc for debugging
[485/1337] Wrapping AST for GoogleType for debugging
[486/1337] Compiling md5-x86_64-linux.S
[487/1337] Compiling md5-x86_64-apple.S
[494/1338] Compiling md5-586-linux.S
[495/1338] Compiling md5-586-apple.S
[497/1338] Compiling dtls_method.cc
[498/1338] Compiling chacha20_poly1305_x86_64-linux.S
[499/1338] Compiling d1_pkt.cc
[500/1338] Compiling chacha20_poly1305_x86_64-apple.S
[501/1338] Wrapping AST for Configuration for debugging
[502/1338] Compiling chacha20_poly1305_armv8-win.S
[503/1338] Compiling chacha20_poly1305_armv8-apple.S
[504/1338] Compiling chacha20_poly1305_armv8-linux.S
[505/1338] Compiling chacha-x86_64-linux.S
[506/1338] Compiling chacha-x86_64-apple.S
[507/1338] Compiling chacha-x86-linux.S
[508/1338] Compiling chacha-x86-apple.S
[509/1338] Compiling chacha-armv8-win.S
[510/1338] Compiling chacha-armv8-apple.S
[511/1338] Compiling chacha-armv8-linux.S
[512/1338] Compiling chacha-armv4-linux.S
[513/1338] Compiling aes128gcmsiv-x86_64-linux.S
[514/1338] Compiling d1_srtp.cc
[515/1338] Compiling err_data.cc
[516/1338] Compiling aes128gcmsiv-x86_64-apple.S
[517/1338] Compiling x86_64-mont-linux.S
[518/1338] Compiling x86_64-mont5-linux.S
[519/1338] Compiling x86_64-mont-apple.S
[520/1338] Compiling x86_64-mont5-apple.S
[521/1338] Compiling x86-mont-linux.S
[522/1338] Compiling vpaes-x86_64-linux.S
[523/1338] Compiling x86-mont-apple.S
[524/1338] Compiling vpaes-x86-linux.S
[525/1338] Compiling vpaes-x86-apple.S
[526/1338] Compiling vpaes-x86_64-apple.S
[527/1338] Compiling vpaes-armv8-apple.S
[528/1338] Compiling vpaes-armv8-win.S
[529/1338] Compiling vpaes-armv8-linux.S
[530/1338] Compiling sha512-x86_64-linux.S
[531/1338] Compiling vpaes-armv7-linux.S
[532/1338] Compiling sha512-x86_64-apple.S
[533/1338] Compiling sha512-armv8-win.S
[534/1338] Compiling sha512-armv8-linux.S
[535/1338] Compiling sha512-armv4-linux.S
[535/1338] Compiling sha512-armv8-apple.S
[537/1338] Compiling sha512-586-linux.S
[538/1338] Compiling sha512-586-apple.S
[539/1338] Compiling sha256-x86_64-apple.S
[540/1338] Compiling sha256-x86_64-linux.S
[541/1338] Compiling sha256-armv8-win.S
[542/1338] Compiling sha256-armv8-apple.S
[543/1338] Compiling sha256-armv8-linux.S
[544/1338] Compiling sha256-586-linux.S
[545/1338] Compiling sha256-armv4-linux.S
[546/1338] Compiling sha256-586-apple.S
[547/1338] Compiling sha1-x86_64-linux.S
[548/1338] Compiling sha1-x86_64-apple.S
[549/1338] Compiling sha1-armv4-large-linux.S
[550/1338] Compiling sha1-armv8-win.S
[551/1338] Compiling d1_lib.cc
[552/1338] Compiling sha1-armv8-linux.S
[553/1338] Compiling sha1-586-linux.S
[554/1338] Compiling sha1-armv8-apple.S
[555/1338] Compiling sha1-586-apple.S
[556/1338] Compiling rsaz-avx2-linux.S
[557/1338] Compiling rsaz-avx2-apple.S
[558/1338] Compiling rdrand-x86_64-linux.S
[559/1338] Compiling rdrand-x86_64-apple.S
[560/1338] Compiling p256_beeu-x86_64-asm-apple.S
[561/1338] Compiling p256_beeu-x86_64-asm-linux.S
[562/1338] Compiling p256_beeu-armv8-asm-apple.S
[563/1338] Compiling p256_beeu-armv8-asm-win.S
[564/1338] Compiling p256-x86_64-asm-linux.S
[565/1338] Compiling p256_beeu-armv8-asm-linux.S
[566/1338] Compiling p256-x86_64-asm-apple.S
[567/1338] Compiling ghashv8-armv7-linux.S
[568/1338] Compiling ghashv8-armv8-linux.S
[569/1338] Compiling ghashv8-armv8-apple.S
[570/1338] Compiling ghash-x86_64-linux.S
[571/1338] Compiling ghash-x86_64-apple.S
[572/1338] Compiling ghash-x86-apple.S
[573/1338] Compiling ghash-ssse3-x86_64-linux.S
[574/1338] Compiling ghash-ssse3-x86-linux.S
[575/1338] Compiling ghash-x86-linux.S
[576/1338] Compiling ghash-ssse3-x86_64-apple.S
[577/1338] Compiling ghash-neon-armv8-linux.S
[578/1338] Compiling ghash-ssse3-x86-apple.S
[579/1338] Compiling ghash-neon-armv8-win.S
[580/1338] Compiling ghash-neon-armv8-apple.S
[581/1338] Compiling ghash-armv4-linux.S
[582/1338] Compiling co-586-linux.S
[583/1338] Compiling bsaes-armv7-linux.S
[584/1338] Compiling co-586-apple.S
[585/1338] Compiling bn-586-linux.S
[586/1338] Compiling bn-armv8-linux.S
[587/1338] Compiling bio_ssl.cc
[588/1338] Compiling bn-armv8-apple.S
[589/1338] Compiling bn-armv8-win.S
[590/1338] Compiling bn-586-apple.S
[591/1338] Compiling armv8-mont-linux.S
[592/1338] Compiling armv8-mont-win.S
[593/1338] Compiling armv8-mont-apple.S
[594/1338] Compiling aesv8-gcm-armv8-win.S
[594/1338] Compiling armv4-mont-linux.S
[596/1338] Compiling aesv8-gcm-armv8-linux.S
[597/1338] Compiling aesni-x86_64-linux.S
[598/1338] Compiling aesv8-armv8-apple.S
[599/1338] Compiling aesv8-armv8-linux.S
[599/1338] Compiling aesv8-gcm-armv8-apple.S
[601/1338] Compiling aesv8-armv7-linux.S
[601/1338] Compiling aesv8-armv8-win.S
[603/1338] Compiling aesni-x86_64-apple.S
[604/1338] Compiling aesni-x86-linux.S
[605/1338] Compiling aesni-x86-apple.S
[606/1338] Compiling aesni-gcm-x86_64-apple.S
[607/1338] Compiling aes-gcm-avx2-x86_64-linux.S
[608/1338] Compiling aesni-gcm-x86_64-linux.S
[609/1338] Compiling aes-gcm-avx2-x86_64-apple.S
[610/1338] Compiling aes-gcm-avx10-x86_64-linux.S
[611/1338] Compiling aes-gcm-avx10-x86_64-apple.S
[612/1338] Compiling d1_both.cc
[613/1338] Compiling x_val.cc
[614/1338] Compiling x_sig.cc
[615/1338] Compiling x_pubkey.cc
[615/1338] Compiling x_x509a.cc
[617/1338] Compiling x_spki.cc
[618/1338] Compiling x_x509.cc
[619/1338] Compiling x_req.cc
[620/1338] Compiling x_name.cc
[621/1338] Compiling x_algor.cc
[622/1338] Compiling x509spki.cc
[623/1338] Compiling x_exten.cc
[624/1338] Compiling x509rset.cc
[625/1338] Compiling x_attrib.cc
[626/1338] Compiling x_crl.cc
[627/1338] Compiling x_all.cc
[628/1338] Compiling x509name.cc
[629/1338] Compiling x509_txt.cc
[630/1338] Compiling x509cset.cc
[631/1338] Compiling x509_trs.cc
[632/1338] Compiling x509_v3.cc
[633/1338] Compiling x509_vpm.cc
[634/1338] Compiling x509_set.cc
[635/1338] Compiling x509_vfy.cc
[636/1338] Compiling x509_req.cc
[637/1338] Compiling x509_lu.cc
[638/1338] Compiling x509_obj.cc
[639/1338] Compiling x509_ext.cc
[640/1338] Compiling x509_cmp.cc
[641/1338] Compiling x509_def.cc
[642/1338] Compiling x509_d2.cc
[643/1338] Compiling x509_att.cc
[644/1338] Compiling x509.cc
[645/1338] Compiling v3_prn.cc
[646/1338] Compiling v3_skey.cc
[647/1338] Compiling v3_purp.cc
[648/1338] Compiling v3_pcons.cc
[649/1338] Compiling v3_utl.cc
[650/1338] Compiling v3_pmaps.cc
[651/1338] Compiling v3_ocsp.cc
[652/1338] Compiling v3_lib.cc
[653/1338] Compiling v3_ncons.cc
[654/1338] Compiling v3_info.cc
[655/1338] Compiling v3_int.cc
[656/1338] Compiling v3_ia5.cc
[657/1338] Compiling v3_genn.cc
[658/1338] Compiling v3_extku.cc
[659/1338] Compiling v3_enum.cc
[660/1338] Compiling v3_cpols.cc
[661/1338] Compiling v3_conf.cc
[662/1338] Compiling v3_crld.cc
[663/1338] Compiling v3_bitst.cc
[664/1338] Compiling v3_bcons.cc
[665/1338] Compiling v3_alt.cc
[666/1338] Compiling v3_akeya.cc
[667/1338] Compiling v3_akey.cc
[668/1338] Compiling t_x509a.cc
[669/1338] Compiling t_x509.cc
[670/1338] Compiling rsa_pss.cc
[670/1338] Compiling t_req.cc
[672/1338] Compiling t_crl.cc
[673/1338] Compiling i2d_pr.cc
[674/1338] Compiling name_print.cc
[675/1338] Compiling policy.cc
[676/1338] Compiling by_file.cc
[677/1338] Compiling by_dir.cc
[678/1338] Compiling algorithm.cc
[679/1338] Compiling asn1_gen.cc
[680/1338] Compiling a_verify.cc
[681/1338] Compiling a_sign.cc
[682/1338] Compiling a_digest.cc
[683/1338] Compiling voprf.cc
[684/1338] Compiling thread_win.cc
[685/1338] Compiling thread_none.cc
[686/1338] Compiling thread_pthread.cc
[687/1338] Compiling stack.cc
[688/1338] Compiling trust_token.cc
[689/1338] Compiling siphash.cc
[690/1338] Compiling thread.cc
[691/1338] Compiling slhdsa.cc
[692/1338] Compiling sha512.cc
[693/1338] Compiling sha256.cc
[694/1338] Compiling pmbtoken.cc
[695/1338] Compiling sha1.cc
[696/1338] Compiling spake2plus.cc
[697/1338] Compiling rsa_print.cc
[698/1338] Compiling rc4.cc
[699/1338] Compiling rsa_extra.cc
[700/1338] Compiling refcount.cc
[701/1338] Compiling rsa_crypt.cc
[702/1338] Compiling windows.cc
[703/1338] Compiling urandom.cc
[704/1338] Compiling rsa_asn1.cc
[705/1338] Compiling trusty.cc
[706/1338] Compiling passive.cc
[707/1338] Compiling rand.cc
[708/1338] Compiling poly1305_arm_asm.S
[709/1338] Compiling getentropy.cc
[710/1338] Compiling ios.cc
[711/1338] Compiling fork_detect.cc
[712/1338] Compiling deterministic.cc
[713/1338] Compiling forkunsafe.cc
[714/1338] Compiling poly1305_vec.cc
[715/1338] Compiling pool.cc
[716/1338] Compiling poly1305.cc
[717/1338] Compiling poly1305_arm.cc
[718/1338] Compiling pkcs7.cc
[719/1338] Compiling pkcs8.cc
[720/1338] Compiling pkcs8_x509.cc
[721/1338] Compiling pkcs7_x509.cc
[722/1338] Compiling p5_pbev2.cc
[723/1338] Compiling pem_pkey.cc
[724/1338] Compiling pem_xaux.cc
[725/1338] Compiling pem_x509.cc
[726/1338] Compiling pem_oth.cc
[727/1338] Compiling pem_pk8.cc
[728/1338] Compiling pem_info.cc
[729/1338] Compiling obj_xref.cc
[730/1338] Compiling pem_lib.cc
[731/1338] Compiling mlkem.cc
[732/1338] Compiling pem_all.cc
[733/1338] Compiling md5.cc
[734/1338] Compiling mldsa.cc
[735/1338] Compiling poly_rq_mul.S
[736/1338] Compiling fips_shared_support.cc
[737/1338] Compiling mem.cc
[738/1338] Compiling obj.cc
[739/1338] Compiling lhash.cc
[740/1338] Compiling md4.cc
[741/1338] Compiling ex_data.cc
[742/1338] Compiling kyber.cc
[743/1338] Compiling sign.cc
[744/1338] Compiling scrypt.cc
[745/1338] Compiling print.cc
[746/1338] Compiling hrss.cc
[747/1338] Compiling pbkdf.cc
[748/1338] Compiling hpke.cc
[749/1338] Compiling p_x25519.cc
[750/1338] Compiling p_x25519_asn1.cc
[751/1338] Compiling p_ed25519.cc
[752/1338] Compiling p_rsa_asn1.cc
[753/1338] Compiling p_rsa.cc
[754/1338] Compiling p_hkdf.cc
[755/1338] Compiling p_ed25519_asn1.cc
[756/1338] Compiling p_ec_asn1.cc
[757/1338] Compiling p_ec.cc
[758/1338] Compiling p_dh_asn1.cc
[759/1338] Compiling p_dh.cc
[760/1338] Compiling evp_ctx.cc
[761/1338] Compiling p_dsa_asn1.cc
[762/1338] Compiling evp.cc
[763/1338] Compiling err.cc
[764/1338] Compiling evp_asn1.cc
[765/1338] Compiling engine.cc
[766/1338] Compiling ecdh.cc
[767/1338] Compiling hash_to_curve.cc
[768/1338] Compiling ecdsa_asn1.cc
[769/1338] Compiling ec_derive.cc
[770/1338] Compiling dsa.cc
[771/1338] Compiling dsa_asn1.cc
[772/1338] Compiling ec_asn1.cc
[773/1338] Compiling bcm.cc
[774/1338] Compiling x25519-asm-arm.S
[775/1338] Compiling params.cc
[776/1338] Compiling digest_extra.cc
[777/1338] Compiling des.cc
[778/1338] Compiling dh_asn1.cc
[779/1338] Compiling crypto.cc
[780/1338] Compiling curve25519_64_adx.cc
[781/1338] Compiling cpu_intel.cc
[782/1338] Compiling spake25519.cc
[783/1338] Compiling curve25519.cc
[784/1338] Compiling cpu_arm_linux.cc
[785/1338] Compiling cpu_arm_freebsd.cc
[786/1338] Compiling cpu_aarch64_win.cc
[787/1338] Compiling cpu_aarch64_openbsd.cc
[788/1338] Compiling cpu_aarch64_sysreg.cc
[789/1338] Compiling cpu_aarch64_fuchsia.cc
[790/1338] Compiling cpu_aarch64_linux.cc
[791/1338] Compiling cpu_aarch64_apple.cc
[792/1338] Compiling conf.cc
[793/1338] Compiling tls_cbc.cc
[794/1338] Compiling e_rc4.cc
[795/1338] Compiling e_tls.cc
[796/1338] Compiling get_cipher.cc
[797/1338] Compiling e_null.cc
[798/1338] Compiling e_rc2.cc
[799/1338] Compiling e_des.cc
[800/1338] Compiling e_chacha20poly1305.cc
[801/1338] Compiling e_aesctrhmac.cc
[802/1338] Compiling e_aesgcmsiv.cc
[803/1338] Compiling derive_key.cc
[804/1338] Compiling chacha.cc
[805/1338] Compiling unicode.cc
[806/1338] Compiling cbs.cc
[807/1338] Compiling buf.cc
[807/1338] Compiling ber.cc
[809/1338] Compiling cbb.cc
[810/1338] Compiling blake2.cc
[811/1338] Compiling asn1_compat.cc
[812/1338] Compiling convert.cc
[813/1338] Compiling bn_asn1.cc
[814/1338] Compiling socket_helper.cc
[815/1338] Compiling printf.cc
[816/1338] Compiling socket.cc
[817/1338] Compiling hexdump.cc
[818/1338] Compiling pair.cc
[819/1338] Compiling errno.cc
[820/1338] Compiling file.cc
[821/1338] Compiling fd.cc
[822/1338] Compiling connect.cc
[823/1338] Compiling bio_mem.cc
[824/1338] Compiling base64.cc
[825/1338] Compiling bio.cc
[826/1338] Compiling tasn_fre.cc
[827/1338] Compiling tasn_typ.cc
[828/1338] Compiling tasn_utl.cc
[829/1338] Compiling tasn_new.cc
[830/1338] Compiling tasn_enc.cc
[831/1338] Compiling posix_time.cc
[832/1338] Compiling f_string.cc
[833/1338] Compiling f_int.cc
[834/1338] Compiling asn1_par.cc
[835/1338] Compiling asn_pack.cc
[836/1338] Compiling tasn_dec.cc
[837/1338] Compiling asn1_lib.cc
[838/1338] Compiling a_utctm.cc
[839/1338] Compiling a_type.cc
[840/1338] Compiling a_octet.cc
[841/1338] Compiling a_time.cc
[842/1338] Compiling a_strnid.cc
[843/1338] Compiling a_strex.cc
[844/1338] Compiling a_object.cc
[845/1338] Compiling a_i2d_fp.cc
[846/1338] Compiling a_dup.cc
[847/1338] Compiling a_int.cc
[848/1338] Compiling CGoogleGaxCRC32C CGoogleGaxCRC32C.c
[849/1338] Compiling a_mbstr.cc
[850/1338] Compiling a_d2i_fp.cc
[851/1338] Compiling a_gentm.cc
[852/1338] Compiling fiat_p256_adx_sqr.S
[853/1338] Compiling fiat_p256_adx_mul.S
[854/1338] Compiling fiat_curve25519_adx_square.S
[855/1338] Compiling fiat_curve25519_adx_mul.S
[856/1338] Compiling md5-x86_64-linux.S
[857/1338] Compiling md5-586-linux.S
[858/1338] Compiling md5-x86_64-apple.S
[859/1338] Compiling chacha20_poly1305_x86_64-linux.S
[860/1338] Compiling md5-586-apple.S
[861/1338] Compiling chacha20_poly1305_x86_64-apple.S
[862/1338] Compiling chacha20_poly1305_armv8-win.S
[863/1338] Compiling a_bitstr.cc
[864/1338] Compiling chacha20_poly1305_armv8-apple.S
[865/1338] Compiling CCryptoBoringSSLShims shims.c
[866/1338] Compiling chacha20_poly1305_armv8-linux.S
[867/1338] Compiling chacha-x86_64-linux.S
[868/1338] Compiling a_bool.cc
[869/1338] Compiling chacha-x86_64-apple.S
[870/1338] Compiling chacha-x86-linux.S
[871/1338] Compiling chacha-armv8-win.S
[872/1338] Compiling chacha-x86-apple.S
[873/1338] Compiling chacha-armv8-apple.S
[874/1338] Compiling aes128gcmsiv-x86_64-linux.S
[875/1338] Compiling chacha-armv4-linux.S
[876/1338] Compiling x86_64-mont5-linux.S
[877/1338] Compiling aes128gcmsiv-x86_64-apple.S
[878/1338] Compiling chacha-armv8-linux.S
[879/1338] Compiling x86_64-mont-linux.S
[880/1338] Compiling x86_64-mont5-apple.S
[881/1338] Compiling x86-mont-linux.S
[882/1338] Compiling x86_64-mont-apple.S
[883/1338] Compiling vpaes-x86_64-linux.S
[884/1338] Compiling x86-mont-apple.S
[885/1338] Compiling vpaes-x86-linux.S
[886/1338] Compiling vpaes-x86_64-apple.S
[887/1338] Compiling vpaes-x86-apple.S
[888/1338] Compiling vpaes-armv8-win.S
[889/1338] Compiling vpaes-armv8-apple.S
[890/1338] Compiling vpaes-armv7-linux.S
[891/1338] Compiling vpaes-armv8-linux.S
[892/1338] Compiling sha512-x86_64-linux.S
[893/1338] Compiling sha512-x86_64-apple.S
[894/1338] Compiling sha512-armv8-win.S
[895/1338] Compiling sha512-armv8-apple.S
[896/1338] Compiling err_data.cc
[897/1338] Compiling sha512-armv4-linux.S
[898/1338] Compiling sha512-586-linux.S
[899/1338] Compiling sha512-586-apple.S
[900/1338] Compiling sha256-x86_64-linux.S
[901/1338] Compiling sha512-armv8-linux.S
[902/1338] Compiling sha256-x86_64-apple.S
[903/1338] Compiling sha256-armv8-win.S
[904/1338] Compiling sha256-armv8-apple.S
[905/1338] Compiling sha256-armv4-linux.S
[906/1338] Compiling sha256-armv8-linux.S
[907/1338] Compiling sha256-586-linux.S
[908/1338] Compiling sha1-x86_64-linux.S
[909/1338] Compiling sha256-586-apple.S
[910/1338] Compiling sha1-x86_64-apple.S
[911/1338] Compiling sha1-armv8-apple.S
[912/1338] Compiling sha1-armv8-win.S
[913/1338] Compiling sha1-armv8-linux.S
[914/1338] Compiling rdrand-x86_64-linux.S
[915/1338] Compiling sha1-586-apple.S
[916/1338] Compiling rsaz-avx2-apple.S
[917/1338] Compiling sha1-586-linux.S
[918/1338] Compiling sha1-armv4-large-linux.S
[919/1338] Compiling rsaz-avx2-linux.S
[920/1338] Compiling rdrand-x86_64-apple.S
[921/1338] Compiling p256_beeu-armv8-asm-win.S
[922/1338] Compiling p256_beeu-x86_64-asm-linux.S
[923/1338] Compiling p256_beeu-x86_64-asm-apple.S
[924/1338] Compiling p256_beeu-armv8-asm-apple.S
[925/1338] Compiling p256-x86_64-asm-apple.S
[926/1338] Compiling p256-x86_64-asm-linux.S
[927/1338] Compiling p256_beeu-armv8-asm-linux.S
[928/1338] Compiling p256-armv8-asm-win.S
[929/1338] Compiling ghashv8-armv8-linux.S
[930/1338] Compiling ghashv8-armv8-win.S
[931/1338] Compiling ghashv8-armv8-apple.S
[932/1338] Compiling p256-armv8-asm-apple.S
[933/1338] Compiling ghashv8-armv7-linux.S
[934/1338] Compiling p256-armv8-asm-linux.S
[935/1338] Compiling ghash-x86_64-linux.S
[936/1338] Compiling ghash-ssse3-x86_64-apple.S
[936/1338] Compiling ghash-x86-linux.S
[938/1338] Compiling ghash-x86_64-apple.S
[939/1338] Compiling ghash-x86-apple.S
[940/1338] Compiling ghash-ssse3-x86_64-linux.S
[941/1338] Compiling ghash-neon-armv8-win.S
[942/1338] Compiling ghash-ssse3-x86-linux.S
[943/1338] Compiling ghash-neon-armv8-apple.S
[944/1338] Compiling ghash-ssse3-x86-apple.S
[945/1338] Compiling ghash-armv4-linux.S
[946/1338] Compiling ghash-neon-armv8-linux.S
[947/1338] Compiling co-586-linux.S
[948/1338] Compiling co-586-apple.S
[949/1338] Compiling bsaes-armv7-linux.S
[950/1338] Compiling bn-armv8-win.S
[951/1338] Compiling bn-armv8-apple.S
[952/1338] Compiling bn-armv8-linux.S
[953/1338] Compiling armv8-mont-win.S
[954/1338] Compiling bn-586-linux.S
[955/1338] Compiling bn-586-apple.S
[956/1338] Compiling armv8-mont-apple.S
[957/1338] Compiling armv8-mont-linux.S
[958/1338] Compiling aesv8-gcm-armv8-apple.S
[959/1338] Compiling aesv8-gcm-armv8-win.S
[960/1338] Compiling armv4-mont-linux.S
[961/1338] Compiling aesv8-armv8-win.S
[962/1338] Compiling aesv8-armv8-linux.S
[963/1338] Compiling aesni-x86_64-apple.S
[964/1338] Compiling aesv8-gcm-armv8-linux.S
[965/1338] Compiling aesv8-armv8-apple.S
[966/1338] Compiling aesv8-armv7-linux.S
[967/1338] Compiling aesni-x86_64-linux.S
[968/1338] Compiling aesni-x86-linux.S
[969/1338] Compiling aesni-x86-apple.S
[970/1338] Compiling aesni-gcm-x86_64-linux.S
[971/1338] Compiling aes-gcm-avx512-x86_64-apple.S
[972/1338] Compiling aes-gcm-avx2-x86_64-linux.S
[973/1338] Compiling aes-gcm-avx512-x86_64-linux.S
[974/1338] Compiling aesni-gcm-x86_64-apple.S
[975/1338] Compiling aes-gcm-avx2-x86_64-apple.S
[976/1338] Compiling xwing.cc
[977/1338] Compiling x_spki.cc
[978/1338] Compiling x_sig.cc
[979/1338] Compiling x_x509a.cc
[980/1338] Compiling x_req.cc
[981/1338] Compiling x_x509.cc
[982/1338] Compiling c-nioatomics.c
[983/1338] Compiling x_pubkey.cc
[984/1338] Compiling c-atomics.c
[985/1338] Compiling x_exten.cc
[986/1338] Compiling x_name.cc
[987/1345] Compiling x_attrib.cc
[988/1345] Compiling x_crl.cc
[990/1345] Compiling NIOConcurrencyHelpers NIOLockedValueBox.swift
[990/1345] Compiling x_all.cc
[992/1345] Compiling NIOConcurrencyHelpers lock.swift
[993/1345] Compiling NIOConcurrencyHelpers atomics.swift
[994/1345] Compiling NIOConcurrencyHelpers NIOThreadPoolWorkAvailable.swift
[995/1345] Compiling NIOConcurrencyHelpers NIOLock.swift
[996/1345] Emitting module NIOConcurrencyHelpers
[997/1345] Compiling NIOConcurrencyHelpers NIOAtomic.swift
[998/1346] Compiling x509rset.cc
[999/1346] Wrapping AST for NIOConcurrencyHelpers for debugging
[1000/1346] Compiling x509spki.cc
[1001/1346] Compiling x_algor.cc
[1002/1346] Compiling x509name.cc
[1003/1346] Compiling x509cset.cc
[1004/1346] Compiling x509_vpm.cc
[1005/1346] Compiling x509_vfy.cc
[1006/1346] Compiling x509_v3.cc
[1007/1346] Compiling x509_req.cc
[1008/1346] Compiling x509_txt.cc
[1009/1346] Compiling x509_set.cc
[1010/1346] Compiling x509_trs.cc
[1011/1346] Compiling x509_obj.cc
[1012/1346] Compiling x509_lu.cc
[1013/1346] Compiling x509_ext.cc
[1014/1346] Compiling x509_d2.cc
[1015/1346] Compiling x509_def.cc
[1016/1346] Compiling x509_cmp.cc
[1017/1346] Compiling x509_att.cc
[1018/1346] Compiling x509.cc
[1019/1346] Compiling v3_utl.cc
[1020/1346] Compiling v3_skey.cc
[1021/1346] Compiling v3_pmaps.cc
[1022/1346] Compiling v3_prn.cc
[1023/1346] Compiling v3_purp.cc
[1024/1346] Compiling v3_pcons.cc
[1025/1346] Compiling v3_ocsp.cc
[1026/1346] Compiling v3_lib.cc
[1027/1346] Compiling v3_ncons.cc
[1028/1346] Compiling v3_int.cc
[1029/1346] Compiling v3_info.cc
[1030/1346] Compiling v3_genn.cc
[1031/1346] Compiling v3_ia5.cc
[1032/1346] Compiling v3_extku.cc
[1033/1346] Compiling v3_enum.cc
[1034/1346] Compiling v3_cpols.cc
[1035/1346] Compiling v3_crld.cc
[1036/1346] Compiling v3_conf.cc
[1037/1346] Compiling v3_bitst.cc
[1038/1346] Compiling v3_bcons.cc
[1039/1346] Compiling v3_alt.cc
[1040/1346] Compiling v3_akey.cc
[1041/1346] Compiling t_x509.cc
[1042/1346] Compiling t_x509a.cc
[1043/1346] Compiling v3_akeya.cc
[1044/1346] Compiling t_req.cc
[1045/1346] Compiling t_crl.cc
[1046/1346] Compiling i2d_pr.cc
[1047/1346] Compiling rsa_pss.cc
[1048/1346] Compiling name_print.cc
[1049/1346] Compiling policy.cc
[1050/1346] Compiling by_dir.cc
[1051/1346] Compiling by_file.cc
[1052/1346] Compiling asn1_gen.cc
[1053/1346] Compiling algorithm.cc
[1054/1346] Compiling a_verify.cc
[1055/1346] Compiling voprf.cc
[1056/1346] Compiling a_digest.cc
[1057/1346] Compiling thread_win.cc
[1058/1346] Compiling a_sign.cc
[1059/1346] Compiling trust_token.cc
[1060/1346] Compiling thread_pthread.cc
[1061/1346] Compiling pmbtoken.cc
[1062/1346] Compiling thread_none.cc
[1063/1346] Compiling thread.cc
[1064/1346] Compiling stack.cc
[1065/1346] Compiling siphash.cc
[1066/1346] Compiling sha512.cc
[1067/1346] Compiling slhdsa.cc
[1068/1346] Compiling sha256.cc
[1069/1346] Compiling sha1.cc
[1070/1346] Compiling spake2plus.cc
[1071/1346] Compiling rsa_print.cc
[1072/1346] Compiling rsa_extra.cc
[1073/1346] Compiling refcount.cc
[1074/1346] Compiling rc4.cc
[1075/1346] Compiling rsa_crypt.cc
[1076/1346] Compiling windows.cc
[1077/1346] Compiling urandom.cc
[1078/1346] Compiling trusty.cc
[1079/1346] Compiling rand.cc
[1080/1346] Compiling rsa_asn1.cc
[1081/1346] Compiling passive.cc
[1082/1346] Compiling poly1305_arm_asm.S
[1083/1346] Compiling ios.cc
[1084/1346] Compiling getentropy.cc
[1085/1346] Compiling fork_detect.cc
[1086/1346] Compiling forkunsafe.cc
[1087/1346] Compiling deterministic.cc
[1088/1346] Compiling poly1305_vec.cc
[1089/1346] Compiling poly1305_arm.cc
[1090/1346] Compiling poly1305.cc
[1091/1346] Compiling pool.cc
[1092/1346] Compiling pkcs8.cc
[1093/1346] Compiling pkcs8_x509.cc
[1094/1346] Compiling p5_pbev2.cc
[1095/1346] Compiling pkcs7.cc
[1096/1346] Compiling pkcs7_x509.cc
[1097/1346] Compiling pem_xaux.cc
[1098/1346] Compiling pem_x509.cc
[1099/1346] Compiling pem_pkey.cc
[1100/1346] Compiling pem_oth.cc
[1101/1346] Compiling pem_pk8.cc
[1102/1346] Compiling obj_xref.cc
[1103/1346] Compiling mlkem.cc
[1104/1346] Compiling pem_lib.cc
[1105/1346] Compiling pem_info.cc
[1106/1346] Compiling pem_all.cc
[1107/1346] Compiling obj.cc
[1108/1346] Compiling poly_rq_mul.S
[1109/1346] Compiling mldsa.cc
[1110/1346] Compiling mem.cc
[1111/1346] Compiling fips_shared_support.cc
[1112/1346] Compiling lhash.cc
[1113/1346] Compiling md5.cc
[1114/1346] Compiling md4.cc
[1115/1346] Compiling hrss.cc
[1116/1346] Compiling kyber.cc
[1117/1346] Compiling fuzzer_mode.cc
[1118/1346] Compiling hpke.cc
[1119/1346] Compiling ex_data.cc
[1120/1346] Compiling pbkdf.cc
[1121/1346] Compiling scrypt.cc
[1122/1346] Compiling print.cc
[1123/1346] Compiling sign.cc
[1124/1346] Compiling p_x25519.cc
[1125/1346] Compiling p_x25519_asn1.cc
[1126/1346] Compiling p_rsa_asn1.cc
[1127/1346] Compiling p_rsa.cc
[1128/1346] Compiling p_hkdf.cc
[1129/1346] Compiling p_ed25519_asn1.cc
[1130/1346] Compiling p_ed25519.cc
[1131/1346] Compiling p_ec_asn1.cc
[1132/1346] Compiling p_ec.cc
[1133/1346] Compiling p_dsa_asn1.cc
[1134/1346] Compiling p_dh.cc
[1135/1346] Compiling p_dh_asn1.cc
[1136/1346] Compiling evp_ctx.cc
[1137/1346] Compiling evp_asn1.cc
[1138/1346] Compiling engine.cc
[1139/1346] Compiling err.cc
[1140/1346] Compiling evp.cc
[1141/1346] Compiling ecdsa_p1363.cc
[1142/1346] Compiling ecdh.cc
[1143/1346] Compiling ecdsa_asn1.cc
[1144/1346] Compiling ec_derive.cc
[1145/1346] Compiling hash_to_curve.cc
[1146/1346] Compiling dsa.cc
[1147/1346] Compiling ec_asn1.cc
[1148/1346] Compiling dsa_asn1.cc
[1149/1346] Compiling digest_extra.cc
[1150/1346] Compiling x25519-asm-arm.S
[1151/1346] Compiling des.cc
[1152/1346] Compiling spake25519.cc
[1153/1346] Compiling params.cc
[1154/1346] Compiling curve25519_64_adx.cc
[1155/1346] Compiling dh_asn1.cc
[1156/1346] Compiling crypto.cc
[1157/1346] Compiling cpu_intel.cc
[1158/1346] Compiling curve25519.cc
[1159/1346] Compiling cpu_arm_linux.cc
[1160/1346] Compiling cpu_arm_freebsd.cc
[1161/1346] Compiling cpu_aarch64_sysreg.cc
[1162/1346] Compiling cpu_aarch64_win.cc
[1163/1346] Compiling cpu_aarch64_openbsd.cc
[1164/1346] Compiling cpu_aarch64_linux.cc
[1165/1346] Compiling cpu_aarch64_apple.cc
[1166/1346] Compiling cpu_aarch64_fuchsia.cc
[1167/1346] Compiling tls_cbc.cc
[1168/1346] Compiling conf.cc
[1169/1346] Compiling get_cipher.cc
[1170/1346] Compiling e_rc4.cc
[1171/1346] Compiling e_tls.cc
[1172/1346] Compiling e_rc2.cc
[1173/1346] Compiling cms.cc
[1174/1346] Compiling e_des.cc
[1175/1346] Compiling e_null.cc
[1176/1346] Compiling e_chacha20poly1305.cc
[1177/1346] Compiling e_aesgcmsiv.cc
[1178/1346] Compiling e_aesctrhmac.cc
[1179/1346] Compiling e_aeseax.cc
[1180/1346] Compiling derive_key.cc
[1181/1346] Compiling chacha.cc
[1182/1346] Compiling unicode.cc
[1183/1346] Compiling sqrt.cc
[1184/1346] Compiling buf.cc
[1185/1346] Compiling cbb.cc
[1186/1346] Compiling ber.cc
[1187/1346] Compiling cbs.cc
[1188/1346] Compiling asn1_compat.cc
[1189/1346] Compiling exponentiation.cc
[1190/1346] Compiling div.cc
[1191/1346] Compiling blake2.cc
[1192/1346] Compiling printf.cc
[1193/1346] Compiling pair.cc
[1194/1346] Compiling bn_asn1.cc
[1195/1346] Compiling convert.cc
[1196/1346] Compiling hexdump.cc
[1197/1346] Compiling file.cc
[1198/1346] Compiling fd.cc
[1199/1346] Compiling errno.cc
[1200/1346] Compiling bio_mem.cc
[1201/1346] Compiling base64.cc
[1202/1346] Compiling bio.cc
[1203/1346] Compiling tasn_typ.cc
[1204/1346] Compiling tasn_utl.cc
[1205/1346] Compiling tasn_enc.cc
[1206/1346] Compiling tasn_fre.cc
[1207/1346] Compiling tasn_new.cc
[1208/1346] Compiling posix_time.cc
[1209/1346] Compiling f_string.cc
[1210/1346] Compiling bcm.cc
[1211/1346] Compiling tasn_dec.cc
[1212/1346] Compiling f_int.cc
[1213/1346] Compiling asn_pack.cc
[1214/1346] Compiling asn1_par.cc
[1215/1346] Compiling asn1_lib.cc
[1216/1346] Compiling a_utctm.cc
[1217/1346] Compiling a_type.cc
[1218/1346] Compiling a_time.cc
[1219/1346] Compiling a_octet.cc
[1220/1346] Compiling a_strnid.cc
[1221/1346] Compiling a_object.cc
[1222/1346] Compiling a_strex.cc
[1223/1346] Compiling a_i2d_fp.cc
[1224/1346] Compiling a_mbstr.cc
[1225/1346] Compiling a_dup.cc
[1225/1346] Write sources
[1229/1346] Compiling CAsyncHTTPClient CAsyncHTTPClient.c
[1230/1346] Compiling a_int.cc
[1231/1346] Compiling a_d2i_fp.cc
[1232/1389] Compiling a_gentm.cc
[1233/1389] Compiling aes.cc
[1234/1389] Compiling a_bool.cc
[1236/1389] Compiling Algorithms Keyed.swift
[1237/1389] Compiling Algorithms MinMax.swift
[1237/1391] Compiling a_bitstr.cc
[1239/1391] Compiling Algorithms FirstNonNil.swift
[1240/1391] Compiling Algorithms Joined.swift
[1241/1399] Compiling Algorithms Compacted.swift
[1242/1399] Compiling Algorithms Cycle.swift
[1243/1399] Compiling Algorithms EitherSequence.swift
[1244/1399] Compiling Algorithms Combinations.swift
[1245/1399] Compiling Algorithms Partition.swift
[1246/1399] Compiling Atomics IntegerOperations.swift
[1247/1399] Compiling Atomics Unmanaged extensions.swift
[1248/1399] Compiling Algorithms RandomSample.swift
[1249/1399] Compiling Algorithms Reductions.swift
[1250/1399] Compiling Algorithms Rotate.swift
[1251/1399] Compiling Algorithms Permutations.swift
[1252/1399] Compiling Algorithms Product.swift
[1253/1399] Compiling Algorithms Split.swift
[1254/1399] Compiling Algorithms Stride.swift
[1255/1399] Compiling Algorithms Suffix.swift
[1265/1402] Compiling CryptoBoringWrapper RandomBytes.swift
[1266/1402] Compiling CryptoBoringWrapper CryptoKitErrors_boring.swift
[1273/1402] Compiling Algorithms Indexed.swift
[1274/1402] Compiling Algorithms Intersperse.swift
[1275/1402] Compiling Algorithms Trim.swift
[1276/1402] Compiling Algorithms Unique.swift
[1277/1402] Compiling Algorithms Windows.swift
[1278/1402] Compiling CryptoBoringWrapper FiniteFieldArithmeticContext.swift
[1279/1402] Emitting module CryptoBoringWrapper
[1280/1402] Compiling CryptoBoringWrapper EllipticCurve.swift
[1281/1402] Compiling CryptoBoringWrapper BoringSSLAEAD.swift
[1282/1402] Compiling CryptoBoringWrapper EllipticCurvePoint.swift
[1283/1402] Compiling CryptoBoringWrapper ArbitraryPrecisionInteger.swift
[1284/1403] Wrapping AST for CryptoBoringWrapper for debugging
[1286/1403] Compiling Algorithms AdjacentPairs.swift
[1287/1403] Compiling Algorithms Chain.swift
[1288/1403] Compiling Algorithms Chunked.swift
[1290/1487] Compiling Crypto AES-GCM.swift
[1291/1487] Compiling Crypto AES-GCM_boring.swift
[1292/1487] Compiling Crypto ChaChaPoly_boring.swift
[1293/1487] Emitting module Atomics
[1294/1488] Wrapping AST for Atomics for debugging
[1296/1552] Emitting module Algorithms
[1297/1553] Wrapping AST for Algorithms for debugging
[1299/1553] Compiling NIOCore NIOCoreSendableMetatype.swift
[1300/1553] Compiling NIOCore NIODecodedAsyncSequence.swift
[1301/1553] Compiling NIOCore NIOLoopBound.swift
[1302/1553] Compiling NIOCore NIOPooledRecvBufferAllocator.swift
[1303/1553] Compiling NIOCore NIOScheduledCallback.swift
[1304/1553] Compiling NIOCore NIOSendable.swift
[1305/1553] Compiling NIOCore NIOSplitLinesMessageDecoder.swift
[1306/1553] Compiling NIOCore NIOTransportAccessibleChannelCore.swift
[1307/1553] Compiling NIOCore RecvByteBufferAllocator.swift
[1308/1561] Emitting module Crypto
[1309/1572] Compiling NIOCore IPProtocol.swift
[1310/1572] Compiling NIOCore IntegerBitPacking.swift
[1311/1572] Compiling NIOCore IntegerTypes.swift
[1312/1572] Compiling NIOCore Interfaces.swift
[1313/1572] Compiling NIOCore Linux.swift
[1314/1572] Compiling NIOCore MarkedCircularBuffer.swift
[1315/1572] Compiling NIOCore MulticastChannel.swift
[1316/1572] Compiling NIOCore NIOAny.swift
[1317/1572] Compiling NIOCore NIOCloseOnErrorHandler.swift
[1318/1572] Compiling NIOCore EventLoopFuture+Deprecated.swift
[1319/1572] Compiling NIOCore EventLoopFuture+WithEventLoop.swift
[1320/1572] Compiling NIOCore EventLoopFuture.swift
[1321/1572] Compiling NIOCore FileDescriptor.swift
[1322/1572] Compiling NIOCore FileHandle.swift
[1323/1572] Compiling NIOCore FileRegion.swift
[1324/1572] Compiling NIOCore GlobalSingletons.swift
[1325/1572] Compiling NIOCore IO.swift
[1326/1572] Compiling NIOCore IOData.swift
[1327/1572] Compiling Crypto CryptoKitErrors.swift
[1328/1572] Compiling Crypto Digest_boring.swift
[1329/1572] Compiling Crypto Digest.swift
[1330/1572] Compiling Crypto Digests.swift
[1331/1572] Compiling Crypto HashFunctions.swift
[1332/1572] Compiling Crypto HashFunctions_SHA2.swift
[1333/1572] Compiling Crypto HashFunctions_SHA3.swift
[1334/1572] Compiling Crypto Digest_xkcp.swift
[1335/1572] Compiling Crypto HPKE-AEAD.swift
[1336/1572] Compiling Crypto HPKE-Ciphersuite.swift
[1337/1572] Compiling Crypto HPKE-KDF.swift
[1338/1572] Compiling Crypto HPKE-KexKeyDerivation.swift
[1350/1572] Compiling NIOCore ChannelInvoker.swift
[1351/1572] Compiling NIOCore ChannelOption.swift
[1352/1572] Compiling NIOCore ChannelPipeline.swift
[1366/1572] Compiling NIOCore SingleStepByteToMessageDecoder.swift
[1367/1572] Compiling NIOCore SocketAddresses.swift
[1368/1572] Compiling NIOCore SocketOptionProvider.swift
[1369/1572] Compiling NIOCore SystemCallHelpers.swift
[1370/1572] Compiling NIOCore TimeAmount+Duration.swift
[1371/1572] Compiling NIOCore TypeAssistedChannelHandler.swift
[1372/1572] Compiling NIOCore UniversalBootstrapSupport.swift
[1373/1572] Compiling NIOCore Utilities.swift
[1374/1572] Compiling NIOCore AddressedEnvelope.swift
[1375/1572] Compiling NIOCore AsyncAwaitSupport.swift
[1376/1572] Compiling NIOCore AsyncChannel.swift
[1377/1572] Compiling NIOCore AsyncChannelHandler.swift
[1378/1572] Compiling NIOCore AsyncChannelInboundStream.swift
[1379/1572] Compiling NIOCore AsyncChannelOutboundWriter.swift
[1380/1572] Compiling NIOCore NIOAsyncSequenceProducer.swift
[1381/1572] Compiling NIOCore NIOAsyncSequenceProducerStrategies.swift
[1382/1572] Compiling NIOCore NIOAsyncWriter.swift
[1383/1572] Compiling NIOCore NIOThrowingAsyncSequenceProducer.swift
[1384/1572] Compiling NIOCore BSDSocketAPI.swift
[1385/1572] Compiling NIOCore ByteBuffer-aux.swift
[1386/1572] Compiling NIOCore ByteBuffer-binaryEncodedLengthPrefix.swift
[1387/1572] Compiling NIOCore ByteBuffer-conversions.swift
[1388/1572] Compiling NIOCore ByteBuffer-core.swift
[1389/1572] Compiling NIOCore ByteBuffer-hex.swift
[1390/1572] Compiling NIOCore ByteBuffer-int.swift
[1391/1572] Compiling NIOCore ByteBuffer-lengthPrefix.swift
[1392/1572] Compiling NIOCore ByteBuffer-multi-int.swift
[1393/1572] Compiling NIOCore ByteBuffer-quicBinaryEncodingStrategy.swift
[1394/1572] Compiling NIOCore ByteBuffer-views.swift
[1395/1572] Compiling NIOCore Channel.swift
[1396/1572] Compiling NIOCore ChannelHandler.swift
[1397/1572] Compiling NIOCore ChannelHandlers.swift
[1398/1572] Compiling NIOCore CircularBuffer.swift
[1399/1572] Compiling NIOCore Codec.swift
[1400/1572] Compiling NIOCore ConvenienceOptionSupport.swift
[1401/1572] Compiling NIOCore DeadChannel.swift
[1402/1572] Compiling NIOCore DispatchQueue+WithFuture.swift
[1403/1572] Compiling NIOCore EventLoop+Deprecated.swift
[1404/1572] Compiling NIOCore EventLoop+SerialExecutor.swift
[1405/1572] Compiling NIOCore EventLoop.swift
[1406/1572] Compiling NIOCore EventLoopFuture+AssumeIsolated.swift
[1410/1572] Compiling Crypto Signature.swift
[1411/1572] Compiling Crypto CryptoKitErrors_boring.swift
[1412/1572] Compiling Crypto Optional+withUnsafeBytes_boring.swift
[1413/1572] Compiling Crypto RNG_boring.swift
[1414/1572] Compiling Crypto SafeCompare_boring.swift
[1415/1572] Compiling Crypto Zeroization_boring.swift
[1416/1572] Compiling Crypto _CryptoModuleAnchor.swift
[1417/1572] Compiling Crypto PrettyBytes.swift
[1418/1572] Compiling Crypto SafeCompare.swift
[1419/1572] Compiling Crypto SecureBytes.swift
[1420/1572] Compiling Crypto Zeroization.swift
[1430/1573] Wrapping AST for Crypto for debugging
[1440/1635] Compiling CryptoExtras PKCS8DERRepresentation.swift
[1441/1635] Compiling CryptoExtras PKCS8PrivateKey.swift
[1442/1635] Compiling CryptoExtras RFC8410AlgorithmIdentifier.swift
[1443/1635] Compiling CryptoExtras ECToolbox_boring.swift
[1444/1635] Compiling CryptoExtras ECToolbox.swift
[1445/1635] Compiling CryptoExtras HashToField.swift
[1446/1635] Compiling CryptoExtras KDF.swift
[1447/1635] Compiling CryptoExtras PBKDF2_boring.swift
[1448/1635] Compiling CryptoExtras PBKDF2_commoncrypto.swift
[1449/1643] Emitting module CryptoExtras
[1450/1643] Compiling CryptoExtras AES_CBC.swift
[1451/1643] Compiling CryptoExtras AES_CFB.swift
[1452/1643] Compiling CryptoExtras AES_CTR.swift
[1453/1643] Compiling CryptoExtras AES_GCM_SIV.swift
[1454/1643] Compiling CryptoExtras Block Function.swift
[1455/1643] Compiling CryptoExtras AES_CBC_boring.swift
[1456/1643] Compiling CryptoExtras AES_CFB_boring.swift
[1457/1643] Compiling CryptoExtras AES_CTR_boring.swift
[1458/1643] Compiling CryptoExtras AES_GCM_SIV_boring.swift
[1459/1643] Compiling CryptoExtras ThreadOps.swift
[1460/1643] Compiling CryptoExtras ThreadPosix.swift
[1461/1643] Compiling CryptoExtras ThreadSpecific.swift
[1462/1643] Compiling CryptoExtras ThreadWindows.swift
[1463/1643] Compiling CryptoExtras DLEQ.swift
[1464/1643] Compiling CryptoExtras Prover.swift
[1465/1643] Compiling CryptoExtras Verifier.swift
[1466/1643] Compiling CryptoExtras ZKPToolbox.swift
[1467/1643] Compiling CryptoExtras CMAC.swift
[1468/1643] Compiling CryptoExtras ARC+API.swift
[1469/1643] Compiling CryptoExtras ARC.swift
[1470/1643] Compiling CryptoExtras ARCCredential.swift
[1471/1643] Compiling CryptoExtras ARCEncoding.swift
[1472/1643] Compiling CryptoExtras ARCPrecredential.swift
[1473/1643] Compiling CryptoExtras ARCPresentation.swift
[1474/1643] Compiling CryptoExtras ARCRequest.swift
[1475/1643] Compiling CryptoExtras ARCResponse.swift
[1476/1643] Compiling CryptoExtras ARCServer.swift
[1477/1643] Compiling CryptoExtras ChaCha20CTR_boring.swift
[1478/1643] Compiling CryptoExtras ChaCha20CTR.swift
[1479/1643] Compiling CryptoExtras BoringSSLSHA512256Context.swift
[1480/1643] Compiling CryptoExtras BoringSSLSHA512256HashFunction.swift
[1481/1643] Compiling CryptoExtras SHA512256.swift
[1482/1643] Compiling CryptoExtras SHA512256Digest.swift
[1483/1643] Compiling CryptoExtras Curve25519+PEM.swift
[1484/1643] Compiling CryptoExtras ObjectIdentifier.swift
[1485/1643] Compiling CryptoExtras Data+Extensions.swift
[1486/1643] Compiling CryptoExtras DigestType.swift
[1487/1643] Compiling CryptoExtras Error.swift
[1488/1643] Compiling CryptoExtras I2OSP.swift
[1489/1643] Compiling CryptoExtras IntegerEncoding.swift
[1490/1643] Compiling CryptoExtras PEMDocument.swift
[1491/1643] Compiling CryptoExtras PrettyBytes.swift
[1492/1643] Compiling CryptoExtras SubjectPublicKeyInfo.swift
[1493/1643] Compiling CryptoExtras PBKDF2.swift
[1494/1643] Compiling CryptoExtras Scrypt_boring.swift
[1495/1643] Compiling CryptoExtras Scrypt.swift
[1496/1643] Compiling CryptoExtras OPRF.swift
[1497/1643] Compiling CryptoExtras OPRFClient.swift
[1498/1643] Compiling CryptoExtras OPRFServer.swift
[1499/1643] Compiling CryptoExtras VOPRF+API.swift
[1500/1643] Compiling CryptoExtras VOPRFClient.swift
[1501/1643] Compiling CryptoExtras VOPRFServer.swift
[1502/1643] Compiling CryptoExtras BoringSSLPassphraseCallbackManager.swift
[1503/1643] Compiling CryptoExtras RSA+BlindSigning.swift
[1504/1643] Compiling CryptoExtras RSA.swift
[1505/1643] Compiling CryptoExtras RSA_boring.swift
[1506/1643] Compiling CryptoExtras Reexport.swift
[1507/1643] Compiling CryptoExtras Zeroization_boring.swift
[1508/1643] Compiling CryptoExtras BoringSSLHelpers.swift
[1509/1643] Compiling CryptoExtras CryptoKitErrors_boring.swift
[1510/1646] Wrapping AST for CryptoExtras for debugging
[1512/1646] Emitting module _CryptoExtras
[1513/1646] Compiling _CryptoExtras Exports.swift
[1514/1647] Wrapping AST for _CryptoExtras for debugging
[1516/1742] Emitting module NIOCore
[1517/1742] Compiling X509 CertificateSerialNumber.swift
[1518/1742] Compiling X509 CertificateVersion.swift
[1519/1742] Compiling X509 CMSAttribute.swift
[1520/1742] Compiling X509 CMSContentInfo.swift
[1521/1742] Compiling X509 CMSEncapsulatedContentInfo.swift
[1522/1742] Compiling X509 CMSIssuerAndSerialNumber.swift
[1523/1742] Compiling X509 CMSOperations.swift
[1524/1742] Compiling X509 CMSSignature.swift
[1525/1742] Compiling X509 CMSSignedData.swift
[1526/1742] Compiling X509 CSRAttribute.swift
[1527/1742] Compiling X509 CSRAttributes.swift
[1528/1742] Compiling X509 CSRVersion.swift
[1529/1742] Compiling X509 CertificateSigningRequest.swift
[1530/1742] Compiling X509 CertificationRequestInfo.swift
[1531/1742] Compiling X509 ExtensionRequest.swift
[1532/1742] Compiling X509 Certificate.swift
[1533/1742] Compiling X509 CertificatePrivateKey.swift
[1534/1742] Compiling X509 CertificatePublicKey.swift
[1535/1742] Compiling X509 CMSSignerIdentifier.swift
[1536/1742] Compiling X509 CMSSignerInfo.swift
[1537/1742] Compiling X509 CMSVersion.swift
[1538/1742] Compiling X509 Curve25519+DER.swift
[1539/1742] Compiling X509 CustomPrivateKey.swift
[1540/1742] Compiling X509 Digests.swift
[1541/1742] Compiling X509 DistinguishedName.swift
[1542/1742] Compiling X509 CommonName.swift
[1543/1742] Compiling X509 CountryName.swift
[1544/1748] Wrapping AST for NIOCore for debugging
[1546/1800] Compiling NIOFoundationEssentialsCompat Codable+ByteBuffer.swift
[1547/1800] Emitting module NIOEmbedded
[1548/1800] Compiling NIOEmbedded AsyncTestingChannel.swift
[1549/1800] Emitting module NIOFoundationEssentialsCompat
[1550/1800] Compiling NIOFoundationEssentialsCompat ByteBuffer-foundation.swift
[1552/1801] Compiling NIOPosix HappyEyeballs.swift
[1553/1801] Compiling NIOPosix IO.swift
[1554/1801] Compiling NIOPosix IntegerBitPacking.swift
[1555/1801] Compiling NIOPosix IntegerTypes.swift
[1556/1801] Compiling NIOPosix Linux.swift
[1557/1801] Compiling NIOPosix LinuxCPUSet.swift
[1558/1801] Compiling NIOPosix LinuxUring.swift
[1559/1801] Compiling NIOPosix PipeChannel.swift
[1560/1801] Compiling NIOPosix PipePair.swift
[1561/1801] Compiling NIOPosix Pool.swift
[1562/1801] Compiling NIOPosix PosixSingletons+ConcurrencyTakeOver.swift
[1563/1801] Compiling NIOPosix PosixSingletons.swift
[1564/1801] Compiling NIOPosix RawSocketBootstrap.swift
[1565/1801] Compiling NIOPosix Resolver.swift
[1566/1814] Compiling X509 PKCS8PrivateKey.swift
[1567/1814] Compiling X509 PromiseAndFuture.swift
[1568/1814] Compiling X509 RDNAttribute.swift
[1569/1814] Compiling X509 RandomNumberGenerator+bytes.swift
[1570/1814] Compiling X509 RelativeDistinguishedName.swift
[1571/1814] Compiling X509 SEC1PrivateKey.swift
[1572/1814] Compiling X509 SecKeyWrapper.swift
[1573/1814] Compiling X509 Signature.swift
[1574/1814] Compiling X509 SignatureAlgorithm.swift
[1575/1814] Compiling X509 AllOfPolicies.swift
[1576/1814] Compiling X509 AnyPolicy.swift
[1577/1814] Compiling X509 CertificateStore.swift
[1578/1814] Compiling X509 CustomCertificateStore.swift
[1579/1814] Compiling X509 DomainComponent.swift
[1580/1814] Compiling X509 EmailAddress.swift
[1581/1814] Compiling X509 LocalityName.swift
[1582/1814] Compiling X509 OrganizationName.swift
[1583/1814] Compiling X509 OrganizationalUnitName.swift
[1584/1814] Compiling X509 StateOrProvinceName.swift
[1585/1814] Compiling X509 StreetAddress.swift
[1586/1814] Compiling X509 Error.swift
[1587/1814] Compiling X509 AuthorityInformationAccess.swift
[1588/1814] Compiling X509 AuthorityKeyIdentifier.swift
[1589/1814] Compiling X509 BasicConstraints.swift
[1590/1814] Compiling X509 ExtendedKeyUsage.swift
[1591/1814] Compiling X509 ExtensionIdentifiers.swift
[1592/1814] Compiling X509 KeyUsage.swift
[1592/1814] Wrapping AST for NIOFoundationEssentialsCompat for debugging
[1594/1814] Compiling NIOPosix BSDSocketAPICommon.swift
[1595/1814] Compiling NIOPosix BSDSocketAPIPosix.swift
[1596/1814] Compiling NIOPosix BSDSocketAPIWindows.swift
[1597/1814] Compiling NIOPosix BaseSocket.swift
[1598/1814] Compiling NIOPosix BaseSocketChannel+AccessibleTransport.swift
[1599/1814] Compiling NIOPosix BaseSocketChannel+SocketOptionProvider.swift
[1600/1814] Compiling NIOPosix BaseSocketChannel.swift
[1601/1814] Compiling NIOPosix BaseStreamSocketChannel.swift
[1602/1814] Compiling NIOPosix Bootstrap.swift
[1603/1814] Compiling NIOPosix ControlMessage.swift
[1604/1814] Compiling NIOPosix DatagramVectorReadManager.swift
[1605/1814] Compiling NIOPosix Errors+Any.swift
[1606/1814] Compiling NIOPosix FileDescriptor.swift
[1607/1814] Compiling NIOPosix GetaddrinfoResolver.swift
[1608/1814] Compiling NIOPosix Selectable.swift
[1609/1814] Compiling NIOPosix SelectableChannel.swift
[1610/1814] Compiling NIOPosix SelectableEventLoop.swift
[1611/1814] Compiling NIOPosix SelectorEpoll.swift
[1612/1814] Compiling NIOPosix SelectorGeneric.swift
[1613/1814] Compiling NIOPosix SelectorKqueue.swift
[1614/1814] Compiling NIOPosix SelectorUring.swift
[1615/1814] Compiling NIOPosix SelectorWSAPoll.swift
[1616/1814] Compiling NIOPosix ServerSocket.swift
[1617/1814] Compiling NIOPosix Socket.swift
[1618/1814] Compiling NIOPosix SocketChannel.swift
[1619/1814] Compiling NIOPosix SocketProtocols.swift
[1620/1814] Compiling NIOPosix StructuredConcurrencyHelpers.swift
[1621/1814] Compiling X509 OCSPExtensionID.swift
[1622/1814] Compiling X509 OCSPNonce.swift
[1623/1814] Compiling X509 OCSPPolicy.swift
[1624/1814] Compiling X509 OCSPRequest.swift
[1625/1814] Compiling X509 OCSPResponse.swift
[1626/1814] Compiling X509 OCSPResponseBytes.swift
[1627/1814] Compiling X509 OCSPResponseData.swift
[1628/1814] Compiling X509 OCSPResponseStatus.swift
[1629/1814] Compiling X509 OCSPSignature.swift
[1630/1814] Compiling X509 OCSPSingleRequest.swift
[1631/1814] Compiling X509 OCSPSingleResponse.swift
[1632/1814] Compiling X509 OCSPTBSRequest.swift
[1633/1814] Compiling X509 OCSPVersion.swift
[1634/1814] Compiling NIOEmbedded AsyncTestingEventLoop.swift
[1635/1814] Compiling NIOEmbedded Embedded.swift
[1636/1815] Wrapping AST for NIOEmbedded for debugging
[1638/1815] Compiling NIOPosix System.swift
[1639/1815] Compiling NIOPosix MultiThreadedEventLoopGroup.swift
[1640/1815] Compiling NIOPosix NIOPosixSendableMetatype.swift
[1641/1815] Compiling NIOPosix NIORandomizedDNSResolver.swift
[1642/1815] Compiling NIOPosix NIOThreadPool.swift
[1643/1815] Compiling NIOPosix NonBlockingFileIO.swift
[1644/1815] Compiling NIOPosix PendingDatagramWritesManager.swift
[1645/1815] Compiling NIOPosix PendingWritesManager.swift
[1646/1815] Compiling X509 LockedValueBox.swift
[1647/1815] Compiling X509 BasicOCSPResponse.swift
[1648/1815] Compiling X509 DirectoryString.swift
[1649/1815] Compiling X509 OCSPCertID.swift
[1650/1815] Compiling X509 OCSPCertStatus.swift
[1651/1815] Emitting module NIOPosix
[1652/1822] Emitting module X509
[1681/1822] Compiling NIOPosix Thread.swift
[1682/1822] Compiling NIOPosix ThreadPosix.swift
[1683/1822] Compiling NIOPosix ThreadWindows.swift
[1684/1822] Compiling NIOPosix Utilities.swift
[1685/1822] Compiling NIOPosix VsockAddress.swift
[1686/1822] Compiling NIOPosix VsockChannelEvents.swift
[1687/1822] Compiling NIOPosix Windows.swift
[1709/1823] Wrapping AST for NIOPosix for debugging
[1711/1825] Compiling X509 ValidatedCertificateChain.swift
[1712/1825] Compiling X509 VerificationDiagnostic.swift
[1713/1825] Compiling X509 Verifier.swift
[1714/1825] Compiling X509 VerifierPolicy.swift
[1715/1825] Compiling X509 AlgorithmIdentifier.swift
[1716/1825] Compiling X509 ECDSASignature.swift
[1717/1825] Compiling X509 RSAPKCS1PublicKey.swift
[1718/1825] Compiling X509 SubjectPublicKeyInfo.swift
[1719/1825] Compiling X509 TBSCertificate.swift
[1720/1825] Compiling X509 Time.swift
[1721/1825] Compiling X509 TimeCalculations.swift
[1722/1825] Compiling X509 Validity.swift
[1723/1825] Compiling X509 X509SendableMetatype.swift
[1725/1826] Emitting module NIO
[1726/1826] Compiling NIO Exports.swift
[1727/1827] Wrapping AST for X509 for debugging
[1728/1891] Wrapping AST for NIO for debugging
[1730/1933] Emitting module NIOTLS
[1731/1933] Compiling NIOTLS TLSEvents.swift
[1732/1933] Compiling NIOFoundationCompat WaitSpinningRunLoop.swift
[1733/1933] Compiling NIOTLS ApplicationProtocolNegotiationHandler.swift
[1734/1933] Compiling NIOSOCKS SOCKSResponse.swift
[1735/1933] Compiling NIOFoundationCompat JSONSerialization+ByteBuffer.swift
[1736/1933] Compiling NIOFoundationCompat Exports.swift
[1737/1933] Emitting module NIOFoundationCompat
[1738/1934] Emitting module NIOSOCKS
[1739/1935] Wrapping AST for NIOFoundationCompat for debugging
[1741/1935] Compiling NIOSOCKS SelectedAuthenticationMethod.swift
[1742/1935] Compiling NIOSOCKS ClientStateMachine.swift
[1743/1935] Compiling NIOSOCKS AuthenticationMethod.swift
[1744/1935] Compiling NIOSOCKS ClientGreeting.swift
[1745/1935] Compiling NIOSOCKS Errors.swift
[1746/1935] Compiling NIOSOCKS Helpers.swift
[1747/1935] Compiling NIOSOCKS SOCKSClientHandler.swift
[1748/1935] Compiling NIOSOCKS SOCKSServerHandshakeHandler.swift
[1749/1935] Compiling NIOSOCKS Messages.swift
[1750/1935] Compiling NIOSOCKS SOCKSRequest.swift
[1751/1935] Compiling NIOSOCKS ServerStateMachine.swift
[1752/1936] Compiling NIOTLS SNIHandler.swift
[1753/1936] Compiling NIOTLS ProtocolNegotiationHandlerStateMachine.swift
[1754/1936] Compiling NIOTLS NIOTypedApplicationProtocolNegotiationHandler.swift
[1757/1937] Compiling JWTKit MLDSAType.swift
[1758/1937] Compiling JWTKit JWTKeyCollection+UnsecuredNone.swift
[1759/1937] Compiling JWTKit UnsecuredNoneSigner.swift
[1760/1937] Compiling JWTKit JWTKeyCollection+RSA.swift
[1761/1937] Compiling JWTKit RSA.swift
[1762/1937] Compiling JWTKit RSAError.swift
[1763/1937] Compiling JWTKit RSASigner.swift
[1764/1937] Compiling JWTKit Base64URL.swift
[1765/1937] Compiling JWTKit CryptoSigner.swift
[1765/1946] Wrapping AST for NIOSOCKS for debugging
[1766/1946] Wrapping AST for NIOTLS for debugging
[1768/1946] Compiling NIOHTTP1 NIOTypedHTTPClientUpgradeHandler.swift
[1769/1946] Compiling NIOHTTP1 NIOTypedHTTPClientUpgraderStateMachine.swift
[1770/1978] Compiling NIOSSL AndroidCABundle.swift
[1771/1978] Compiling NIOSSL ByteBufferBIO.swift
[1772/1978] Compiling NIOSSL CustomPrivateKey.swift
[1773/1978] Compiling NIOSSL SSLCertificateExtensions.swift
[1774/1978] Compiling NIOSSL SSLCertificateName.swift
[1775/1978] Compiling NIOSSL SSLConnection.swift
[1776/1978] Compiling NIOSSL NIOSSLServerHandler.swift
[1777/1978] Compiling NIOSSL ObjectIdentifier.swift
[1778/1978] Compiling NIOSSL PosixPort.swift
[1779/1978] Compiling NIOSSL SSLCallbacks.swift
[1780/1978] Compiling NIOSSL SSLContext.swift
[1781/1978] Compiling NIOSSL SSLErrors.swift
[1782/1978] Compiling NIOSSL SSLInit.swift
[1786/1978] Compiling NIOSSL FreeBSDCABundle.swift
[1787/1978] Compiling NIOSSL IdentityVerification.swift
[1788/1978] Compiling NIOSSL LinuxCABundle.swift
[1789/1978] Compiling NIOSSL NIOSSLClientHandler.swift
[1790/1978] Compiling NIOSSL NIOSSLHandler+Configuration.swift
[1791/1978] Compiling NIOSSL NIOSSLHandler.swift
[1792/1978] Compiling NIOSSL SSLCertificate.swift
[1793/1978] Compiling JWTKit JWTSerializer.swift
[1794/1978] Compiling JWTKit JWTSigner.swift
[1795/1978] Compiling JWTKit JWTKeyCollection+MLDSA.swift
[1796/1978] Compiling JWTKit MLDSA.swift
[1797/1978] Compiling JWTKit MLDSA65+MLDSAKey.swift
[1798/1978] Compiling JWTKit MLDSA87+MLDSAKey.swift
[1799/1978] Compiling JWTKit MLDSAError.swift
[1800/1978] Compiling JWTKit MLDSAKey.swift
[1801/1978] Compiling JWTKit MLDSASigner.swift
[1804/1978] Emitting module JWTKit
[1807/1978] Compiling JWTKit HMAC.swift
[1808/1978] Compiling JWTKit HMACError.swift
[1809/1978] Compiling JWTKit HMACSigner.swift
[1810/1978] Compiling JWTKit JWTKeyCollection+HMAC.swift
[1811/1978] Compiling JWTKit Insecure.swift
[1812/1978] Compiling JWTKit JWK.swift
[1813/1978] Compiling JWTKit JWKIdentifier.swift
[1814/1978] Compiling JWTKit JWKS.swift
[1815/1978] Compiling JWTKit JWKSigner.swift
[1816/1978] Compiling JWTKit LocaleClaim.swift
[1817/1978] Compiling JWTKit NotBeforeClaim.swift
[1818/1978] Compiling JWTKit SubjectClaim.swift
[1819/1978] Compiling JWTKit TenantIDClaim.swift
[1820/1978] Compiling JWTKit ECDSA.swift
[1821/1978] Compiling JWTKit ECDSACurve.swift
[1822/1978] Compiling JWTKit ECDSACurveType.swift
[1823/1978] Compiling JWTKit ECDSAError.swift
[1824/1978] Compiling JWTKit ECDSAKeyTypes.swift
[1825/1978] Compiling JWTKit ECDSASigner.swift
[1826/1978] Compiling NIOSSL SSLPKCS12Bundle.swift
[1827/1978] Compiling NIOSSL SSLPrivateKey.swift
[1828/1978] Compiling NIOSSL SSLPublicKey.swift
[1829/1978] Compiling NIOSSL SecurityFrameworkCertificateVerification.swift
[1830/1978] Compiling NIOSSL String+unsafeUninitializedCapacity.swift
[1831/1978] Compiling NIOSSL SubjectAlternativeName.swift
[1832/1978] Compiling NIOSSL NIOSSLSecureBytes.swift
[1833/1978] Compiling NIOSSL RNG.swift
[1834/1978] Compiling NIOSSL SafeCompare.swift
[1835/1978] Emitting module NIOHTTP1
[1845/1988] Wrapping AST for NIOHTTP1 for debugging
[1847/1996] Compiling JWTKit CustomizedJSONCoders.swift
[1848/1996] Compiling JWTKit Utilities.swift
[1849/1996] Compiling JWTKit AppleIdentityToken.swift
[1850/1996] Compiling JWTKit FirebaseAuthIdentityToken.swift
[1851/1996] Compiling JWTKit GoogleIdentityToken.swift
[1852/1996] Compiling JWTKit MicrosoftIdentityToken.swift
[1853/1996] Compiling JWTKit EmptyPolicy.swift
[1854/1996] Compiling JWTKit ValidationTimePayload.swift
[1855/1996] Compiling JWTKit X5CVerifier.swift
[1856/1997] Wrapping AST for JWTKit for debugging
[1862/2001] Compiling NIOHTTPCompression HTTPDecompressor.swift
[1863/2001] Compiling NIOHPACK IndexedHeaderTable.swift
[1864/2001] Compiling NIOHPACK IntegerCoding.swift
[1865/2002] Compiling NIOHPACK HuffmanCoding.swift
[1866/2002] Compiling NIOHPACK HuffmanTables.swift
[1867/2002] Emitting module NIOSSL
[1868/2002] Emitting module NIOHPACK
[1869/2002] Compiling NIOHPACK StaticHeaderTable.swift
[1870/2002] Compiling NIOHTTPCompression HTTPRequestCompressor.swift
[1871/2002] Compiling NIOHTTPCompression HTTPResponseCompressor.swift
[1872/2002] Compiling NIOHTTPCompression HTTPCompression.swift
[1873/2002] Emitting module NIOHTTPCompression
[1874/2002] Compiling NIOHTTPCompression HTTPDecompression.swift
[1876/2003] Compiling NIOHPACK HPACKEncoder.swift
[1877/2003] Compiling NIOHPACK HPACKErrors.swift
[1878/2003] Compiling NIOHPACK DynamicHeaderTable.swift
[1879/2003] Compiling NIOHPACK HPACKDecoder.swift
[1880/2003] Compiling NIOHPACK HPACKHeader.swift
[1880/2003] Wrapping AST for NIOHTTPCompression for debugging
[1887/2003] Compiling NIOHPACK HeaderTables.swift
[1892/2004] Wrapping AST for NIOHPACK for debugging
[1894/2067] Compiling NIOHTTP2 SendingPushPromiseState.swift
[1895/2067] Compiling NIOHTTP2 SendingRstStreamState.swift
[1896/2067] Compiling NIOHTTP2 SendingWindowUpdateState.swift
[1897/2067] Compiling NIOHTTP2 HTTP2SettingsState.swift
[1898/2067] Compiling NIOHTTP2 HTTP2ErrorCode.swift
[1899/2067] Compiling NIOHTTP2 HTTP2FlowControlWindow.swift
[1900/2067] Compiling NIOHTTP2 HTTP2Frame.swift
[1901/2067] Compiling NIOHTTP2 HTTP2FrameEncoder.swift
[1902/2067] Compiling NIOHTTP2 MaySendFrames.swift
[1903/2067] Compiling NIOHTTP2 SendingDataState.swift
[1904/2067] Compiling NIOHTTP2 SendingGoawayState.swift
[1905/2067] Compiling NIOHTTP2 SendingHeadersState.swift
[1906/2067] Compiling NIOHTTP2 HasExtendedConnectSettings.swift
[1907/2067] Compiling NIOHTTP2 ConnectionStateMachine.swift
[1908/2067] Compiling NIOHTTP2 ConnectionStreamsState.swift
[1909/2067] Compiling NIOHTTP2 MayReceiveFrames.swift
[1910/2067] Compiling NIOHTTP2 ConcurrentStreamBuffer.swift
[1911/2067] Compiling NIOHTTP2 ControlFrameBuffer.swift
[1912/2067] Compiling NIOHTTP2 OutboundFlowControlBuffer.swift
[1913/2067] Compiling NIOHTTP2 OutboundFrameBuffer.swift
[1914/2068] Wrapping AST for NIOSSL for debugging
[1916/2068] Compiling NIOHTTP2 DOSHeuristics.swift
[1917/2068] Compiling NIOHTTP2 Error+Any.swift
[1922/2068] Compiling NIOHTTP2 GlitchesMonitor.swift
[1923/2068] Compiling NIOHTTP2 HPACKHeaders+Validation.swift
[1924/2068] Compiling NIOHTTP2 HTTP2ChannelHandler+InboundStreamMultiplexer.swift
[1928/2076] Compiling NIOHTTP2 ReceivingDataState.swift
[1929/2076] Compiling NIOHTTP2 ReceivingGoAwayState.swift
[1930/2076] Compiling NIOHTTP2 ReceivingHeadersState.swift
[1931/2076] Compiling NIOHTTP2 ReceivingPushPromiseState.swift
[1932/2076] Compiling NIOHTTP2 ReceivingRstStreamState.swift
[1933/2076] Compiling NIOHTTP2 ReceivingWindowUpdateState.swift
[1934/2076] Compiling NIOHTTP2 HasFlowControlWindows.swift
[1935/2076] Compiling NIOHTTP2 HasLocalSettings.swift
[1936/2076] Compiling NIOHTTP2 HasRemoteSettings.swift
[1937/2076] Compiling NIOHTTP2 LocallyQuiescingState.swift
[1938/2076] Compiling NIOHTTP2 QuiescingState.swift
[1939/2076] Compiling NIOHTTP2 RemotelyQuiescingState.swift
[1940/2076] Compiling NIOHTTP2 SendAndReceiveGoawayState.swift
[1941/2076] Compiling NIOHTTP2 StateMachineResult.swift
[1942/2076] Compiling NIOHTTP2 ContentLengthVerifier.swift
[1943/2076] Compiling NIOHTTP2 HTTP2StreamMultiplexer.swift
[1944/2076] Compiling NIOHTTP2 HTTP2ToHTTP1Codec.swift
[1945/2076] Compiling NIOHTTP2 HTTP2UserEvents.swift
[1946/2076] Compiling NIOHTTP2 InboundEventBuffer.swift
[1947/2076] Compiling NIOHTTP2 InboundWindowManager.swift
[1948/2076] Compiling NIOHTTP2 MultiplexerAbstractChannel.swift
[1949/2076] Compiling NIOHTTP2 NIOHTTP2FrameDelegate.swift
[1950/2076] Compiling NIOHTTP2 NIOHTTP2ServerConnectionManagementHandler+StateMachine.swift
[1951/2076] Compiling NIOHTTP2 HTTP2FrameParser.swift
[1952/2076] Compiling NIOHTTP2 HTTP2PingData.swift
[1953/2076] Compiling NIOHTTP2 HTTP2PipelineHelpers.swift
[1954/2076] Compiling NIOHTTP2 HTTP2Settings.swift
[1955/2076] Compiling NIOHTTP2 HTTP2Stream.swift
[1956/2076] Compiling NIOHTTP2 HTTP2StreamChannel+OutboundStreamMultiplexer.swift
[1957/2076] Compiling NIOHTTP2 HTTP2StreamChannel.swift
[1958/2076] Compiling NIOHTTP2 HTTP2StreamDelegate.swift
[1959/2076] Compiling NIOHTTP2 HTTP2StreamID.swift
[1960/2076] Compiling NIOHTTP2 NIOHTTP2ServerConnectionManagementHandler.swift
[1961/2076] Compiling NIOHTTP2 StreamChannelFlowController.swift
[1962/2076] Compiling NIOHTTP2 StreamChannelList.swift
[1963/2076] Compiling NIOHTTP2 StreamMap.swift
[1964/2076] Compiling NIOHTTP2 StreamStateMachine.swift
[1965/2076] Compiling NIOHTTP2 Timer.swift
[1966/2076] Compiling NIOHTTP2 UnsafeTransfer.swift
[1967/2076] Compiling NIOHTTP2 WatermarkedFlowController.swift
[1968/2076] Compiling NIOHTTP2 HTTP2ChannelHandler+InlineStreamMultiplexer.swift
[1969/2076] Compiling NIOHTTP2 HTTP2ChannelHandler.swift
[1970/2076] Compiling NIOHTTP2 HTTP2CommonInboundStreamMultiplexer.swift
[1971/2076] Compiling NIOHTTP2 HTTP2ConnectionStateChange.swift
[1972/2076] Compiling NIOHTTP2 HTTP2Error.swift
[1986/2076] Emitting module NIOHTTP2
[1987/2077] Wrapping AST for NIOHTTP2 for debugging
[1989/2141] Emitting module AsyncHTTPClient
[1990/2149] Compiling AsyncHTTPClient AnyAsyncSequence.swift
[1991/2149] Compiling AsyncHTTPClient AnyAsyncSequenceProucerDelete.swift
[1992/2149] Compiling AsyncHTTPClient AsyncLazySequence.swift
[1993/2149] Compiling AsyncHTTPClient HTTPClient+execute.swift
[1994/2149] Compiling AsyncHTTPClient HTTPClient+shutdown.swift
[1995/2149] Compiling AsyncHTTPClient HTTPClient+tracing.swift
[1996/2149] Compiling AsyncHTTPClient HTTPClientRequest+Prepared.swift
[1997/2149] Compiling AsyncHTTPClient HTTPClientRequest+auth.swift
[1998/2149] Compiling AsyncHTTPClient HTTPClientRequest.swift
[1999/2149] Compiling AsyncHTTPClient LRUCache.swift
[2000/2149] Compiling AsyncHTTPClient NIOLoopBound+Execute.swift
[2001/2149] Compiling AsyncHTTPClient NWErrorHandler.swift
[2002/2149] Compiling AsyncHTTPClient NWWaitingHandler.swift
[2003/2149] Compiling AsyncHTTPClient TLSConfiguration.swift
[2004/2149] Compiling AsyncHTTPClient RedirectState.swift
[2005/2149] Compiling AsyncHTTPClient RequestBag+StateMachine.swift
[2006/2149] Compiling AsyncHTTPClient RequestBag+Tracing.swift
[2007/2149] Compiling AsyncHTTPClient RequestBag.swift
[2008/2149] Compiling AsyncHTTPClient RequestValidation.swift
[2009/2149] Compiling AsyncHTTPClient SSLContextCache.swift
[2010/2149] Compiling AsyncHTTPClient Scheme.swift
[2011/2149] Compiling AsyncHTTPClient Singleton.swift
[2012/2149] Compiling AsyncHTTPClient StringConvertibleInstances.swift
[2013/2149] Compiling AsyncHTTPClient StructuredConcurrencyHelpers.swift
[2014/2149] Compiling AsyncHTTPClient TracingSupport.swift
[2015/2149] Compiling AsyncHTTPClient Utils.swift
[2016/2149] Compiling AsyncHTTPClient RequestOptions.swift
[2017/2149] Compiling AsyncHTTPClient HTTPConnectionPool+Backoff.swift
[2018/2149] Compiling AsyncHTTPClient HTTPConnectionPool+HTTP1Connections.swift
[2019/2149] Compiling AsyncHTTPClient HTTPConnectionPool+HTTP1StateMachine.swift
[2020/2149] Compiling AsyncHTTPClient HTTPConnectionPool+HTTP2Connections.swift
[2021/2149] Compiling AsyncHTTPClient HTTPConnectionPool+HTTP2StateMachine.swift
[2022/2149] Compiling AsyncHTTPClient HTTPConnectionPool+RequestQueue.swift
[2023/2149] Compiling AsyncHTTPClient HTTPConnectionPool+StateMachine.swift
[2024/2149] Compiling AsyncHTTPClient ConnectionTarget.swift
[2025/2149] Compiling AsyncHTTPClient HTTP1ProxyConnectHandler.swift
[2026/2149] Compiling AsyncHTTPClient SOCKSEventsHandler.swift
[2027/2149] Compiling AsyncHTTPClient TLSEventsHandler.swift
[2028/2149] Compiling AsyncHTTPClient HTTP1ClientChannelHandler.swift
[2029/2149] Compiling AsyncHTTPClient HTTP1Connection.swift
[2030/2149] Compiling AsyncHTTPClient HTTP1ConnectionStateMachine.swift
[2031/2149] Compiling AsyncHTTPClient HTTP2ClientRequestHandler.swift
[2032/2149] Compiling AsyncHTTPClient HTTP2Connection.swift
[2033/2149] Compiling AsyncHTTPClient HTTP2IdleHandler.swift
[2034/2149] Compiling AsyncHTTPClient HTTPConnectionEvent.swift
[2035/2149] Compiling AsyncHTTPClient HTTPConnectionPool+Factory.swift
[2036/2149] Compiling AsyncHTTPClient HTTPConnectionPool+Manager.swift
[2037/2149] Compiling AsyncHTTPClient HTTPConnectionPool.swift
[2038/2149] Compiling AsyncHTTPClient HTTPExecutableRequest.swift
[2039/2149] Compiling AsyncHTTPClient HTTPRequestStateMachine+Demand.swift
[2040/2149] Compiling AsyncHTTPClient HTTPRequestStateMachine.swift
[2041/2149] Compiling AsyncHTTPClient RequestBodyLength.swift
[2042/2149] Compiling AsyncHTTPClient RequestFramingMetadata.swift
[2043/2149] Compiling AsyncHTTPClient HTTPClientResponse.swift
[2044/2149] Compiling AsyncHTTPClient SingleIteratorPrecondition.swift
[2045/2149] Compiling AsyncHTTPClient Transaction+StateMachine.swift
[2046/2149] Compiling AsyncHTTPClient Transaction.swift
[2047/2149] Compiling AsyncHTTPClient Base64.swift
[2048/2149] Compiling AsyncHTTPClient BasicAuth.swift
[2049/2149] Compiling AsyncHTTPClient BestEffortHashableTLSConfiguration.swift
[2050/2149] Compiling AsyncHTTPClient Configuration+BrowserLike.swift
[2051/2149] Compiling AsyncHTTPClient ConnectionPool.swift
[2052/2149] Compiling AsyncHTTPClient DeconstructedURL.swift
[2053/2149] Compiling AsyncHTTPClient FileDownloadDelegate.swift
[2054/2149] Compiling AsyncHTTPClient FoundationExtensions.swift
[2055/2149] Compiling AsyncHTTPClient HTTPClient+HTTPCookie.swift
[2056/2149] Compiling AsyncHTTPClient HTTPClient+Proxy.swift
[2057/2149] Compiling AsyncHTTPClient HTTPClient+StructuredConcurrency.swift
[2058/2149] Compiling AsyncHTTPClient HTTPClient.swift
[2059/2149] Compiling AsyncHTTPClient HTTPClientConfiguration+SwiftConfiguration.swift
[2060/2149] Compiling AsyncHTTPClient HTTPHandler.swift
[2061/2150] Wrapping AST for AsyncHTTPClient for debugging
[2063/2173] Compiling GoogleAuth CredentialParserRegistry.swift
[2064/2173] Compiling GoogleAuth Credentials.swift
[2065/2173] Compiling GoogleAuth CredentialsError.swift
[2066/2176] Compiling GoogleAuth UserAccountData.swift
[2067/2176] Compiling GoogleAuth UserAccountTokenProvider.swift
[2068/2176] Compiling GoogleAuth UserCredentials.swift
[2069/2176] Compiling GoogleAuth ADC.swift
[2070/2176] Compiling GoogleAuth ADCPath.swift
[2071/2176] Compiling GoogleAuth ADCResolver.swift
[2072/2176] Compiling GoogleAuth AuthHeaders.swift
[2073/2176] Compiling GoogleAuth AuthHTTPClient.swift
[2074/2176] Compiling GoogleAuth AuthHTTPError.swift
[2075/2176] Compiling GoogleAuth RetryEngine.swift
[2076/2176] Compiling GoogleAuth SubjectTokenProvider.swift
[2077/2176] Compiling GoogleAuth MDSAccessTokenProvider.swift
[2078/2176] Compiling GoogleAuth MDSCredentials.swift
[2079/2176] Emitting module GoogleAuth
[2080/2176] Compiling GoogleAuth AnonymousCredentials.swift
[2081/2176] Compiling GoogleAuth ApiKeyCredentials.swift
[2082/2176] Compiling GoogleAuth ExternalAccountCredentials.swift
[2083/2176] Compiling GoogleAuth ServiceAccountCredentials.swift
[2084/2176] Compiling GoogleAuth ServiceAccountData.swift
[2085/2176] Compiling GoogleAuth ServiceAccountTokenProvider.swift
[2086/2176] Compiling GoogleAuth STSHandler.swift
[2087/2176] Compiling GoogleAuth TokenCache.swift
[2088/2176] Compiling GoogleAuth PackageVersion.swift
[2089/2177] Wrapping AST for GoogleAuth for debugging
[2091/2235] Compiling GoogleGax Pagination.swift
/host/spi-builder-workspace/.build/checkouts/swift-google-gax/Sources/GoogleGax/Pagination.swift:44:22: error: cannot convert '@Sendable (String) async throws -> (response: ResponseType, items: [Item], nextToken: String)' to 'nonisolated(nonsending) @Sendable (String) async throws -> (response: ResponseType, items: [Item], nextToken: String)' because crossing of an isolation boundary requires parameter and result types to conform to 'Sendable' protocol
42 | ) where ResponseType: _PaginatedResponse<Item> {
43 | self.initialPageToken = initialPageToken ?? ""
44 | self.fetchPage = { token in
| |- error: cannot convert '@Sendable (String) async throws -> (response: ResponseType, items: [Item], nextToken: String)' to 'nonisolated(nonsending) @Sendable (String) async throws -> (response: ResponseType, items: [Item], nextToken: String)' because crossing of an isolation boundary requires parameter and result types to conform to 'Sendable' protocol
| `- note: type 'Item' does not conform to 'Sendable' protocol
45 | let response = try await listRpc(token)
46 | return (response, response._getPaginatedItems(), response._nextPageToken())
[2092/2235] Compiling GoogleGax PollingBackoffPolicy.swift
/host/spi-builder-workspace/.build/checkouts/swift-google-gax/Sources/GoogleGax/Pagination.swift:44:22: error: cannot convert '@Sendable (String) async throws -> (response: ResponseType, items: [Item], nextToken: String)' to 'nonisolated(nonsending) @Sendable (String) async throws -> (response: ResponseType, items: [Item], nextToken: String)' because crossing of an isolation boundary requires parameter and result types to conform to 'Sendable' protocol
42 | ) where ResponseType: _PaginatedResponse<Item> {
43 | self.initialPageToken = initialPageToken ?? ""
44 | self.fetchPage = { token in
| |- error: cannot convert '@Sendable (String) async throws -> (response: ResponseType, items: [Item], nextToken: String)' to 'nonisolated(nonsending) @Sendable (String) async throws -> (response: ResponseType, items: [Item], nextToken: String)' because crossing of an isolation boundary requires parameter and result types to conform to 'Sendable' protocol
| `- note: type 'Item' does not conform to 'Sendable' protocol
45 | let response = try await listRpc(token)
46 | return (response, response._getPaginatedItems(), response._nextPageToken())
[2093/2235] Compiling GoogleGax PollingErrorPolicy.swift
/host/spi-builder-workspace/.build/checkouts/swift-google-gax/Sources/GoogleGax/Pagination.swift:44:22: error: cannot convert '@Sendable (String) async throws -> (response: ResponseType, items: [Item], nextToken: String)' to 'nonisolated(nonsending) @Sendable (String) async throws -> (response: ResponseType, items: [Item], nextToken: String)' because crossing of an isolation boundary requires parameter and result types to conform to 'Sendable' protocol
42 | ) where ResponseType: _PaginatedResponse<Item> {
43 | self.initialPageToken = initialPageToken ?? ""
44 | self.fetchPage = { token in
| |- error: cannot convert '@Sendable (String) async throws -> (response: ResponseType, items: [Item], nextToken: String)' to 'nonisolated(nonsending) @Sendable (String) async throws -> (response: ResponseType, items: [Item], nextToken: String)' because crossing of an isolation boundary requires parameter and result types to conform to 'Sendable' protocol
| `- note: type 'Item' does not conform to 'Sendable' protocol
45 | let response = try await listRpc(token)
46 | return (response, response._getPaginatedItems(), response._nextPageToken())
[2094/2235] Compiling GoogleGax PollingResult.swift
/host/spi-builder-workspace/.build/checkouts/swift-google-gax/Sources/GoogleGax/Pagination.swift:44:22: error: cannot convert '@Sendable (String) async throws -> (response: ResponseType, items: [Item], nextToken: String)' to 'nonisolated(nonsending) @Sendable (String) async throws -> (response: ResponseType, items: [Item], nextToken: String)' because crossing of an isolation boundary requires parameter and result types to conform to 'Sendable' protocol
42 | ) where ResponseType: _PaginatedResponse<Item> {
43 | self.initialPageToken = initialPageToken ?? ""
44 | self.fetchPage = { token in
| |- error: cannot convert '@Sendable (String) async throws -> (response: ResponseType, items: [Item], nextToken: String)' to 'nonisolated(nonsending) @Sendable (String) async throws -> (response: ResponseType, items: [Item], nextToken: String)' because crossing of an isolation boundary requires parameter and result types to conform to 'Sendable' protocol
| `- note: type 'Item' does not conform to 'Sendable' protocol
45 | let response = try await listRpc(token)
46 | return (response, response._getPaginatedItems(), response._nextPageToken())
[2095/2235] Compiling GoogleGax PollingState.swift
/host/spi-builder-workspace/.build/checkouts/swift-google-gax/Sources/GoogleGax/Pagination.swift:44:22: error: cannot convert '@Sendable (String) async throws -> (response: ResponseType, items: [Item], nextToken: String)' to 'nonisolated(nonsending) @Sendable (String) async throws -> (response: ResponseType, items: [Item], nextToken: String)' because crossing of an isolation boundary requires parameter and result types to conform to 'Sendable' protocol
42 | ) where ResponseType: _PaginatedResponse<Item> {
43 | self.initialPageToken = initialPageToken ?? ""
44 | self.fetchPage = { token in
| |- error: cannot convert '@Sendable (String) async throws -> (response: ResponseType, items: [Item], nextToken: String)' to 'nonisolated(nonsending) @Sendable (String) async throws -> (response: ResponseType, items: [Item], nextToken: String)' because crossing of an isolation boundary requires parameter and result types to conform to 'Sendable' protocol
| `- note: type 'Item' does not conform to 'Sendable' protocol
45 | let response = try await listRpc(token)
46 | return (response, response._getPaginatedItems(), response._nextPageToken())
[2096/2235] Compiling GoogleGax ProtobufConversionError.swift
/host/spi-builder-workspace/.build/checkouts/swift-google-gax/Sources/GoogleGax/Pagination.swift:44:22: error: cannot convert '@Sendable (String) async throws -> (response: ResponseType, items: [Item], nextToken: String)' to 'nonisolated(nonsending) @Sendable (String) async throws -> (response: ResponseType, items: [Item], nextToken: String)' because crossing of an isolation boundary requires parameter and result types to conform to 'Sendable' protocol
42 | ) where ResponseType: _PaginatedResponse<Item> {
43 | self.initialPageToken = initialPageToken ?? ""
44 | self.fetchPage = { token in
| |- error: cannot convert '@Sendable (String) async throws -> (response: ResponseType, items: [Item], nextToken: String)' to 'nonisolated(nonsending) @Sendable (String) async throws -> (response: ResponseType, items: [Item], nextToken: String)' because crossing of an isolation boundary requires parameter and result types to conform to 'Sendable' protocol
| `- note: type 'Item' does not conform to 'Sendable' protocol
45 | let response = try await listRpc(token)
46 | return (response, response._getPaginatedItems(), response._nextPageToken())
[2097/2235] Compiling GoogleGax QueryParameter.swift
/host/spi-builder-workspace/.build/checkouts/swift-google-gax/Sources/GoogleGax/Pagination.swift:44:22: error: cannot convert '@Sendable (String) async throws -> (response: ResponseType, items: [Item], nextToken: String)' to 'nonisolated(nonsending) @Sendable (String) async throws -> (response: ResponseType, items: [Item], nextToken: String)' because crossing of an isolation boundary requires parameter and result types to conform to 'Sendable' protocol
42 | ) where ResponseType: _PaginatedResponse<Item> {
43 | self.initialPageToken = initialPageToken ?? ""
44 | self.fetchPage = { token in
| |- error: cannot convert '@Sendable (String) async throws -> (response: ResponseType, items: [Item], nextToken: String)' to 'nonisolated(nonsending) @Sendable (String) async throws -> (response: ResponseType, items: [Item], nextToken: String)' because crossing of an isolation boundary requires parameter and result types to conform to 'Sendable' protocol
| `- note: type 'Item' does not conform to 'Sendable' protocol
45 | let response = try await listRpc(token)
46 | return (response, response._getPaginatedItems(), response._nextPageToken())
[2098/2235] Compiling GoogleGax RequestError.swift
/host/spi-builder-workspace/.build/checkouts/swift-google-gax/Sources/GoogleGax/Pagination.swift:44:22: error: cannot convert '@Sendable (String) async throws -> (response: ResponseType, items: [Item], nextToken: String)' to 'nonisolated(nonsending) @Sendable (String) async throws -> (response: ResponseType, items: [Item], nextToken: String)' because crossing of an isolation boundary requires parameter and result types to conform to 'Sendable' protocol
42 | ) where ResponseType: _PaginatedResponse<Item> {
43 | self.initialPageToken = initialPageToken ?? ""
44 | self.fetchPage = { token in
| |- error: cannot convert '@Sendable (String) async throws -> (response: ResponseType, items: [Item], nextToken: String)' to 'nonisolated(nonsending) @Sendable (String) async throws -> (response: ResponseType, items: [Item], nextToken: String)' because crossing of an isolation boundary requires parameter and result types to conform to 'Sendable' protocol
| `- note: type 'Item' does not conform to 'Sendable' protocol
45 | let response = try await listRpc(token)
46 | return (response, response._getPaginatedItems(), response._nextPageToken())
[2099/2243] Compiling GoogleGax AIP194+PollingErrorPolicy.swift
[2100/2243] Compiling GoogleGax AIP194+RetryPolicy.swift
[2101/2243] Compiling GoogleGax AIP194.swift
[2102/2243] Compiling GoogleGax AdaptiveThrottler.swift
[2103/2243] Compiling GoogleGax AlwaysPoll.swift
[2104/2243] Compiling GoogleGax AlwaysRetry.swift
[2105/2243] Compiling GoogleGax ApiClientHeader.swift
[2106/2243] Compiling GoogleGax BackoffPolicy.swift
[2107/2243] Compiling GoogleGax BasePollingErrorPolicy.swift
[2108/2243] Compiling GoogleGax LimitedAttemptCount+PollingErrorPolicy.swift
[2109/2243] Compiling GoogleGax LimitedAttemptCount+RetryPolicy.swift
[2110/2243] Compiling GoogleGax LimitedAttemptCount.swift
[2111/2243] Compiling GoogleGax LimitedElapsedTime+PollingErrorPolicy.swift
[2112/2243] Compiling GoogleGax LimitedElapsedTime+RetryPolicy.swift
[2113/2243] Compiling GoogleGax LimitedElapsedTime.swift
[2114/2243] Compiling GoogleGax LongRunningOperations.swift
[2115/2243] Compiling GoogleGax NeverRetry.swift
[2116/2243] Compiling GoogleGax ContinueOnIO.swift
[2117/2243] Compiling GoogleGax CredentialsProtocol.swift
[2118/2243] Compiling GoogleGax ErrorWrapper.swift
[2119/2243] Compiling GoogleGax ExponentialBackoff+BackoffPolicy.swift
[2120/2243] Compiling GoogleGax ExponentialBackoff+PollingBackoffPolicy.swift
[2121/2243] Compiling GoogleGax ExponentialBackoff.swift
[2122/2243] Compiling GoogleGax HTTPClient.swift
[2123/2243] Compiling GoogleGax HTTPClientHolder.swift
[2124/2243] Compiling GoogleGax BaseRetryPolicy.swift
[2125/2243] Compiling GoogleGax BindingError.swift
[2126/2243] Compiling GoogleGax CRC32C.swift
[2127/2243] Compiling GoogleGax CircuitBreaker.swift
[2128/2243] Compiling GoogleGax ClientError.swift
[2129/2243] Compiling GoogleGax ClientOptions.swift
[2130/2243] Compiling GoogleGax ContinueOnIO+PollingErrorPolicy.swift
[2131/2243] Compiling GoogleGax ContinueOnIO+RetryPolicy.swift
[2132/2243] Emitting module GoogleGax
[2133/2243] Compiling GoogleGax RequestOptions.swift
[2134/2243] Compiling GoogleGax RetryLoop.swift
[2135/2243] Compiling GoogleGax RetryPolicy.swift
[2136/2243] Compiling GoogleGax RetryResult.swift
[2137/2243] Compiling GoogleGax RetryState.swift
[2138/2243] Compiling GoogleGax RetryThrottler.swift
[2139/2243] Compiling GoogleGax RetryThrottlerError.swift
[2140/2243] Compiling GoogleGax RoutingMatcher.swift
[2141/2243] Compiling GoogleGax HTTPClientProtocol.swift
[2142/2243] Compiling GoogleGax HTTPClientRequest.swift
[2143/2243] Compiling GoogleGax HTTPClientResponse.swift
[2144/2243] Compiling GoogleGax HTTPHeaders.swift
[2145/2243] Compiling GoogleGax HTTPResponseBody.swift
[2146/2243] Compiling GoogleGax HeaderNames.swift
[2147/2243] Compiling GoogleGax Host.swift
[2148/2243] Compiling GoogleGax InProgressResult.swift
[2149/2243] Compiling GoogleGax ServiceError.swift
[2150/2243] Compiling GoogleGax StatusDetail.swift
[2151/2243] Compiling GoogleGax StrictIdempotency.swift
[2152/2243] Compiling GoogleGax ThrottleResult.swift
[2153/2243] Compiling GoogleGax TooManyRequests+PollingErrorPolicy.swift
[2154/2243] Compiling GoogleGax TooManyRequests+RetryPolicy.swift
[2155/2243] Compiling GoogleGax TooManyRequests.swift
[2156/2243] Compiling GoogleGax PackageVersion.swift
BUILD FAILURE 6.2 android