Build Information
Failed to build UUSwiftTestCore, reference main (1563c8), with Swift 6.3 for Android on 27 Jun 2026 20:06:43 UTC.
Build Command
bash -c docker run --pull=always --rm -v "checkouts-53886768-0":/host -w "$PWD" -e JAVA_HOME="/root/.sdkman/candidates/java/current" -e SPI_BUILD="1" -e SPI_PROCESSING="1" registry.gitlab.com/saguaro1/spi-images:android-6.3-latest swift build --swift-sdk aarch64-unknown-linux-android28 2>&1Build Log
========================================
RunAll
========================================
Builder version: 0e64495ecc1688c3b3e031a5ef1348b5c05091ae
Interrupt handler set up.
========================================
Checkout
========================================
Clone URL: https://github.com/SilverPineSoftware/UUSwiftTestCore.git
Reference: main
Initialized empty Git repository in /host/spi-builder-workspace/.git/
hint: Using 'master' as the name for the initial branch. This default branch name
hint: is subject to change. To configure the initial branch name to use in all
hint: of your new repositories, which will suppress this warning, call:
hint:
hint: git config --global init.defaultBranch <name>
hint:
hint: Names commonly chosen instead of 'master' are 'main', 'trunk' and
hint: 'development'. The just-created branch can be renamed via this command:
hint:
hint: git branch -m <name>
From https://github.com/SilverPineSoftware/UUSwiftTestCore
* branch main -> FETCH_HEAD
* [new branch] main -> origin/main
HEAD is now at 1563c80 Add github actions and update git ignore
Cloned https://github.com/SilverPineSoftware/UUSwiftTestCore.git
Revision (git rev-parse @):
1563c80ed71b57662a9bdf9af96f8e6267605f6b
SUCCESS checkout https://github.com/SilverPineSoftware/UUSwiftTestCore.git at main
========================================
Build
========================================
Selected platform: android
Swift version: 6.3
Building package at path: $PWD
https://github.com/SilverPineSoftware/UUSwiftTestCore.git
Running build ...
bash -c docker run --pull=always --rm -v "checkouts-53886768-0":/host -w "$PWD" -e JAVA_HOME="/root/.sdkman/candidates/java/current" -e SPI_BUILD="1" -e SPI_PROCESSING="1" registry.gitlab.com/saguaro1/spi-images:android-6.3-latest swift build --swift-sdk aarch64-unknown-linux-android28 2>&1
android-6.3-latest: Pulling from saguaro1/spi-images
Digest: sha256:451958f7df55f9af673f8b0851dc526f2aee3222db374ae53b89fa21ad564bc8
Status: Image is up to date for registry.gitlab.com/saguaro1/spi-images:android-6.3-latest
Building for debugging...
[0/3] Write sources
[2/3] Write swift-version-272D24FF697CF451.txt
error: emit-module command failed with exit code 1 (use -v to see invocation)
[4/8] Emitting module UUSwiftTestCoreUX
/host/spi-builder-workspace/SourceUX/UUTestView.swift:9:8: error: no such module 'Combine'
7 |
8 | import Foundation
9 | import Combine
| `- error: no such module 'Combine'
10 | import SwiftUI
11 |
[5/8] Compiling UUSwiftTestCoreUX UUTestView.swift
/host/spi-builder-workspace/SourceUX/UUTestView.swift:9:8: error: no such module 'Combine'
7 |
8 | import Foundation
9 | import Combine
| `- error: no such module 'Combine'
10 | import SwiftUI
11 |
error: emit-module command failed with exit code 1 (use -v to see invocation)
[6/8] Emitting module UUSwiftTestCore
/host/spi-builder-workspace/Source/UUTestCase.swift:11:8: error: no such module 'UIKit'
9 | import AppKit
10 | #else
11 | import UIKit
| `- error: no such module 'UIKit'
12 | #endif
13 |
[7/8] Compiling UUSwiftTestCore UUTestLog.swift
/host/spi-builder-workspace/Source/UUTestCase.swift:11:8: error: no such module 'UIKit'
9 | import AppKit
10 | #else
11 | import UIKit
| `- error: no such module 'UIKit'
12 | #endif
13 |
[8/8] Compiling UUSwiftTestCore UUTestCase.swift
/host/spi-builder-workspace/Source/UUTestCase.swift:11:8: error: no such module 'UIKit'
9 | import AppKit
10 | #else
11 | import UIKit
| `- error: no such module 'UIKit'
12 | #endif
13 |
BUILD FAILURE 6.3 android