The Swift Package Index logo.Swift Package Index

Build Information

Failed to build spfk-waveform, reference 1.2.1 (c5596b), with Swift 6.4 for visionOS using Xcode 27.0 on 16 Oct 2026 00:35:10 UTC.

Build Command

env DEVELOPER_DIR=/Applications/Xcode-27.0.0.app xcrun xcodebuild -IDEClonedSourcePackagesDirPathOverride=$PWD/.dependencies -skipMacroValidation -skipPackagePluginValidation -derivedDataPath $PWD/.derivedData build -scheme spfk-waveform -destination generic/platform=xrOS

Build Log

SwiftExplicitDependencyGeneratePcm arm64 /Users/admin/builder/spi-builder-workspace/.derivedData/SDKExplicitPrecompiledModules/AudioToolbox-BPVD7YXD051SQEWYL8XEY65WL.pcm
ExtractAppIntentsMetadata (in target 'AsyncAlgorithms' from project 'swift-async-algorithms')
    cd /Users/admin/builder/spi-builder-workspace/.dependencies/checkouts/swift-async-algorithms
    /Applications/Xcode-27.0.0.app/Contents/Developer/Toolchains/XcodeDefault.xctoolchain/usr/bin/appintentsmetadataprocessor --toolchain-dir /var/run/com.apple.security.cryptexd/mnt/com.apple.MobileAsset.MetalToolchain-v27.1.266.1.GpVETR/Metal.xctoolchain --module-name AsyncAlgorithms --sdk-root /Applications/Xcode-27.0.0.app/Contents/Developer/Platforms/XROS.platform/Developer/SDKs/XROS27.0.sdk --xcode-version 27A266a --platform-family xrOS --deployment-target 1.0 --bundle-identifier swift-async-algorithms.AsyncAlgorithms --output /Users/admin/builder/spi-builder-workspace/.derivedData/Build/Products/Debug-xros/AsyncAlgorithms.appintents --target-triple arm64-apple-xros1.0 --binary-file /Users/admin/builder/spi-builder-workspace/.derivedData/Build/Products/Debug-xros/AsyncAlgorithms.o --dependency-file /Users/admin/builder/spi-builder-workspace/.derivedData/Build/Intermediates.noindex/swift-async-algorithms.build/Debug-xros/AsyncAlgorithms-t.build/Objects-normal/arm64/AsyncAlgorithms_dependency_info.dat --stringsdata-file /Users/admin/builder/spi-builder-workspace/.derivedData/Build/Intermediates.noindex/swift-async-algorithms.build/Debug-xros/AsyncAlgorithms-t.build/Objects-normal/arm64/ExtractedAppShortcutsMetadata.stringsdata --source-file-list /Users/admin/builder/spi-builder-workspace/.derivedData/Build/Intermediates.noindex/swift-async-algorithms.build/Debug-xros/AsyncAlgorithms-t.build/Objects-normal/arm64/AsyncAlgorithms.SwiftFileList --metadata-file-list /Users/admin/builder/spi-builder-workspace/.derivedData/Build/Intermediates.noindex/swift-async-algorithms.build/Debug-xros/AsyncAlgorithms-t.build/AsyncAlgorithms.DependencyMetadataFileList --static-metadata-file-list /Users/admin/builder/spi-builder-workspace/.derivedData/Build/Intermediates.noindex/swift-async-algorithms.build/Debug-xros/AsyncAlgorithms-t.build/AsyncAlgorithms.DependencyStaticMetadataFileList --swift-const-vals-list /Users/admin/builder/spi-builder-workspace/.derivedData/Build/Intermediates.noindex/swift-async-algorithms.build/Debug-xros/AsyncAlgorithms-t.build/Objects-normal/arm64/AsyncAlgorithms.SwiftConstValuesFileList --force --compile-time-extraction --deployment-aware-processing --no-app-shortcuts-localization
2026-10-15 20:34:58.909 appintentsmetadataprocessor[1703:8834] Starting appintentsmetadataprocessor export
2026-10-15 20:34:58.974 appintentsmetadataprocessor[1703:8834] Extracted no relevant App Intents symbols, skipping writing output
SwiftExplicitDependencyGeneratePcm arm64 /Users/admin/builder/spi-builder-workspace/.derivedData/SDKExplicitPrecompiledModules/CoreMedia-842OS78M433JUMX4QPIKFUIKT.pcm
SwiftExplicitDependencyGeneratePcm arm64 /Users/admin/builder/spi-builder-workspace/.derivedData/SDKExplicitPrecompiledModules/AVFAudio-CH07948S9LXCKRHQSF7AIJA80.pcm
SwiftEmitModule normal arm64 Emitting\ module\ for\ SPFKBase (in target 'SPFKBase' from project 'spfk-base')
SwiftCompile normal arm64 (in target 'SPFKBase' from project 'spfk-base')
    cd /Users/admin/builder/spi-builder-workspace/.swiftpm/xcode

SwiftCompile normal arm64 Compiling\ NSRect.swift,\ NSSize.swift,\ NotificationCenter.swift,\ Number\ Normalization.swift /Users/admin/builder/spi-builder-workspace/.dependencies/checkouts/spfk-base/Sources/SPFKBase/Extensions/Foundation/NSRect.swift /Users/admin/builder/spi-builder-workspace/.dependencies/checkouts/spfk-base/Sources/SPFKBase/Extensions/Foundation/NSSize.swift /Users/admin/builder/spi-builder-workspace/.dependencies/checkouts/spfk-base/Sources/SPFKBase/Extensions/Foundation/NotificationCenter.swift /Users/admin/builder/spi-builder-workspace/.dependencies/checkouts/spfk-base/Sources/SPFKBase/Extensions/Foundation/Number\ Normalization.swift (in target 'SPFKBase' from project 'spfk-base')
SwiftCompile normal arm64 /Users/admin/builder/spi-builder-workspace/.dependencies/checkouts/spfk-base/Sources/SPFKBase/Extensions/Foundation/NSRect.swift (in target 'SPFKBase' from project 'spfk-base')
    cd /Users/admin/builder/spi-builder-workspace/.swiftpm/xcode
    builtin-SwiftPerFileCompile NSRect.swift
SwiftCompile normal arm64 /Users/admin/builder/spi-builder-workspace/.dependencies/checkouts/spfk-base/Sources/SPFKBase/Extensions/Foundation/NSSize.swift (in target 'SPFKBase' from project 'spfk-base')
    cd /Users/admin/builder/spi-builder-workspace/.swiftpm/xcode
    builtin-SwiftPerFileCompile NSSize.swift
SwiftCompile normal arm64 /Users/admin/builder/spi-builder-workspace/.dependencies/checkouts/spfk-base/Sources/SPFKBase/Extensions/Foundation/NotificationCenter.swift (in target 'SPFKBase' from project 'spfk-base')
    cd /Users/admin/builder/spi-builder-workspace/.swiftpm/xcode
    builtin-SwiftPerFileCompile NotificationCenter.swift
SwiftCompile normal arm64 /Users/admin/builder/spi-builder-workspace/.dependencies/checkouts/spfk-base/Sources/SPFKBase/Extensions/Foundation/Number\ Normalization.swift (in target 'SPFKBase' from project 'spfk-base')
    cd /Users/admin/builder/spi-builder-workspace/.swiftpm/xcode
    builtin-SwiftPerFileCompile Number\ Normalization.swift
SwiftCompile normal arm64 Compiling\ AsyncSequence.swift,\ Bool+Extensions.swift,\ Collection\ General.swift,\ Collection\ String.swift /Users/admin/builder/spi-builder-workspace/.dependencies/checkouts/spfk-base/Sources/SPFKBase/Extensions/Foundation/AsyncSequence.swift /Users/admin/builder/spi-builder-workspace/.dependencies/checkouts/spfk-base/Sources/SPFKBase/Extensions/Foundation/Bool+Extensions.swift /Users/admin/builder/spi-builder-workspace/.dependencies/checkouts/spfk-base/Sources/SPFKBase/Extensions/Foundation/Collection\ General.swift /Users/admin/builder/spi-builder-workspace/.dependencies/checkouts/spfk-base/Sources/SPFKBase/Extensions/Foundation/Collection\ String.swift (in target 'SPFKBase' from project 'spfk-base')
SwiftCompile normal arm64 /Users/admin/builder/spi-builder-workspace/.dependencies/checkouts/spfk-base/Sources/SPFKBase/Extensions/Foundation/AsyncSequence.swift (in target 'SPFKBase' from project 'spfk-base')
    cd /Users/admin/builder/spi-builder-workspace/.swiftpm/xcode
    builtin-SwiftPerFileCompile AsyncSequence.swift
SwiftCompile normal arm64 /Users/admin/builder/spi-builder-workspace/.dependencies/checkouts/spfk-base/Sources/SPFKBase/Extensions/Foundation/Bool+Extensions.swift (in target 'SPFKBase' from project 'spfk-base')
    cd /Users/admin/builder/spi-builder-workspace/.swiftpm/xcode
    builtin-SwiftPerFileCompile Bool+Extensions.swift
SwiftCompile normal arm64 /Users/admin/builder/spi-builder-workspace/.dependencies/checkouts/spfk-base/Sources/SPFKBase/Extensions/Foundation/Collection\ General.swift (in target 'SPFKBase' from project 'spfk-base')
    cd /Users/admin/builder/spi-builder-workspace/.swiftpm/xcode
    builtin-SwiftPerFileCompile Collection\ General.swift
SwiftCompile normal arm64 /Users/admin/builder/spi-builder-workspace/.dependencies/checkouts/spfk-base/Sources/SPFKBase/Extensions/Foundation/Collection\ String.swift (in target 'SPFKBase' from project 'spfk-base')
    cd /Users/admin/builder/spi-builder-workspace/.swiftpm/xcode
    builtin-SwiftPerFileCompile Collection\ String.swift
SwiftCompile normal arm64 Compiling\ URL+ResourceValues.swift,\ URL.swift,\ BuildConfig.swift,\ Log.swift /Users/admin/builder/spi-builder-workspace/.dependencies/checkouts/spfk-base/Sources/SPFKBase/Extensions/Foundation/URL/URL+ResourceValues.swift /Users/admin/builder/spi-builder-workspace/.dependencies/checkouts/spfk-base/Sources/SPFKBase/Extensions/Foundation/URL/URL.swift /Users/admin/builder/spi-builder-workspace/.dependencies/checkouts/spfk-base/Sources/SPFKBase/Logging/BuildConfig.swift /Users/admin/builder/spi-builder-workspace/.dependencies/checkouts/spfk-base/Sources/SPFKBase/Logging/Log.swift (in target 'SPFKBase' from project 'spfk-base')
SwiftCompile normal arm64 /Users/admin/builder/spi-builder-workspace/.dependencies/checkouts/spfk-base/Sources/SPFKBase/Extensions/Foundation/URL/URL+ResourceValues.swift (in target 'SPFKBase' from project 'spfk-base')
    cd /Users/admin/builder/spi-builder-workspace/.swiftpm/xcode
    builtin-SwiftPerFileCompile URL+ResourceValues.swift
SwiftCompile normal arm64 /Users/admin/builder/spi-builder-workspace/.dependencies/checkouts/spfk-base/Sources/SPFKBase/Extensions/Foundation/URL/URL.swift (in target 'SPFKBase' from project 'spfk-base')
    cd /Users/admin/builder/spi-builder-workspace/.swiftpm/xcode
    builtin-SwiftPerFileCompile URL.swift
SwiftCompile normal arm64 /Users/admin/builder/spi-builder-workspace/.dependencies/checkouts/spfk-base/Sources/SPFKBase/Logging/BuildConfig.swift (in target 'SPFKBase' from project 'spfk-base')
    cd /Users/admin/builder/spi-builder-workspace/.swiftpm/xcode
    builtin-SwiftPerFileCompile BuildConfig.swift
SwiftCompile normal arm64 /Users/admin/builder/spi-builder-workspace/.dependencies/checkouts/spfk-base/Sources/SPFKBase/Logging/Log.swift (in target 'SPFKBase' from project 'spfk-base')
    cd /Users/admin/builder/spi-builder-workspace/.swiftpm/xcode
    builtin-SwiftPerFileCompile Log.swift
SwiftCompile normal arm64 Compiling\ FileManager.swift,\ FloatingPoint.swift,\ NSError.swift,\ NSException.swift /Users/admin/builder/spi-builder-workspace/.dependencies/checkouts/spfk-base/Sources/SPFKBase/Extensions/Foundation/FileManager.swift /Users/admin/builder/spi-builder-workspace/.dependencies/checkouts/spfk-base/Sources/SPFKBase/Extensions/Foundation/FloatingPoint.swift /Users/admin/builder/spi-builder-workspace/.dependencies/checkouts/spfk-base/Sources/SPFKBase/Extensions/Foundation/NSError.swift /Users/admin/builder/spi-builder-workspace/.dependencies/checkouts/spfk-base/Sources/SPFKBase/Extensions/Foundation/NSException.swift (in target 'SPFKBase' from project 'spfk-base')
SwiftCompile normal arm64 /Users/admin/builder/spi-builder-workspace/.dependencies/checkouts/spfk-base/Sources/SPFKBase/Extensions/Foundation/FileManager.swift (in target 'SPFKBase' from project 'spfk-base')
    cd /Users/admin/builder/spi-builder-workspace/.swiftpm/xcode
    builtin-SwiftPerFileCompile FileManager.swift
SwiftCompile normal arm64 /Users/admin/builder/spi-builder-workspace/.dependencies/checkouts/spfk-base/Sources/SPFKBase/Extensions/Foundation/FloatingPoint.swift (in target 'SPFKBase' from project 'spfk-base')
    cd /Users/admin/builder/spi-builder-workspace/.swiftpm/xcode
    builtin-SwiftPerFileCompile FloatingPoint.swift
SwiftCompile normal arm64 /Users/admin/builder/spi-builder-workspace/.dependencies/checkouts/spfk-base/Sources/SPFKBase/Extensions/Foundation/NSError.swift (in target 'SPFKBase' from project 'spfk-base')
    cd /Users/admin/builder/spi-builder-workspace/.swiftpm/xcode
    builtin-SwiftPerFileCompile NSError.swift
SwiftCompile normal arm64 /Users/admin/builder/spi-builder-workspace/.dependencies/checkouts/spfk-base/Sources/SPFKBase/Extensions/Foundation/NSException.swift (in target 'SPFKBase' from project 'spfk-base')
    cd /Users/admin/builder/spi-builder-workspace/.swiftpm/xcode
    builtin-SwiftPerFileCompile NSException.swift
SwiftCompile normal arm64 Compiling\ OSVersion.swift,\ SequentialPCMSource.swift,\ Serializable+Pasteboard.swift,\ Serializable.swift,\ TrimDescription.swift /Users/admin/builder/spi-builder-workspace/.dependencies/checkouts/spfk-base/Sources/SPFKBase/Definitions/OSVersion.swift /Users/admin/builder/spi-builder-workspace/.dependencies/checkouts/spfk-base/Sources/SPFKBase/Definitions/SequentialPCMSource.swift /Users/admin/builder/spi-builder-workspace/.dependencies/checkouts/spfk-base/Sources/SPFKBase/Definitions/Serializable+Pasteboard.swift /Users/admin/builder/spi-builder-workspace/.dependencies/checkouts/spfk-base/Sources/SPFKBase/Definitions/Serializable.swift /Users/admin/builder/spi-builder-workspace/.dependencies/checkouts/spfk-base/Sources/SPFKBase/Definitions/TrimDescription.swift (in target 'SPFKBase' from project 'spfk-base')
SwiftCompile normal arm64 /Users/admin/builder/spi-builder-workspace/.dependencies/checkouts/spfk-base/Sources/SPFKBase/Definitions/OSVersion.swift (in target 'SPFKBase' from project 'spfk-base')
    cd /Users/admin/builder/spi-builder-workspace/.swiftpm/xcode
    builtin-SwiftPerFileCompile OSVersion.swift
SwiftCompile normal arm64 /Users/admin/builder/spi-builder-workspace/.dependencies/checkouts/spfk-base/Sources/SPFKBase/Definitions/SequentialPCMSource.swift (in target 'SPFKBase' from project 'spfk-base')
    cd /Users/admin/builder/spi-builder-workspace/.swiftpm/xcode
    builtin-SwiftPerFileCompile SequentialPCMSource.swift
SwiftCompile normal arm64 /Users/admin/builder/spi-builder-workspace/.dependencies/checkouts/spfk-base/Sources/SPFKBase/Definitions/Serializable+Pasteboard.swift (in target 'SPFKBase' from project 'spfk-base')
    cd /Users/admin/builder/spi-builder-workspace/.swiftpm/xcode
    builtin-SwiftPerFileCompile Serializable+Pasteboard.swift
SwiftCompile normal arm64 /Users/admin/builder/spi-builder-workspace/.dependencies/checkouts/spfk-base/Sources/SPFKBase/Definitions/Serializable.swift (in target 'SPFKBase' from project 'spfk-base')
    cd /Users/admin/builder/spi-builder-workspace/.swiftpm/xcode
    builtin-SwiftPerFileCompile Serializable.swift
SwiftCompile normal arm64 /Users/admin/builder/spi-builder-workspace/.dependencies/checkouts/spfk-base/Sources/SPFKBase/Definitions/TrimDescription.swift (in target 'SPFKBase' from project 'spfk-base')
    cd /Users/admin/builder/spi-builder-workspace/.swiftpm/xcode
    builtin-SwiftPerFileCompile TrimDescription.swift
SwiftCompile normal arm64 Compiling\ HexColor+NSColor.swift,\ HexColor.swift,\ ParseProgressAccess.swift,\ ParseStopSignal.swift,\ MovementDirection.swift /Users/admin/builder/spi-builder-workspace/.dependencies/checkouts/spfk-base/Sources/SPFKBase/Definitions/HexColor/HexColor+NSColor.swift /Users/admin/builder/spi-builder-workspace/.dependencies/checkouts/spfk-base/Sources/SPFKBase/Definitions/HexColor/HexColor.swift /Users/admin/builder/spi-builder-workspace/.dependencies/checkouts/spfk-base/Sources/SPFKBase/Definitions/Import/ParseProgressAccess.swift /Users/admin/builder/spi-builder-workspace/.dependencies/checkouts/spfk-base/Sources/SPFKBase/Definitions/Import/ParseStopSignal.swift /Users/admin/builder/spi-builder-workspace/.dependencies/checkouts/spfk-base/Sources/SPFKBase/Definitions/MovementDirection.swift (in target 'SPFKBase' from project 'spfk-base')
SwiftCompile normal arm64 /Users/admin/builder/spi-builder-workspace/.dependencies/checkouts/spfk-base/Sources/SPFKBase/Definitions/HexColor/HexColor+NSColor.swift (in target 'SPFKBase' from project 'spfk-base')
    cd /Users/admin/builder/spi-builder-workspace/.swiftpm/xcode
    builtin-SwiftPerFileCompile HexColor+NSColor.swift
SwiftCompile normal arm64 /Users/admin/builder/spi-builder-workspace/.dependencies/checkouts/spfk-base/Sources/SPFKBase/Definitions/HexColor/HexColor.swift (in target 'SPFKBase' from project 'spfk-base')
    cd /Users/admin/builder/spi-builder-workspace/.swiftpm/xcode
    builtin-SwiftPerFileCompile HexColor.swift
SwiftCompile normal arm64 /Users/admin/builder/spi-builder-workspace/.dependencies/checkouts/spfk-base/Sources/SPFKBase/Definitions/Import/ParseProgressAccess.swift (in target 'SPFKBase' from project 'spfk-base')
    cd /Users/admin/builder/spi-builder-workspace/.swiftpm/xcode
    builtin-SwiftPerFileCompile ParseProgressAccess.swift
SwiftCompile normal arm64 /Users/admin/builder/spi-builder-workspace/.dependencies/checkouts/spfk-base/Sources/SPFKBase/Definitions/Import/ParseStopSignal.swift (in target 'SPFKBase' from project 'spfk-base')
    cd /Users/admin/builder/spi-builder-workspace/.swiftpm/xcode
    builtin-SwiftPerFileCompile ParseStopSignal.swift
SwiftCompile normal arm64 /Users/admin/builder/spi-builder-workspace/.dependencies/checkouts/spfk-base/Sources/SPFKBase/Definitions/MovementDirection.swift (in target 'SPFKBase' from project 'spfk-base')
    cd /Users/admin/builder/spi-builder-workspace/.swiftpm/xcode
    builtin-SwiftPerFileCompile MovementDirection.swift
SwiftCompile normal arm64 Compiling\ PhaseTrace.swift,\ BinTestCase.swift,\ TestCaseModel.swift,\ TypeDescribable.swift /Users/admin/builder/spi-builder-workspace/.dependencies/checkouts/spfk-base/Sources/SPFKBase/Logging/PhaseTrace.swift /Users/admin/builder/spi-builder-workspace/.dependencies/checkouts/spfk-base/Sources/SPFKBase/Testing/BinTestCase.swift /Users/admin/builder/spi-builder-workspace/.dependencies/checkouts/spfk-base/Sources/SPFKBase/Testing/TestCaseModel.swift /Users/admin/builder/spi-builder-workspace/.dependencies/checkouts/spfk-base/Sources/SPFKBase/TypeDescribable.swift (in target 'SPFKBase' from project 'spfk-base')
SwiftCompile normal arm64 /Users/admin/builder/spi-builder-workspace/.dependencies/checkouts/spfk-base/Sources/SPFKBase/Logging/PhaseTrace.swift (in target 'SPFKBase' from project 'spfk-base')
    cd /Users/admin/builder/spi-builder-workspace/.swiftpm/xcode
    builtin-SwiftPerFileCompile PhaseTrace.swift
SwiftCompile normal arm64 /Users/admin/builder/spi-builder-workspace/.dependencies/checkouts/spfk-base/Sources/SPFKBase/Testing/BinTestCase.swift (in target 'SPFKBase' from project 'spfk-base')
    cd /Users/admin/builder/spi-builder-workspace/.swiftpm/xcode
    builtin-SwiftPerFileCompile BinTestCase.swift
SwiftCompile normal arm64 /Users/admin/builder/spi-builder-workspace/.dependencies/checkouts/spfk-base/Sources/SPFKBase/Testing/TestCaseModel.swift (in target 'SPFKBase' from project 'spfk-base')
    cd /Users/admin/builder/spi-builder-workspace/.swiftpm/xcode
    builtin-SwiftPerFileCompile TestCaseModel.swift
SwiftCompile normal arm64 /Users/admin/builder/spi-builder-workspace/.dependencies/checkouts/spfk-base/Sources/SPFKBase/TypeDescribable.swift (in target 'SPFKBase' from project 'spfk-base')
    cd /Users/admin/builder/spi-builder-workspace/.swiftpm/xcode
    builtin-SwiftPerFileCompile TypeDescribable.swift
SwiftCompile normal arm64 Compiling\ UnitInterval.swift,\ ExceptionTrap.swift,\ Floating\ Point.swift,\ FourCharCode.swift /Users/admin/builder/spi-builder-workspace/.dependencies/checkouts/spfk-base/Sources/SPFKBase/Definitions/UnitInterval.swift /Users/admin/builder/spi-builder-workspace/.dependencies/checkouts/spfk-base/Sources/SPFKBase/ExceptionTrap.swift /Users/admin/builder/spi-builder-workspace/.dependencies/checkouts/spfk-base/Sources/SPFKBase/Extensions/CoreFoundation/Floating\ Point.swift /Users/admin/builder/spi-builder-workspace/.dependencies/checkouts/spfk-base/Sources/SPFKBase/Extensions/CoreFoundation/FourCharCode.swift (in target 'SPFKBase' from project 'spfk-base')
SwiftCompile normal arm64 /Users/admin/builder/spi-builder-workspace/.dependencies/checkouts/spfk-base/Sources/SPFKBase/Definitions/UnitInterval.swift (in target 'SPFKBase' from project 'spfk-base')
    cd /Users/admin/builder/spi-builder-workspace/.swiftpm/xcode
    builtin-SwiftPerFileCompile UnitInterval.swift
SwiftCompile normal arm64 /Users/admin/builder/spi-builder-workspace/.dependencies/checkouts/spfk-base/Sources/SPFKBase/ExceptionTrap.swift (in target 'SPFKBase' from project 'spfk-base')
    cd /Users/admin/builder/spi-builder-workspace/.swiftpm/xcode
    builtin-SwiftPerFileCompile ExceptionTrap.swift
SwiftCompile normal arm64 /Users/admin/builder/spi-builder-workspace/.dependencies/checkouts/spfk-base/Sources/SPFKBase/Extensions/CoreFoundation/Floating\ Point.swift (in target 'SPFKBase' from project 'spfk-base')
    cd /Users/admin/builder/spi-builder-workspace/.swiftpm/xcode
    builtin-SwiftPerFileCompile Floating\ Point.swift
SwiftCompile normal arm64 /Users/admin/builder/spi-builder-workspace/.dependencies/checkouts/spfk-base/Sources/SPFKBase/Extensions/CoreFoundation/FourCharCode.swift (in target 'SPFKBase' from project 'spfk-base')
    cd /Users/admin/builder/spi-builder-workspace/.swiftpm/xcode
    builtin-SwiftPerFileCompile FourCharCode.swift
SwiftCompile normal arm64 Compiling\ String+C.swift,\ String.swift,\ Task.swift,\ URL+Directory.swift /Users/admin/builder/spi-builder-workspace/.dependencies/checkouts/spfk-base/Sources/SPFKBase/Extensions/Foundation/String+C.swift /Users/admin/builder/spi-builder-workspace/.dependencies/checkouts/spfk-base/Sources/SPFKBase/Extensions/Foundation/String.swift /Users/admin/builder/spi-builder-workspace/.dependencies/checkouts/spfk-base/Sources/SPFKBase/Extensions/Foundation/Task.swift /Users/admin/builder/spi-builder-workspace/.dependencies/checkouts/spfk-base/Sources/SPFKBase/Extensions/Foundation/URL/URL+Directory.swift (in target 'SPFKBase' from project 'spfk-base')
SwiftCompile normal arm64 /Users/admin/builder/spi-builder-workspace/.dependencies/checkouts/spfk-base/Sources/SPFKBase/Extensions/Foundation/String+C.swift (in target 'SPFKBase' from project 'spfk-base')
    cd /Users/admin/builder/spi-builder-workspace/.swiftpm/xcode
    builtin-SwiftPerFileCompile String+C.swift
SwiftCompile normal arm64 /Users/admin/builder/spi-builder-workspace/.dependencies/checkouts/spfk-base/Sources/SPFKBase/Extensions/Foundation/String.swift (in target 'SPFKBase' from project 'spfk-base')
    cd /Users/admin/builder/spi-builder-workspace/.swiftpm/xcode
    builtin-SwiftPerFileCompile String.swift
SwiftCompile normal arm64 /Users/admin/builder/spi-builder-workspace/.dependencies/checkouts/spfk-base/Sources/SPFKBase/Extensions/Foundation/Task.swift (in target 'SPFKBase' from project 'spfk-base')
    cd /Users/admin/builder/spi-builder-workspace/.swiftpm/xcode
    builtin-SwiftPerFileCompile Task.swift
SwiftCompile normal arm64 /Users/admin/builder/spi-builder-workspace/.dependencies/checkouts/spfk-base/Sources/SPFKBase/Extensions/Foundation/URL/URL+Directory.swift (in target 'SPFKBase' from project 'spfk-base')
    cd /Users/admin/builder/spi-builder-workspace/.swiftpm/xcode
    builtin-SwiftPerFileCompile URL+Directory.swift
SwiftCompile normal arm64 Compiling\ Benchmark.swift,\ CG\ Wrappers.swift,\ DebouncedTask.swift,\ FloatChannelData.swift,\ HexColor+ColorName.swift /Users/admin/builder/spi-builder-workspace/.dependencies/checkouts/spfk-base/Sources/SPFKBase/Definitions/Benchmark.swift /Users/admin/builder/spi-builder-workspace/.dependencies/checkouts/spfk-base/Sources/SPFKBase/Definitions/CG\ Wrappers.swift /Users/admin/builder/spi-builder-workspace/.dependencies/checkouts/spfk-base/Sources/SPFKBase/Definitions/DebouncedTask.swift /Users/admin/builder/spi-builder-workspace/.dependencies/checkouts/spfk-base/Sources/SPFKBase/Definitions/FloatChannelData.swift /Users/admin/builder/spi-builder-workspace/.dependencies/checkouts/spfk-base/Sources/SPFKBase/Definitions/HexColor/HexColor+ColorName.swift (in target 'SPFKBase' from project 'spfk-base')
SwiftCompile normal arm64 /Users/admin/builder/spi-builder-workspace/.dependencies/checkouts/spfk-base/Sources/SPFKBase/Definitions/Benchmark.swift (in target 'SPFKBase' from project 'spfk-base')
    cd /Users/admin/builder/spi-builder-workspace/.swiftpm/xcode
    builtin-SwiftPerFileCompile Benchmark.swift
SwiftCompile normal arm64 /Users/admin/builder/spi-builder-workspace/.dependencies/checkouts/spfk-base/Sources/SPFKBase/Definitions/CG\ Wrappers.swift (in target 'SPFKBase' from project 'spfk-base')
    cd /Users/admin/builder/spi-builder-workspace/.swiftpm/xcode
    builtin-SwiftPerFileCompile CG\ Wrappers.swift
SwiftCompile normal arm64 /Users/admin/builder/spi-builder-workspace/.dependencies/checkouts/spfk-base/Sources/SPFKBase/Definitions/DebouncedTask.swift (in target 'SPFKBase' from project 'spfk-base')
    cd /Users/admin/builder/spi-builder-workspace/.swiftpm/xcode
    builtin-SwiftPerFileCompile DebouncedTask.swift
SwiftCompile normal arm64 /Users/admin/builder/spi-builder-workspace/.dependencies/checkouts/spfk-base/Sources/SPFKBase/Definitions/FloatChannelData.swift (in target 'SPFKBase' from project 'spfk-base')
    cd /Users/admin/builder/spi-builder-workspace/.swiftpm/xcode
    builtin-SwiftPerFileCompile FloatChannelData.swift
SwiftCompile normal arm64 /Users/admin/builder/spi-builder-workspace/.dependencies/checkouts/spfk-base/Sources/SPFKBase/Definitions/HexColor/HexColor+ColorName.swift (in target 'SPFKBase' from project 'spfk-base')
    cd /Users/admin/builder/spi-builder-workspace/.swiftpm/xcode
    builtin-SwiftPerFileCompile HexColor+ColorName.swift
SwiftDriverJobDiscovery normal arm64 Compiling NSRect.swift, NSSize.swift, NotificationCenter.swift, Number Normalization.swift (in target 'SPFKBase' from project 'spfk-base')
SwiftDriverJobDiscovery normal arm64 Emitting module for SPFKBase (in target 'SPFKBase' from project 'spfk-base')
SwiftDriver\ Compilation\ Requirements SPFKBase normal arm64 com.apple.xcode.tools.swift.compiler (in target 'SPFKBase' from project 'spfk-base')
    cd /Users/admin/builder/spi-builder-workspace/.swiftpm/xcode
    builtin-Swift-Compilation-Requirements -- /Applications/Xcode-27.0.0.app/Contents/Developer/Toolchains/XcodeDefault.xctoolchain/usr/bin/swiftc -parse-as-library -module-name SPFKBase -Onone @/Users/admin/builder/spi-builder-workspace/.derivedData/Build/Intermediates.noindex/spfk-base.build/Debug-xros/SPFKBase-t.build/Objects-normal/arm64/SPFKBase.SwiftFileList -DSWIFT_PACKAGE -DDEBUG -DSWIFT_MODULE_RESOURCE_BUNDLE_UNAVAILABLE -Xcc -fmodule-map-file\=/Users/admin/builder/spi-builder-workspace/.dependencies/checkouts/swift-numerics/Sources/_NumericsShims/include/module.modulemap -Xcc -fmodule-map-file\=/Users/admin/builder/spi-builder-workspace/.derivedData/Build/Intermediates.noindex/GeneratedModuleMaps-xros/SPFKBaseC.modulemap -DXcode -plugin-path /Applications/Xcode-27.0.0.app/Contents/Developer/Toolchains/XcodeDefault.xctoolchain/usr/lib/swift/host/plugins/testing -enable-experimental-feature DebugDescriptionMacro -sdk /Applications/Xcode-27.0.0.app/Contents/Developer/Platforms/XROS.platform/Developer/SDKs/XROS27.0.sdk -target arm64-apple-xros1.0 -g -module-cache-path /Users/admin/builder/spi-builder-workspace/.derivedData/ModuleCache.noindex -Xfrontend -serialize-debugging-options -profile-coverage-mapping -profile-generate -enable-testing -suppress-warnings -index-store-path /Users/admin/builder/spi-builder-workspace/.derivedData/Index.noindex/DataStore -Xcc -D_LIBCPP_HARDENING_MODE\=_LIBCPP_HARDENING_MODE_DEBUG -swift-version 6 -I /Users/admin/builder/spi-builder-workspace/.derivedData/Build/Products/Debug-xros -Isystem /Applications/Xcode-27.0.0.app/Contents/Developer/Platforms/XROS.platform/Developer/usr/lib -F /Users/admin/builder/spi-builder-workspace/.derivedData/Build/Products/Debug-xros/PackageFrameworks -F /Users/admin/builder/spi-builder-workspace/.derivedData/Build/Products/Debug-xros -F /Applications/Xcode-27.0.0.app/Contents/Developer/Platforms/XROS.platform/Developer/Library/Frameworks -F /Applications/Xcode-27.0.0.app/Contents/Developer/Platforms/XROS.platform/Developer/SDKs/XROS27.0.sdk/Developer/Library/Frameworks -emit-localized-strings -emit-localized-strings-path /Users/admin/builder/spi-builder-workspace/.derivedData/Build/Intermediates.noindex/spfk-base.build/Debug-xros/SPFKBase-t.build/Objects-normal/arm64 -c -j10 -enable-batch-mode -incremental -Xcc -ivfsstatcache -Xcc /Users/admin/builder/spi-builder-workspace/.derivedData/SDKStatCaches.noindex/xros27.0-24M361-e829b21a6f8c9b70876ba0858053c04489c3c372b822c72ca60ec5271cbc7f3c.sdkstatcache -output-file-map /Users/admin/builder/spi-builder-workspace/.derivedData/Build/Intermediates.noindex/spfk-base.build/Debug-xros/SPFKBase-t.build/Objects-normal/arm64/SPFKBase-OutputFileMap.json -save-temps -no-color-diagnostics -explicit-module-build -module-cache-path /Users/admin/builder/spi-builder-workspace/.derivedData/Build/Intermediates.noindex/SwiftExplicitPrecompiledModules -clang-scanner-module-cache-path /Users/admin/builder/spi-builder-workspace/.derivedData/ModuleCache.noindex -sdk-module-cache-path /Users/admin/builder/spi-builder-workspace/.derivedData/SDKExplicitPrecompiledModules -emit-dependencies -emit-module -emit-module-path /Users/admin/builder/spi-builder-workspace/.derivedData/Build/Intermediates.noindex/spfk-base.build/Debug-xros/SPFKBase-t.build/Objects-normal/arm64/SPFKBase.swiftmodule -serialize-diagnostics -dependency-scan-serialize-diagnostics-path /Users/admin/builder/spi-builder-workspace/.derivedData/Build/Intermediates.noindex/spfk-base.build/Debug-xros/SPFKBase-t.build/Objects-normal/arm64/SPFKBase-dependency-scan.dia -user-module-version 1.13.0 -validate-clang-modules-once -clang-build-session-file /Users/admin/builder/spi-builder-workspace/.derivedData/ModuleCache.noindex/Session.modulevalidation -Xcc -fmodules-prune-interval\=86400 -Xcc -fmodules-prune-after\=345600 -package-name spfk_base -emit-const-values -const-gather-protocols-list /Users/admin/builder/spi-builder-workspace/.derivedData/Build/Intermediates.noindex/spfk-base.build/Debug-xros/SPFKBase-t.build/Objects-normal/arm64/SPFKBase_const_extract_protocols.json -Xcc -I/Users/admin/builder/spi-builder-workspace/.dependencies/checkouts/swift-numerics/Sources/_NumericsShims/include -Xcc -I/Users/admin/builder/spi-builder-workspace/.dependencies/checkouts/spfk-base/Sources/SPFKBaseC/include -Xcc -I/Users/admin/builder/spi-builder-workspace/.derivedData/Build/Products/Debug-xros/include -Xcc -I/Users/admin/builder/spi-builder-workspace/.derivedData/Build/Intermediates.noindex/spfk-base.build/Debug-xros/SPFKBase-t.build/DerivedSources-normal/arm64 -Xcc -I/Users/admin/builder/spi-builder-workspace/.derivedData/Build/Intermediates.noindex/spfk-base.build/Debug-xros/SPFKBase-t.build/DerivedSources/arm64 -Xcc -I/Users/admin/builder/spi-builder-workspace/.derivedData/Build/Intermediates.noindex/spfk-base.build/Debug-xros/SPFKBase-t.build/DerivedSources -Xcc -DSWIFT_PACKAGE -Xcc -DDEBUG\=1 -emit-objc-header -emit-objc-header-path /Users/admin/builder/spi-builder-workspace/.derivedData/Build/Intermediates.noindex/spfk-base.build/Debug-xros/SPFKBase-t.build/Objects-normal/arm64/SPFKBase-Swift.h -working-directory /Users/admin/builder/spi-builder-workspace/.swiftpm/xcode -experimental-emit-module-separately -disable-cmo
SwiftDriverJobDiscovery normal arm64 Compiling PhaseTrace.swift, BinTestCase.swift, TestCaseModel.swift, TypeDescribable.swift (in target 'SPFKBase' from project 'spfk-base')
SwiftMergeGeneratedHeaders /Users/admin/builder/spi-builder-workspace/.derivedData/Build/Intermediates.noindex/GeneratedModuleMaps-xros/SPFKBase-Swift.h /Users/admin/builder/spi-builder-workspace/.derivedData/Build/Intermediates.noindex/spfk-base.build/Debug-xros/SPFKBase-t.build/Objects-normal/arm64/SPFKBase-Swift.h (in target 'SPFKBase' from project 'spfk-base')
    cd /Users/admin/builder/spi-builder-workspace/.dependencies/checkouts/spfk-base
    builtin-swiftHeaderTool -arch arm64 /Users/admin/builder/spi-builder-workspace/.derivedData/Build/Intermediates.noindex/spfk-base.build/Debug-xros/SPFKBase-t.build/Objects-normal/arm64/SPFKBase-Swift.h -o /Users/admin/builder/spi-builder-workspace/.derivedData/Build/Intermediates.noindex/GeneratedModuleMaps-xros/SPFKBase-Swift.h
Copy /Users/admin/builder/spi-builder-workspace/.derivedData/Build/Products/Debug-xros/SPFKBase.swiftmodule/arm64-apple-xros.swiftmodule /Users/admin/builder/spi-builder-workspace/.derivedData/Build/Intermediates.noindex/spfk-base.build/Debug-xros/SPFKBase-t.build/Objects-normal/arm64/SPFKBase.swiftmodule (in target 'SPFKBase' from project 'spfk-base')
    cd /Users/admin/builder/spi-builder-workspace/.dependencies/checkouts/spfk-base
    builtin-copy -exclude .DS_Store -exclude CVS -exclude .svn -exclude .git -exclude .hg -resolve-src-symlinks -rename /Users/admin/builder/spi-builder-workspace/.derivedData/Build/Intermediates.noindex/spfk-base.build/Debug-xros/SPFKBase-t.build/Objects-normal/arm64/SPFKBase.swiftmodule /Users/admin/builder/spi-builder-workspace/.derivedData/Build/Products/Debug-xros/SPFKBase.swiftmodule/arm64-apple-xros.swiftmodule
Copy /Users/admin/builder/spi-builder-workspace/.derivedData/Build/Products/Debug-xros/SPFKBase.swiftmodule/arm64-apple-xros.swiftdoc /Users/admin/builder/spi-builder-workspace/.derivedData/Build/Intermediates.noindex/spfk-base.build/Debug-xros/SPFKBase-t.build/Objects-normal/arm64/SPFKBase.swiftdoc (in target 'SPFKBase' from project 'spfk-base')
    cd /Users/admin/builder/spi-builder-workspace/.dependencies/checkouts/spfk-base
    builtin-copy -exclude .DS_Store -exclude CVS -exclude .svn -exclude .git -exclude .hg -resolve-src-symlinks -rename /Users/admin/builder/spi-builder-workspace/.derivedData/Build/Intermediates.noindex/spfk-base.build/Debug-xros/SPFKBase-t.build/Objects-normal/arm64/SPFKBase.swiftdoc /Users/admin/builder/spi-builder-workspace/.derivedData/Build/Products/Debug-xros/SPFKBase.swiftmodule/arm64-apple-xros.swiftdoc
Copy /Users/admin/builder/spi-builder-workspace/.derivedData/Build/Products/Debug-xros/SPFKBase.swiftmodule/arm64-apple-xros.abi.json /Users/admin/builder/spi-builder-workspace/.derivedData/Build/Intermediates.noindex/spfk-base.build/Debug-xros/SPFKBase-t.build/Objects-normal/arm64/SPFKBase.abi.json (in target 'SPFKBase' from project 'spfk-base')
    cd /Users/admin/builder/spi-builder-workspace/.dependencies/checkouts/spfk-base
    builtin-copy -exclude .DS_Store -exclude CVS -exclude .svn -exclude .git -exclude .hg -resolve-src-symlinks -rename /Users/admin/builder/spi-builder-workspace/.derivedData/Build/Intermediates.noindex/spfk-base.build/Debug-xros/SPFKBase-t.build/Objects-normal/arm64/SPFKBase.abi.json /Users/admin/builder/spi-builder-workspace/.derivedData/Build/Products/Debug-xros/SPFKBase.swiftmodule/arm64-apple-xros.abi.json
Copy /Users/admin/builder/spi-builder-workspace/.derivedData/Build/Products/Debug-xros/SPFKBase.swiftmodule/Project/arm64-apple-xros.swiftsourceinfo /Users/admin/builder/spi-builder-workspace/.derivedData/Build/Intermediates.noindex/spfk-base.build/Debug-xros/SPFKBase-t.build/Objects-normal/arm64/SPFKBase.swiftsourceinfo (in target 'SPFKBase' from project 'spfk-base')
    cd /Users/admin/builder/spi-builder-workspace/.dependencies/checkouts/spfk-base
    builtin-copy -exclude .DS_Store -exclude CVS -exclude .svn -exclude .git -exclude .hg -resolve-src-symlinks -rename /Users/admin/builder/spi-builder-workspace/.derivedData/Build/Intermediates.noindex/spfk-base.build/Debug-xros/SPFKBase-t.build/Objects-normal/arm64/SPFKBase.swiftsourceinfo /Users/admin/builder/spi-builder-workspace/.derivedData/Build/Products/Debug-xros/SPFKBase.swiftmodule/Project/arm64-apple-xros.swiftsourceinfo
GenerateStringSymbols /Users/admin/builder/spi-builder-workspace/.derivedData/Build/Intermediates.noindex/spfk-filesystem.build/Debug-xros/SPFKFileSystem-t.build/DerivedSources/GeneratedStringSymbols_Localizable.swift /Users/admin/builder/spi-builder-workspace/.dependencies/checkouts/spfk-filesystem/Sources/SPFKFileSystem/Resources/Localizable.xcstrings (in target 'SPFKFileSystem' from project 'spfk-filesystem')
    cd /Users/admin/builder/spi-builder-workspace/.dependencies/checkouts/spfk-filesystem
    /Applications/Xcode-27.0.0.app/Contents/Developer/usr/bin/xcstringstool generate-symbols --language swift --output-directory /Users/admin/builder/spi-builder-workspace/.derivedData/Build/Intermediates.noindex/spfk-filesystem.build/Debug-xros/SPFKFileSystem-t.build/DerivedSources /Users/admin/builder/spi-builder-workspace/.dependencies/checkouts/spfk-filesystem/Sources/SPFKFileSystem/Resources/Localizable.xcstrings
SwiftDriver SPFKFileSystem normal arm64 com.apple.xcode.tools.swift.compiler (in target 'SPFKFileSystem' from project 'spfk-filesystem')
    cd /Users/admin/builder/spi-builder-workspace/.swiftpm/xcode
    builtin-SwiftDriver -- /Applications/Xcode-27.0.0.app/Contents/Developer/Toolchains/XcodeDefault.xctoolchain/usr/bin/swiftc -parse-as-library -module-name SPFKFileSystem -Onone @/Users/admin/builder/spi-builder-workspace/.derivedData/Build/Intermediates.noindex/spfk-filesystem.build/Debug-xros/SPFKFileSystem-t.build/Objects-normal/arm64/SPFKFileSystem.SwiftFileList -DSWIFT_PACKAGE -DDEBUG -DSWIFT_MODULE_RESOURCE_BUNDLE_AVAILABLE -Xcc -fmodule-map-file\=/Users/admin/builder/spi-builder-workspace/.dependencies/checkouts/swift-numerics/Sources/_NumericsShims/include/module.modulemap -Xcc -fmodule-map-file\=/Users/admin/builder/spi-builder-workspace/.derivedData/Build/Intermediates.noindex/GeneratedModuleMaps-xros/SPFKBaseC.modulemap -DXcode -plugin-path /Applications/Xcode-27.0.0.app/Contents/Developer/Toolchains/XcodeDefault.xctoolchain/usr/lib/swift/host/plugins/testing -enable-experimental-feature DebugDescriptionMacro -sdk /Applications/Xcode-27.0.0.app/Contents/Developer/Platforms/XROS.platform/Developer/SDKs/XROS27.0.sdk -target arm64-apple-xros1.0 -g -module-cache-path /Users/admin/builder/spi-builder-workspace/.derivedData/ModuleCache.noindex -Xfrontend -serialize-debugging-options -profile-coverage-mapping -profile-generate -enable-testing -suppress-warnings -index-store-path /Users/admin/builder/spi-builder-workspace/.derivedData/Index.noindex/DataStore -Xcc -D_LIBCPP_HARDENING_MODE\=_LIBCPP_HARDENING_MODE_DEBUG -swift-version 6 -I /Users/admin/builder/spi-builder-workspace/.derivedData/Build/Products/Debug-xros -Isystem /Applications/Xcode-27.0.0.app/Contents/Developer/Platforms/XROS.platform/Developer/usr/lib -F /Users/admin/builder/spi-builder-workspace/.derivedData/Build/Products/Debug-xros/PackageFrameworks -F /Users/admin/builder/spi-builder-workspace/.derivedData/Build/Products/Debug-xros -F /Applications/Xcode-27.0.0.app/Contents/Developer/Platforms/XROS.platform/Developer/Library/Frameworks -F /Applications/Xcode-27.0.0.app/Contents/Developer/Platforms/XROS.platform/Developer/SDKs/XROS27.0.sdk/Developer/Library/Frameworks -emit-localized-strings -emit-localized-strings-path /Users/admin/builder/spi-builder-workspace/.derivedData/Build/Intermediates.noindex/spfk-filesystem.build/Debug-xros/SPFKFileSystem-t.build/Objects-normal/arm64 -c -j10 -enable-batch-mode -incremental -Xcc -ivfsstatcache -Xcc /Users/admin/builder/spi-builder-workspace/.derivedData/SDKStatCaches.noindex/xros27.0-24M361-e829b21a6f8c9b70876ba0858053c04489c3c372b822c72ca60ec5271cbc7f3c.sdkstatcache -output-file-map /Users/admin/builder/spi-builder-workspace/.derivedData/Build/Intermediates.noindex/spfk-filesystem.build/Debug-xros/SPFKFileSystem-t.build/Objects-normal/arm64/SPFKFileSystem-OutputFileMap.json -save-temps -no-color-diagnostics -explicit-module-build -module-cache-path /Users/admin/builder/spi-builder-workspace/.derivedData/Build/Intermediates.noindex/SwiftExplicitPrecompiledModules -clang-scanner-module-cache-path /Users/admin/builder/spi-builder-workspace/.derivedData/ModuleCache.noindex -sdk-module-cache-path /Users/admin/builder/spi-builder-workspace/.derivedData/SDKExplicitPrecompiledModules -emit-dependencies -emit-module -emit-module-path /Users/admin/builder/spi-builder-workspace/.derivedData/Build/Intermediates.noindex/spfk-filesystem.build/Debug-xros/SPFKFileSystem-t.build/Objects-normal/arm64/SPFKFileSystem.swiftmodule -serialize-diagnostics -dependency-scan-serialize-diagnostics-path /Users/admin/builder/spi-builder-workspace/.derivedData/Build/Intermediates.noindex/spfk-filesystem.build/Debug-xros/SPFKFileSystem-t.build/Objects-normal/arm64/SPFKFileSystem-dependency-scan.dia -user-module-version 1.11.1 -validate-clang-modules-once -clang-build-session-file /Users/admin/builder/spi-builder-workspace/.derivedData/ModuleCache.noindex/Session.modulevalidation -Xcc -fmodules-prune-interval\=86400 -Xcc -fmodules-prune-after\=345600 -package-name spfk_filesystem -emit-const-values -const-gather-protocols-list /Users/admin/builder/spi-builder-workspace/.derivedData/Build/Intermediates.noindex/spfk-filesystem.build/Debug-xros/SPFKFileSystem-t.build/Objects-normal/arm64/SPFKFileSystem_const_extract_protocols.json -Xcc -I/Users/admin/builder/spi-builder-workspace/.dependencies/checkouts/swift-numerics/Sources/_NumericsShims/include -Xcc -I/Users/admin/builder/spi-builder-workspace/.dependencies/checkouts/spfk-base/Sources/SPFKBaseC/include -Xcc -I/Users/admin/builder/spi-builder-workspace/.derivedData/Build/Products/Debug-xros/include -Xcc -I/Users/admin/builder/spi-builder-workspace/.derivedData/Build/Intermediates.noindex/spfk-filesystem.build/Debug-xros/SPFKFileSystem-t.build/DerivedSources-normal/arm64 -Xcc -I/Users/admin/builder/spi-builder-workspace/.derivedData/Build/Intermediates.noindex/spfk-filesystem.build/Debug-xros/SPFKFileSystem-t.build/DerivedSources/arm64 -Xcc -I/Users/admin/builder/spi-builder-workspace/.derivedData/Build/Intermediates.noindex/spfk-filesystem.build/Debug-xros/SPFKFileSystem-t.build/DerivedSources -Xcc -DSWIFT_PACKAGE -Xcc -DDEBUG\=1 -emit-objc-header -emit-objc-header-path /Users/admin/builder/spi-builder-workspace/.derivedData/Build/Intermediates.noindex/spfk-filesystem.build/Debug-xros/SPFKFileSystem-t.build/Objects-normal/arm64/SPFKFileSystem-Swift.h -working-directory /Users/admin/builder/spi-builder-workspace/.swiftpm/xcode -experimental-emit-module-separately -disable-cmo
SwiftDriverJobDiscovery normal arm64 Compiling AsyncSequence.swift, Bool+Extensions.swift, Collection General.swift, Collection String.swift (in target 'SPFKBase' from project 'spfk-base')
SwiftDriverJobDiscovery normal arm64 Compiling FileManager.swift, FloatingPoint.swift, NSError.swift, NSException.swift (in target 'SPFKBase' from project 'spfk-base')
SwiftDriverJobDiscovery normal arm64 Compiling UnitInterval.swift, ExceptionTrap.swift, Floating Point.swift, FourCharCode.swift (in target 'SPFKBase' from project 'spfk-base')
SwiftDriverJobDiscovery normal arm64 Compiling HexColor+NSColor.swift, HexColor.swift, ParseProgressAccess.swift, ParseStopSignal.swift, MovementDirection.swift (in target 'SPFKBase' from project 'spfk-base')
SwiftDriverJobDiscovery normal arm64 Compiling OSVersion.swift, SequentialPCMSource.swift, Serializable+Pasteboard.swift, Serializable.swift, TrimDescription.swift (in target 'SPFKBase' from project 'spfk-base')
SwiftDriverJobDiscovery normal arm64 Compiling String+C.swift, String.swift, Task.swift, URL+Directory.swift (in target 'SPFKBase' from project 'spfk-base')
SwiftDriverJobDiscovery normal arm64 Compiling URL+ResourceValues.swift, URL.swift, BuildConfig.swift, Log.swift (in target 'SPFKBase' from project 'spfk-base')
SwiftDriverJobDiscovery normal arm64 Compiling Benchmark.swift, CG Wrappers.swift, DebouncedTask.swift, FloatChannelData.swift, HexColor+ColorName.swift (in target 'SPFKBase' from project 'spfk-base')
SwiftDriver\ Compilation SPFKBase normal arm64 com.apple.xcode.tools.swift.compiler (in target 'SPFKBase' from project 'spfk-base')
    cd /Users/admin/builder/spi-builder-workspace/.swiftpm/xcode
    builtin-Swift-Compilation -- /Applications/Xcode-27.0.0.app/Contents/Developer/Toolchains/XcodeDefault.xctoolchain/usr/bin/swiftc -parse-as-library -module-name SPFKBase -Onone @/Users/admin/builder/spi-builder-workspace/.derivedData/Build/Intermediates.noindex/spfk-base.build/Debug-xros/SPFKBase-t.build/Objects-normal/arm64/SPFKBase.SwiftFileList -DSWIFT_PACKAGE -DDEBUG -DSWIFT_MODULE_RESOURCE_BUNDLE_UNAVAILABLE -Xcc -fmodule-map-file\=/Users/admin/builder/spi-builder-workspace/.dependencies/checkouts/swift-numerics/Sources/_NumericsShims/include/module.modulemap -Xcc -fmodule-map-file\=/Users/admin/builder/spi-builder-workspace/.derivedData/Build/Intermediates.noindex/GeneratedModuleMaps-xros/SPFKBaseC.modulemap -DXcode -plugin-path /Applications/Xcode-27.0.0.app/Contents/Developer/Toolchains/XcodeDefault.xctoolchain/usr/lib/swift/host/plugins/testing -enable-experimental-feature DebugDescriptionMacro -sdk /Applications/Xcode-27.0.0.app/Contents/Developer/Platforms/XROS.platform/Developer/SDKs/XROS27.0.sdk -target arm64-apple-xros1.0 -g -module-cache-path /Users/admin/builder/spi-builder-workspace/.derivedData/ModuleCache.noindex -Xfrontend -serialize-debugging-options -profile-coverage-mapping -profile-generate -enable-testing -suppress-warnings -index-store-path /Users/admin/builder/spi-builder-workspace/.derivedData/Index.noindex/DataStore -Xcc -D_LIBCPP_HARDENING_MODE\=_LIBCPP_HARDENING_MODE_DEBUG -swift-version 6 -I /Users/admin/builder/spi-builder-workspace/.derivedData/Build/Products/Debug-xros -Isystem /Applications/Xcode-27.0.0.app/Contents/Developer/Platforms/XROS.platform/Developer/usr/lib -F /Users/admin/builder/spi-builder-workspace/.derivedData/Build/Products/Debug-xros/PackageFrameworks -F /Users/admin/builder/spi-builder-workspace/.derivedData/Build/Products/Debug-xros -F /Applications/Xcode-27.0.0.app/Contents/Developer/Platforms/XROS.platform/Developer/Library/Frameworks -F /Applications/Xcode-27.0.0.app/Contents/Developer/Platforms/XROS.platform/Developer/SDKs/XROS27.0.sdk/Developer/Library/Frameworks -emit-localized-strings -emit-localized-strings-path /Users/admin/builder/spi-builder-workspace/.derivedData/Build/Intermediates.noindex/spfk-base.build/Debug-xros/SPFKBase-t.build/Objects-normal/arm64 -c -j10 -enable-batch-mode -incremental -Xcc -ivfsstatcache -Xcc /Users/admin/builder/spi-builder-workspace/.derivedData/SDKStatCaches.noindex/xros27.0-24M361-e829b21a6f8c9b70876ba0858053c04489c3c372b822c72ca60ec5271cbc7f3c.sdkstatcache -output-file-map /Users/admin/builder/spi-builder-workspace/.derivedData/Build/Intermediates.noindex/spfk-base.build/Debug-xros/SPFKBase-t.build/Objects-normal/arm64/SPFKBase-OutputFileMap.json -save-temps -no-color-diagnostics -explicit-module-build -module-cache-path /Users/admin/builder/spi-builder-workspace/.derivedData/Build/Intermediates.noindex/SwiftExplicitPrecompiledModules -clang-scanner-module-cache-path /Users/admin/builder/spi-builder-workspace/.derivedData/ModuleCache.noindex -sdk-module-cache-path /Users/admin/builder/spi-builder-workspace/.derivedData/SDKExplicitPrecompiledModules -emit-dependencies -emit-module -emit-module-path /Users/admin/builder/spi-builder-workspace/.derivedData/Build/Intermediates.noindex/spfk-base.build/Debug-xros/SPFKBase-t.build/Objects-normal/arm64/SPFKBase.swiftmodule -serialize-diagnostics -dependency-scan-serialize-diagnostics-path /Users/admin/builder/spi-builder-workspace/.derivedData/Build/Intermediates.noindex/spfk-base.build/Debug-xros/SPFKBase-t.build/Objects-normal/arm64/SPFKBase-dependency-scan.dia -user-module-version 1.13.0 -validate-clang-modules-once -clang-build-session-file /Users/admin/builder/spi-builder-workspace/.derivedData/ModuleCache.noindex/Session.modulevalidation -Xcc -fmodules-prune-interval\=86400 -Xcc -fmodules-prune-after\=345600 -package-name spfk_base -emit-const-values -const-gather-protocols-list /Users/admin/builder/spi-builder-workspace/.derivedData/Build/Intermediates.noindex/spfk-base.build/Debug-xros/SPFKBase-t.build/Objects-normal/arm64/SPFKBase_const_extract_protocols.json -Xcc -I/Users/admin/builder/spi-builder-workspace/.dependencies/checkouts/swift-numerics/Sources/_NumericsShims/include -Xcc -I/Users/admin/builder/spi-builder-workspace/.dependencies/checkouts/spfk-base/Sources/SPFKBaseC/include -Xcc -I/Users/admin/builder/spi-builder-workspace/.derivedData/Build/Products/Debug-xros/include -Xcc -I/Users/admin/builder/spi-builder-workspace/.derivedData/Build/Intermediates.noindex/spfk-base.build/Debug-xros/SPFKBase-t.build/DerivedSources-normal/arm64 -Xcc -I/Users/admin/builder/spi-builder-workspace/.derivedData/Build/Intermediates.noindex/spfk-base.build/Debug-xros/SPFKBase-t.build/DerivedSources/arm64 -Xcc -I/Users/admin/builder/spi-builder-workspace/.derivedData/Build/Intermediates.noindex/spfk-base.build/Debug-xros/SPFKBase-t.build/DerivedSources -Xcc -DSWIFT_PACKAGE -Xcc -DDEBUG\=1 -emit-objc-header -emit-objc-header-path /Users/admin/builder/spi-builder-workspace/.derivedData/Build/Intermediates.noindex/spfk-base.build/Debug-xros/SPFKBase-t.build/Objects-normal/arm64/SPFKBase-Swift.h -working-directory /Users/admin/builder/spi-builder-workspace/.swiftpm/xcode -experimental-emit-module-separately -disable-cmo
Ld /Users/admin/builder/spi-builder-workspace/.derivedData/Build/Products/Debug-xros/SPFKBase.o normal (in target 'SPFKBase' from project 'spfk-base')
    cd /Users/admin/builder/spi-builder-workspace/.dependencies/checkouts/spfk-base
    /Applications/Xcode-27.0.0.app/Contents/Developer/Toolchains/XcodeDefault.xctoolchain/usr/bin/clang -Xlinker -reproducible -target arm64-apple-xros1.0 -r -isysroot /Applications/Xcode-27.0.0.app/Contents/Developer/Platforms/XROS.platform/Developer/SDKs/XROS27.0.sdk -O0 -w -Xlinker -no_warn_duplicate_libraries -F/Users/admin/builder/spi-builder-workspace/.derivedData/Build/Intermediates.noindex/EagerLinkingTBDs/Debug-xros -F/Users/admin/builder/spi-builder-workspace/.derivedData/Build/Products/Debug-xros/PackageFrameworks -F/Users/admin/builder/spi-builder-workspace/.derivedData/Build/Products/Debug-xros -iframework /Applications/Xcode-27.0.0.app/Contents/Developer/Platforms/XROS.platform/Developer/Library/Frameworks -iframework /Applications/Xcode-27.0.0.app/Contents/Developer/Platforms/XROS.platform/Developer/SDKs/XROS27.0.sdk/Developer/Library/Frameworks -filelist /Users/admin/builder/spi-builder-workspace/.derivedData/Build/Intermediates.noindex/spfk-base.build/Debug-xros/SPFKBase-t.build/Objects-normal/arm64/SPFKBase.LinkFileList -nostdlib -Xlinker -object_path_lto -Xlinker /Users/admin/builder/spi-builder-workspace/.derivedData/Build/Intermediates.noindex/spfk-base.build/Debug-xros/SPFKBase-t.build/Objects-normal/arm64/SPFKBase_lto.o -Xlinker -no_deduplicate -Xlinker -debug_variant -Xlinker -dependency_info -Xlinker /Users/admin/builder/spi-builder-workspace/.derivedData/Build/Intermediates.noindex/spfk-base.build/Debug-xros/SPFKBase-t.build/Objects-normal/arm64/SPFKBase_dependency_info.dat -fobjc-link-runtime -L/Applications/Xcode-27.0.0.app/Contents/Developer/Toolchains/XcodeDefault.xctoolchain/usr/lib/swift/xros -L/usr/lib/swift -Xlinker -add_ast_path -Xlinker /Users/admin/builder/spi-builder-workspace/.derivedData/Build/Intermediates.noindex/spfk-base.build/Debug-xros/SPFKBase-t.build/Objects-normal/arm64/SPFKBase.swiftmodule -o /Users/admin/builder/spi-builder-workspace/.derivedData/Build/Products/Debug-xros/SPFKBase.o
ExtractAppIntentsMetadata (in target 'SPFKBase' from project 'spfk-base')
    cd /Users/admin/builder/spi-builder-workspace/.dependencies/checkouts/spfk-base
    /Applications/Xcode-27.0.0.app/Contents/Developer/Toolchains/XcodeDefault.xctoolchain/usr/bin/appintentsmetadataprocessor --toolchain-dir /var/run/com.apple.security.cryptexd/mnt/com.apple.MobileAsset.MetalToolchain-v27.1.266.1.GpVETR/Metal.xctoolchain --module-name SPFKBase --sdk-root /Applications/Xcode-27.0.0.app/Contents/Developer/Platforms/XROS.platform/Developer/SDKs/XROS27.0.sdk --xcode-version 27A266a --platform-family xrOS --deployment-target 1.0 --bundle-identifier spfk-base.SPFKBase --output /Users/admin/builder/spi-builder-workspace/.derivedData/Build/Products/Debug-xros/SPFKBase.appintents --target-triple arm64-apple-xros1.0 --binary-file /Users/admin/builder/spi-builder-workspace/.derivedData/Build/Products/Debug-xros/SPFKBase.o --dependency-file /Users/admin/builder/spi-builder-workspace/.derivedData/Build/Intermediates.noindex/spfk-base.build/Debug-xros/SPFKBase-t.build/Objects-normal/arm64/SPFKBase_dependency_info.dat --stringsdata-file /Users/admin/builder/spi-builder-workspace/.derivedData/Build/Intermediates.noindex/spfk-base.build/Debug-xros/SPFKBase-t.build/Objects-normal/arm64/ExtractedAppShortcutsMetadata.stringsdata --source-file-list /Users/admin/builder/spi-builder-workspace/.derivedData/Build/Intermediates.noindex/spfk-base.build/Debug-xros/SPFKBase-t.build/Objects-normal/arm64/SPFKBase.SwiftFileList --metadata-file-list /Users/admin/builder/spi-builder-workspace/.derivedData/Build/Intermediates.noindex/spfk-base.build/Debug-xros/SPFKBase-t.build/SPFKBase.DependencyMetadataFileList --static-metadata-file-list /Users/admin/builder/spi-builder-workspace/.derivedData/Build/Intermediates.noindex/spfk-base.build/Debug-xros/SPFKBase-t.build/SPFKBase.DependencyStaticMetadataFileList --swift-const-vals-list /Users/admin/builder/spi-builder-workspace/.derivedData/Build/Intermediates.noindex/spfk-base.build/Debug-xros/SPFKBase-t.build/Objects-normal/arm64/SPFKBase.SwiftConstValuesFileList --force --compile-time-extraction --deployment-aware-processing --no-app-shortcuts-localization
2026-10-15 20:35:00.054 appintentsmetadataprocessor[1726:9009] Starting appintentsmetadataprocessor export
2026-10-15 20:35:00.122 appintentsmetadataprocessor[1726:9009] Extracted no relevant App Intents symbols, skipping writing output
SwiftCompile normal arm64 Compiling\ resource_bundle_accessor.swift,\ URL+FileLock.swift,\ URL+FinderTag.swift /Users/admin/builder/spi-builder-workspace/.derivedData/Build/Intermediates.noindex/spfk-filesystem.build/Debug-xros/SPFKFileSystem-t.build/DerivedSources/resource_bundle_accessor.swift /Users/admin/builder/spi-builder-workspace/.dependencies/checkouts/spfk-filesystem/Sources/SPFKFileSystem/Extensions/URL+FileLock.swift /Users/admin/builder/spi-builder-workspace/.dependencies/checkouts/spfk-filesystem/Sources/SPFKFileSystem/Extensions/URL+FinderTag.swift (in target 'SPFKFileSystem' from project 'spfk-filesystem')
SwiftCompile normal arm64 /Users/admin/builder/spi-builder-workspace/.derivedData/Build/Intermediates.noindex/spfk-filesystem.build/Debug-xros/SPFKFileSystem-t.build/DerivedSources/resource_bundle_accessor.swift (in target 'SPFKFileSystem' from project 'spfk-filesystem')
    cd /Users/admin/builder/spi-builder-workspace/.swiftpm/xcode
    builtin-SwiftPerFileCompile resource_bundle_accessor.swift
SwiftCompile normal arm64 /Users/admin/builder/spi-builder-workspace/.dependencies/checkouts/spfk-filesystem/Sources/SPFKFileSystem/Extensions/URL+FileLock.swift (in target 'SPFKFileSystem' from project 'spfk-filesystem')
    cd /Users/admin/builder/spi-builder-workspace/.swiftpm/xcode
    builtin-SwiftPerFileCompile URL+FileLock.swift
SwiftCompile normal arm64 /Users/admin/builder/spi-builder-workspace/.dependencies/checkouts/spfk-filesystem/Sources/SPFKFileSystem/Extensions/URL+FinderTag.swift (in target 'SPFKFileSystem' from project 'spfk-filesystem')
    cd /Users/admin/builder/spi-builder-workspace/.swiftpm/xcode
    builtin-SwiftPerFileCompile URL+FinderTag.swift
SwiftCompile normal arm64 Compiling\ FileSystem+Identity.swift,\ FileSystem+Volume.swift,\ FileSystem.swift /Users/admin/builder/spi-builder-workspace/.dependencies/checkouts/spfk-filesystem/Sources/SPFKFileSystem/FileSystem/FileSystem+Identity.swift /Users/admin/builder/spi-builder-workspace/.dependencies/checkouts/spfk-filesystem/Sources/SPFKFileSystem/FileSystem/FileSystem+Volume.swift /Users/admin/builder/spi-builder-workspace/.dependencies/checkouts/spfk-filesystem/Sources/SPFKFileSystem/FileSystem/FileSystem.swift (in target 'SPFKFileSystem' from project 'spfk-filesystem')
SwiftCompile normal arm64 /Users/admin/builder/spi-builder-workspace/.dependencies/checkouts/spfk-filesystem/Sources/SPFKFileSystem/FileSystem/FileSystem+Identity.swift (in target 'SPFKFileSystem' from project 'spfk-filesystem')
    cd /Users/admin/builder/spi-builder-workspace/.swiftpm/xcode
    builtin-SwiftPerFileCompile FileSystem+Identity.swift
SwiftCompile normal arm64 /Users/admin/builder/spi-builder-workspace/.dependencies/checkouts/spfk-filesystem/Sources/SPFKFileSystem/FileSystem/FileSystem+Volume.swift (in target 'SPFKFileSystem' from project 'spfk-filesystem')
    cd /Users/admin/builder/spi-builder-workspace/.swiftpm/xcode
    builtin-SwiftPerFileCompile FileSystem+Volume.swift
SwiftCompile normal arm64 /Users/admin/builder/spi-builder-workspace/.dependencies/checkouts/spfk-filesystem/Sources/SPFKFileSystem/FileSystem/FileSystem.swift (in target 'SPFKFileSystem' from project 'spfk-filesystem')
    cd /Users/admin/builder/spi-builder-workspace/.swiftpm/xcode
    builtin-SwiftPerFileCompile FileSystem.swift
SwiftCompile normal arm64 Compiling\ DirectoryEnumerationObserverDelegate.swift,\ DirectoryEvent.swift,\ DirectoryObserver.swift /Users/admin/builder/spi-builder-workspace/.dependencies/checkouts/spfk-filesystem/Sources/SPFKFileSystem/Observation/DirectoryEnumerationObserverDelegate.swift /Users/admin/builder/spi-builder-workspace/.dependencies/checkouts/spfk-filesystem/Sources/SPFKFileSystem/Observation/DirectoryEvent.swift /Users/admin/builder/spi-builder-workspace/.dependencies/checkouts/spfk-filesystem/Sources/SPFKFileSystem/Observation/DirectoryObserver.swift (in target 'SPFKFileSystem' from project 'spfk-filesystem')
SwiftCompile normal arm64 /Users/admin/builder/spi-builder-workspace/.dependencies/checkouts/spfk-filesystem/Sources/SPFKFileSystem/Observation/DirectoryEnumerationObserverDelegate.swift (in target 'SPFKFileSystem' from project 'spfk-filesystem')
    cd /Users/admin/builder/spi-builder-workspace/.swiftpm/xcode
    builtin-SwiftPerFileCompile DirectoryEnumerationObserverDelegate.swift
SwiftCompile normal arm64 /Users/admin/builder/spi-builder-workspace/.dependencies/checkouts/spfk-filesystem/Sources/SPFKFileSystem/Observation/DirectoryEvent.swift (in target 'SPFKFileSystem' from project 'spfk-filesystem')
    cd /Users/admin/builder/spi-builder-workspace/.swiftpm/xcode
    builtin-SwiftPerFileCompile DirectoryEvent.swift
SwiftCompile normal arm64 /Users/admin/builder/spi-builder-workspace/.dependencies/checkouts/spfk-filesystem/Sources/SPFKFileSystem/Observation/DirectoryObserver.swift (in target 'SPFKFileSystem' from project 'spfk-filesystem')
    cd /Users/admin/builder/spi-builder-workspace/.swiftpm/xcode
    builtin-SwiftPerFileCompile DirectoryObserver.swift
SwiftCompile normal arm64 Compiling\ DirectoryObserverDelegate.swift,\ FSEventsDirectoryObserver.swift,\ FileModificationObserver.swift /Users/admin/builder/spi-builder-workspace/.dependencies/checkouts/spfk-filesystem/Sources/SPFKFileSystem/Observation/DirectoryObserverDelegate.swift /Users/admin/builder/spi-builder-workspace/.dependencies/checkouts/spfk-filesystem/Sources/SPFKFileSystem/Observation/FSEventsDirectoryObserver.swift /Users/admin/builder/spi-builder-workspace/.dependencies/checkouts/spfk-filesystem/Sources/SPFKFileSystem/Observation/FileModificationObserver.swift (in target 'SPFKFileSystem' from project 'spfk-filesystem')
SwiftCompile normal arm64 /Users/admin/builder/spi-builder-workspace/.dependencies/checkouts/spfk-filesystem/Sources/SPFKFileSystem/Observation/DirectoryObserverDelegate.swift (in target 'SPFKFileSystem' from project 'spfk-filesystem')
    cd /Users/admin/builder/spi-builder-workspace/.swiftpm/xcode
    builtin-SwiftPerFileCompile DirectoryObserverDelegate.swift
SwiftCompile normal arm64 /Users/admin/builder/spi-builder-workspace/.dependencies/checkouts/spfk-filesystem/Sources/SPFKFileSystem/Observation/FSEventsDirectoryObserver.swift (in target 'SPFKFileSystem' from project 'spfk-filesystem')
    cd /Users/admin/builder/spi-builder-workspace/.swiftpm/xcode
    builtin-SwiftPerFileCompile FSEventsDirectoryObserver.swift
SwiftCompile normal arm64 /Users/admin/builder/spi-builder-workspace/.dependencies/checkouts/spfk-filesystem/Sources/SPFKFileSystem/Observation/FileModificationObserver.swift (in target 'SPFKFileSystem' from project 'spfk-filesystem')
    cd /Users/admin/builder/spi-builder-workspace/.swiftpm/xcode
    builtin-SwiftPerFileCompile FileModificationObserver.swift
SwiftCompile normal arm64 Compiling\ FileLockState.swift,\ FinderTagDescription.swift,\ FinderTagGroup+HexColor.swift /Users/admin/builder/spi-builder-workspace/.dependencies/checkouts/spfk-filesystem/Sources/SPFKFileSystem/Tags/FileLockState.swift /Users/admin/builder/spi-builder-workspace/.dependencies/checkouts/spfk-filesystem/Sources/SPFKFileSystem/Tags/FinderTagDescription.swift /Users/admin/builder/spi-builder-workspace/.dependencies/checkouts/spfk-filesystem/Sources/SPFKFileSystem/Tags/FinderTagGroup+HexColor.swift (in target 'SPFKFileSystem' from project 'spfk-filesystem')
SwiftCompile normal arm64 /Users/admin/builder/spi-builder-workspace/.dependencies/checkouts/spfk-filesystem/Sources/SPFKFileSystem/Tags/FileLockState.swift (in target 'SPFKFileSystem' from project 'spfk-filesystem')
    cd /Users/admin/builder/spi-builder-workspace/.swiftpm/xcode
    builtin-SwiftPerFileCompile FileLockState.swift
SwiftCompile normal arm64 /Users/admin/builder/spi-builder-workspace/.dependencies/checkouts/spfk-filesystem/Sources/SPFKFileSystem/Tags/FinderTagDescription.swift (in target 'SPFKFileSystem' from project 'spfk-filesystem')
    cd /Users/admin/builder/spi-builder-workspace/.swiftpm/xcode
    builtin-SwiftPerFileCompile FinderTagDescription.swift
SwiftCompile normal arm64 /Users/admin/builder/spi-builder-workspace/.dependencies/checkouts/spfk-filesystem/Sources/SPFKFileSystem/Tags/FinderTagGroup+HexColor.swift (in target 'SPFKFileSystem' from project 'spfk-filesystem')
    cd /Users/admin/builder/spi-builder-workspace/.swiftpm/xcode
    builtin-SwiftPerFileCompile FinderTagGroup+HexColor.swift
SwiftCompile normal arm64 Compiling\ URL+SecurityScope.swift,\ URL+XAttr.swift,\ FileCommands.swift /Users/admin/builder/spi-builder-workspace/.dependencies/checkouts/spfk-filesystem/Sources/SPFKFileSystem/Extensions/URL+SecurityScope.swift /Users/admin/builder/spi-builder-workspace/.dependencies/checkouts/spfk-filesystem/Sources/SPFKFileSystem/Extensions/URL+XAttr.swift /Users/admin/builder/spi-builder-workspace/.dependencies/checkouts/spfk-filesystem/Sources/SPFKFileSystem/FileSystem/FileCommands.swift (in target 'SPFKFileSystem' from project 'spfk-filesystem')
SwiftCompile normal arm64 /Users/admin/builder/spi-builder-workspace/.dependencies/checkouts/spfk-filesystem/Sources/SPFKFileSystem/Extensions/URL+SecurityScope.swift (in target 'SPFKFileSystem' from project 'spfk-filesystem')
    cd /Users/admin/builder/spi-builder-workspace/.swiftpm/xcode
    builtin-SwiftPerFileCompile URL+SecurityScope.swift
SwiftCompile normal arm64 /Users/admin/builder/spi-builder-workspace/.dependencies/checkouts/spfk-filesystem/Sources/SPFKFileSystem/Extensions/URL+XAttr.swift (in target 'SPFKFileSystem' from project 'spfk-filesystem')
    cd /Users/admin/builder/spi-builder-workspace/.swiftpm/xcode
    builtin-SwiftPerFileCompile URL+XAttr.swift
SwiftCompile normal arm64 /Users/admin/builder/spi-builder-workspace/.dependencies/checkouts/spfk-filesystem/Sources/SPFKFileSystem/FileSystem/FileCommands.swift (in target 'SPFKFileSystem' from project 'spfk-filesystem')
    cd /Users/admin/builder/spi-builder-workspace/.swiftpm/xcode
    builtin-SwiftPerFileCompile FileCommands.swift
SwiftCompile normal arm64 Compiling\ FileConflictScheme.swift,\ FileSystem+Cleanup.swift,\ FileSystem+Enumeration.swift /Users/admin/builder/spi-builder-workspace/.dependencies/checkouts/spfk-filesystem/Sources/SPFKFileSystem/FileSystem/FileConflictScheme.swift /Users/admin/builder/spi-builder-workspace/.dependencies/checkouts/spfk-filesystem/Sources/SPFKFileSystem/FileSystem/FileSystem+Cleanup.swift /Users/admin/builder/spi-builder-workspace/.dependencies/checkouts/spfk-filesystem/Sources/SPFKFileSystem/FileSystem/FileSystem+Enumeration.swift (in target 'SPFKFileSystem' from project 'spfk-filesystem')
SwiftCompile normal arm64 /Users/admin/builder/spi-builder-workspace/.dependencies/checkouts/spfk-filesystem/Sources/SPFKFileSystem/FileSystem/FileConflictScheme.swift (in target 'SPFKFileSystem' from project 'spfk-filesystem')
    cd /Users/admin/builder/spi-builder-workspace/.swiftpm/xcode
    builtin-SwiftPerFileCompile FileConflictScheme.swift
SwiftCompile normal arm64 /Users/admin/builder/spi-builder-workspace/.dependencies/checkouts/spfk-filesystem/Sources/SPFKFileSystem/FileSystem/FileSystem+Cleanup.swift (in target 'SPFKFileSystem' from project 'spfk-filesystem')
    cd /Users/admin/builder/spi-builder-workspace/.swiftpm/xcode
    builtin-SwiftPerFileCompile FileSystem+Cleanup.swift
SwiftCompile normal arm64 /Users/admin/builder/spi-builder-workspace/.dependencies/checkouts/spfk-filesystem/Sources/SPFKFileSystem/FileSystem/FileSystem+Enumeration.swift (in target 'SPFKFileSystem' from project 'spfk-filesystem')
    cd /Users/admin/builder/spi-builder-workspace/.swiftpm/xcode
    builtin-SwiftPerFileCompile FileSystem+Enumeration.swift
SwiftCompile normal arm64 Compiling\ TrashReceipt.swift,\ Localization.swift,\ DirectoryEnumerationObserver.swift /Users/admin/builder/spi-builder-workspace/.dependencies/checkouts/spfk-filesystem/Sources/SPFKFileSystem/FileSystem/TrashReceipt.swift /Users/admin/builder/spi-builder-workspace/.dependencies/checkouts/spfk-filesystem/Sources/SPFKFileSystem/Localization.swift /Users/admin/builder/spi-builder-workspace/.dependencies/checkouts/spfk-filesystem/Sources/SPFKFileSystem/Observation/DirectoryEnumerationObserver.swift (in target 'SPFKFileSystem' from project 'spfk-filesystem')
SwiftCompile normal arm64 /Users/admin/builder/spi-builder-workspace/.dependencies/checkouts/spfk-filesystem/Sources/SPFKFileSystem/FileSystem/TrashReceipt.swift (in target 'SPFKFileSystem' from project 'spfk-filesystem')
    cd /Users/admin/builder/spi-builder-workspace/.swiftpm/xcode
    builtin-SwiftPerFileCompile TrashReceipt.swift
SwiftCompile normal arm64 /Users/admin/builder/spi-builder-workspace/.dependencies/checkouts/spfk-filesystem/Sources/SPFKFileSystem/Localization.swift (in target 'SPFKFileSystem' from project 'spfk-filesystem')
    cd /Users/admin/builder/spi-builder-workspace/.swiftpm/xcode
    builtin-SwiftPerFileCompile Localization.swift
SwiftCompile normal arm64 /Users/admin/builder/spi-builder-workspace/.dependencies/checkouts/spfk-filesystem/Sources/SPFKFileSystem/Observation/DirectoryEnumerationObserver.swift (in target 'SPFKFileSystem' from project 'spfk-filesystem')
    cd /Users/admin/builder/spi-builder-workspace/.swiftpm/xcode
    builtin-SwiftPerFileCompile DirectoryEnumerationObserver.swift
SwiftCompile normal arm64 Compiling\ FileModificationState.swift,\ ObservationData.swift,\ VolumeObserver.swift /Users/admin/builder/spi-builder-workspace/.dependencies/checkouts/spfk-filesystem/Sources/SPFKFileSystem/Observation/FileModificationState.swift /Users/admin/builder/spi-builder-workspace/.dependencies/checkouts/spfk-filesystem/Sources/SPFKFileSystem/Observation/ObservationData.swift /Users/admin/builder/spi-builder-workspace/.dependencies/checkouts/spfk-filesystem/Sources/SPFKFileSystem/Observation/VolumeObserver.swift (in target 'SPFKFileSystem' from project 'spfk-filesystem')
SwiftCompile normal arm64 /Users/admin/builder/spi-builder-workspace/.dependencies/checkouts/spfk-filesystem/Sources/SPFKFileSystem/Observation/FileModificationState.swift (in target 'SPFKFileSystem' from project 'spfk-filesystem')
    cd /Users/admin/builder/spi-builder-workspace/.swiftpm/xcode
    builtin-SwiftPerFileCompile FileModificationState.swift
SwiftCompile normal arm64 /Users/admin/builder/spi-builder-workspace/.dependencies/checkouts/spfk-filesystem/Sources/SPFKFileSystem/Observation/ObservationData.swift (in target 'SPFKFileSystem' from project 'spfk-filesystem')
    cd /Users/admin/builder/spi-builder-workspace/.swiftpm/xcode
    builtin-SwiftPerFileCompile ObservationData.swift
SwiftCompile normal arm64 /Users/admin/builder/spi-builder-workspace/.dependencies/checkouts/spfk-filesystem/Sources/SPFKFileSystem/Observation/VolumeObserver.swift (in target 'SPFKFileSystem' from project 'spfk-filesystem')
    cd /Users/admin/builder/spi-builder-workspace/.swiftpm/xcode
    builtin-SwiftPerFileCompile VolumeObserver.swift
SwiftEmitModule normal arm64 Emitting\ module\ for\ SPFKFileSystem (in target 'SPFKFileSystem' from project 'spfk-filesystem')
SwiftCompile normal arm64 (in target 'SPFKFileSystem' from project 'spfk-filesystem')
    cd /Users/admin/builder/spi-builder-workspace/.swiftpm/xcode

SwiftCompile normal arm64 Compiling\ FinderTagGroup.swift,\ TagColor.swift,\ GeneratedStringSymbols_Localizable.swift /Users/admin/builder/spi-builder-workspace/.dependencies/checkouts/spfk-filesystem/Sources/SPFKFileSystem/Tags/FinderTagGroup.swift /Users/admin/builder/spi-builder-workspace/.dependencies/checkouts/spfk-filesystem/Sources/SPFKFileSystem/Tags/TagColor.swift /Users/admin/builder/spi-builder-workspace/.derivedData/Build/Intermediates.noindex/spfk-filesystem.build/Debug-xros/SPFKFileSystem-t.build/DerivedSources/GeneratedStringSymbols_Localizable.swift (in target 'SPFKFileSystem' from project 'spfk-filesystem')
SwiftCompile normal arm64 /Users/admin/builder/spi-builder-workspace/.dependencies/checkouts/spfk-filesystem/Sources/SPFKFileSystem/Tags/FinderTagGroup.swift (in target 'SPFKFileSystem' from project 'spfk-filesystem')
    cd /Users/admin/builder/spi-builder-workspace/.swiftpm/xcode
    builtin-SwiftPerFileCompile FinderTagGroup.swift
SwiftCompile normal arm64 /Users/admin/builder/spi-builder-workspace/.dependencies/checkouts/spfk-filesystem/Sources/SPFKFileSystem/Tags/TagColor.swift (in target 'SPFKFileSystem' from project 'spfk-filesystem')
    cd /Users/admin/builder/spi-builder-workspace/.swiftpm/xcode
    builtin-SwiftPerFileCompile TagColor.swift
SwiftCompile normal arm64 /Users/admin/builder/spi-builder-workspace/.derivedData/Build/Intermediates.noindex/spfk-filesystem.build/Debug-xros/SPFKFileSystem-t.build/DerivedSources/GeneratedStringSymbols_Localizable.swift (in target 'SPFKFileSystem' from project 'spfk-filesystem')
    cd /Users/admin/builder/spi-builder-workspace/.swiftpm/xcode
    builtin-SwiftPerFileCompile GeneratedStringSymbols_Localizable.swift
SwiftDriverJobDiscovery normal arm64 Compiling DirectoryObserverDelegate.swift, FSEventsDirectoryObserver.swift, FileModificationObserver.swift (in target 'SPFKFileSystem' from project 'spfk-filesystem')
SwiftDriverJobDiscovery normal arm64 Compiling TrashReceipt.swift, Localization.swift, DirectoryEnumerationObserver.swift (in target 'SPFKFileSystem' from project 'spfk-filesystem')
SwiftDriverJobDiscovery normal arm64 Compiling URL+SecurityScope.swift, URL+XAttr.swift, FileCommands.swift (in target 'SPFKFileSystem' from project 'spfk-filesystem')
SwiftDriverJobDiscovery normal arm64 Compiling FileLockState.swift, FinderTagDescription.swift, FinderTagGroup+HexColor.swift (in target 'SPFKFileSystem' from project 'spfk-filesystem')
SwiftDriverJobDiscovery normal arm64 Compiling resource_bundle_accessor.swift, URL+FileLock.swift, URL+FinderTag.swift (in target 'SPFKFileSystem' from project 'spfk-filesystem')
SwiftDriverJobDiscovery normal arm64 Compiling FileSystem+Identity.swift, FileSystem+Volume.swift, FileSystem.swift (in target 'SPFKFileSystem' from project 'spfk-filesystem')
SwiftDriverJobDiscovery normal arm64 Compiling FinderTagGroup.swift, TagColor.swift, GeneratedStringSymbols_Localizable.swift (in target 'SPFKFileSystem' from project 'spfk-filesystem')
SwiftDriverJobDiscovery normal arm64 Emitting module for SPFKFileSystem (in target 'SPFKFileSystem' from project 'spfk-filesystem')
SwiftDriver\ Compilation\ Requirements SPFKFileSystem normal arm64 com.apple.xcode.tools.swift.compiler (in target 'SPFKFileSystem' from project 'spfk-filesystem')
    cd /Users/admin/builder/spi-builder-workspace/.swiftpm/xcode
    builtin-Swift-Compilation-Requirements -- /Applications/Xcode-27.0.0.app/Contents/Developer/Toolchains/XcodeDefault.xctoolchain/usr/bin/swiftc -parse-as-library -module-name SPFKFileSystem -Onone @/Users/admin/builder/spi-builder-workspace/.derivedData/Build/Intermediates.noindex/spfk-filesystem.build/Debug-xros/SPFKFileSystem-t.build/Objects-normal/arm64/SPFKFileSystem.SwiftFileList -DSWIFT_PACKAGE -DDEBUG -DSWIFT_MODULE_RESOURCE_BUNDLE_AVAILABLE -Xcc -fmodule-map-file\=/Users/admin/builder/spi-builder-workspace/.dependencies/checkouts/swift-numerics/Sources/_NumericsShims/include/module.modulemap -Xcc -fmodule-map-file\=/Users/admin/builder/spi-builder-workspace/.derivedData/Build/Intermediates.noindex/GeneratedModuleMaps-xros/SPFKBaseC.modulemap -DXcode -plugin-path /Applications/Xcode-27.0.0.app/Contents/Developer/Toolchains/XcodeDefault.xctoolchain/usr/lib/swift/host/plugins/testing -enable-experimental-feature DebugDescriptionMacro -sdk /Applications/Xcode-27.0.0.app/Contents/Developer/Platforms/XROS.platform/Developer/SDKs/XROS27.0.sdk -target arm64-apple-xros1.0 -g -module-cache-path /Users/admin/builder/spi-builder-workspace/.derivedData/ModuleCache.noindex -Xfrontend -serialize-debugging-options -profile-coverage-mapping -profile-generate -enable-testing -suppress-warnings -index-store-path /Users/admin/builder/spi-builder-workspace/.derivedData/Index.noindex/DataStore -Xcc -D_LIBCPP_HARDENING_MODE\=_LIBCPP_HARDENING_MODE_DEBUG -swift-version 6 -I /Users/admin/builder/spi-builder-workspace/.derivedData/Build/Products/Debug-xros -Isystem /Applications/Xcode-27.0.0.app/Contents/Developer/Platforms/XROS.platform/Developer/usr/lib -F /Users/admin/builder/spi-builder-workspace/.derivedData/Build/Products/Debug-xros/PackageFrameworks -F /Users/admin/builder/spi-builder-workspace/.derivedData/Build/Products/Debug-xros -F /Applications/Xcode-27.0.0.app/Contents/Developer/Platforms/XROS.platform/Developer/Library/Frameworks -F /Applications/Xcode-27.0.0.app/Contents/Developer/Platforms/XROS.platform/Developer/SDKs/XROS27.0.sdk/Developer/Library/Frameworks -emit-localized-strings -emit-localized-strings-path /Users/admin/builder/spi-builder-workspace/.derivedData/Build/Intermediates.noindex/spfk-filesystem.build/Debug-xros/SPFKFileSystem-t.build/Objects-normal/arm64 -c -j10 -enable-batch-mode -incremental -Xcc -ivfsstatcache -Xcc /Users/admin/builder/spi-builder-workspace/.derivedData/SDKStatCaches.noindex/xros27.0-24M361-e829b21a6f8c9b70876ba0858053c04489c3c372b822c72ca60ec5271cbc7f3c.sdkstatcache -output-file-map /Users/admin/builder/spi-builder-workspace/.derivedData/Build/Intermediates.noindex/spfk-filesystem.build/Debug-xros/SPFKFileSystem-t.build/Objects-normal/arm64/SPFKFileSystem-OutputFileMap.json -save-temps -no-color-diagnostics -explicit-module-build -module-cache-path /Users/admin/builder/spi-builder-workspace/.derivedData/Build/Intermediates.noindex/SwiftExplicitPrecompiledModules -clang-scanner-module-cache-path /Users/admin/builder/spi-builder-workspace/.derivedData/ModuleCache.noindex -sdk-module-cache-path /Users/admin/builder/spi-builder-workspace/.derivedData/SDKExplicitPrecompiledModules -emit-dependencies -emit-module -emit-module-path /Users/admin/builder/spi-builder-workspace/.derivedData/Build/Intermediates.noindex/spfk-filesystem.build/Debug-xros/SPFKFileSystem-t.build/Objects-normal/arm64/SPFKFileSystem.swiftmodule -serialize-diagnostics -dependency-scan-serialize-diagnostics-path /Users/admin/builder/spi-builder-workspace/.derivedData/Build/Intermediates.noindex/spfk-filesystem.build/Debug-xros/SPFKFileSystem-t.build/Objects-normal/arm64/SPFKFileSystem-dependency-scan.dia -user-module-version 1.11.1 -validate-clang-modules-once -clang-build-session-file /Users/admin/builder/spi-builder-workspace/.derivedData/ModuleCache.noindex/Session.modulevalidation -Xcc -fmodules-prune-interval\=86400 -Xcc -fmodules-prune-after\=345600 -package-name spfk_filesystem -emit-const-values -const-gather-protocols-list /Users/admin/builder/spi-builder-workspace/.derivedData/Build/Intermediates.noindex/spfk-filesystem.build/Debug-xros/SPFKFileSystem-t.build/Objects-normal/arm64/SPFKFileSystem_const_extract_protocols.json -Xcc -I/Users/admin/builder/spi-builder-workspace/.dependencies/checkouts/swift-numerics/Sources/_NumericsShims/include -Xcc -I/Users/admin/builder/spi-builder-workspace/.dependencies/checkouts/spfk-base/Sources/SPFKBaseC/include -Xcc -I/Users/admin/builder/spi-builder-workspace/.derivedData/Build/Products/Debug-xros/include -Xcc -I/Users/admin/builder/spi-builder-workspace/.derivedData/Build/Intermediates.noindex/spfk-filesystem.build/Debug-xros/SPFKFileSystem-t.build/DerivedSources-normal/arm64 -Xcc -I/Users/admin/builder/spi-builder-workspace/.derivedData/Build/Intermediates.noindex/spfk-filesystem.build/Debug-xros/SPFKFileSystem-t.build/DerivedSources/arm64 -Xcc -I/Users/admin/builder/spi-builder-workspace/.derivedData/Build/Intermediates.noindex/spfk-filesystem.build/Debug-xros/SPFKFileSystem-t.build/DerivedSources -Xcc -DSWIFT_PACKAGE -Xcc -DDEBUG\=1 -emit-objc-header -emit-objc-header-path /Users/admin/builder/spi-builder-workspace/.derivedData/Build/Intermediates.noindex/spfk-filesystem.build/Debug-xros/SPFKFileSystem-t.build/Objects-normal/arm64/SPFKFileSystem-Swift.h -working-directory /Users/admin/builder/spi-builder-workspace/.swiftpm/xcode -experimental-emit-module-separately -disable-cmo
SwiftMergeGeneratedHeaders /Users/admin/builder/spi-builder-workspace/.derivedData/Build/Intermediates.noindex/GeneratedModuleMaps-xros/SPFKFileSystem-Swift.h /Users/admin/builder/spi-builder-workspace/.derivedData/Build/Intermediates.noindex/spfk-filesystem.build/Debug-xros/SPFKFileSystem-t.build/Objects-normal/arm64/SPFKFileSystem-Swift.h (in target 'SPFKFileSystem' from project 'spfk-filesystem')
    cd /Users/admin/builder/spi-builder-workspace/.dependencies/checkouts/spfk-filesystem
    builtin-swiftHeaderTool -arch arm64 /Users/admin/builder/spi-builder-workspace/.derivedData/Build/Intermediates.noindex/spfk-filesystem.build/Debug-xros/SPFKFileSystem-t.build/Objects-normal/arm64/SPFKFileSystem-Swift.h -o /Users/admin/builder/spi-builder-workspace/.derivedData/Build/Intermediates.noindex/GeneratedModuleMaps-xros/SPFKFileSystem-Swift.h
Copy /Users/admin/builder/spi-builder-workspace/.derivedData/Build/Products/Debug-xros/SPFKFileSystem.swiftmodule/arm64-apple-xros.swiftdoc /Users/admin/builder/spi-builder-workspace/.derivedData/Build/Intermediates.noindex/spfk-filesystem.build/Debug-xros/SPFKFileSystem-t.build/Objects-normal/arm64/SPFKFileSystem.swiftdoc (in target 'SPFKFileSystem' from project 'spfk-filesystem')
    cd /Users/admin/builder/spi-builder-workspace/.dependencies/checkouts/spfk-filesystem
    builtin-copy -exclude .DS_Store -exclude CVS -exclude .svn -exclude .git -exclude .hg -resolve-src-symlinks -rename /Users/admin/builder/spi-builder-workspace/.derivedData/Build/Intermediates.noindex/spfk-filesystem.build/Debug-xros/SPFKFileSystem-t.build/Objects-normal/arm64/SPFKFileSystem.swiftdoc /Users/admin/builder/spi-builder-workspace/.derivedData/Build/Products/Debug-xros/SPFKFileSystem.swiftmodule/arm64-apple-xros.swiftdoc
Copy /Users/admin/builder/spi-builder-workspace/.derivedData/Build/Products/Debug-xros/SPFKFileSystem.swiftmodule/arm64-apple-xros.swiftmodule /Users/admin/builder/spi-builder-workspace/.derivedData/Build/Intermediates.noindex/spfk-filesystem.build/Debug-xros/SPFKFileSystem-t.build/Objects-normal/arm64/SPFKFileSystem.swiftmodule (in target 'SPFKFileSystem' from project 'spfk-filesystem')
    cd /Users/admin/builder/spi-builder-workspace/.dependencies/checkouts/spfk-filesystem
    builtin-copy -exclude .DS_Store -exclude CVS -exclude .svn -exclude .git -exclude .hg -resolve-src-symlinks -rename /Users/admin/builder/spi-builder-workspace/.derivedData/Build/Intermediates.noindex/spfk-filesystem.build/Debug-xros/SPFKFileSystem-t.build/Objects-normal/arm64/SPFKFileSystem.swiftmodule /Users/admin/builder/spi-builder-workspace/.derivedData/Build/Products/Debug-xros/SPFKFileSystem.swiftmodule/arm64-apple-xros.swiftmodule
Copy /Users/admin/builder/spi-builder-workspace/.derivedData/Build/Products/Debug-xros/SPFKFileSystem.swiftmodule/arm64-apple-xros.abi.json /Users/admin/builder/spi-builder-workspace/.derivedData/Build/Intermediates.noindex/spfk-filesystem.build/Debug-xros/SPFKFileSystem-t.build/Objects-normal/arm64/SPFKFileSystem.abi.json (in target 'SPFKFileSystem' from project 'spfk-filesystem')
    cd /Users/admin/builder/spi-builder-workspace/.dependencies/checkouts/spfk-filesystem
    builtin-copy -exclude .DS_Store -exclude CVS -exclude .svn -exclude .git -exclude .hg -resolve-src-symlinks -rename /Users/admin/builder/spi-builder-workspace/.derivedData/Build/Intermediates.noindex/spfk-filesystem.build/Debug-xros/SPFKFileSystem-t.build/Objects-normal/arm64/SPFKFileSystem.abi.json /Users/admin/builder/spi-builder-workspace/.derivedData/Build/Products/Debug-xros/SPFKFileSystem.swiftmodule/arm64-apple-xros.abi.json
Copy /Users/admin/builder/spi-builder-workspace/.derivedData/Build/Products/Debug-xros/SPFKFileSystem.swiftmodule/Project/arm64-apple-xros.swiftsourceinfo /Users/admin/builder/spi-builder-workspace/.derivedData/Build/Intermediates.noindex/spfk-filesystem.build/Debug-xros/SPFKFileSystem-t.build/Objects-normal/arm64/SPFKFileSystem.swiftsourceinfo (in target 'SPFKFileSystem' from project 'spfk-filesystem')
    cd /Users/admin/builder/spi-builder-workspace/.dependencies/checkouts/spfk-filesystem
    builtin-copy -exclude .DS_Store -exclude CVS -exclude .svn -exclude .git -exclude .hg -resolve-src-symlinks -rename /Users/admin/builder/spi-builder-workspace/.derivedData/Build/Intermediates.noindex/spfk-filesystem.build/Debug-xros/SPFKFileSystem-t.build/Objects-normal/arm64/SPFKFileSystem.swiftsourceinfo /Users/admin/builder/spi-builder-workspace/.derivedData/Build/Products/Debug-xros/SPFKFileSystem.swiftmodule/Project/arm64-apple-xros.swiftsourceinfo
SwiftDriver SPFKImage normal arm64 com.apple.xcode.tools.swift.compiler (in target 'SPFKImage' from project 'spfk-image')
    cd /Users/admin/builder/spi-builder-workspace/.swiftpm/xcode
    builtin-SwiftDriver -- /Applications/Xcode-27.0.0.app/Contents/Developer/Toolchains/XcodeDefault.xctoolchain/usr/bin/swiftc -parse-as-library -module-name SPFKImage -Onone @/Users/admin/builder/spi-builder-workspace/.derivedData/Build/Intermediates.noindex/spfk-image.build/Debug-xros/SPFKImage-t.build/Objects-normal/arm64/SPFKImage.SwiftFileList -DSWIFT_PACKAGE -DDEBUG -DSWIFT_MODULE_RESOURCE_BUNDLE_UNAVAILABLE -Xcc -fmodule-map-file\=/Users/admin/builder/spi-builder-workspace/.dependencies/checkouts/swift-numerics/Sources/_NumericsShims/include/module.modulemap -Xcc -fmodule-map-file\=/Users/admin/builder/spi-builder-workspace/.derivedData/Build/Intermediates.noindex/GeneratedModuleMaps-xros/SPFKBaseC.modulemap -DXcode -plugin-path /Applications/Xcode-27.0.0.app/Contents/Developer/Toolchains/XcodeDefault.xctoolchain/usr/lib/swift/host/plugins/testing -enable-experimental-feature DebugDescriptionMacro -sdk /Applications/Xcode-27.0.0.app/Contents/Developer/Platforms/XROS.platform/Developer/SDKs/XROS27.0.sdk -target arm64-apple-xros1.0 -g -module-cache-path /Users/admin/builder/spi-builder-workspace/.derivedData/ModuleCache.noindex -Xfrontend -serialize-debugging-options -profile-coverage-mapping -profile-generate -enable-testing -suppress-warnings -index-store-path /Users/admin/builder/spi-builder-workspace/.derivedData/Index.noindex/DataStore -Xcc -D_LIBCPP_HARDENING_MODE\=_LIBCPP_HARDENING_MODE_DEBUG -swift-version 6 -I /Users/admin/builder/spi-builder-workspace/.derivedData/Build/Products/Debug-xros -Isystem /Applications/Xcode-27.0.0.app/Contents/Developer/Platforms/XROS.platform/Developer/usr/lib -F /Users/admin/builder/spi-builder-workspace/.derivedData/Build/Products/Debug-xros/PackageFrameworks -F /Users/admin/builder/spi-builder-workspace/.derivedData/Build/Products/Debug-xros -F /Applications/Xcode-27.0.0.app/Contents/Developer/Platforms/XROS.platform/Developer/Library/Frameworks -F /Applications/Xcode-27.0.0.app/Contents/Developer/Platforms/XROS.platform/Developer/SDKs/XROS27.0.sdk/Developer/Library/Frameworks -c -j10 -enable-batch-mode -incremental -Xcc -ivfsstatcache -Xcc /Users/admin/builder/spi-builder-workspace/.derivedData/SDKStatCaches.noindex/xros27.0-24M361-e829b21a6f8c9b70876ba0858053c04489c3c372b822c72ca60ec5271cbc7f3c.sdkstatcache -output-file-map /Users/admin/builder/spi-builder-workspace/.derivedData/Build/Intermediates.noindex/spfk-image.build/Debug-xros/SPFKImage-t.build/Objects-normal/arm64/SPFKImage-OutputFileMap.json -save-temps -no-color-diagnostics -explicit-module-build -module-cache-path /Users/admin/builder/spi-builder-workspace/.derivedData/Build/Intermediates.noindex/SwiftExplicitPrecompiledModules -clang-scanner-module-cache-path /Users/admin/builder/spi-builder-workspace/.derivedData/ModuleCache.noindex -sdk-module-cache-path /Users/admin/builder/spi-builder-workspace/.derivedData/SDKExplicitPrecompiledModules -emit-dependencies -emit-module -emit-module-path /Users/admin/builder/spi-builder-workspace/.derivedData/Build/Intermediates.noindex/spfk-image.build/Debug-xros/SPFKImage-t.build/Objects-normal/arm64/SPFKImage.swiftmodule -serialize-diagnostics -dependency-scan-serialize-diagnostics-path /Users/admin/builder/spi-builder-workspace/.derivedData/Build/Intermediates.noindex/spfk-image.build/Debug-xros/SPFKImage-t.build/Objects-normal/arm64/SPFKImage-dependency-scan.dia -user-module-version 0.3.1 -validate-clang-modules-once -clang-build-session-file /Users/admin/builder/spi-builder-workspace/.derivedData/ModuleCache.noindex/Session.modulevalidation -Xcc -fmodules-prune-interval\=86400 -Xcc -fmodules-prune-after\=345600 -package-name spfk_image -emit-const-values -const-gather-protocols-list /Users/admin/builder/spi-builder-workspace/.derivedData/Build/Intermediates.noindex/spfk-image.build/Debug-xros/SPFKImage-t.build/Objects-normal/arm64/SPFKImage_const_extract_protocols.json -Xcc -I/Users/admin/builder/spi-builder-workspace/.dependencies/checkouts/swift-numerics/Sources/_NumericsShims/include -Xcc -I/Users/admin/builder/spi-builder-workspace/.dependencies/checkouts/spfk-base/Sources/SPFKBaseC/include -Xcc -I/Users/admin/builder/spi-builder-workspace/.derivedData/Build/Products/Debug-xros/include -Xcc -I/Users/admin/builder/spi-builder-workspace/.derivedData/Build/Intermediates.noindex/spfk-image.build/Debug-xros/SPFKImage-t.build/DerivedSources-normal/arm64 -Xcc -I/Users/admin/builder/spi-builder-workspace/.derivedData/Build/Intermediates.noindex/spfk-image.build/Debug-xros/SPFKImage-t.build/DerivedSources/arm64 -Xcc -I/Users/admin/builder/spi-builder-workspace/.derivedData/Build/Intermediates.noindex/spfk-image.build/Debug-xros/SPFKImage-t.build/DerivedSources -Xcc -DSWIFT_PACKAGE -Xcc -DDEBUG\=1 -emit-objc-header -emit-objc-header-path /Users/admin/builder/spi-builder-workspace/.derivedData/Build/Intermediates.noindex/spfk-image.build/Debug-xros/SPFKImage-t.build/Objects-normal/arm64/SPFKImage-Swift.h -working-directory /Users/admin/builder/spi-builder-workspace/.swiftpm/xcode -experimental-emit-module-separately -disable-cmo
GenerateStringSymbols /Users/admin/builder/spi-builder-workspace/.derivedData/Build/Intermediates.noindex/spfk-audio-base.build/Debug-xros/SPFKAudioBase-t.build/DerivedSources/GeneratedStringSymbols_Localizable.swift /Users/admin/builder/spi-builder-workspace/.dependencies/checkouts/spfk-audio-base/Sources/SPFKAudioBase/Resources/Localizable.xcstrings (in target 'SPFKAudioBase' from project 'spfk-audio-base')
    cd /Users/admin/builder/spi-builder-workspace/.dependencies/checkouts/spfk-audio-base
    /Applications/Xcode-27.0.0.app/Contents/Developer/usr/bin/xcstringstool generate-symbols --language swift --output-directory /Users/admin/builder/spi-builder-workspace/.derivedData/Build/Intermediates.noindex/spfk-audio-base.build/Debug-xros/SPFKAudioBase-t.build/DerivedSources /Users/admin/builder/spi-builder-workspace/.dependencies/checkouts/spfk-audio-base/Sources/SPFKAudioBase/Resources/Localizable.xcstrings
SwiftDriverJobDiscovery normal arm64 Compiling FileModificationState.swift, ObservationData.swift, VolumeObserver.swift (in target 'SPFKFileSystem' from project 'spfk-filesystem')
SwiftDriver SPFKAudioBase normal arm64 com.apple.xcode.tools.swift.compiler (in target 'SPFKAudioBase' from project 'spfk-audio-base')
    cd /Users/admin/builder/spi-builder-workspace/.swiftpm/xcode
    builtin-SwiftDriver -- /Applications/Xcode-27.0.0.app/Contents/Developer/Toolchains/XcodeDefault.xctoolchain/usr/bin/swiftc -parse-as-library -module-name SPFKAudioBase -Onone @/Users/admin/builder/spi-builder-workspace/.derivedData/Build/Intermediates.noindex/spfk-audio-base.build/Debug-xros/SPFKAudioBase-t.build/Objects-normal/arm64/SPFKAudioBase.SwiftFileList -DSWIFT_PACKAGE -DDEBUG -DSWIFT_MODULE_RESOURCE_BUNDLE_AVAILABLE -Xcc -fmodule-map-file\=/Users/admin/builder/spi-builder-workspace/.dependencies/checkouts/swift-numerics/Sources/_NumericsShims/include/module.modulemap -Xcc -fmodule-map-file\=/Users/admin/builder/spi-builder-workspace/.derivedData/Build/Intermediates.noindex/GeneratedModuleMaps-xros/SPFKBaseC.modulemap -DXcode -plugin-path /Applications/Xcode-27.0.0.app/Contents/Developer/Toolchains/XcodeDefault.xctoolchain/usr/lib/swift/host/plugins/testing -enable-experimental-feature DebugDescriptionMacro -sdk /Applications/Xcode-27.0.0.app/Contents/Developer/Platforms/XROS.platform/Developer/SDKs/XROS27.0.sdk -target arm64-apple-xros1.0 -g -module-cache-path /Users/admin/builder/spi-builder-workspace/.derivedData/ModuleCache.noindex -Xfrontend -serialize-debugging-options -profile-coverage-mapping -profile-generate -enable-testing -suppress-warnings -index-store-path /Users/admin/builder/spi-builder-workspace/.derivedData/Index.noindex/DataStore -Xcc -D_LIBCPP_HARDENING_MODE\=_LIBCPP_HARDENING_MODE_DEBUG -swift-version 6 -I /Users/admin/builder/spi-builder-workspace/.derivedData/Build/Products/Debug-xros -Isystem /Applications/Xcode-27.0.0.app/Contents/Developer/Platforms/XROS.platform/Developer/usr/lib -F /Users/admin/builder/spi-builder-workspace/.derivedData/Build/Products/Debug-xros/PackageFrameworks -F /Users/admin/builder/spi-builder-workspace/.derivedData/Build/Products/Debug-xros -F /Applications/Xcode-27.0.0.app/Contents/Developer/Platforms/XROS.platform/Developer/Library/Frameworks -F /Applications/Xcode-27.0.0.app/Contents/Developer/Platforms/XROS.platform/Developer/SDKs/XROS27.0.sdk/Developer/Library/Frameworks -emit-localized-strings -emit-localized-strings-path /Users/admin/builder/spi-builder-workspace/.derivedData/Build/Intermediates.noindex/spfk-audio-base.build/Debug-xros/SPFKAudioBase-t.build/Objects-normal/arm64 -c -j10 -enable-batch-mode -incremental -Xcc -ivfsstatcache -Xcc /Users/admin/builder/spi-builder-workspace/.derivedData/SDKStatCaches.noindex/xros27.0-24M361-e829b21a6f8c9b70876ba0858053c04489c3c372b822c72ca60ec5271cbc7f3c.sdkstatcache -output-file-map /Users/admin/builder/spi-builder-workspace/.derivedData/Build/Intermediates.noindex/spfk-audio-base.build/Debug-xros/SPFKAudioBase-t.build/Objects-normal/arm64/SPFKAudioBase-OutputFileMap.json -save-temps -no-color-diagnostics -explicit-module-build -module-cache-path /Users/admin/builder/spi-builder-workspace/.derivedData/Build/Intermediates.noindex/SwiftExplicitPrecompiledModules -clang-scanner-module-cache-path /Users/admin/builder/spi-builder-workspace/.derivedData/ModuleCache.noindex -sdk-module-cache-path /Users/admin/builder/spi-builder-workspace/.derivedData/SDKExplicitPrecompiledModules -emit-dependencies -emit-module -emit-module-path /Users/admin/builder/spi-builder-workspace/.derivedData/Build/Intermediates.noindex/spfk-audio-base.build/Debug-xros/SPFKAudioBase-t.build/Objects-normal/arm64/SPFKAudioBase.swiftmodule -serialize-diagnostics -dependency-scan-serialize-diagnostics-path /Users/admin/builder/spi-builder-workspace/.derivedData/Build/Intermediates.noindex/spfk-audio-base.build/Debug-xros/SPFKAudioBase-t.build/Objects-normal/arm64/SPFKAudioBase-dependency-scan.dia -user-module-version 1.18.0 -validate-clang-modules-once -clang-build-session-file /Users/admin/builder/spi-builder-workspace/.derivedData/ModuleCache.noindex/Session.modulevalidation -Xcc -fmodules-prune-interval\=86400 -Xcc -fmodules-prune-after\=345600 -package-name spfk_audio_base -emit-const-values -const-gather-protocols-list /Users/admin/builder/spi-builder-workspace/.derivedData/Build/Intermediates.noindex/spfk-audio-base.build/Debug-xros/SPFKAudioBase-t.build/Objects-normal/arm64/SPFKAudioBase_const_extract_protocols.json -Xcc -I/Users/admin/builder/spi-builder-workspace/.dependencies/checkouts/swift-numerics/Sources/_NumericsShims/include -Xcc -I/Users/admin/builder/spi-builder-workspace/.dependencies/checkouts/spfk-base/Sources/SPFKBaseC/include -Xcc -I/Users/admin/builder/spi-builder-workspace/.derivedData/Build/Products/Debug-xros/include -Xcc -I/Users/admin/builder/spi-builder-workspace/.derivedData/Build/Intermediates.noindex/spfk-audio-base.build/Debug-xros/SPFKAudioBase-t.build/DerivedSources-normal/arm64 -Xcc -I/Users/admin/builder/spi-builder-workspace/.derivedData/Build/Intermediates.noindex/spfk-audio-base.build/Debug-xros/SPFKAudioBase-t.build/DerivedSources/arm64 -Xcc -I/Users/admin/builder/spi-builder-workspace/.derivedData/Build/Intermediates.noindex/spfk-audio-base.build/Debug-xros/SPFKAudioBase-t.build/DerivedSources -Xcc -DSWIFT_PACKAGE -Xcc -DDEBUG\=1 -emit-objc-header -emit-objc-header-path /Users/admin/builder/spi-builder-workspace/.derivedData/Build/Intermediates.noindex/spfk-audio-base.build/Debug-xros/SPFKAudioBase-t.build/Objects-normal/arm64/SPFKAudioBase-Swift.h -working-directory /Users/admin/builder/spi-builder-workspace/.swiftpm/xcode -experimental-emit-module-separately -disable-cmo
SwiftDriverJobDiscovery normal arm64 Compiling DirectoryEnumerationObserverDelegate.swift, DirectoryEvent.swift, DirectoryObserver.swift (in target 'SPFKFileSystem' from project 'spfk-filesystem')
SwiftDriverJobDiscovery normal arm64 Compiling FileConflictScheme.swift, FileSystem+Cleanup.swift, FileSystem+Enumeration.swift (in target 'SPFKFileSystem' from project 'spfk-filesystem')
SwiftDriver\ Compilation SPFKFileSystem normal arm64 com.apple.xcode.tools.swift.compiler (in target 'SPFKFileSystem' from project 'spfk-filesystem')
    cd /Users/admin/builder/spi-builder-workspace/.swiftpm/xcode
    builtin-Swift-Compilation -- /Applications/Xcode-27.0.0.app/Contents/Developer/Toolchains/XcodeDefault.xctoolchain/usr/bin/swiftc -parse-as-library -module-name SPFKFileSystem -Onone @/Users/admin/builder/spi-builder-workspace/.derivedData/Build/Intermediates.noindex/spfk-filesystem.build/Debug-xros/SPFKFileSystem-t.build/Objects-normal/arm64/SPFKFileSystem.SwiftFileList -DSWIFT_PACKAGE -DDEBUG -DSWIFT_MODULE_RESOURCE_BUNDLE_AVAILABLE -Xcc -fmodule-map-file\=/Users/admin/builder/spi-builder-workspace/.dependencies/checkouts/swift-numerics/Sources/_NumericsShims/include/module.modulemap -Xcc -fmodule-map-file\=/Users/admin/builder/spi-builder-workspace/.derivedData/Build/Intermediates.noindex/GeneratedModuleMaps-xros/SPFKBaseC.modulemap -DXcode -plugin-path /Applications/Xcode-27.0.0.app/Contents/Developer/Toolchains/XcodeDefault.xctoolchain/usr/lib/swift/host/plugins/testing -enable-experimental-feature DebugDescriptionMacro -sdk /Applications/Xcode-27.0.0.app/Contents/Developer/Platforms/XROS.platform/Developer/SDKs/XROS27.0.sdk -target arm64-apple-xros1.0 -g -module-cache-path /Users/admin/builder/spi-builder-workspace/.derivedData/ModuleCache.noindex -Xfrontend -serialize-debugging-options -profile-coverage-mapping -profile-generate -enable-testing -suppress-warnings -index-store-path /Users/admin/builder/spi-builder-workspace/.derivedData/Index.noindex/DataStore -Xcc -D_LIBCPP_HARDENING_MODE\=_LIBCPP_HARDENING_MODE_DEBUG -swift-version 6 -I /Users/admin/builder/spi-builder-workspace/.derivedData/Build/Products/Debug-xros -Isystem /Applications/Xcode-27.0.0.app/Contents/Developer/Platforms/XROS.platform/Developer/usr/lib -F /Users/admin/builder/spi-builder-workspace/.derivedData/Build/Products/Debug-xros/PackageFrameworks -F /Users/admin/builder/spi-builder-workspace/.derivedData/Build/Products/Debug-xros -F /Applications/Xcode-27.0.0.app/Contents/Developer/Platforms/XROS.platform/Developer/Library/Frameworks -F /Applications/Xcode-27.0.0.app/Contents/Developer/Platforms/XROS.platform/Developer/SDKs/XROS27.0.sdk/Developer/Library/Frameworks -emit-localized-strings -emit-localized-strings-path /Users/admin/builder/spi-builder-workspace/.derivedData/Build/Intermediates.noindex/spfk-filesystem.build/Debug-xros/SPFKFileSystem-t.build/Objects-normal/arm64 -c -j10 -enable-batch-mode -incremental -Xcc -ivfsstatcache -Xcc /Users/admin/builder/spi-builder-workspace/.derivedData/SDKStatCaches.noindex/xros27.0-24M361-e829b21a6f8c9b70876ba0858053c04489c3c372b822c72ca60ec5271cbc7f3c.sdkstatcache -output-file-map /Users/admin/builder/spi-builder-workspace/.derivedData/Build/Intermediates.noindex/spfk-filesystem.build/Debug-xros/SPFKFileSystem-t.build/Objects-normal/arm64/SPFKFileSystem-OutputFileMap.json -save-temps -no-color-diagnostics -explicit-module-build -module-cache-path /Users/admin/builder/spi-builder-workspace/.derivedData/Build/Intermediates.noindex/SwiftExplicitPrecompiledModules -clang-scanner-module-cache-path /Users/admin/builder/spi-builder-workspace/.derivedData/ModuleCache.noindex -sdk-module-cache-path /Users/admin/builder/spi-builder-workspace/.derivedData/SDKExplicitPrecompiledModules -emit-dependencies -emit-module -emit-module-path /Users/admin/builder/spi-builder-workspace/.derivedData/Build/Intermediates.noindex/spfk-filesystem.build/Debug-xros/SPFKFileSystem-t.build/Objects-normal/arm64/SPFKFileSystem.swiftmodule -serialize-diagnostics -dependency-scan-serialize-diagnostics-path /Users/admin/builder/spi-builder-workspace/.derivedData/Build/Intermediates.noindex/spfk-filesystem.build/Debug-xros/SPFKFileSystem-t.build/Objects-normal/arm64/SPFKFileSystem-dependency-scan.dia -user-module-version 1.11.1 -validate-clang-modules-once -clang-build-session-file /Users/admin/builder/spi-builder-workspace/.derivedData/ModuleCache.noindex/Session.modulevalidation -Xcc -fmodules-prune-interval\=86400 -Xcc -fmodules-prune-after\=345600 -package-name spfk_filesystem -emit-const-values -const-gather-protocols-list /Users/admin/builder/spi-builder-workspace/.derivedData/Build/Intermediates.noindex/spfk-filesystem.build/Debug-xros/SPFKFileSystem-t.build/Objects-normal/arm64/SPFKFileSystem_const_extract_protocols.json -Xcc -I/Users/admin/builder/spi-builder-workspace/.dependencies/checkouts/swift-numerics/Sources/_NumericsShims/include -Xcc -I/Users/admin/builder/spi-builder-workspace/.dependencies/checkouts/spfk-base/Sources/SPFKBaseC/include -Xcc -I/Users/admin/builder/spi-builder-workspace/.derivedData/Build/Products/Debug-xros/include -Xcc -I/Users/admin/builder/spi-builder-workspace/.derivedData/Build/Intermediates.noindex/spfk-filesystem.build/Debug-xros/SPFKFileSystem-t.build/DerivedSources-normal/arm64 -Xcc -I/Users/admin/builder/spi-builder-workspace/.derivedData/Build/Intermediates.noindex/spfk-filesystem.build/Debug-xros/SPFKFileSystem-t.build/DerivedSources/arm64 -Xcc -I/Users/admin/builder/spi-builder-workspace/.derivedData/Build/Intermediates.noindex/spfk-filesystem.build/Debug-xros/SPFKFileSystem-t.build/DerivedSources -Xcc -DSWIFT_PACKAGE -Xcc -DDEBUG\=1 -emit-objc-header -emit-objc-header-path /Users/admin/builder/spi-builder-workspace/.derivedData/Build/Intermediates.noindex/spfk-filesystem.build/Debug-xros/SPFKFileSystem-t.build/Objects-normal/arm64/SPFKFileSystem-Swift.h -working-directory /Users/admin/builder/spi-builder-workspace/.swiftpm/xcode -experimental-emit-module-separately -disable-cmo
Ld /Users/admin/builder/spi-builder-workspace/.derivedData/Build/Products/Debug-xros/SPFKFileSystem.o normal (in target 'SPFKFileSystem' from project 'spfk-filesystem')
    cd /Users/admin/builder/spi-builder-workspace/.dependencies/checkouts/spfk-filesystem
    /Applications/Xcode-27.0.0.app/Contents/Developer/Toolchains/XcodeDefault.xctoolchain/usr/bin/clang -Xlinker -reproducible -target arm64-apple-xros1.0 -r -isysroot /Applications/Xcode-27.0.0.app/Contents/Developer/Platforms/XROS.platform/Developer/SDKs/XROS27.0.sdk -O0 -w -Xlinker -no_warn_duplicate_libraries -F/Users/admin/builder/spi-builder-workspace/.derivedData/Build/Intermediates.noindex/EagerLinkingTBDs/Debug-xros -F/Users/admin/builder/spi-builder-workspace/.derivedData/Build/Products/Debug-xros/PackageFrameworks -F/Users/admin/builder/spi-builder-workspace/.derivedData/Build/Products/Debug-xros -iframework /Applications/Xcode-27.0.0.app/Contents/Developer/Platforms/XROS.platform/Developer/Library/Frameworks -iframework /Applications/Xcode-27.0.0.app/Contents/Developer/Platforms/XROS.platform/Developer/SDKs/XROS27.0.sdk/Developer/Library/Frameworks -filelist /Users/admin/builder/spi-builder-workspace/.derivedData/Build/Intermediates.noindex/spfk-filesystem.build/Debug-xros/SPFKFileSystem-t.build/Objects-normal/arm64/SPFKFileSystem.LinkFileList -nostdlib -Xlinker -object_path_lto -Xlinker /Users/admin/builder/spi-builder-workspace/.derivedData/Build/Intermediates.noindex/spfk-filesystem.build/Debug-xros/SPFKFileSystem-t.build/Objects-normal/arm64/SPFKFileSystem_lto.o -Xlinker -no_deduplicate -Xlinker -debug_variant -Xlinker -dependency_info -Xlinker /Users/admin/builder/spi-builder-workspace/.derivedData/Build/Intermediates.noindex/spfk-filesystem.build/Debug-xros/SPFKFileSystem-t.build/Objects-normal/arm64/SPFKFileSystem_dependency_info.dat -fobjc-link-runtime -L/Applications/Xcode-27.0.0.app/Contents/Developer/Toolchains/XcodeDefault.xctoolchain/usr/lib/swift/xros -L/usr/lib/swift -Xlinker -add_ast_path -Xlinker /Users/admin/builder/spi-builder-workspace/.derivedData/Build/Intermediates.noindex/spfk-filesystem.build/Debug-xros/SPFKFileSystem-t.build/Objects-normal/arm64/SPFKFileSystem.swiftmodule -o /Users/admin/builder/spi-builder-workspace/.derivedData/Build/Products/Debug-xros/SPFKFileSystem.o
ExtractAppIntentsMetadata (in target 'SPFKFileSystem' from project 'spfk-filesystem')
    cd /Users/admin/builder/spi-builder-workspace/.dependencies/checkouts/spfk-filesystem
    /Applications/Xcode-27.0.0.app/Contents/Developer/Toolchains/XcodeDefault.xctoolchain/usr/bin/appintentsmetadataprocessor --toolchain-dir /var/run/com.apple.security.cryptexd/mnt/com.apple.MobileAsset.MetalToolchain-v27.1.266.1.GpVETR/Metal.xctoolchain --module-name SPFKFileSystem --sdk-root /Applications/Xcode-27.0.0.app/Contents/Developer/Platforms/XROS.platform/Developer/SDKs/XROS27.0.sdk --xcode-version 27A266a --platform-family xrOS --deployment-target 1.0 --bundle-identifier spfk-filesystem.SPFKFileSystem --output /Users/admin/builder/spi-builder-workspace/.derivedData/Build/Products/Debug-xros/SPFKFileSystem.appintents --target-triple arm64-apple-xros1.0 --binary-file /Users/admin/builder/spi-builder-workspace/.derivedData/Build/Products/Debug-xros/SPFKFileSystem.o --dependency-file /Users/admin/builder/spi-builder-workspace/.derivedData/Build/Intermediates.noindex/spfk-filesystem.build/Debug-xros/SPFKFileSystem-t.build/Objects-normal/arm64/SPFKFileSystem_dependency_info.dat --stringsdata-file /Users/admin/builder/spi-builder-workspace/.derivedData/Build/Intermediates.noindex/spfk-filesystem.build/Debug-xros/SPFKFileSystem-t.build/Objects-normal/arm64/ExtractedAppShortcutsMetadata.stringsdata --source-file-list /Users/admin/builder/spi-builder-workspace/.derivedData/Build/Intermediates.noindex/spfk-filesystem.build/Debug-xros/SPFKFileSystem-t.build/Objects-normal/arm64/SPFKFileSystem.SwiftFileList --metadata-file-list /Users/admin/builder/spi-builder-workspace/.derivedData/Build/Intermediates.noindex/spfk-filesystem.build/Debug-xros/SPFKFileSystem-t.build/SPFKFileSystem.DependencyMetadataFileList --static-metadata-file-list /Users/admin/builder/spi-builder-workspace/.derivedData/Build/Intermediates.noindex/spfk-filesystem.build/Debug-xros/SPFKFileSystem-t.build/SPFKFileSystem.DependencyStaticMetadataFileList --swift-const-vals-list /Users/admin/builder/spi-builder-workspace/.derivedData/Build/Intermediates.noindex/spfk-filesystem.build/Debug-xros/SPFKFileSystem-t.build/Objects-normal/arm64/SPFKFileSystem.SwiftConstValuesFileList --force --compile-time-extraction --deployment-aware-processing --no-app-shortcuts-localization
2026-10-15 20:35:00.691 appintentsmetadataprocessor[1753:9153] Starting appintentsmetadataprocessor export
2026-10-15 20:35:00.752 appintentsmetadataprocessor[1753:9153] Extracted no relevant App Intents symbols, skipping writing output
SwiftExplicitDependencyGeneratePcm arm64 /Users/admin/builder/spi-builder-workspace/.derivedData/SDKExplicitPrecompiledModules/Accelerate-BFIRZC761Y63C58SQPXUCLUGW.pcm
SwiftExplicitDependencyGeneratePcm arm64 /Users/admin/builder/spi-builder-workspace/.derivedData/SDKExplicitPrecompiledModules/dnssd-DQA0HP6QHMCK4C9XBI9R8N147.pcm
SwiftExplicitDependencyGeneratePcm arm64 /Users/admin/builder/spi-builder-workspace/.derivedData/SDKExplicitPrecompiledModules/MediaToolbox-2PR0CI7XSGA9KWEBZ7VXIXCDM.pcm
SwiftExplicitDependencyGeneratePcm arm64 /Users/admin/builder/spi-builder-workspace/.derivedData/SDKExplicitPrecompiledModules/VideoToolbox-T9CCNKJVOQ48O9VK4L1QFPVJ.pcm
SwiftExplicitDependencyGeneratePcm arm64 /Users/admin/builder/spi-builder-workspace/.derivedData/SDKExplicitPrecompiledModules/Network-6YEYKAYVZLX2324YE3Y3MNF4D.pcm
SwiftExplicitDependencyGeneratePcm arm64 /Users/admin/builder/spi-builder-workspace/.derivedData/SDKExplicitPrecompiledModules/AVRouting-82CNZ2BK764ZCAYOHEGWUUNP6.pcm
SwiftExplicitDependencyGeneratePcm arm64 /Users/admin/builder/spi-builder-workspace/.derivedData/SDKExplicitPrecompiledModules/AVFoundation-DMLC08DPLZIJNJVSXW99PE2IG.pcm
SwiftEmitModule normal arm64 Emitting\ module\ for\ SPFKImage (in target 'SPFKImage' from project 'spfk-image')
SwiftCompile normal arm64 (in target 'SPFKImage' from project 'spfk-image')
    cd /Users/admin/builder/spi-builder-workspace/.swiftpm/xcode

SwiftCompile normal arm64 Compiling\ ImageFormatConverter+Write.swift,\ ImageFormatConverter.swift /Users/admin/builder/spi-builder-workspace/.dependencies/checkouts/spfk-image/Sources/SPFKImage/Conversion/ImageFormatConverter+Write.swift /Users/admin/builder/spi-builder-workspace/.dependencies/checkouts/spfk-image/Sources/SPFKImage/Conversion/ImageFormatConverter.swift (in target 'SPFKImage' from project 'spfk-image')
SwiftCompile normal arm64 /Users/admin/builder/spi-builder-workspace/.dependencies/checkouts/spfk-image/Sources/SPFKImage/Conversion/ImageFormatConverter+Write.swift (in target 'SPFKImage' from project 'spfk-image')
    cd /Users/admin/builder/spi-builder-workspace/.swiftpm/xcode
    builtin-SwiftPerFileCompile ImageFormatConverter+Write.swift
SwiftCompile normal arm64 /Users/admin/builder/spi-builder-workspace/.dependencies/checkouts/spfk-image/Sources/SPFKImage/Conversion/ImageFormatConverter.swift (in target 'SPFKImage' from project 'spfk-image')
    cd /Users/admin/builder/spi-builder-workspace/.swiftpm/xcode
    builtin-SwiftPerFileCompile ImageFormatConverter.swift
SwiftCompile normal arm64 Compiling\ ImageMetadataCopyScheme.swift,\ RGBAPixelBuffer.swift /Users/admin/builder/spi-builder-workspace/.dependencies/checkouts/spfk-image/Sources/SPFKImage/Conversion/ImageMetadataCopyScheme.swift /Users/admin/builder/spi-builder-workspace/.dependencies/checkouts/spfk-image/Sources/SPFKImage/Conversion/RGBAPixelBuffer.swift (in target 'SPFKImage' from project 'spfk-image')
SwiftCompile normal arm64 /Users/admin/builder/spi-builder-workspace/.dependencies/checkouts/spfk-image/Sources/SPFKImage/Conversion/ImageMetadataCopyScheme.swift (in target 'SPFKImage' from project 'spfk-image')
    cd /Users/admin/builder/spi-builder-workspace/.swiftpm/xcode
    builtin-SwiftPerFileCompile ImageMetadataCopyScheme.swift
SwiftCompile normal arm64 /Users/admin/builder/spi-builder-workspace/.dependencies/checkouts/spfk-image/Sources/SPFKImage/Conversion/RGBAPixelBuffer.swift (in target 'SPFKImage' from project 'spfk-image')
    cd /Users/admin/builder/spi-builder-workspace/.swiftpm/xcode
    builtin-SwiftPerFileCompile RGBAPixelBuffer.swift
SwiftCompile normal arm64 Compiling\ ImageFormatConverter+Transcode.swift,\ ImageFormatConverter+Types.swift /Users/admin/builder/spi-builder-workspace/.dependencies/checkouts/spfk-image/Sources/SPFKImage/Conversion/ImageFormatConverter+Transcode.swift /Users/admin/builder/spi-builder-workspace/.dependencies/checkouts/spfk-image/Sources/SPFKImage/Conversion/ImageFormatConverter+Types.swift (in target 'SPFKImage' from project 'spfk-image')
SwiftCompile normal arm64 /Users/admin/builder/spi-builder-workspace/.dependencies/checkouts/spfk-image/Sources/SPFKImage/Conversion/ImageFormatConverter+Transcode.swift (in target 'SPFKImage' from project 'spfk-image')
    cd /Users/admin/builder/spi-builder-workspace/.swiftpm/xcode
    builtin-SwiftPerFileCompile ImageFormatConverter+Transcode.swift
SwiftCompile normal arm64 /Users/admin/builder/spi-builder-workspace/.dependencies/checkouts/spfk-image/Sources/SPFKImage/Conversion/ImageFormatConverter+Types.swift (in target 'SPFKImage' from project 'spfk-image')
    cd /Users/admin/builder/spi-builder-workspace/.swiftpm/xcode
    builtin-SwiftPerFileCompile ImageFormatConverter+Types.swift
SwiftCompile normal arm64 Compiling\ ImageConversionOptions.swift,\ ImageConversionSource.swift /Users/admin/builder/spi-builder-workspace/.dependencies/checkouts/spfk-image/Sources/SPFKImage/Conversion/ImageConversionOptions.swift /Users/admin/builder/spi-builder-workspace/.dependencies/checkouts/spfk-image/Sources/SPFKImage/Conversion/ImageConversionSource.swift (in target 'SPFKImage' from project 'spfk-image')
SwiftCompile normal arm64 /Users/admin/builder/spi-builder-workspace/.dependencies/checkouts/spfk-image/Sources/SPFKImage/Conversion/ImageConversionOptions.swift (in target 'SPFKImage' from project 'spfk-image')
    cd /Users/admin/builder/spi-builder-workspace/.swiftpm/xcode
    builtin-SwiftPerFileCompile ImageConversionOptions.swift
SwiftCompile normal arm64 /Users/admin/builder/spi-builder-workspace/.dependencies/checkouts/spfk-image/Sources/SPFKImage/Conversion/ImageConversionSource.swift (in target 'SPFKImage' from project 'spfk-image')
    cd /Users/admin/builder/spi-builder-workspace/.swiftpm/xcode
    builtin-SwiftPerFileCompile ImageConversionSource.swift
SwiftCompile normal arm64 Compiling\ ImageAdjustmentRenderer.swift,\ CGImage+Export.swift,\ CGImage.swift /Users/admin/builder/spi-builder-workspace/.dependencies/checkouts/spfk-image/Sources/SPFKImage/Adjustment/ImageAdjustmentRenderer.swift /Users/admin/builder/spi-builder-workspace/.dependencies/checkouts/spfk-image/Sources/SPFKImage/CGImage/CGImage+Export.swift /Users/admin/builder/spi-builder-workspace/.dependencies/checkouts/spfk-image/Sources/SPFKImage/CGImage/CGImage.swift (in target 'SPFKImage' from project 'spfk-image')
SwiftCompile normal arm64 /Users/admin/builder/spi-builder-workspace/.dependencies/checkouts/spfk-image/Sources/SPFKImage/Adjustment/ImageAdjustmentRenderer.swift (in target 'SPFKImage' from project 'spfk-image')
    cd /Users/admin/builder/spi-builder-workspace/.swiftpm/xcode
    builtin-SwiftPerFileCompile ImageAdjustmentRenderer.swift
SwiftCompile normal arm64 /Users/admin/builder/spi-builder-workspace/.dependencies/checkouts/spfk-image/Sources/SPFKImage/CGImage/CGImage+Export.swift (in target 'SPFKImage' from project 'spfk-image')
    cd /Users/admin/builder/spi-builder-workspace/.swiftpm/xcode
    builtin-SwiftPerFileCompile CGImage+Export.swift
SwiftCompile normal arm64 /Users/admin/builder/spi-builder-workspace/.dependencies/checkouts/spfk-image/Sources/SPFKImage/CGImage/CGImage.swift (in target 'SPFKImage' from project 'spfk-image')
    cd /Users/admin/builder/spi-builder-workspace/.swiftpm/xcode
    builtin-SwiftPerFileCompile CGImage.swift
SwiftCompile normal arm64 Compiling\ ImageAdjustmentDescription.swift,\ ImageAdjustmentRenderError.swift,\ ImageAdjustmentRenderer+File.swift /Users/admin/builder/spi-builder-workspace/.dependencies/checkouts/spfk-image/Sources/SPFKImage/Adjustment/ImageAdjustmentDescription.swift /Users/admin/builder/spi-builder-workspace/.dependencies/checkouts/spfk-image/Sources/SPFKImage/Adjustment/ImageAdjustmentRenderError.swift /Users/admin/builder/spi-builder-workspace/.dependencies/checkouts/spfk-image/Sources/SPFKImage/Adjustment/ImageAdjustmentRenderer+File.swift (in target 'SPFKImage' from project 'spfk-image')
/Users/admin/builder/spi-builder-workspace/.dependencies/checkouts/spfk-image/Sources/SPFKImage/Adjustment/ImageAdjustmentRenderer+File.swift:169:26: error: 'kCGImageAuxiliaryDataTypeISOGainMap' is only available in visionOS 2.0 or newer
  6 | import UniformTypeIdentifiers
  7 |
  8 | extension ImageAdjustmentRenderer {
    | `- note: add '@available' attribute to enclosing extension
  9 |     /// JPEG and HEIC encode quality for a rendered file.
 10 |     public static let defaultFileQuality: Double = 0.9
    :
153 |     }
154 |
155 |     static var auxiliaryDataTypes: [CFString] {
    |                `- note: add '@available' attribute to enclosing static property
156 |         var types: [CFString] = [
157 |             kCGImageAuxiliaryDataTypeHDRGainMap,
    :
167 |
168 |         if #available(macOS 15, iOS 18, *) {
169 |             types.append(kCGImageAuxiliaryDataTypeISOGainMap)
    |                          |- error: 'kCGImageAuxiliaryDataTypeISOGainMap' is only available in visionOS 2.0 or newer
    |                          `- note: add 'if #available' version check
170 |         }
171 |
Failed frontend command:
/Applications/Xcode-27.0.0.app/Contents/Developer/Toolchains/XcodeDefault.xctoolchain/usr/bin/swift-frontend -frontend -c -primary-file /Users/admin/builder/spi-builder-workspace/.dependencies/checkouts/spfk-image/Sources/SPFKImage/Adjustment/ImageAdjustmentDescription.swift -primary-file /Users/admin/builder/spi-builder-workspace/.dependencies/checkouts/spfk-image/Sources/SPFKImage/Adjustment/ImageAdjustmentRenderError.swift -primary-file /Users/admin/builder/spi-builder-workspace/.dependencies/checkouts/spfk-image/Sources/SPFKImage/Adjustment/ImageAdjustmentRenderer+File.swift /Users/admin/builder/spi-builder-workspace/.dependencies/checkouts/spfk-image/Sources/SPFKImage/Adjustment/ImageAdjustmentRenderer.swift /Users/admin/builder/spi-builder-workspace/.dependencies/checkouts/spfk-image/Sources/SPFKImage/CGImage/CGImage+Export.swift /Users/admin/builder/spi-builder-workspace/.dependencies/checkouts/spfk-image/Sources/SPFKImage/CGImage/CGImage.swift /Users/admin/builder/spi-builder-workspace/.dependencies/checkouts/spfk-image/Sources/SPFKImage/Conversion/ImageConversionError.swift /Users/admin/builder/spi-builder-workspace/.dependencies/checkouts/spfk-image/Sources/SPFKImage/Conversion/ImageConversionFormats.swift /Users/admin/builder/spi-builder-workspace/.dependencies/checkouts/spfk-image/Sources/SPFKImage/Conversion/ImageConversionOptions.swift /Users/admin/builder/spi-builder-workspace/.dependencies/checkouts/spfk-image/Sources/SPFKImage/Conversion/ImageConversionSource.swift /Users/admin/builder/spi-builder-workspace/.dependencies/checkouts/spfk-image/Sources/SPFKImage/Conversion/ImageFileEncoder.swift /Users/admin/builder/spi-builder-workspace/.dependencies/checkouts/spfk-image/Sources/SPFKImage/Conversion/ImageFileEncoderInput.swift /Users/admin/builder/spi-builder-workspace/.dependencies/checkouts/spfk-image/Sources/SPFKImage/Conversion/ImageFormatConverter+Encoder.swift /Users/admin/builder/spi-builder-workspace/.dependencies/checkouts/spfk-image/Sources/SPFKImage/Conversion/ImageFormatConverter+GainMap.swift /Users/admin/builder/spi-builder-workspace/.dependencies/checkouts/spfk-image/Sources/SPFKImage/Conversion/ImageFormatConverter+Metadata.swift /Users/admin/builder/spi-builder-workspace/.dependencies/checkouts/spfk-image/Sources/SPFKImage/Conversion/ImageFormatConverter+Render.swift /Users/admin/builder/spi-builder-workspace/.dependencies/checkouts/spfk-image/Sources/SPFKImage/Conversion/ImageFormatConverter+Transcode.swift /Users/admin/builder/spi-builder-workspace/.dependencies/checkouts/spfk-image/Sources/SPFKImage/Conversion/ImageFormatConverter+Types.swift /Users/admin/builder/spi-builder-workspace/.dependencies/checkouts/spfk-image/Sources/SPFKImage/Conversion/ImageFormatConverter+Write.swift /Users/admin/builder/spi-builder-workspace/.dependencies/checkouts/spfk-image/Sources/SPFKImage/Conversion/ImageFormatConverter.swift /Users/admin/builder/spi-builder-workspace/.dependencies/checkouts/spfk-image/Sources/SPFKImage/Conversion/ImageMetadataCopyScheme.swift /Users/admin/builder/spi-builder-workspace/.dependencies/checkouts/spfk-image/Sources/SPFKImage/Conversion/RGBAPixelBuffer.swift -supplementary-output-file-map /Users/admin/builder/spi-builder-workspace/.derivedData/Build/Intermediates.noindex/spfk-image.build/Debug-xros/SPFKImage-t.build/Objects-normal/arm64/supplementaryOutputs-107 -target arm64-apple-xros1.0 -disable-cross-import-overlay-search -load-resolved-plugin /Applications/Xcode-27.0.0.app/Contents/Developer/Platforms/XROS.platform/Developer/usr/lib/swift/host/plugins/libFoundationMacros.dylib\#/Applications/Xcode-27.0.0.app/Contents/Developer/Platforms/XROS.platform/Developer/usr/bin/swift-plugin-server\#FoundationMacros -load-resolved-plugin /Applications/Xcode-27.0.0.app/Contents/Developer/Platforms/XROS.platform/Developer/usr/lib/swift/host/plugins/libObservationMacros.dylib\#/Applications/Xcode-27.0.0.app/Contents/Developer/Platforms/XROS.platform/Developer/usr/bin/swift-plugin-server\#ObservationMacros -load-resolved-plugin /Applications/Xcode-27.0.0.app/Contents/Developer/Platforms/XROS.platform/Developer/usr/lib/swift/host/plugins/libPreviewsMacros.dylib\#/Applications/Xcode-27.0.0.app/Contents/Developer/Platforms/XROS.platform/Developer/usr/bin/swift-plugin-server\#PreviewsMacros -load-resolved-plugin /Applications/Xcode-27.0.0.app/Contents/Developer/Platforms/XROS.platform/Developer/usr/lib/swift/host/plugins/libSwiftMacros.dylib\#/Applications/Xcode-27.0.0.app/Contents/Developer/Platforms/XROS.platform/Developer/usr/bin/swift-plugin-server\#SwiftMacros -load-resolved-plugin /Applications/Xcode-27.0.0.app/Contents/Developer/Platforms/XROS.platform/Developer/usr/lib/swift/host/plugins/libSwiftUIMacros.dylib\#/Applications/Xcode-27.0.0.app/Contents/Developer/Platforms/XROS.platform/Developer/usr/bin/swift-plugin-server\#SwiftUIMacros -disable-implicit-swift-modules -Xcc -fno-implicit-modules -Xcc -fno-implicit-module-maps -explicit-swift-module-map-file /Users/admin/builder/spi-builder-workspace/.derivedData/Build/Intermediates.noindex/spfk-image.build/Debug-xros/SPFKImage-t.build/Objects-normal/arm64/SPFKImage-dependencies-1.json -Xllvm -aarch64-use-tbi -enable-objc-interop -stack-check -sdk /Applications/Xcode-27.0.0.app/Contents/Developer/Platforms/XROS.platform/Developer/SDKs/XROS27.0.sdk -I /Users/admin/builder/spi-builder-workspace/.derivedData/Build/Products/Debug-xros -Isystem /Applications/Xcode-27.0.0.app/Contents/Developer/Platforms/XROS.platform/Developer/usr/lib -F /Users/admin/builder/spi-builder-workspace/.derivedData/Build/Products/Debug-xros/PackageFrameworks -F /Users/admin/builder/spi-builder-workspace/.derivedData/Build/Products/Debug-xros -F /Applications/Xcode-27.0.0.app/Contents/Developer/Platforms/XROS.platform/Developer/Library/Frameworks -F /Applications/Xcode-27.0.0.app/Contents/Developer/Platforms/XROS.platform/Developer/SDKs/XROS27.0.sdk/Developer/Library/Frameworks -module-cache-path /Users/admin/builder/spi-builder-workspace/.derivedData/Build/Intermediates.noindex/SwiftExplicitPrecompiledModules -no-color-diagnostics -Xcc -fno-color-diagnostics -enable-testing -g -debug-info-format\=dwarf -dwarf-version\=4 -suppress-warnings -profile-generate -profile-coverage-mapping -swift-version 6 -Onone -D SWIFT_PACKAGE -D DEBUG -D SWIFT_MODULE_RESOURCE_BUNDLE_UNAVAILABLE -D Xcode -serialize-debugging-options -enable-experimental-feature DebugDescriptionMacro -empty-abi-descriptor -user-module-version 0.3.1 -validate-clang-modules-once -clang-build-session-file /Users/admin/builder/spi-builder-workspace/.derivedData/ModuleCache.noindex/Session.modulevalidation -Xcc -working-directory -Xcc /Users/admin/builder/spi-builder-workspace/.swiftpm/xcode -enable-anonymous-context-mangled-names -file-compilation-dir /Users/admin/builder/spi-builder-workspace/.swiftpm/xcode -Xcc -fmodule-map-file\=/Users/admin/builder/spi-builder-workspace/.dependencies/checkouts/swift-numerics/Sources/_NumericsShims/include/module.modulemap -Xcc -fmodule-map-file\=/Users/admin/builder/spi-builder-workspace/.derivedData/Build/Intermediates.noindex/GeneratedModuleMaps-xros/SPFKBaseC.modulemap -Xcc -D_LIBCPP_HARDENING_MODE\=_LIBCPP_HARDENING_MODE_DEBUG -Xcc -ivfsstatcache -Xcc /Users/admin/builder/spi-builder-workspace/.derivedData/SDKStatCaches.noindex/xros27.0-24M361-e829b21a6f8c9b70876ba0858053c04489c3c372b822c72ca60ec5271cbc7f3c.sdkstatcache -Xcc -fmodules-prune-interval\=86400 -Xcc -fmodules-prune-after\=345600 -Xcc -I/Users/admin/builder/spi-builder-workspace/.dependencies/checkouts/swift-numerics/Sources/_NumericsShims/include -Xcc -I/Users/admin/builder/spi-builder-workspace/.dependencies/checkouts/spfk-base/Sources/SPFKBaseC/include -Xcc -I/Users/admin/builder/spi-builder-workspace/.derivedData/Build/Products/Debug-xros/include -Xcc -I/Users/admin/builder/spi-builder-workspace/.derivedData/Build/Intermediates.noindex/spfk-image.build/Debug-xros/SPFKImage-t.build/DerivedSources-normal/arm64 -Xcc -I/Users/admin/builder/spi-builder-workspace/.derivedData/Build/Intermediates.noindex/spfk-image.build/Debug-xros/SPFKImage-t.build/DerivedSources/arm64 -Xcc -I/Users/admin/builder/spi-builder-workspace/.derivedData/Build/Intermediates.noindex/spfk-image.build/Debug-xros/SPFKImage-t.build/DerivedSources -Xcc -DSWIFT_PACKAGE -Xcc -DDEBUG\=1 -no-auto-bridging-header-chaining -module-name SPFKImage -package-name spfk_image -const-gather-protocols-file /Users/admin/builder/spi-builder-workspace/.derivedData/Build/Intermediates.noindex/spfk-image.build/Debug-xros/SPFKImage-t.build/Objects-normal/arm64/SPFKImage_const_extract_protocols.json -disable-clang-spi -clang-target arm64-apple-xros27.0 -target-sdk-version 27.0 -target-sdk-name xros27.0 -in-process-plugin-server-path /Applications/Xcode-27.0.0.app/Contents/Developer/Toolchains/XcodeDefault.xctoolchain/usr/lib/swift/host/libSwiftInProcPluginServer.dylib -parse-as-library -o /Users/admin/builder/spi-builder-workspace/.derivedData/Build/Intermediates.noindex/spfk-image.build/Debug-xros/SPFKImage-t.build/Objects-normal/arm64/ImageAdjustmentDescription.o -o /Users/admin/builder/spi-builder-workspace/.derivedData/Build/Intermediates.noindex/spfk-image.build/Debug-xros/SPFKImage-t.build/Objects-normal/arm64/ImageAdjustmentRenderError.o -o /Users/admin/builder/spi-builder-workspace/.derivedData/Build/Intermediates.noindex/spfk-image.build/Debug-xros/SPFKImage-t.build/Objects-normal/arm64/ImageAdjustmentRenderer+File.o -debug-module-path /Users/admin/builder/spi-builder-workspace/.derivedData/Build/Intermediates.noindex/spfk-image.build/Debug-xros/SPFKImage-t.build/Objects-normal/arm64/SPFKImage.swiftmodule -index-unit-output-path /spfk-image.build/Debug-xros/SPFKImage-t.build/Objects-normal/arm64/ImageAdjustmentDescription.o -index-unit-output-path /spfk-image.build/Debug-xros/SPFKImage-t.build/Objects-normal/arm64/ImageAdjustmentRenderError.o -index-unit-output-path /spfk-image.build/Debug-xros/SPFKImage-t.build/Objects-normal/arm64/ImageAdjustmentRenderer+File.o -index-store-path /Users/admin/builder/spi-builder-workspace/.derivedData/Index.noindex/DataStore -index-system-modules
SwiftCompile normal arm64 /Users/admin/builder/spi-builder-workspace/.dependencies/checkouts/spfk-image/Sources/SPFKImage/Adjustment/ImageAdjustmentDescription.swift (in target 'SPFKImage' from project 'spfk-image')
    cd /Users/admin/builder/spi-builder-workspace/.swiftpm/xcode
    builtin-SwiftPerFileCompile ImageAdjustmentDescription.swift
SwiftCompile normal arm64 /Users/admin/builder/spi-builder-workspace/.dependencies/checkouts/spfk-image/Sources/SPFKImage/Adjustment/ImageAdjustmentRenderError.swift (in target 'SPFKImage' from project 'spfk-image')
    cd /Users/admin/builder/spi-builder-workspace/.swiftpm/xcode
    builtin-SwiftPerFileCompile ImageAdjustmentRenderError.swift
SwiftCompile normal arm64 /Users/admin/builder/spi-builder-workspace/.dependencies/checkouts/spfk-image/Sources/SPFKImage/Adjustment/ImageAdjustmentRenderer+File.swift (in target 'SPFKImage' from project 'spfk-image')
    cd /Users/admin/builder/spi-builder-workspace/.swiftpm/xcode
    builtin-SwiftPerFileCompile ImageAdjustmentRenderer+File.swift
SwiftCompile normal arm64 Compiling\ ImageConversionError.swift,\ ImageConversionFormats.swift /Users/admin/builder/spi-builder-workspace/.dependencies/checkouts/spfk-image/Sources/SPFKImage/Conversion/ImageConversionError.swift /Users/admin/builder/spi-builder-workspace/.dependencies/checkouts/spfk-image/Sources/SPFKImage/Conversion/ImageConversionFormats.swift (in target 'SPFKImage' from project 'spfk-image')
SwiftCompile normal arm64 /Users/admin/builder/spi-builder-workspace/.dependencies/checkouts/spfk-image/Sources/SPFKImage/Conversion/ImageConversionError.swift (in target 'SPFKImage' from project 'spfk-image')
    cd /Users/admin/builder/spi-builder-workspace/.swiftpm/xcode
    builtin-SwiftPerFileCompile ImageConversionError.swift
SwiftCompile normal arm64 /Users/admin/builder/spi-builder-workspace/.dependencies/checkouts/spfk-image/Sources/SPFKImage/Conversion/ImageConversionFormats.swift (in target 'SPFKImage' from project 'spfk-image')
    cd /Users/admin/builder/spi-builder-workspace/.swiftpm/xcode
    builtin-SwiftPerFileCompile ImageConversionFormats.swift
SwiftCompile normal arm64 Compiling\ ImageFileEncoder.swift,\ ImageFileEncoderInput.swift /Users/admin/builder/spi-builder-workspace/.dependencies/checkouts/spfk-image/Sources/SPFKImage/Conversion/ImageFileEncoder.swift /Users/admin/builder/spi-builder-workspace/.dependencies/checkouts/spfk-image/Sources/SPFKImage/Conversion/ImageFileEncoderInput.swift (in target 'SPFKImage' from project 'spfk-image')
SwiftCompile normal arm64 /Users/admin/builder/spi-builder-workspace/.dependencies/checkouts/spfk-image/Sources/SPFKImage/Conversion/ImageFileEncoder.swift (in target 'SPFKImage' from project 'spfk-image')
    cd /Users/admin/builder/spi-builder-workspace/.swiftpm/xcode
    builtin-SwiftPerFileCompile ImageFileEncoder.swift
SwiftCompile normal arm64 /Users/admin/builder/spi-builder-workspace/.dependencies/checkouts/spfk-image/Sources/SPFKImage/Conversion/ImageFileEncoderInput.swift (in target 'SPFKImage' from project 'spfk-image')
    cd /Users/admin/builder/spi-builder-workspace/.swiftpm/xcode
    builtin-SwiftPerFileCompile ImageFileEncoderInput.swift
SwiftCompile normal arm64 Compiling\ ImageFormatConverter+Encoder.swift,\ ImageFormatConverter+GainMap.swift /Users/admin/builder/spi-builder-workspace/.dependencies/checkouts/spfk-image/Sources/SPFKImage/Conversion/ImageFormatConverter+Encoder.swift /Users/admin/builder/spi-builder-workspace/.dependencies/checkouts/spfk-image/Sources/SPFKImage/Conversion/ImageFormatConverter+GainMap.swift (in target 'SPFKImage' from project 'spfk-image')
SwiftCompile normal arm64 /Users/admin/builder/spi-builder-workspace/.dependencies/checkouts/spfk-image/Sources/SPFKImage/Conversion/ImageFormatConverter+Encoder.swift (in target 'SPFKImage' from project 'spfk-image')
    cd /Users/admin/builder/spi-builder-workspace/.swiftpm/xcode
    builtin-SwiftPerFileCompile ImageFormatConverter+Encoder.swift
SwiftCompile normal arm64 /Users/admin/builder/spi-builder-workspace/.dependencies/checkouts/spfk-image/Sources/SPFKImage/Conversion/ImageFormatConverter+GainMap.swift (in target 'SPFKImage' from project 'spfk-image')
    cd /Users/admin/builder/spi-builder-workspace/.swiftpm/xcode
    builtin-SwiftPerFileCompile ImageFormatConverter+GainMap.swift
SwiftEmitModule normal arm64 Emitting\ module\ for\ SPFKAudioBase (in target 'SPFKAudioBase' from project 'spfk-audio-base')
SwiftCompile normal arm64 (in target 'SPFKAudioBase' from project 'spfk-audio-base')
    cd /Users/admin/builder/spi-builder-workspace/.swiftpm/xcode

SwiftDriverJobDiscovery normal arm64 Compiling ImageMetadataCopyScheme.swift, RGBAPixelBuffer.swift (in target 'SPFKImage' from project 'spfk-image')
SwiftCompile normal arm64 Compiling\ ImageFormatConverter+Metadata.swift,\ ImageFormatConverter+Render.swift /Users/admin/builder/spi-builder-workspace/.dependencies/checkouts/spfk-image/Sources/SPFKImage/Conversion/ImageFormatConverter+Metadata.swift /Users/admin/builder/spi-builder-workspace/.dependencies/checkouts/spfk-image/Sources/SPFKImage/Conversion/ImageFormatConverter+Render.swift (in target 'SPFKImage' from project 'spfk-image')
SwiftCompile normal arm64 /Users/admin/builder/spi-builder-workspace/.dependencies/checkouts/spfk-image/Sources/SPFKImage/Conversion/ImageFormatConverter+Metadata.swift (in target 'SPFKImage' from project 'spfk-image')
    cd /Users/admin/builder/spi-builder-workspace/.swiftpm/xcode
    builtin-SwiftPerFileCompile ImageFormatConverter+Metadata.swift
SwiftCompile normal arm64 /Users/admin/builder/spi-builder-workspace/.dependencies/checkouts/spfk-image/Sources/SPFKImage/Conversion/ImageFormatConverter+Render.swift (in target 'SPFKImage' from project 'spfk-image')
    cd /Users/admin/builder/spi-builder-workspace/.swiftpm/xcode
    builtin-SwiftPerFileCompile ImageFormatConverter+Render.swift
SwiftDriverJobDiscovery normal arm64 Compiling ImageConversionOptions.swift, ImageConversionSource.swift (in target 'SPFKImage' from project 'spfk-image')
SwiftCompile normal arm64 Compiling\ AUValue.swift,\ AVAudioEngine+.swift,\ AVAudioFile+.swift,\ AVAudioFormat+.swift,\ AVAudioMixerNode+.swift,\ AVAudioNode+.swift /Users/admin/builder/spi-builder-workspace/.dependencies/checkouts/spfk-audio-base/Sources/SPFKAudioBase/Extensions/AUValue.swift /Users/admin/builder/spi-builder-workspace/.dependencies/checkouts/spfk-audio-base/Sources/SPFKAudioBase/Extensions/AVAudioEngine+.swift /Users/admin/builder/spi-builder-workspace/.dependencies/checkouts/spfk-audio-base/Sources/SPFKAudioBase/Extensions/AVAudioFile+.swift /Users/admin/builder/spi-builder-workspace/.dependencies/checkouts/spfk-audio-base/Sources/SPFKAudioBase/Extensions/AVAudioFormat+.swift /Users/admin/builder/spi-builder-workspace/.dependencies/checkouts/spfk-audio-base/Sources/SPFKAudioBase/Extensions/AVAudioMixerNode+.swift /Users/admin/builder/spi-builder-workspace/.dependencies/checkouts/spfk-audio-base/Sources/SPFKAudioBase/Extensions/AVAudioNode+.swift (in target 'SPFKAudioBase' from project 'spfk-audio-base')
SwiftCompile normal arm64 /Users/admin/builder/spi-builder-workspace/.dependencies/checkouts/spfk-audio-base/Sources/SPFKAudioBase/Extensions/AUValue.swift (in target 'SPFKAudioBase' from project 'spfk-audio-base')
    cd /Users/admin/builder/spi-builder-workspace/.swiftpm/xcode
    builtin-SwiftPerFileCompile AUValue.swift
SwiftCompile normal arm64 /Users/admin/builder/spi-builder-workspace/.dependencies/checkouts/spfk-audio-base/Sources/SPFKAudioBase/Extensions/AVAudioEngine+.swift (in target 'SPFKAudioBase' from project 'spfk-audio-base')
    cd /Users/admin/builder/spi-builder-workspace/.swiftpm/xcode
    builtin-SwiftPerFileCompile AVAudioEngine+.swift
SwiftCompile normal arm64 /Users/admin/builder/spi-builder-workspace/.dependencies/checkouts/spfk-audio-base/Sources/SPFKAudioBase/Extensions/AVAudioFile+.swift (in target 'SPFKAudioBase' from project 'spfk-audio-base')
    cd /Users/admin/builder/spi-builder-workspace/.swiftpm/xcode
    builtin-SwiftPerFileCompile AVAudioFile+.swift
SwiftCompile normal arm64 /Users/admin/builder/spi-builder-workspace/.dependencies/checkouts/spfk-audio-base/Sources/SPFKAudioBase/Extensions/AVAudioFormat+.swift (in target 'SPFKAudioBase' from project 'spfk-audio-base')
    cd /Users/admin/builder/spi-builder-workspace/.swiftpm/xcode
    builtin-SwiftPerFileCompile AVAudioFormat+.swift
SwiftCompile normal arm64 /Users/admin/builder/spi-builder-workspace/.dependencies/checkouts/spfk-audio-base/Sources/SPFKAudioBase/Extensions/AVAudioMixerNode+.swift (in target 'SPFKAudioBase' from project 'spfk-audio-base')
    cd /Users/admin/builder/spi-builder-workspace/.swiftpm/xcode
    builtin-SwiftPerFileCompile AVAudioMixerNode+.swift
SwiftCompile normal arm64 /Users/admin/builder/spi-builder-workspace/.dependencies/checkouts/spfk-audio-base/Sources/SPFKAudioBase/Extensions/AVAudioNode+.swift (in target 'SPFKAudioBase' from project 'spfk-audio-base')
    cd /Users/admin/builder/spi-builder-workspace/.swiftpm/xcode
    builtin-SwiftPerFileCompile AVAudioNode+.swift
SwiftDriverJobDiscovery normal arm64 Compiling ImageConversionError.swift, ImageConversionFormats.swift (in target 'SPFKImage' from project 'spfk-image')
SwiftCompile normal arm64 Compiling\ NormalizeDescription.swift,\ NormalizeMode.swift,\ NormalizeOptions.swift,\ AudioFileType+CoreAudio.swift,\ AudioFileType.swift,\ AudioTaper.swift /Users/admin/builder/spi-builder-workspace/.dependencies/checkouts/spfk-audio-base/Sources/SPFKAudioBase/Definitions/AudioEdit/NormalizeDescription.swift /Users/admin/builder/spi-builder-workspace/.dependencies/checkouts/spfk-audio-base/Sources/SPFKAudioBase/Definitions/AudioEdit/NormalizeMode.swift /Users/admin/builder/spi-builder-workspace/.dependencies/checkouts/spfk-audio-base/Sources/SPFKAudioBase/Definitions/AudioEdit/NormalizeOptions.swift /Users/admin/builder/spi-builder-workspace/.dependencies/checkouts/spfk-audio-base/Sources/SPFKAudioBase/Definitions/AudioFileType+CoreAudio.swift /Users/admin/builder/spi-builder-workspace/.dependencies/checkouts/spfk-audio-base/Sources/SPFKAudioBase/Definitions/AudioFileType.swift /Users/admin/builder/spi-builder-workspace/.dependencies/checkouts/spfk-audio-base/Sources/SPFKAudioBase/Definitions/AudioTaper.swift (in target 'SPFKAudioBase' from project 'spfk-audio-base')
SwiftCompile normal arm64 /Users/admin/builder/spi-builder-workspace/.dependencies/checkouts/spfk-audio-base/Sources/SPFKAudioBase/Definitions/AudioEdit/NormalizeDescription.swift (in target 'SPFKAudioBase' from project 'spfk-audio-base')
    cd /Users/admin/builder/spi-builder-workspace/.swiftpm/xcode
    builtin-SwiftPerFileCompile NormalizeDescription.swift
SwiftCompile normal arm64 /Users/admin/builder/spi-builder-workspace/.dependencies/checkouts/spfk-audio-base/Sources/SPFKAudioBase/Definitions/AudioEdit/NormalizeMode.swift (in target 'SPFKAudioBase' from project 'spfk-audio-base')
    cd /Users/admin/builder/spi-builder-workspace/.swiftpm/xcode
    builtin-SwiftPerFileCompile NormalizeMode.swift
SwiftCompile normal arm64 /Users/admin/builder/spi-builder-workspace/.dependencies/checkouts/spfk-audio-base/Sources/SPFKAudioBase/Definitions/AudioEdit/NormalizeOptions.swift (in target 'SPFKAudioBase' from project 'spfk-audio-base')
    cd /Users/admin/builder/spi-builder-workspace/.swiftpm/xcode
    builtin-SwiftPerFileCompile NormalizeOptions.swift
SwiftCompile normal arm64 /Users/admin/builder/spi-builder-workspace/.dependencies/checkouts/spfk-audio-base/Sources/SPFKAudioBase/Definitions/AudioFileType+CoreAudio.swift (in target 'SPFKAudioBase' from project 'spfk-audio-base')
    cd /Users/admin/builder/spi-builder-workspace/.swiftpm/xcode
    builtin-SwiftPerFileCompile AudioFileType+CoreAudio.swift
SwiftCompile normal arm64 /Users/admin/builder/spi-builder-workspace/.dependencies/checkouts/spfk-audio-base/Sources/SPFKAudioBase/Definitions/AudioFileType.swift (in target 'SPFKAudioBase' from project 'spfk-audio-base')
    cd /Users/admin/builder/spi-builder-workspace/.swiftpm/xcode
    builtin-SwiftPerFileCompile AudioFileType.swift
SwiftCompile normal arm64 /Users/admin/builder/spi-builder-workspace/.dependencies/checkouts/spfk-audio-base/Sources/SPFKAudioBase/Definitions/AudioTaper.swift (in target 'SPFKAudioBase' from project 'spfk-audio-base')
    cd /Users/admin/builder/spi-builder-workspace/.swiftpm/xcode
    builtin-SwiftPerFileCompile AudioTaper.swift
SwiftDriverJobDiscovery normal arm64 Emitting module for SPFKImage (in target 'SPFKImage' from project 'spfk-image')
SwiftDriver\ Compilation\ Requirements SPFKImage normal arm64 com.apple.xcode.tools.swift.compiler (in target 'SPFKImage' from project 'spfk-image')
    cd /Users/admin/builder/spi-builder-workspace/.swiftpm/xcode
    builtin-Swift-Compilation-Requirements -- /Applications/Xcode-27.0.0.app/Contents/Developer/Toolchains/XcodeDefault.xctoolchain/usr/bin/swiftc -parse-as-library -module-name SPFKImage -Onone @/Users/admin/builder/spi-builder-workspace/.derivedData/Build/Intermediates.noindex/spfk-image.build/Debug-xros/SPFKImage-t.build/Objects-normal/arm64/SPFKImage.SwiftFileList -DSWIFT_PACKAGE -DDEBUG -DSWIFT_MODULE_RESOURCE_BUNDLE_UNAVAILABLE -Xcc -fmodule-map-file\=/Users/admin/builder/spi-builder-workspace/.dependencies/checkouts/swift-numerics/Sources/_NumericsShims/include/module.modulemap -Xcc -fmodule-map-file\=/Users/admin/builder/spi-builder-workspace/.derivedData/Build/Intermediates.noindex/GeneratedModuleMaps-xros/SPFKBaseC.modulemap -DXcode -plugin-path /Applications/Xcode-27.0.0.app/Contents/Developer/Toolchains/XcodeDefault.xctoolchain/usr/lib/swift/host/plugins/testing -enable-experimental-feature DebugDescriptionMacro -sdk /Applications/Xcode-27.0.0.app/Contents/Developer/Platforms/XROS.platform/Developer/SDKs/XROS27.0.sdk -target arm64-apple-xros1.0 -g -module-cache-path /Users/admin/builder/spi-builder-workspace/.derivedData/ModuleCache.noindex -Xfrontend -serialize-debugging-options -profile-coverage-mapping -profile-generate -enable-testing -suppress-warnings -index-store-path /Users/admin/builder/spi-builder-workspace/.derivedData/Index.noindex/DataStore -Xcc -D_LIBCPP_HARDENING_MODE\=_LIBCPP_HARDENING_MODE_DEBUG -swift-version 6 -I /Users/admin/builder/spi-builder-workspace/.derivedData/Build/Products/Debug-xros -Isystem /Applications/Xcode-27.0.0.app/Contents/Developer/Platforms/XROS.platform/Developer/usr/lib -F /Users/admin/builder/spi-builder-workspace/.derivedData/Build/Products/Debug-xros/PackageFrameworks -F /Users/admin/builder/spi-builder-workspace/.derivedData/Build/Products/Debug-xros -F /Applications/Xcode-27.0.0.app/Contents/Developer/Platforms/XROS.platform/Developer/Library/Frameworks -F /Applications/Xcode-27.0.0.app/Contents/Developer/Platforms/XROS.platform/Developer/SDKs/XROS27.0.sdk/Developer/Library/Frameworks -c -j10 -enable-batch-mode -incremental -Xcc -ivfsstatcache -Xcc /Users/admin/builder/spi-builder-workspace/.derivedData/SDKStatCaches.noindex/xros27.0-24M361-e829b21a6f8c9b70876ba0858053c04489c3c372b822c72ca60ec5271cbc7f3c.sdkstatcache -output-file-map /Users/admin/builder/spi-builder-workspace/.derivedData/Build/Intermediates.noindex/spfk-image.build/Debug-xros/SPFKImage-t.build/Objects-normal/arm64/SPFKImage-OutputFileMap.json -save-temps -no-color-diagnostics -explicit-module-build -module-cache-path /Users/admin/builder/spi-builder-workspace/.derivedData/Build/Intermediates.noindex/SwiftExplicitPrecompiledModules -clang-scanner-module-cache-path /Users/admin/builder/spi-builder-workspace/.derivedData/ModuleCache.noindex -sdk-module-cache-path /Users/admin/builder/spi-builder-workspace/.derivedData/SDKExplicitPrecompiledModules -emit-dependencies -emit-module -emit-module-path /Users/admin/builder/spi-builder-workspace/.derivedData/Build/Intermediates.noindex/spfk-image.build/Debug-xros/SPFKImage-t.build/Objects-normal/arm64/SPFKImage.swiftmodule -serialize-diagnostics -dependency-scan-serialize-diagnostics-path /Users/admin/builder/spi-builder-workspace/.derivedData/Build/Intermediates.noindex/spfk-image.build/Debug-xros/SPFKImage-t.build/Objects-normal/arm64/SPFKImage-dependency-scan.dia -user-module-version 0.3.1 -validate-clang-modules-once -clang-build-session-file /Users/admin/builder/spi-builder-workspace/.derivedData/ModuleCache.noindex/Session.modulevalidation -Xcc -fmodules-prune-interval\=86400 -Xcc -fmodules-prune-after\=345600 -package-name spfk_image -emit-const-values -const-gather-protocols-list /Users/admin/builder/spi-builder-workspace/.derivedData/Build/Intermediates.noindex/spfk-image.build/Debug-xros/SPFKImage-t.build/Objects-normal/arm64/SPFKImage_const_extract_protocols.json -Xcc -I/Users/admin/builder/spi-builder-workspace/.dependencies/checkouts/swift-numerics/Sources/_NumericsShims/include -Xcc -I/Users/admin/builder/spi-builder-workspace/.dependencies/checkouts/spfk-base/Sources/SPFKBaseC/include -Xcc -I/Users/admin/builder/spi-builder-workspace/.derivedData/Build/Products/Debug-xros/include -Xcc -I/Users/admin/builder/spi-builder-workspace/.derivedData/Build/Intermediates.noindex/spfk-image.build/Debug-xros/SPFKImage-t.build/DerivedSources-normal/arm64 -Xcc -I/Users/admin/builder/spi-builder-workspace/.derivedData/Build/Intermediates.noindex/spfk-image.build/Debug-xros/SPFKImage-t.build/DerivedSources/arm64 -Xcc -I/Users/admin/builder/spi-builder-workspace/.derivedData/Build/Intermediates.noindex/spfk-image.build/Debug-xros/SPFKImage-t.build/DerivedSources -Xcc -DSWIFT_PACKAGE -Xcc -DDEBUG\=1 -emit-objc-header -emit-objc-header-path /Users/admin/builder/spi-builder-workspace/.derivedData/Build/Intermediates.noindex/spfk-image.build/Debug-xros/SPFKImage-t.build/Objects-normal/arm64/SPFKImage-Swift.h -working-directory /Users/admin/builder/spi-builder-workspace/.swiftpm/xcode -experimental-emit-module-separately -disable-cmo
PruneExplicitPrecompiledModules /Users/admin/builder/spi-builder-workspace/.derivedData/Build/Intermediates.noindex/SwiftExplicitPrecompiledModules
PruneExplicitPrecompiledModules /Users/admin/builder/spi-builder-workspace/.derivedData/SDKExplicitPrecompiledModules
PruneExplicitPrecompiledModules /Users/admin/builder/spi-builder-workspace/.derivedData/Build/Intermediates.noindex/ExplicitPrecompiledModules
2026-10-15 20:34:44.204 xcodebuild[1129:6135] [MT] IDERunDestination: Supported platforms for the buildables in the current scheme is empty.
** BUILD FAILED **
The following build commands failed:
	SwiftCompile normal arm64 Compiling\ ImageAdjustmentDescription.swift,\ ImageAdjustmentRenderError.swift,\ ImageAdjustmentRenderer+File.swift /Users/admin/builder/spi-builder-workspace/.dependencies/checkouts/spfk-image/Sources/SPFKImage/Adjustment/ImageAdjustmentDescription.swift /Users/admin/builder/spi-builder-workspace/.dependencies/checkouts/spfk-image/Sources/SPFKImage/Adjustment/ImageAdjustmentRenderError.swift /Users/admin/builder/spi-builder-workspace/.dependencies/checkouts/spfk-image/Sources/SPFKImage/Adjustment/ImageAdjustmentRenderer+File.swift (in target 'SPFKImage' from project 'spfk-image')
	SwiftCompile normal arm64 /Users/admin/builder/spi-builder-workspace/.dependencies/checkouts/spfk-image/Sources/SPFKImage/Adjustment/ImageAdjustmentRenderer+File.swift (in target 'SPFKImage' from project 'spfk-image')
	Building workspace spfk-waveform with scheme spfk-waveform
(3 failures)
Command line invocation:
    /Applications/Xcode-27.0.0.app/Contents/Developer/usr/bin/xcodebuild -IDEClonedSourcePackagesDirPathOverride=/Users/admin/builder/spi-builder-workspace/.dependencies -resolvePackageDependencies
Resolve Package Graph
Resolved source packages:
  spfk-filesystem: https://github.com/ryanfrancesconi/spfk-filesystem @ 1.11.1
  spfk-image: https://github.com/ryanfrancesconi/spfk-image @ 0.3.1
  spfk-utils: https://github.com/ryanfrancesconi/spfk-utils @ 1.27.0
  spfk-waveform: /Users/admin/builder/spi-builder-workspace
  swift-async-algorithms: https://github.com/apple/swift-async-algorithms @ 1.1.7
  swift-numerics: https://github.com/apple/swift-numerics @ 1.1.1
  swift-data-parsing: https://github.com/orchetect/swift-data-parsing @ 0.1.2
  AEXML: https://github.com/tadija/AEXML @ 4.7.3
  spfk-testing: https://github.com/ryanfrancesconi/spfk-testing @ 1.14.0
  XAttr: https://github.com/jozefizso/swift-xattr @ 3.0.1
  swift-extensions: https://github.com/orchetect/swift-extensions @ 2.3.2
  swift-collections: https://github.com/apple/swift-collections @ 1.7.3
  spfk-base: https://github.com/ryanfrancesconi/spfk-base @ 1.13.0
  spfk-audio-base: https://github.com/ryanfrancesconi/spfk-audio-base @ 1.18.0
resolved source packages: spfk-filesystem, spfk-image, spfk-utils, spfk-waveform, swift-async-algorithms, swift-numerics, swift-data-parsing, AEXML, spfk-testing, XAttr, swift-extensions, swift-collections, spfk-base, spfk-audio-base
2026-10-15 20:35:03.545 xcodebuild[1775:9347] [MT] IDERunDestination: Supported platforms for the buildables in the current scheme is empty.
{
  "default_localization" : "en",
  "dependencies" : [
    {
      "identity" : "spfk-audio-base",
      "requirement" : {
        "range" : [
          {
            "lower_bound" : "1.10.1",
            "upper_bound" : "2.0.0"
          }
        ]
      },
      "type" : "sourceControl",
      "url" : "https://github.com/ryanfrancesconi/spfk-audio-base"
    },
    {
      "identity" : "spfk-base",
      "requirement" : {
        "range" : [
          {
            "lower_bound" : "1.6.0",
            "upper_bound" : "2.0.0"
          }
        ]
      },
      "type" : "sourceControl",
      "url" : "https://github.com/ryanfrancesconi/spfk-base"
    },
    {
      "identity" : "spfk-testing",
      "requirement" : {
        "range" : [
          {
            "lower_bound" : "1.1.0",
            "upper_bound" : "2.0.0"
          }
        ]
      },
      "type" : "sourceControl",
      "url" : "https://github.com/ryanfrancesconi/spfk-testing"
    },
    {
      "identity" : "spfk-utils",
      "requirement" : {
        "range" : [
          {
            "lower_bound" : "1.14.0",
            "upper_bound" : "2.0.0"
          }
        ]
      },
      "type" : "sourceControl",
      "url" : "https://github.com/ryanfrancesconi/spfk-utils"
    }
  ],
  "manifest_display_name" : "spfk-waveform",
  "name" : "spfk-waveform",
  "path" : "/Users/admin/builder/spi-builder-workspace",
  "platforms" : [
    {
      "name" : "macos",
      "version" : "13.0"
    },
    {
      "name" : "ios",
      "version" : "16.0"
    }
  ],
  "products" : [
    {
      "name" : "SPFKWaveform",
      "targets" : [
        "SPFKWaveform"
      ],
      "type" : {
        "library" : [
          "automatic"
        ]
      }
    }
  ],
  "targets" : [
    {
      "c99name" : "SPFKWaveformTests",
      "module_type" : "SwiftTarget",
      "name" : "SPFKWaveformTests",
      "path" : "Tests/SPFKWaveformTests",
      "product_dependencies" : [
        "SPFKAudioBase",
        "SPFKTesting"
      ],
      "sources" : [
        "WaveformBinaryStorageTests.swift",
        "WaveformCacheFileTests.swift",
        "WaveformDataModelTests.swift",
        "WaveformDataParserTests.swift",
        "WaveformDataTests.swift",
        "WaveformImageTests.swift",
        "WaveformPerTrackCacheTests.swift",
        "WaveformRekeyTests.swift",
        "WaveformStoreLoadTests.swift"
      ],
      "target_dependencies" : [
        "SPFKWaveform"
      ],
      "type" : "test"
    },
    {
      "c99name" : "SPFKWaveform",
      "module_type" : "SwiftTarget",
      "name" : "SPFKWaveform",
      "path" : "Sources/SPFKWaveform",
      "product_dependencies" : [
        "SPFKAudioBase",
        "SPFKBase",
        "SPFKUtils"
      ],
      "product_memberships" : [
        "SPFKWaveform"
      ],
      "sources" : [
        "Model/WaveformCacheFile.swift",
        "Model/WaveformCacheKey.swift",
        "Model/WaveformData.swift",
        "Model/WaveformDataItem.swift",
        "Model/WaveformDataLoadEvent.swift",
        "Model/WaveformDataParser+PCMSource.swift",
        "Model/WaveformDataParser.swift",
        "Model/WaveformDataParserDelegate.swift",
        "Model/WaveformDisplay.swift",
        "Model/WaveformDrawingResolution.swift",
        "Rendering/WaveformImage.swift",
        "Store/WaveformDataStore.swift",
        "Store/WaveformDataStoreAccess.swift"
      ],
      "type" : "library"
    }
  ],
  "tools_version" : "6.2"
}
{
  "workspace" : {
    "name" : "spfk-waveform",
    "schemes" : [
      "spfk-waveform",
      "swift-data-parsing"
    ]
  }
}
2026-10-15 20:35:05.225 xcodebuild[1783:9416] [MT] IDERunDestination: Supported platforms for the buildables in the current scheme is empty.
{
  "workspace" : {
    "name" : "spfk-waveform",
    "schemes" : [
      "spfk-waveform",
      "swift-data-parsing"
    ]
  }
}
2026-10-15 20:35:06.573 xcodebuild[1785:9445] [MT] IDERunDestination: Supported platforms for the buildables in the current scheme is empty.
Running build ...
env DEVELOPER_DIR=/Applications/Xcode-27.0.0.app xcrun xcodebuild -IDEClonedSourcePackagesDirPathOverride=$PWD/.dependencies -skipMacroValidation -skipPackagePluginValidation -derivedDataPath $PWD/.derivedData build -scheme spfk-waveform -destination generic/platform=xrOS
Command line invocation:
    /Applications/Xcode-27.0.0.app/Contents/Developer/usr/bin/xcodebuild -IDEClonedSourcePackagesDirPathOverride=/Users/admin/builder/spi-builder-workspace/.dependencies -skipMacroValidation -skipPackagePluginValidation -derivedDataPath /Users/admin/builder/spi-builder-workspace/.derivedData build -scheme spfk-waveform -destination generic/platform=xrOS
Resolve Package Graph
Resolved source packages:
  spfk-audio-base: https://github.com/ryanfrancesconi/spfk-audio-base @ 1.18.0
  AEXML: https://github.com/tadija/AEXML @ 4.7.3
  spfk-filesystem: https://github.com/ryanfrancesconi/spfk-filesystem @ 1.11.1
  swift-async-algorithms: https://github.com/apple/swift-async-algorithms @ 1.1.7
  spfk-base: https://github.com/ryanfrancesconi/spfk-base @ 1.13.0
  spfk-waveform: /Users/admin/builder/spi-builder-workspace
  swift-collections: https://github.com/apple/swift-collections @ 1.7.3
  swift-extensions: https://github.com/orchetect/swift-extensions @ 2.3.2
  spfk-testing: https://github.com/ryanfrancesconi/spfk-testing @ 1.14.0
  spfk-image: https://github.com/ryanfrancesconi/spfk-image @ 0.3.1
  spfk-utils: https://github.com/ryanfrancesconi/spfk-utils @ 1.27.0
  swift-numerics: https://github.com/apple/swift-numerics @ 1.1.1
  XAttr: https://github.com/jozefizso/swift-xattr @ 3.0.1
  swift-data-parsing: https://github.com/orchetect/swift-data-parsing @ 0.1.2
ComputePackagePrebuildTargetDependencyGraph
Prepare packages
CreateBuildRequest
SendProjectDescription
CreateBuildOperation
ComputeTargetDependencyGraph
note: Building targets in dependency order
note: Target dependency graph (43 targets)
    Target 'SPFKWaveform-product' in project 'spfk-waveform'
        ➜ Explicit dependency on target 'SPFKWaveform' in project 'spfk-waveform'
        ➜ Explicit dependency on target 'SPFKAudioBase-product' in project 'spfk-audio-base'
        ➜ Explicit dependency on target 'SPFKBase-product' in project 'spfk-base'
        ➜ Explicit dependency on target 'SPFKUtils-product' in project 'spfk-utils'
    Target 'SPFKWaveform' in project 'spfk-waveform'
        ➜ Explicit dependency on target 'SPFKAudioBase-product' in project 'spfk-audio-base'
        ➜ Explicit dependency on target 'SPFKBase-product' in project 'spfk-base'
        ➜ Explicit dependency on target 'SPFKUtils-product' in project 'spfk-utils'
    Target 'SPFKUtils-product' in project 'spfk-utils'
        ➜ Explicit dependency on target 'SPFKUtils' in project 'spfk-utils'
        ➜ Explicit dependency on target 'spfk-utils_SPFKUtils' in project 'spfk-utils'
        ➜ Explicit dependency on target 'SPFKFileSystem-product' in project 'spfk-filesystem'
        ➜ Explicit dependency on target 'SPFKImage-product' in project 'spfk-image'
        ➜ Explicit dependency on target 'AEXML-product' in project 'AEXML'
    Target 'SPFKUtils' in project 'spfk-utils'
        ➜ Explicit dependency on target 'spfk-utils_SPFKUtils' in project 'spfk-utils'
        ➜ Explicit dependency on target 'SPFKFileSystem-product' in project 'spfk-filesystem'
        ➜ Explicit dependency on target 'SPFKImage-product' in project 'spfk-image'
        ➜ Explicit dependency on target 'AEXML-product' in project 'AEXML'
    Target 'AEXML-product' in project 'AEXML'
        ➜ Explicit dependency on target 'AEXML' in project 'AEXML'
    Target 'AEXML' in project 'AEXML' (no dependencies)
    Target 'SPFKImage-product' in project 'spfk-image'
        ➜ Explicit dependency on target 'SPFKImage' in project 'spfk-image'
        ➜ Explicit dependency on target 'SPFKBase-product' in project 'spfk-base'
        ➜ Explicit dependency on target 'SPFKFileSystem-product' in project 'spfk-filesystem'
    Target 'SPFKImage' in project 'spfk-image'
        ➜ Explicit dependency on target 'SPFKBase-product' in project 'spfk-base'
        ➜ Explicit dependency on target 'SPFKFileSystem-product' in project 'spfk-filesystem'
    Target 'spfk-utils_SPFKUtils' in project 'spfk-utils' (no dependencies)
    Target 'SPFKAudioBase-product' in project 'spfk-audio-base'
        ➜ Explicit dependency on target 'SPFKAudioBase' in project 'spfk-audio-base'
        ➜ Explicit dependency on target 'spfk-audio-base_SPFKAudioBase' in project 'spfk-audio-base'
        ➜ Explicit dependency on target 'SPFKBase-product' in project 'spfk-base'
        ➜ Explicit dependency on target 'SPFKFileSystem-product' in project 'spfk-filesystem'
    Target 'SPFKAudioBase' in project 'spfk-audio-base'
        ➜ Explicit dependency on target 'spfk-audio-base_SPFKAudioBase' in project 'spfk-audio-base'
        ➜ Explicit dependency on target 'SPFKBase-product' in project 'spfk-base'
        ➜ Explicit dependency on target 'SPFKFileSystem-product' in project 'spfk-filesystem'
    Target 'SPFKFileSystem-product' in project 'spfk-filesystem'
        ➜ Explicit dependency on target 'SPFKFileSystem' in project 'spfk-filesystem'
        ➜ Explicit dependency on target 'spfk-filesystem_SPFKFileSystem' in project 'spfk-filesystem'
        ➜ Explicit dependency on target 'SPFKBase-product' in project 'spfk-base'
        ➜ Explicit dependency on target 'SwiftExtensions-product' in project 'swift-extensions'
        ➜ Explicit dependency on target 'XAttr-product' in project 'XAttr'
    Target 'SPFKFileSystem' in project 'spfk-filesystem'
        ➜ Explicit dependency on target 'spfk-filesystem_SPFKFileSystem' in project 'spfk-filesystem'
        ➜ Explicit dependency on target 'SPFKBase-product' in project 'spfk-base'
        ➜ Explicit dependency on target 'SwiftExtensions-product' in project 'swift-extensions'
        ➜ Explicit dependency on target 'XAttr-product' in project 'XAttr'
    Target 'XAttr-product' in project 'XAttr'
        ➜ Explicit dependency on target 'XAttr' in project 'XAttr'
    Target 'XAttr' in project 'XAttr' (no dependencies)
    Target 'spfk-filesystem_SPFKFileSystem' in project 'spfk-filesystem' (no dependencies)
    Target 'SPFKBase-product' in project 'spfk-base'
        ➜ Explicit dependency on target 'SPFKBase' in project 'spfk-base'
        ➜ Explicit dependency on target 'SPFKBaseC' in project 'spfk-base'
        ➜ Explicit dependency on target 'SwiftExtensions-product' in project 'swift-extensions'
        ➜ Explicit dependency on target 'Numerics-product' in project 'swift-numerics'
        ➜ Explicit dependency on target 'Collections-product' in project 'swift-collections'
        ➜ Explicit dependency on target 'AsyncAlgorithms-product' in project 'swift-async-algorithms'
    Target 'SPFKBase' in project 'spfk-base'
        ➜ Explicit dependency on target 'SPFKBaseC' in project 'spfk-base'
        ➜ Explicit dependency on target 'SwiftExtensions-product' in project 'swift-extensions'
        ➜ Explicit dependency on target 'Numerics-product' in project 'swift-numerics'
        ➜ Explicit dependency on target 'Collections-product' in project 'swift-collections'
        ➜ Explicit dependency on target 'AsyncAlgorithms-product' in project 'swift-async-algorithms'
    Target 'AsyncAlgorithms-product' in project 'swift-async-algorithms'
        ➜ Explicit dependency on target 'AsyncAlgorithms' in project 'swift-async-algorithms'
        ➜ Explicit dependency on target 'OrderedCollections-product' in project 'swift-collections'
        ➜ Explicit dependency on target 'DequeModule-product' in project 'swift-collections'
    Target 'AsyncAlgorithms' in project 'swift-async-algorithms'
        ➜ Explicit dependency on target 'OrderedCollections-product' in project 'swift-collections'
        ➜ Explicit dependency on target 'DequeModule-product' in project 'swift-collections'
    Target 'DequeModule-product' in project 'swift-collections'
        ➜ Explicit dependency on target 'DequeModule' in project 'swift-collections'
        ➜ Explicit dependency on target 'InternalCollectionsUtilities' in project 'swift-collections'
        ➜ Explicit dependency on target 'SpanPreview' in project 'swift-collections'
    Target 'OrderedCollections-product' in project 'swift-collections'
        ➜ Explicit dependency on target 'OrderedCollections' in project 'swift-collections'
        ➜ Explicit dependency on target 'InternalCollectionsUtilities' in project 'swift-collections'
    Target 'Collections-product' in project 'swift-collections'
        ➜ Explicit dependency on target 'Collections' in project 'swift-collections'
        ➜ Explicit dependency on target 'InternalCollectionsUtilities' in project 'swift-collections'
        ➜ Explicit dependency on target 'BitCollections' in project 'swift-collections'
        ➜ Explicit dependency on target 'SpanPreview' in project 'swift-collections'
        ➜ Explicit dependency on target 'DequeModule' in project 'swift-collections'
        ➜ Explicit dependency on target 'HashTreeCollections' in project 'swift-collections'
        ➜ Explicit dependency on target 'HeapModule' in project 'swift-collections'
        ➜ Explicit dependency on target 'OrderedCollections' in project 'swift-collections'
        ➜ Explicit dependency on target '_RopeModule' in project 'swift-collections'
    Target 'Collections' in project 'swift-collections'
        ➜ Explicit dependency on target 'InternalCollectionsUtilities' in project 'swift-collections'
        ➜ Explicit dependency on target 'BitCollections' in project 'swift-collections'
        ➜ Explicit dependency on target 'SpanPreview' in project 'swift-collections'
        ➜ Explicit dependency on target 'DequeModule' in project 'swift-collections'
        ➜ Explicit dependency on target 'HashTreeCollections' in project 'swift-collections'
        ➜ Explicit dependency on target 'HeapModule' in project 'swift-collections'
        ➜ Explicit dependency on target 'OrderedCollections' in project 'swift-collections'
        ➜ Explicit dependency on target '_RopeModule' in project 'swift-collections'
    Target '_RopeModule' in project 'swift-collections'
        ➜ Explicit dependency on target 'InternalCollectionsUtilities' in project 'swift-collections'
    Target 'OrderedCollections' in project 'swift-collections'
        ➜ Explicit dependency on target 'InternalCollectionsUtilities' in project 'swift-collections'
    Target 'HeapModule' in project 'swift-collections'
        ➜ Explicit dependency on target 'InternalCollectionsUtilities' in project 'swift-collections'
    Target 'HashTreeCollections' in project 'swift-collections'
        ➜ Explicit dependency on target 'InternalCollectionsUtilities' in project 'swift-collections'
    Target 'DequeModule' in project 'swift-collections'
        ➜ Explicit dependency on target 'InternalCollectionsUtilities' in project 'swift-collections'
        ➜ Explicit dependency on target 'SpanPreview' in project 'swift-collections'
    Target 'SpanPreview' in project 'swift-collections'
        ➜ Explicit dependency on target 'InternalCollectionsUtilities' in project 'swift-collections'
    Target 'BitCollections' in project 'swift-collections'
        ➜ Explicit dependency on target 'InternalCollectionsUtilities' in project 'swift-collections'
    Target 'InternalCollectionsUtilities' in project 'swift-collections' (no dependencies)
    Target 'Numerics-product' in project 'swift-numerics'
        ➜ Explicit dependency on target 'Numerics' in project 'swift-numerics'
        ➜ Explicit dependency on target '_NumericsShims' in project 'swift-numerics'
        ➜ Explicit dependency on target 'RealModule' in project 'swift-numerics'
        ➜ Explicit dependency on target 'ComplexModule' in project 'swift-numerics'
    Target 'Numerics' in project 'swift-numerics'
        ➜ Explicit dependency on target '_NumericsShims' in project 'swift-numerics'
        ➜ Explicit dependency on target 'RealModule' in project 'swift-numerics'
        ➜ Explicit dependency on target 'ComplexModule' in project 'swift-numerics'
    Target 'ComplexModule' in project 'swift-numerics'
        ➜ Explicit dependency on target '_NumericsShims' in project 'swift-numerics'
        ➜ Explicit dependency on target 'RealModule' in project 'swift-numerics'
    Target 'RealModule' in project 'swift-numerics'
        ➜ Explicit dependency on target '_NumericsShims' in project 'swift-numerics'
    Target '_NumericsShims' in project 'swift-numerics' (no dependencies)
    Target 'SwiftExtensions-product' in project 'swift-extensions'
        ➜ Explicit dependency on target 'SwiftExtensions' in project 'swift-extensions'
        ➜ Explicit dependency on target 'SwiftDataParsing-product' in project 'swift-data-parsing'
    Target 'SwiftExtensions' in project 'swift-extensions'
        ➜ Explicit dependency on target 'SwiftDataParsing-product' in project 'swift-data-parsing'
    Target 'SwiftDataParsing-product' in project 'swift-data-parsing'
        ➜ Explicit dependency on target 'SwiftDataParsing' in project 'swift-data-parsing'
    Target 'SwiftDataParsing' in project 'swift-data-parsing' (no dependencies)
    Target 'SPFKBaseC' in project 'spfk-base' (no dependencies)
    Target 'spfk-audio-base_SPFKAudioBase' in project 'spfk-audio-base' (no dependencies)
GatherProvisioningInputs
CreateBuildDescription
ClangStatCache /Applications/Xcode-27.0.0.app/Contents/Developer/Toolchains/XcodeDefault.xctoolchain/usr/bin/clang-stat-cache /Applications/Xcode-27.0.0.app/Contents/Developer/Platforms/XROS.platform/Developer/SDKs/XROS27.0.sdk /Users/admin/builder/spi-builder-workspace/.derivedData/SDKStatCaches.noindex/xros27.0-24M361-e829b21a6f8c9b70876ba0858053c04489c3c372b822c72ca60ec5271cbc7f3c.sdkstatcache
    cd /Users/admin/builder/spi-builder-workspace/.swiftpm/xcode
    /Applications/Xcode-27.0.0.app/Contents/Developer/Toolchains/XcodeDefault.xctoolchain/usr/bin/clang-stat-cache /Applications/Xcode-27.0.0.app/Contents/Developer/Platforms/XROS.platform/Developer/SDKs/XROS27.0.sdk -o /Users/admin/builder/spi-builder-workspace/.derivedData/SDKStatCaches.noindex/xros27.0-24M361-e829b21a6f8c9b70876ba0858053c04489c3c372b822c72ca60ec5271cbc7f3c.sdkstatcache
SwiftDriver SPFKImage normal arm64 com.apple.xcode.tools.swift.compiler (in target 'SPFKImage' from project 'spfk-image')
    cd /Users/admin/builder/spi-builder-workspace/.swiftpm/xcode
    builtin-SwiftDriver -- /Applications/Xcode-27.0.0.app/Contents/Developer/Toolchains/XcodeDefault.xctoolchain/usr/bin/swiftc -parse-as-library -module-name SPFKImage -Onone @/Users/admin/builder/spi-builder-workspace/.derivedData/Build/Intermediates.noindex/spfk-image.build/Debug-xros/SPFKImage-t.build/Objects-normal/arm64/SPFKImage.SwiftFileList -DSWIFT_PACKAGE -DDEBUG -DSWIFT_MODULE_RESOURCE_BUNDLE_UNAVAILABLE -Xcc -fmodule-map-file\=/Users/admin/builder/spi-builder-workspace/.dependencies/checkouts/swift-numerics/Sources/_NumericsShims/include/module.modulemap -Xcc -fmodule-map-file\=/Users/admin/builder/spi-builder-workspace/.derivedData/Build/Intermediates.noindex/GeneratedModuleMaps-xros/SPFKBaseC.modulemap -DXcode -plugin-path /Applications/Xcode-27.0.0.app/Contents/Developer/Toolchains/XcodeDefault.xctoolchain/usr/lib/swift/host/plugins/testing -enable-experimental-feature DebugDescriptionMacro -sdk /Applications/Xcode-27.0.0.app/Contents/Developer/Platforms/XROS.platform/Developer/SDKs/XROS27.0.sdk -target arm64-apple-xros1.0 -g -module-cache-path /Users/admin/builder/spi-builder-workspace/.derivedData/ModuleCache.noindex -Xfrontend -serialize-debugging-options -profile-coverage-mapping -profile-generate -enable-testing -suppress-warnings -index-store-path /Users/admin/builder/spi-builder-workspace/.derivedData/Index.noindex/DataStore -Xcc -D_LIBCPP_HARDENING_MODE\=_LIBCPP_HARDENING_MODE_DEBUG -swift-version 6 -I /Users/admin/builder/spi-builder-workspace/.derivedData/Build/Products/Debug-xros -Isystem /Applications/Xcode-27.0.0.app/Contents/Developer/Platforms/XROS.platform/Developer/usr/lib -F /Users/admin/builder/spi-builder-workspace/.derivedData/Build/Products/Debug-xros/PackageFrameworks -F /Users/admin/builder/spi-builder-workspace/.derivedData/Build/Products/Debug-xros -F /Applications/Xcode-27.0.0.app/Contents/Developer/Platforms/XROS.platform/Developer/Library/Frameworks -F /Applications/Xcode-27.0.0.app/Contents/Developer/Platforms/XROS.platform/Developer/SDKs/XROS27.0.sdk/Developer/Library/Frameworks -c -j10 -enable-batch-mode -incremental -Xcc -ivfsstatcache -Xcc /Users/admin/builder/spi-builder-workspace/.derivedData/SDKStatCaches.noindex/xros27.0-24M361-e829b21a6f8c9b70876ba0858053c04489c3c372b822c72ca60ec5271cbc7f3c.sdkstatcache -output-file-map /Users/admin/builder/spi-builder-workspace/.derivedData/Build/Intermediates.noindex/spfk-image.build/Debug-xros/SPFKImage-t.build/Objects-normal/arm64/SPFKImage-OutputFileMap.json -save-temps -no-color-diagnostics -explicit-module-build -module-cache-path /Users/admin/builder/spi-builder-workspace/.derivedData/Build/Intermediates.noindex/SwiftExplicitPrecompiledModules -clang-scanner-module-cache-path /Users/admin/builder/spi-builder-workspace/.derivedData/ModuleCache.noindex -sdk-module-cache-path /Users/admin/builder/spi-builder-workspace/.derivedData/SDKExplicitPrecompiledModules -emit-dependencies -emit-module -emit-module-path /Users/admin/builder/spi-builder-workspace/.derivedData/Build/Intermediates.noindex/spfk-image.build/Debug-xros/SPFKImage-t.build/Objects-normal/arm64/SPFKImage.swiftmodule -serialize-diagnostics -dependency-scan-serialize-diagnostics-path /Users/admin/builder/spi-builder-workspace/.derivedData/Build/Intermediates.noindex/spfk-image.build/Debug-xros/SPFKImage-t.build/Objects-normal/arm64/SPFKImage-dependency-scan.dia -user-module-version 0.3.1 -validate-clang-modules-once -clang-build-session-file /Users/admin/builder/spi-builder-workspace/.derivedData/ModuleCache.noindex/Session.modulevalidation -Xcc -fmodules-prune-interval\=86400 -Xcc -fmodules-prune-after\=345600 -package-name spfk_image -emit-const-values -const-gather-protocols-list /Users/admin/builder/spi-builder-workspace/.derivedData/Build/Intermediates.noindex/spfk-image.build/Debug-xros/SPFKImage-t.build/Objects-normal/arm64/SPFKImage_const_extract_protocols.json -Xcc -I/Users/admin/builder/spi-builder-workspace/.dependencies/checkouts/swift-numerics/Sources/_NumericsShims/include -Xcc -I/Users/admin/builder/spi-builder-workspace/.dependencies/checkouts/spfk-base/Sources/SPFKBaseC/include -Xcc -I/Users/admin/builder/spi-builder-workspace/.derivedData/Build/Products/Debug-xros/include -Xcc -I/Users/admin/builder/spi-builder-workspace/.derivedData/Build/Intermediates.noindex/spfk-image.build/Debug-xros/SPFKImage-t.build/DerivedSources-normal/arm64 -Xcc -I/Users/admin/builder/spi-builder-workspace/.derivedData/Build/Intermediates.noindex/spfk-image.build/Debug-xros/SPFKImage-t.build/DerivedSources/arm64 -Xcc -I/Users/admin/builder/spi-builder-workspace/.derivedData/Build/Intermediates.noindex/spfk-image.build/Debug-xros/SPFKImage-t.build/DerivedSources -Xcc -DSWIFT_PACKAGE -Xcc -DDEBUG\=1 -emit-objc-header -emit-objc-header-path /Users/admin/builder/spi-builder-workspace/.derivedData/Build/Intermediates.noindex/spfk-image.build/Debug-xros/SPFKImage-t.build/Objects-normal/arm64/SPFKImage-Swift.h -working-directory /Users/admin/builder/spi-builder-workspace/.swiftpm/xcode -experimental-emit-module-separately -disable-cmo
SwiftDriver SPFKAudioBase normal arm64 com.apple.xcode.tools.swift.compiler (in target 'SPFKAudioBase' from project 'spfk-audio-base')
    cd /Users/admin/builder/spi-builder-workspace/.swiftpm/xcode
    builtin-SwiftDriver -- /Applications/Xcode-27.0.0.app/Contents/Developer/Toolchains/XcodeDefault.xctoolchain/usr/bin/swiftc -parse-as-library -module-name SPFKAudioBase -Onone @/Users/admin/builder/spi-builder-workspace/.derivedData/Build/Intermediates.noindex/spfk-audio-base.build/Debug-xros/SPFKAudioBase-t.build/Objects-normal/arm64/SPFKAudioBase.SwiftFileList -DSWIFT_PACKAGE -DDEBUG -DSWIFT_MODULE_RESOURCE_BUNDLE_AVAILABLE -Xcc -fmodule-map-file\=/Users/admin/builder/spi-builder-workspace/.dependencies/checkouts/swift-numerics/Sources/_NumericsShims/include/module.modulemap -Xcc -fmodule-map-file\=/Users/admin/builder/spi-builder-workspace/.derivedData/Build/Intermediates.noindex/GeneratedModuleMaps-xros/SPFKBaseC.modulemap -DXcode -plugin-path /Applications/Xcode-27.0.0.app/Contents/Developer/Toolchains/XcodeDefault.xctoolchain/usr/lib/swift/host/plugins/testing -enable-experimental-feature DebugDescriptionMacro -sdk /Applications/Xcode-27.0.0.app/Contents/Developer/Platforms/XROS.platform/Developer/SDKs/XROS27.0.sdk -target arm64-apple-xros1.0 -g -module-cache-path /Users/admin/builder/spi-builder-workspace/.derivedData/ModuleCache.noindex -Xfrontend -serialize-debugging-options -profile-coverage-mapping -profile-generate -enable-testing -suppress-warnings -index-store-path /Users/admin/builder/spi-builder-workspace/.derivedData/Index.noindex/DataStore -Xcc -D_LIBCPP_HARDENING_MODE\=_LIBCPP_HARDENING_MODE_DEBUG -swift-version 6 -I /Users/admin/builder/spi-builder-workspace/.derivedData/Build/Products/Debug-xros -Isystem /Applications/Xcode-27.0.0.app/Contents/Developer/Platforms/XROS.platform/Developer/usr/lib -F /Users/admin/builder/spi-builder-workspace/.derivedData/Build/Products/Debug-xros/PackageFrameworks -F /Users/admin/builder/spi-builder-workspace/.derivedData/Build/Products/Debug-xros -F /Applications/Xcode-27.0.0.app/Contents/Developer/Platforms/XROS.platform/Developer/Library/Frameworks -F /Applications/Xcode-27.0.0.app/Contents/Developer/Platforms/XROS.platform/Developer/SDKs/XROS27.0.sdk/Developer/Library/Frameworks -emit-localized-strings -emit-localized-strings-path /Users/admin/builder/spi-builder-workspace/.derivedData/Build/Intermediates.noindex/spfk-audio-base.build/Debug-xros/SPFKAudioBase-t.build/Objects-normal/arm64 -c -j10 -enable-batch-mode -incremental -Xcc -ivfsstatcache -Xcc /Users/admin/builder/spi-builder-workspace/.derivedData/SDKStatCaches.noindex/xros27.0-24M361-e829b21a6f8c9b70876ba0858053c04489c3c372b822c72ca60ec5271cbc7f3c.sdkstatcache -output-file-map /Users/admin/builder/spi-builder-workspace/.derivedData/Build/Intermediates.noindex/spfk-audio-base.build/Debug-xros/SPFKAudioBase-t.build/Objects-normal/arm64/SPFKAudioBase-OutputFileMap.json -save-temps -no-color-diagnostics -explicit-module-build -module-cache-path /Users/admin/builder/spi-builder-workspace/.derivedData/Build/Intermediates.noindex/SwiftExplicitPrecompiledModules -clang-scanner-module-cache-path /Users/admin/builder/spi-builder-workspace/.derivedData/ModuleCache.noindex -sdk-module-cache-path /Users/admin/builder/spi-builder-workspace/.derivedData/SDKExplicitPrecompiledModules -emit-dependencies -emit-module -emit-module-path /Users/admin/builder/spi-builder-workspace/.derivedData/Build/Intermediates.noindex/spfk-audio-base.build/Debug-xros/SPFKAudioBase-t.build/Objects-normal/arm64/SPFKAudioBase.swiftmodule -serialize-diagnostics -dependency-scan-serialize-diagnostics-path /Users/admin/builder/spi-builder-workspace/.derivedData/Build/Intermediates.noindex/spfk-audio-base.build/Debug-xros/SPFKAudioBase-t.build/Objects-normal/arm64/SPFKAudioBase-dependency-scan.dia -user-module-version 1.18.0 -validate-clang-modules-once -clang-build-session-file /Users/admin/builder/spi-builder-workspace/.derivedData/ModuleCache.noindex/Session.modulevalidation -Xcc -fmodules-prune-interval\=86400 -Xcc -fmodules-prune-after\=345600 -package-name spfk_audio_base -emit-const-values -const-gather-protocols-list /Users/admin/builder/spi-builder-workspace/.derivedData/Build/Intermediates.noindex/spfk-audio-base.build/Debug-xros/SPFKAudioBase-t.build/Objects-normal/arm64/SPFKAudioBase_const_extract_protocols.json -Xcc -I/Users/admin/builder/spi-builder-workspace/.dependencies/checkouts/swift-numerics/Sources/_NumericsShims/include -Xcc -I/Users/admin/builder/spi-builder-workspace/.dependencies/checkouts/spfk-base/Sources/SPFKBaseC/include -Xcc -I/Users/admin/builder/spi-builder-workspace/.derivedData/Build/Products/Debug-xros/include -Xcc -I/Users/admin/builder/spi-builder-workspace/.derivedData/Build/Intermediates.noindex/spfk-audio-base.build/Debug-xros/SPFKAudioBase-t.build/DerivedSources-normal/arm64 -Xcc -I/Users/admin/builder/spi-builder-workspace/.derivedData/Build/Intermediates.noindex/spfk-audio-base.build/Debug-xros/SPFKAudioBase-t.build/DerivedSources/arm64 -Xcc -I/Users/admin/builder/spi-builder-workspace/.derivedData/Build/Intermediates.noindex/spfk-audio-base.build/Debug-xros/SPFKAudioBase-t.build/DerivedSources -Xcc -DSWIFT_PACKAGE -Xcc -DDEBUG\=1 -emit-objc-header -emit-objc-header-path /Users/admin/builder/spi-builder-workspace/.derivedData/Build/Intermediates.noindex/spfk-audio-base.build/Debug-xros/SPFKAudioBase-t.build/Objects-normal/arm64/SPFKAudioBase-Swift.h -working-directory /Users/admin/builder/spi-builder-workspace/.swiftpm/xcode -experimental-emit-module-separately -disable-cmo
SwiftCompile normal arm64 Compiling\ ImageAdjustmentDescription.swift,\ ImageAdjustmentRenderError.swift /Users/admin/builder/spi-builder-workspace/.dependencies/checkouts/spfk-image/Sources/SPFKImage/Adjustment/ImageAdjustmentDescription.swift /Users/admin/builder/spi-builder-workspace/.dependencies/checkouts/spfk-image/Sources/SPFKImage/Adjustment/ImageAdjustmentRenderError.swift (in target 'SPFKImage' from project 'spfk-image')
SwiftCompile normal arm64 /Users/admin/builder/spi-builder-workspace/.dependencies/checkouts/spfk-image/Sources/SPFKImage/Adjustment/ImageAdjustmentDescription.swift (in target 'SPFKImage' from project 'spfk-image')
    cd /Users/admin/builder/spi-builder-workspace/.swiftpm/xcode
    builtin-SwiftPerFileCompile ImageAdjustmentDescription.swift
SwiftCompile normal arm64 /Users/admin/builder/spi-builder-workspace/.dependencies/checkouts/spfk-image/Sources/SPFKImage/Adjustment/ImageAdjustmentRenderError.swift (in target 'SPFKImage' from project 'spfk-image')
    cd /Users/admin/builder/spi-builder-workspace/.swiftpm/xcode
    builtin-SwiftPerFileCompile ImageAdjustmentRenderError.swift
SwiftCompile normal arm64 Compiling\ ImageFileEncoder.swift,\ ImageFileEncoderInput.swift /Users/admin/builder/spi-builder-workspace/.dependencies/checkouts/spfk-image/Sources/SPFKImage/Conversion/ImageFileEncoder.swift /Users/admin/builder/spi-builder-workspace/.dependencies/checkouts/spfk-image/Sources/SPFKImage/Conversion/ImageFileEncoderInput.swift (in target 'SPFKImage' from project 'spfk-image')
SwiftCompile normal arm64 /Users/admin/builder/spi-builder-workspace/.dependencies/checkouts/spfk-image/Sources/SPFKImage/Conversion/ImageFileEncoder.swift (in target 'SPFKImage' from project 'spfk-image')
    cd /Users/admin/builder/spi-builder-workspace/.swiftpm/xcode
    builtin-SwiftPerFileCompile ImageFileEncoder.swift
SwiftCompile normal arm64 /Users/admin/builder/spi-builder-workspace/.dependencies/checkouts/spfk-image/Sources/SPFKImage/Conversion/ImageFileEncoderInput.swift (in target 'SPFKImage' from project 'spfk-image')
    cd /Users/admin/builder/spi-builder-workspace/.swiftpm/xcode
    builtin-SwiftPerFileCompile ImageFileEncoderInput.swift
SwiftCompile normal arm64 Compiling\ ImageAdjustmentRenderer+File.swift,\ ImageAdjustmentRenderer.swift /Users/admin/builder/spi-builder-workspace/.dependencies/checkouts/spfk-image/Sources/SPFKImage/Adjustment/ImageAdjustmentRenderer+File.swift /Users/admin/builder/spi-builder-workspace/.dependencies/checkouts/spfk-image/Sources/SPFKImage/Adjustment/ImageAdjustmentRenderer.swift (in target 'SPFKImage' from project 'spfk-image')
/Users/admin/builder/spi-builder-workspace/.dependencies/checkouts/spfk-image/Sources/SPFKImage/Adjustment/ImageAdjustmentRenderer+File.swift:169:26: error: 'kCGImageAuxiliaryDataTypeISOGainMap' is only available in visionOS 2.0 or newer
  6 | import UniformTypeIdentifiers
  7 |
  8 | extension ImageAdjustmentRenderer {
    | `- note: add '@available' attribute to enclosing extension
  9 |     /// JPEG and HEIC encode quality for a rendered file.
 10 |     public static let defaultFileQuality: Double = 0.9
    :
153 |     }
154 |
155 |     static var auxiliaryDataTypes: [CFString] {
    |                `- note: add '@available' attribute to enclosing static property
156 |         var types: [CFString] = [
157 |             kCGImageAuxiliaryDataTypeHDRGainMap,
    :
167 |
168 |         if #available(macOS 15, iOS 18, *) {
169 |             types.append(kCGImageAuxiliaryDataTypeISOGainMap)
    |                          |- error: 'kCGImageAuxiliaryDataTypeISOGainMap' is only available in visionOS 2.0 or newer
    |                          `- note: add 'if #available' version check
170 |         }
171 |
SwiftCompile normal arm64 /Users/admin/builder/spi-builder-workspace/.dependencies/checkouts/spfk-image/Sources/SPFKImage/Adjustment/ImageAdjustmentRenderer+File.swift (in target 'SPFKImage' from project 'spfk-image')
    cd /Users/admin/builder/spi-builder-workspace/.swiftpm/xcode
    builtin-SwiftPerFileCompile ImageAdjustmentRenderer+File.swift
SwiftCompile normal arm64 /Users/admin/builder/spi-builder-workspace/.dependencies/checkouts/spfk-image/Sources/SPFKImage/Adjustment/ImageAdjustmentRenderer.swift (in target 'SPFKImage' from project 'spfk-image')
    cd /Users/admin/builder/spi-builder-workspace/.swiftpm/xcode
    builtin-SwiftPerFileCompile ImageAdjustmentRenderer.swift
SwiftCompile normal arm64 Compiling\ ImageFormatConverter+Transcode.swift /Users/admin/builder/spi-builder-workspace/.dependencies/checkouts/spfk-image/Sources/SPFKImage/Conversion/ImageFormatConverter+Transcode.swift (in target 'SPFKImage' from project 'spfk-image')
SwiftCompile normal arm64 /Users/admin/builder/spi-builder-workspace/.dependencies/checkouts/spfk-image/Sources/SPFKImage/Conversion/ImageFormatConverter+Transcode.swift (in target 'SPFKImage' from project 'spfk-image')
    cd /Users/admin/builder/spi-builder-workspace/.swiftpm/xcode
    builtin-SwiftPerFileCompile ImageFormatConverter+Transcode.swift
SwiftCompile normal arm64 Compiling\ ImageFormatConverter.swift /Users/admin/builder/spi-builder-workspace/.dependencies/checkouts/spfk-image/Sources/SPFKImage/Conversion/ImageFormatConverter.swift (in target 'SPFKImage' from project 'spfk-image')
SwiftCompile normal arm64 /Users/admin/builder/spi-builder-workspace/.dependencies/checkouts/spfk-image/Sources/SPFKImage/Conversion/ImageFormatConverter.swift (in target 'SPFKImage' from project 'spfk-image')
    cd /Users/admin/builder/spi-builder-workspace/.swiftpm/xcode
    builtin-SwiftPerFileCompile ImageFormatConverter.swift
SwiftCompile normal arm64 Compiling\ ImageFormatConverter+Metadata.swift,\ ImageFormatConverter+Render.swift /Users/admin/builder/spi-builder-workspace/.dependencies/checkouts/spfk-image/Sources/SPFKImage/Conversion/ImageFormatConverter+Metadata.swift /Users/admin/builder/spi-builder-workspace/.dependencies/checkouts/spfk-image/Sources/SPFKImage/Conversion/ImageFormatConverter+Render.swift (in target 'SPFKImage' from project 'spfk-image')
SwiftCompile normal arm64 /Users/admin/builder/spi-builder-workspace/.dependencies/checkouts/spfk-image/Sources/SPFKImage/Conversion/ImageFormatConverter+Metadata.swift (in target 'SPFKImage' from project 'spfk-image')
    cd /Users/admin/builder/spi-builder-workspace/.swiftpm/xcode
    builtin-SwiftPerFileCompile ImageFormatConverter+Metadata.swift
SwiftCompile normal arm64 /Users/admin/builder/spi-builder-workspace/.dependencies/checkouts/spfk-image/Sources/SPFKImage/Conversion/ImageFormatConverter+Render.swift (in target 'SPFKImage' from project 'spfk-image')
    cd /Users/admin/builder/spi-builder-workspace/.swiftpm/xcode
    builtin-SwiftPerFileCompile ImageFormatConverter+Render.swift
SwiftEmitModule normal arm64 Emitting\ module\ for\ SPFKImage (in target 'SPFKImage' from project 'spfk-image')
SwiftCompile normal arm64 (in target 'SPFKImage' from project 'spfk-image')
    cd /Users/admin/builder/spi-builder-workspace/.swiftpm/xcode

SwiftCompile normal arm64 Compiling\ ImageFormatConverter+Write.swift /Users/admin/builder/spi-builder-workspace/.dependencies/checkouts/spfk-image/Sources/SPFKImage/Conversion/ImageFormatConverter+Write.swift (in target 'SPFKImage' from project 'spfk-image')
SwiftCompile normal arm64 /Users/admin/builder/spi-builder-workspace/.dependencies/checkouts/spfk-image/Sources/SPFKImage/Conversion/ImageFormatConverter+Write.swift (in target 'SPFKImage' from project 'spfk-image')
    cd /Users/admin/builder/spi-builder-workspace/.swiftpm/xcode
    builtin-SwiftPerFileCompile ImageFormatConverter+Write.swift
SwiftCompile normal arm64 Compiling\ ImageFormatConverter+Encoder.swift,\ ImageFormatConverter+GainMap.swift /Users/admin/builder/spi-builder-workspace/.dependencies/checkouts/spfk-image/Sources/SPFKImage/Conversion/ImageFormatConverter+Encoder.swift /Users/admin/builder/spi-builder-workspace/.dependencies/checkouts/spfk-image/Sources/SPFKImage/Conversion/ImageFormatConverter+GainMap.swift (in target 'SPFKImage' from project 'spfk-image')
/Users/admin/builder/spi-builder-workspace/.dependencies/checkouts/spfk-image/Sources/SPFKImage/Conversion/ImageFormatConverter+GainMap.swift:14:26: error: 'kCGImageAuxiliaryDataTypeISOGainMap' is only available in visionOS 2.0 or newer
 4 | import ImageIO
 5 |
 6 | extension ImageFormatConverter {
   | `- note: add '@available' attribute to enclosing extension
 7 |     /// 'L008', one 8-bit component: the layout of every gain map measured, Apple's and ISO's.
 8 |     static let oneComponent8PixelFormat = 1_278_226_488
 9 |
10 |     static var gainMapAuxiliaryTypes: [CFString] {
   |                `- note: add '@available' attribute to enclosing static property
11 |         var types: [CFString] = [kCGImageAuxiliaryDataTypeHDRGainMap]
12 |
13 |         if #available(macOS 15, iOS 18, *) {
14 |             types.append(kCGImageAuxiliaryDataTypeISOGainMap)
   |                          |- error: 'kCGImageAuxiliaryDataTypeISOGainMap' is only available in visionOS 2.0 or newer
   |                          `- note: add 'if #available' version check
15 |         }
16 |
Failed frontend command:
/Applications/Xcode-27.0.0.app/Contents/Developer/Toolchains/XcodeDefault.xctoolchain/usr/bin/swift-frontend -frontend -c /Users/admin/builder/spi-builder-workspace/.dependencies/checkouts/spfk-image/Sources/SPFKImage/Adjustment/ImageAdjustmentDescription.swift /Users/admin/builder/spi-builder-workspace/.dependencies/checkouts/spfk-image/Sources/SPFKImage/Adjustment/ImageAdjustmentRenderError.swift /Users/admin/builder/spi-builder-workspace/.dependencies/checkouts/spfk-image/Sources/SPFKImage/Adjustment/ImageAdjustmentRenderer+File.swift /Users/admin/builder/spi-builder-workspace/.dependencies/checkouts/spfk-image/Sources/SPFKImage/Adjustment/ImageAdjustmentRenderer.swift /Users/admin/builder/spi-builder-workspace/.dependencies/checkouts/spfk-image/Sources/SPFKImage/CGImage/CGImage+Export.swift /Users/admin/builder/spi-builder-workspace/.dependencies/checkouts/spfk-image/Sources/SPFKImage/CGImage/CGImage.swift /Users/admin/builder/spi-builder-workspace/.dependencies/checkouts/spfk-image/Sources/SPFKImage/Conversion/ImageConversionError.swift /Users/admin/builder/spi-builder-workspace/.dependencies/checkouts/spfk-image/Sources/SPFKImage/Conversion/ImageConversionFormats.swift /Users/admin/builder/spi-builder-workspace/.dependencies/checkouts/spfk-image/Sources/SPFKImage/Conversion/ImageConversionOptions.swift /Users/admin/builder/spi-builder-workspace/.dependencies/checkouts/spfk-image/Sources/SPFKImage/Conversion/ImageConversionSource.swift /Users/admin/builder/spi-builder-workspace/.dependencies/checkouts/spfk-image/Sources/SPFKImage/Conversion/ImageFileEncoder.swift /Users/admin/builder/spi-builder-workspace/.dependencies/checkouts/spfk-image/Sources/SPFKImage/Conversion/ImageFileEncoderInput.swift -primary-file /Users/admin/builder/spi-builder-workspace/.dependencies/checkouts/spfk-image/Sources/SPFKImage/Conversion/ImageFormatConverter+Encoder.swift -primary-file /Users/admin/builder/spi-builder-workspace/.dependencies/checkouts/spfk-image/Sources/SPFKImage/Conversion/ImageFormatConverter+GainMap.swift /Users/admin/builder/spi-builder-workspace/.dependencies/checkouts/spfk-image/Sources/SPFKImage/Conversion/ImageFormatConverter+Metadata.swift /Users/admin/builder/spi-builder-workspace/.dependencies/checkouts/spfk-image/Sources/SPFKImage/Conversion/ImageFormatConverter+Render.swift /Users/admin/builder/spi-builder-workspace/.dependencies/checkouts/spfk-image/Sources/SPFKImage/Conversion/ImageFormatConverter+Transcode.swift /Users/admin/builder/spi-builder-workspace/.dependencies/checkouts/spfk-image/Sources/SPFKImage/Conversion/ImageFormatConverter+Types.swift /Users/admin/builder/spi-builder-workspace/.dependencies/checkouts/spfk-image/Sources/SPFKImage/Conversion/ImageFormatConverter+Write.swift /Users/admin/builder/spi-builder-workspace/.dependencies/checkouts/spfk-image/Sources/SPFKImage/Conversion/ImageFormatConverter.swift /Users/admin/builder/spi-builder-workspace/.dependencies/checkouts/spfk-image/Sources/SPFKImage/Conversion/ImageMetadataCopyScheme.swift /Users/admin/builder/spi-builder-workspace/.dependencies/checkouts/spfk-image/Sources/SPFKImage/Conversion/RGBAPixelBuffer.swift -emit-dependencies-path /Users/admin/builder/spi-builder-workspace/.derivedData/Build/Intermediates.noindex/spfk-image.build/Debug-xros/SPFKImage-t.build/Objects-normal/arm64/ImageFormatConverter+Encoder.d -emit-const-values-path /Users/admin/builder/spi-builder-workspace/.derivedData/Build/Intermediates.noindex/spfk-image.build/Debug-xros/SPFKImage-t.build/Objects-normal/arm64/ImageFormatConverter+Encoder.swiftconstvalues -emit-reference-dependencies-path /Users/admin/builder/spi-builder-workspace/.derivedData/Build/Intermediates.noindex/spfk-image.build/Debug-xros/SPFKImage-t.build/Objects-normal/arm64/ImageFormatConverter+Encoder.swiftdeps -serialize-diagnostics-path /Users/admin/builder/spi-builder-workspace/.derivedData/Build/Intermediates.noindex/spfk-image.build/Debug-xros/SPFKImage-t.build/Objects-normal/arm64/ImageFormatConverter+Encoder.dia -emit-dependencies-path /Users/admin/builder/spi-builder-workspace/.derivedData/Build/Intermediates.noindex/spfk-image.build/Debug-xros/SPFKImage-t.build/Objects-normal/arm64/ImageFormatConverter+GainMap.d -emit-const-values-path /Users/admin/builder/spi-builder-workspace/.derivedData/Build/Intermediates.noindex/spfk-image.build/Debug-xros/SPFKImage-t.build/Objects-normal/arm64/ImageFormatConverter+GainMap.swiftconstvalues -emit-reference-dependencies-path /Users/admin/builder/spi-builder-workspace/.derivedData/Build/Intermediates.noindex/spfk-image.build/Debug-xros/SPFKImage-t.build/Objects-normal/arm64/ImageFormatConverter+GainMap.swiftdeps -serialize-diagnostics-path /Users/admin/builder/spi-builder-workspace/.derivedData/Build/Intermediates.noindex/spfk-image.build/Debug-xros/SPFKImage-t.build/Objects-normal/arm64/ImageFormatConverter+GainMap.dia -target arm64-apple-xros1.0 -disable-cross-import-overlay-search -load-resolved-plugin /Applications/Xcode-27.0.0.app/Contents/Developer/Platforms/XROS.platform/Developer/usr/lib/swift/host/plugins/libFoundationMacros.dylib\#/Applications/Xcode-27.0.0.app/Contents/Developer/Platforms/XROS.platform/Developer/usr/bin/swift-plugin-server\#FoundationMacros -load-resolved-plugin /Applications/Xcode-27.0.0.app/Contents/Developer/Platforms/XROS.platform/Developer/usr/lib/swift/host/plugins/libObservationMacros.dylib\#/Applications/Xcode-27.0.0.app/Contents/Developer/Platforms/XROS.platform/Developer/usr/bin/swift-plugin-server\#ObservationMacros -load-resolved-plugin /Applications/Xcode-27.0.0.app/Contents/Developer/Platforms/XROS.platform/Developer/usr/lib/swift/host/plugins/libPreviewsMacros.dylib\#/Applications/Xcode-27.0.0.app/Contents/Developer/Platforms/XROS.platform/Developer/usr/bin/swift-plugin-server\#PreviewsMacros -load-resolved-plugin /Applications/Xcode-27.0.0.app/Contents/Developer/Platforms/XROS.platform/Developer/usr/lib/swift/host/plugins/libSwiftMacros.dylib\#/Applications/Xcode-27.0.0.app/Contents/Developer/Platforms/XROS.platform/Developer/usr/bin/swift-plugin-server\#SwiftMacros -load-resolved-plugin /Applications/Xcode-27.0.0.app/Contents/Developer/Platforms/XROS.platform/Developer/usr/lib/swift/host/plugins/libSwiftUIMacros.dylib\#/Applications/Xcode-27.0.0.app/Contents/Developer/Platforms/XROS.platform/Developer/usr/bin/swift-plugin-server\#SwiftUIMacros -disable-implicit-swift-modules -Xcc -fno-implicit-modules -Xcc -fno-implicit-module-maps -explicit-swift-module-map-file /Users/admin/builder/spi-builder-workspace/.derivedData/Build/Intermediates.noindex/spfk-image.build/Debug-xros/SPFKImage-t.build/Objects-normal/arm64/SPFKImage-dependencies-1.json -Xllvm -aarch64-use-tbi -enable-objc-interop -stack-check -sdk /Applications/Xcode-27.0.0.app/Contents/Developer/Platforms/XROS.platform/Developer/SDKs/XROS27.0.sdk -I /Users/admin/builder/spi-builder-workspace/.derivedData/Build/Products/Debug-xros -Isystem /Applications/Xcode-27.0.0.app/Contents/Developer/Platforms/XROS.platform/Developer/usr/lib -F /Users/admin/builder/spi-builder-workspace/.derivedData/Build/Products/Debug-xros/PackageFrameworks -F /Users/admin/builder/spi-builder-workspace/.derivedData/Build/Products/Debug-xros -F /Applications/Xcode-27.0.0.app/Contents/Developer/Platforms/XROS.platform/Developer/Library/Frameworks -F /Applications/Xcode-27.0.0.app/Contents/Developer/Platforms/XROS.platform/Developer/SDKs/XROS27.0.sdk/Developer/Library/Frameworks -module-cache-path /Users/admin/builder/spi-builder-workspace/.derivedData/Build/Intermediates.noindex/SwiftExplicitPrecompiledModules -no-color-diagnostics -Xcc -fno-color-diagnostics -enable-testing -g -debug-info-format\=dwarf -dwarf-version\=4 -suppress-warnings -profile-generate -profile-coverage-mapping -swift-version 6 -Onone -D SWIFT_PACKAGE -D DEBUG -D SWIFT_MODULE_RESOURCE_BUNDLE_UNAVAILABLE -D Xcode -serialize-debugging-options -enable-experimental-feature DebugDescriptionMacro -empty-abi-descriptor -user-module-version 0.3.1 -validate-clang-modules-once -clang-build-session-file /Users/admin/builder/spi-builder-workspace/.derivedData/ModuleCache.noindex/Session.modulevalidation -Xcc -working-directory -Xcc /Users/admin/builder/spi-builder-workspace/.swiftpm/xcode -enable-anonymous-context-mangled-names -file-compilation-dir /Users/admin/builder/spi-builder-workspace/.swiftpm/xcode -Xcc -fmodule-map-file\=/Users/admin/builder/spi-builder-workspace/.dependencies/checkouts/swift-numerics/Sources/_NumericsShims/include/module.modulemap -Xcc -fmodule-map-file\=/Users/admin/builder/spi-builder-workspace/.derivedData/Build/Intermediates.noindex/GeneratedModuleMaps-xros/SPFKBaseC.modulemap -Xcc -D_LIBCPP_HARDENING_MODE\=_LIBCPP_HARDENING_MODE_DEBUG -Xcc -ivfsstatcache -Xcc /Users/admin/builder/spi-builder-workspace/.derivedData/SDKStatCaches.noindex/xros27.0-24M361-e829b21a6f8c9b70876ba0858053c04489c3c372b822c72ca60ec5271cbc7f3c.sdkstatcache -Xcc -fmodules-prune-interval\=86400 -Xcc -fmodules-prune-after\=345600 -Xcc -I/Users/admin/builder/spi-builder-workspace/.dependencies/checkouts/swift-numerics/Sources/_NumericsShims/include -Xcc -I/Users/admin/builder/spi-builder-workspace/.dependencies/checkouts/spfk-base/Sources/SPFKBaseC/include -Xcc -I/Users/admin/builder/spi-builder-workspace/.derivedData/Build/Products/Debug-xros/include -Xcc -I/Users/admin/builder/spi-builder-workspace/.derivedData/Build/Intermediates.noindex/spfk-image.build/Debug-xros/SPFKImage-t.build/DerivedSources-normal/arm64 -Xcc -I/Users/admin/builder/spi-builder-workspace/.derivedData/Build/Intermediates.noindex/spfk-image.build/Debug-xros/SPFKImage-t.build/DerivedSources/arm64 -Xcc -I/Users/admin/builder/spi-builder-workspace/.derivedData/Build/Intermediates.noindex/spfk-image.build/Debug-xros/SPFKImage-t.build/DerivedSources -Xcc -DSWIFT_PACKAGE -Xcc -DDEBUG\=1 -no-auto-bridging-header-chaining -module-name SPFKImage -package-name spfk_image -const-gather-protocols-file /Users/admin/builder/spi-builder-workspace/.derivedData/Build/Intermediates.noindex/spfk-image.build/Debug-xros/SPFKImage-t.build/Objects-normal/arm64/SPFKImage_const_extract_protocols.json -disable-clang-spi -clang-target arm64-apple-xros27.0 -target-sdk-version 27.0 -target-sdk-name xros27.0 -in-process-plugin-server-path /Applications/Xcode-27.0.0.app/Contents/Developer/Toolchains/XcodeDefault.xctoolchain/usr/lib/swift/host/libSwiftInProcPluginServer.dylib -parse-as-library -o /Users/admin/builder/spi-builder-workspace/.derivedData/Build/Intermediates.noindex/spfk-image.build/Debug-xros/SPFKImage-t.build/Objects-normal/arm64/ImageFormatConverter+Encoder.o -o /Users/admin/builder/spi-builder-workspace/.derivedData/Build/Intermediates.noindex/spfk-image.build/Debug-xros/SPFKImage-t.build/Objects-normal/arm64/ImageFormatConverter+GainMap.o -debug-module-path /Users/admin/builder/spi-builder-workspace/.derivedData/Build/Intermediates.noindex/spfk-image.build/Debug-xros/SPFKImage-t.build/Objects-normal/arm64/SPFKImage.swiftmodule -index-unit-output-path /spfk-image.build/Debug-xros/SPFKImage-t.build/Objects-normal/arm64/ImageFormatConverter+Encoder.o -index-unit-output-path /spfk-image.build/Debug-xros/SPFKImage-t.build/Objects-normal/arm64/ImageFormatConverter+GainMap.o -index-store-path /Users/admin/builder/spi-builder-workspace/.derivedData/Index.noindex/DataStore -index-system-modules
SwiftCompile normal arm64 /Users/admin/builder/spi-builder-workspace/.dependencies/checkouts/spfk-image/Sources/SPFKImage/Conversion/ImageFormatConverter+Encoder.swift (in target 'SPFKImage' from project 'spfk-image')
    cd /Users/admin/builder/spi-builder-workspace/.swiftpm/xcode
    builtin-SwiftPerFileCompile ImageFormatConverter+Encoder.swift
SwiftCompile normal arm64 /Users/admin/builder/spi-builder-workspace/.dependencies/checkouts/spfk-image/Sources/SPFKImage/Conversion/ImageFormatConverter+GainMap.swift (in target 'SPFKImage' from project 'spfk-image')
    cd /Users/admin/builder/spi-builder-workspace/.swiftpm/xcode
    builtin-SwiftPerFileCompile ImageFormatConverter+GainMap.swift
SwiftCompile normal arm64 Compiling\ CGImage+Export.swift,\ CGImage.swift /Users/admin/builder/spi-builder-workspace/.dependencies/checkouts/spfk-image/Sources/SPFKImage/CGImage/CGImage+Export.swift /Users/admin/builder/spi-builder-workspace/.dependencies/checkouts/spfk-image/Sources/SPFKImage/CGImage/CGImage.swift (in target 'SPFKImage' from project 'spfk-image')
SwiftCompile normal arm64 /Users/admin/builder/spi-builder-workspace/.dependencies/checkouts/spfk-image/Sources/SPFKImage/CGImage/CGImage+Export.swift (in target 'SPFKImage' from project 'spfk-image')
    cd /Users/admin/builder/spi-builder-workspace/.swiftpm/xcode
    builtin-SwiftPerFileCompile CGImage+Export.swift
SwiftCompile normal arm64 /Users/admin/builder/spi-builder-workspace/.dependencies/checkouts/spfk-image/Sources/SPFKImage/CGImage/CGImage.swift (in target 'SPFKImage' from project 'spfk-image')
    cd /Users/admin/builder/spi-builder-workspace/.swiftpm/xcode
    builtin-SwiftPerFileCompile CGImage.swift
SwiftEmitModule normal arm64 Emitting\ module\ for\ SPFKAudioBase (in target 'SPFKAudioBase' from project 'spfk-audio-base')
SwiftCompile normal arm64 (in target 'SPFKAudioBase' from project 'spfk-audio-base')
    cd /Users/admin/builder/spi-builder-workspace/.swiftpm/xcode

SwiftDriverJobDiscovery normal arm64 Compiling ImageFormatConverter.swift (in target 'SPFKImage' from project 'spfk-image')
SwiftCompile normal arm64 Compiling\ ImageFormatConverter+Types.swift /Users/admin/builder/spi-builder-workspace/.dependencies/checkouts/spfk-image/Sources/SPFKImage/Conversion/ImageFormatConverter+Types.swift (in target 'SPFKImage' from project 'spfk-image')
SwiftCompile normal arm64 /Users/admin/builder/spi-builder-workspace/.dependencies/checkouts/spfk-image/Sources/SPFKImage/Conversion/ImageFormatConverter+Types.swift (in target 'SPFKImage' from project 'spfk-image')
    cd /Users/admin/builder/spi-builder-workspace/.swiftpm/xcode
    builtin-SwiftPerFileCompile ImageFormatConverter+Types.swift
SwiftDriverJobDiscovery normal arm64 Compiling ImageFormatConverter+Transcode.swift (in target 'SPFKImage' from project 'spfk-image')
SwiftCompile normal arm64 Compiling\ ImageConversionFormats.swift /Users/admin/builder/spi-builder-workspace/.dependencies/checkouts/spfk-image/Sources/SPFKImage/Conversion/ImageConversionFormats.swift (in target 'SPFKImage' from project 'spfk-image')
SwiftCompile normal arm64 /Users/admin/builder/spi-builder-workspace/.dependencies/checkouts/spfk-image/Sources/SPFKImage/Conversion/ImageConversionFormats.swift (in target 'SPFKImage' from project 'spfk-image')
    cd /Users/admin/builder/spi-builder-workspace/.swiftpm/xcode
    builtin-SwiftPerFileCompile ImageConversionFormats.swift
PruneExplicitPrecompiledModules /Users/admin/builder/spi-builder-workspace/.derivedData/Build/Intermediates.noindex/SwiftExplicitPrecompiledModules
PruneExplicitPrecompiledModules /Users/admin/builder/spi-builder-workspace/.derivedData/SDKExplicitPrecompiledModules
PruneExplicitPrecompiledModules /Users/admin/builder/spi-builder-workspace/.derivedData/Build/Intermediates.noindex/ExplicitPrecompiledModules
2026-10-15 20:35:07.932 xcodebuild[1786:9473] [MT] IDERunDestination: Supported platforms for the buildables in the current scheme is empty.
** BUILD FAILED **
The following build commands failed:
	SwiftCompile normal arm64 Compiling\ ImageFormatConverter+Encoder.swift,\ ImageFormatConverter+GainMap.swift /Users/admin/builder/spi-builder-workspace/.dependencies/checkouts/spfk-image/Sources/SPFKImage/Conversion/ImageFormatConverter+Encoder.swift /Users/admin/builder/spi-builder-workspace/.dependencies/checkouts/spfk-image/Sources/SPFKImage/Conversion/ImageFormatConverter+GainMap.swift (in target 'SPFKImage' from project 'spfk-image')
	SwiftCompile normal arm64 /Users/admin/builder/spi-builder-workspace/.dependencies/checkouts/spfk-image/Sources/SPFKImage/Conversion/ImageFormatConverter+GainMap.swift (in target 'SPFKImage' from project 'spfk-image')
	Building workspace spfk-waveform with scheme spfk-waveform
(3 failures)
BUILD FAILURE 6.4 visionOS