The Swift Package Index logo.Swift Package Index

Build Information

Failed to build servit, reference master (1760ba), with Swift 6.3 for Android on 17 Oct 2026 07:02:37 UTC.

Build Command

bash -c docker run --pull=always --rm -v "checkouts-54344844-0":/host -w "$PWD" -e JAVA_HOME="/root/.sdkman/candidates/java/current" -e SPI_BUILD="1" -e SPI_PROCESSING="1" registry.gitlab.com/saguaro1/spi-images:android-6.3-latest swift build --swift-sdk aarch64-unknown-linux-android28 2>&1

Build Log

========================================
RunAll
========================================
Builder version: 5.1.3
Interrupt handler set up.
========================================
Checkout
========================================
Clone URL: https://github.com/rarestype/servit.git
Reference: master
Initialized empty Git repository in /host/spi-builder-workspace/.git/
hint: Using 'master' as the name for the initial branch. This default branch name
hint: is subject to change. To configure the initial branch name to use in all
hint: of your new repositories, which will suppress this warning, call:
hint:
hint: 	git config --global init.defaultBranch <name>
hint:
hint: Names commonly chosen instead of 'master' are 'main', 'trunk' and
hint: 'development'. The just-created branch can be renamed via this command:
hint:
hint: 	git branch -m <name>
From https://github.com/rarestype/servit
 * branch            master     -> FETCH_HEAD
 * [new branch]      master     -> origin/master
HEAD is now at 1760ba2 [autosync]
Cloned https://github.com/rarestype/servit.git
Revision (git rev-parse @):
1760ba2ae09b134cb805b7aca540ad29af8d325c
SUCCESS checkout https://github.com/rarestype/servit.git at master
========================================
Build
========================================
Selected platform:         android
Swift version:             6.3
Building package at path:  $PWD
https://github.com/rarestype/servit.git
Running build ...
bash -c docker run --pull=always --rm -v "checkouts-54344844-0":/host -w "$PWD" -e JAVA_HOME="/root/.sdkman/candidates/java/current" -e SPI_BUILD="1" -e SPI_PROCESSING="1" registry.gitlab.com/saguaro1/spi-images:android-6.3-latest swift build --swift-sdk aarch64-unknown-linux-android28 2>&1
android-6.3-latest: Pulling from saguaro1/spi-images
Digest: sha256:ec170ed262d75c9e928493cd00a486dad2d4f04db1b55d884efec7db42d0226b
Status: Image is up to date for registry.gitlab.com/saguaro1/spi-images:android-6.3-latest
Fetching https://github.com/apple/swift-nio-ssl
Fetching https://github.com/rarestype/ucf
Fetching https://github.com/apple/swift-collections
Fetching https://github.com/apple/swift-nio
Fetching https://github.com/apple/swift-nio-http2
Fetching https://github.com/rarestype/u
[1/644] Fetching u
[336/1504] Fetching u, ucf
Fetched https://github.com/rarestype/u from cache (0.38s)
Fetching https://github.com/rarestype/swift-json
[405/860] Fetching ucf
[793/17749] Fetching ucf, swift-nio-ssl
[2044/30043] Fetching ucf, swift-nio-ssl, swift-nio-http2
[6821/58907] Fetching ucf, swift-nio-ssl, swift-nio-http2, swift-collections
[22013/61953] Fetching ucf, swift-nio-ssl, swift-nio-http2, swift-collections, swift-json
[44190/148512] Fetching ucf, swift-nio-ssl, swift-nio-http2, swift-collections, swift-json, swift-nio
Fetched https://github.com/apple/swift-nio-http2 from cache (1.08s)
[49210/136218] Fetching ucf, swift-nio-ssl, swift-collections, swift-json, swift-nio
Fetching https://github.com/rarestype/swift-ip
Fetched https://github.com/rarestype/swift-json from cache (0.98s)
Fetching https://github.com/rarestype/gram
[98549/133172] Fetching ucf, swift-nio-ssl, swift-collections, swift-nio
Fetched https://github.com/rarestype/ucf from cache (1.37s)
Fetching https://github.com/ordo-one/dollup
[98554/132312] Fetching swift-nio-ssl, swift-collections, swift-nio
[99421/133633] Fetching swift-nio-ssl, swift-collections, swift-nio, swift-ip
Fetched https://github.com/rarestype/swift-ip from cache (0.40s)
Fetching https://github.com/rarestype/h
[103748/132312] Fetching swift-nio-ssl, swift-collections, swift-nio
[110674/133657] Fetching swift-nio-ssl, swift-collections, swift-nio, gram
Fetched https://github.com/rarestype/gram from cache (0.42s)
[114135/132312] Fetching swift-nio-ssl, swift-collections, swift-nio
[115002/132359] Fetching swift-nio-ssl, swift-collections, swift-nio, dollup
Fetched https://github.com/ordo-one/dollup from cache (0.48s)
[115705/132312] Fetching swift-nio-ssl, swift-collections, swift-nio
[124523/133665] Fetching swift-nio-ssl, swift-collections, swift-nio, h
Fetched https://github.com/rarestype/h from cache (0.52s)
Fetched https://github.com/apple/swift-nio-ssl from cache (3.17s)
Fetched https://github.com/apple/swift-collections from cache (3.17s)
Fetched https://github.com/apple/swift-nio from cache (3.20s)
Computing version for https://github.com/rarestype/u
Computed https://github.com/rarestype/u at 1.1.0 (3.40s)
Computing version for https://github.com/rarestype/swift-ip
Computed https://github.com/rarestype/swift-ip at 0.3.10 (0.16s)
Fetching https://github.com/apple/swift-argument-parser
Fetching https://github.com/rarestype/swift-bson
[1/2019] Fetching swift-bson
Fetched https://github.com/rarestype/swift-bson from cache (0.47s)
[1/19126] Fetching swift-argument-parser
Fetched https://github.com/apple/swift-argument-parser from cache (1.00s)
Computing version for https://github.com/rarestype/h
Computed https://github.com/rarestype/h at 1.0.1 (1.17s)
Computing version for https://github.com/rarestype/gram
Computed https://github.com/rarestype/gram at 2.1.0 (0.15s)
Computing version for https://github.com/rarestype/ucf
Computed https://github.com/rarestype/ucf at 0.4.1 (0.15s)
Computing version for https://github.com/rarestype/swift-bson
Computed https://github.com/rarestype/swift-bson at 2.2.0 (0.16s)
Computing version for https://github.com/apple/swift-nio-http2
Computed https://github.com/apple/swift-nio-http2 at 1.46.0 (0.16s)
Fetching https://github.com/apple/swift-atomics.git
[1/1889] Fetching swift-atomics
Fetched https://github.com/apple/swift-atomics.git from cache (0.51s)
Computing version for https://github.com/apple/swift-nio-ssl
Computed https://github.com/apple/swift-nio-ssl at 2.37.5 (0.71s)
Computing version for https://github.com/apple/swift-argument-parser
Computed https://github.com/apple/swift-argument-parser at 1.8.2 (0.15s)
Computing version for https://github.com/apple/swift-atomics.git
Computed https://github.com/apple/swift-atomics.git at 1.3.1 (0.16s)
Computing version for https://github.com/rarestype/swift-json
Computed https://github.com/rarestype/swift-json at 3.5.0 (0.22s)
Computing version for https://github.com/apple/swift-collections
Computed https://github.com/apple/swift-collections at 1.7.3 (0.23s)
Computing version for https://github.com/apple/swift-nio
Computed https://github.com/apple/swift-nio at 2.104.0 (0.26s)
Fetching https://github.com/apple/swift-system.git
[1/7310] Fetching swift-system
Fetched https://github.com/apple/swift-system.git from cache (0.69s)
Computing version for https://github.com/ordo-one/dollup
Computed https://github.com/ordo-one/dollup at 1.1.0 (0.83s)
Computing version for https://github.com/apple/swift-system.git
Computed https://github.com/apple/swift-system.git at 1.8.1 (0.17s)
Creating working copy for https://github.com/rarestype/gram
Working copy of https://github.com/rarestype/gram resolved at 2.1.0
Creating working copy for https://github.com/rarestype/h
Working copy of https://github.com/rarestype/h resolved at 1.0.1
Creating working copy for https://github.com/rarestype/swift-bson
Working copy of https://github.com/rarestype/swift-bson resolved at 2.2.0
Creating working copy for https://github.com/rarestype/swift-json
Working copy of https://github.com/rarestype/swift-json resolved at 3.5.0
Creating working copy for https://github.com/apple/swift-atomics.git
Working copy of https://github.com/apple/swift-atomics.git resolved at 1.3.1
Creating working copy for https://github.com/apple/swift-collections
Working copy of https://github.com/apple/swift-collections resolved at 1.7.3
Creating working copy for https://github.com/rarestype/swift-ip
Working copy of https://github.com/rarestype/swift-ip resolved at 0.3.10
Creating working copy for https://github.com/apple/swift-nio
Working copy of https://github.com/apple/swift-nio resolved at 2.104.0
Creating working copy for https://github.com/rarestype/u
Working copy of https://github.com/rarestype/u resolved at 1.1.0
Creating working copy for https://github.com/rarestype/ucf
Working copy of https://github.com/rarestype/ucf resolved at 0.4.1
Creating working copy for https://github.com/ordo-one/dollup
Working copy of https://github.com/ordo-one/dollup resolved at 1.1.0
Creating working copy for https://github.com/apple/swift-argument-parser
Working copy of https://github.com/apple/swift-argument-parser resolved at 1.8.2
Creating working copy for https://github.com/apple/swift-nio-http2
Working copy of https://github.com/apple/swift-nio-http2 resolved at 1.46.0
Creating working copy for https://github.com/apple/swift-nio-ssl
Working copy of https://github.com/apple/swift-nio-ssl resolved at 2.37.5
Creating working copy for https://github.com/apple/swift-system.git
Working copy of https://github.com/apple/swift-system.git resolved at 1.8.1
Downloading binary artifact https://get.rarestype.com/dollup/1.1.0/Linux-x86_64/dollup.artifactbundle.zip
[10506/13137995] Downloading https://get.rarestype.com/dollup/1.1.0/Linux-x86_64/dollup.artifactbundle.zip
Downloaded https://get.rarestype.com/dollup/1.1.0/Linux-x86_64/dollup.artifactbundle.zip (0.83s)
warning: 'spi-builder-workspace': found 1 file(s) which are unhandled; explicitly declare them as resources or exclude from the target
    /host/spi-builder-workspace/Sources/_AsyncChannel/README.md
[1/1] Compiling plugin GenerateManual
[2/2] Compiling plugin GenerateDoccReference
[3/3] Compiling plugin DollupPlugin
Building for debugging...
[3/469] Write sources
[20/469] Compiling _AtomicsShims.c
[21/469] Write sources
[47/469] Compiling CNIOWindows WSAStartup.c
[48/469] Compiling CNIOWindows shim.c
[49/469] Compiling CNIOWASI CNIOWASI.c
[50/469] Write swift-version-272D24FF697CF451.txt
[51/469] Compiling CNIOLinux liburing_shims.c
[51/469] Compiling CNIOOpenBSD shim.c
[53/469] Compiling CNIOPosix event_loop_id.c
[54/469] Compiling CNIOFreeBSD shim.c
[55/469] Compiling CNIOLLHTTP c_nio_http.c
[56/493] Compiling CNIOLinux shim.c
[57/499] Compiling CNIOLLHTTP c_nio_api.c
[59/499] Emitting module TestableErrors
[59/506] Compiling CNIOLLHTTP c_nio_llhttp.c
[61/543] Emitting module JSONAST
[62/544] Emitting module InternalCollectionsUtilities
[63/547] Compiling JSONAST JSON.swift
[64/547] Compiling InternalCollectionsUtilities Strideable+LimitHelpers.swift
[65/547] Compiling InternalCollectionsUtilities String+Padding.swift
[66/547] Compiling InternalCollectionsUtilities Iterable+CopyContents.swift
[67/547] Compiling InternalCollectionsUtilities Iterable+Equality.swift
[68/547] Compiling InternalCollectionsUtilities LifetimeOverride.swift
[69/547] Compiling InternalCollectionsUtilities MutableRef.swift
[70/547] Compiling InternalCollectionsUtilities TemporaryAllocation.swift
[71/547] Compiling InternalCollectionsUtilities _UnsafeBitSet+Index.swift
[72/547] Compiling Media MediaType.swift
[73/547] Compiling TestableErrors Error (ext).swift
[76/548] Compiling InternalCollectionsUtilities UnsafeMutablePointer+Extras.swift
[77/548] Compiling InternalCollectionsUtilities UnsafeMutableRawBufferPointer+Extras.swift
[78/548] Compiling InternalCollectionsUtilities UnsafePointer+Extras.swift
[80/548] Compiling InternalCollectionsUtilities UnsafeRawBufferPointer+Extras.swift
[81/548] Compiling InternalCollectionsUtilities _SortedCollection.swift
[82/548] Compiling InternalCollectionsUtilities _UniqueCollection.swift
[83/548] Compiling InternalCollectionsUtilities Debugging.swift
[84/548] Compiling InternalCollectionsUtilities Descriptions.swift
[85/548] Compiling InternalCollectionsUtilities BorrowingIteratorProtocol+Equality.swift
[86/548] Compiling InternalCollectionsUtilities BorrowingIteratorProtocol+Extras.swift
[87/548] Compiling JSONAST String (ext).swift
[88/551] Compiling Media MediaEncoding.swift
[89/554] Compiling InternalCollectionsUtilities _UnsafeBitSet+_Word.swift
[90/554] Compiling InternalCollectionsUtilities _UnsafeBitSet.swift
[91/554] Compiling InternalCollectionsUtilities UnsafeBufferPointer+Extras.swift
[92/554] Compiling InternalCollectionsUtilities UnsafeMutableBufferPointer+Extras.swift
[95/555] Compiling InlineBuffer InlineBuffer.swift
[96/555] Emitting module InlineBuffer
[97/556] Compiling InternalCollectionsUtilities MutableSpan+Extras.swift
[98/556] Compiling InternalCollectionsUtilities OutputSpan+Extras.swift
[99/556] Compiling InternalCollectionsUtilities RandomAccessCollection+Offsets.swift
[100/556] Compiling InternalCollectionsUtilities Span+Extras.swift
[102/556] Compiling IP IP.swift
[104/556] Compiling InternalCollectionsUtilities FixedWidthInteger+roundUpToPowerOfTwo.swift
[105/556] Compiling InternalCollectionsUtilities Integer rank.swift
[106/556] Compiling InternalCollectionsUtilities UInt+first and last set bit.swift
[107/556] Compiling InternalCollectionsUtilities UInt+reversed.swift
[112/556] Compiling Media MultipartType.swift
[113/556] Compiling Media MediaTypeError.swift
[114/556] Compiling Media MediaType.Charset.swift
[115/561] Compiling _NIOBase64 Base64.swift
[116/561] Emitting module _NIOBase64
[122/562] Emitting module _NIODataStructures
[123/563] Compiling TraceableErrors exports.swift
[124/563] Compiling IP IP.Block.swift
[125/563] Compiling IP IP.Address.swift
[127/569] Compiling _NIODataStructures PriorityQueue.swift
[128/569] Compiling _NIODataStructures _TinyArray.swift
[129/569] Compiling _NIODataStructures Heap.swift
[130/604] Compiling TraceableErrors TraceableError.swift
[131/604] Compiling TraceableErrors NamedError.swift
[132/604] Emitting module Media
[133/604] Emitting module TraceableErrors
[134/604] Compiling Media MediaSubtype.swift
[136/605] Compiling TraceableErrors Error (ext).swift
[138/610] Compiling SHA1 exports.swift
[140/610] Compiling JSONEncoding Float16 (ext).swift
[141/610] Compiling JSONEncoding Float80 (ext).swift
[142/610] Compiling JSONEncoding Int (ext).swift
[143/610] Compiling JSONEncoding Int128 (ext).swift
[144/610] Compiling JSONEncoding Int16 (ext).swift
[145/610] Compiling IP IP.V6.swift
[146/610] Compiling IP IP.V4.swift
[147/623] Emitting module IP
[148/623] Compiling SpanPreview OutputSpan+InputSpanHelpers.swift
[149/623] Compiling SpanPreview MutableSpan+InputSpanHelpers.swift
[150/624] Compiling SpanPreview InputSpan.swift
[151/624] Emitting module SpanPreview
[152/624] Compiling JSONEncoding Int32 (ext).swift
[153/624] Compiling JSONEncoding Int64 (ext).swift
[154/624] Compiling JSONEncoding Int8 (ext).swift
[155/624] Compiling JSONEncoding LazyDropWhileSequence (ext).swift
[156/624] Compiling JSONEncoding LazyFilterSequence (ext).swift
[157/626] Compiling JSONEncoding Array (ext).swift
[158/626] Compiling JSONEncoding ArraySlice (ext).swift
[159/626] Compiling JSONEncoding Bool (ext).swift
[160/626] Compiling JSONEncoding Character (ext).swift
[161/626] Compiling JSONEncoding Double (ext).swift
[162/626] Compiling JSONEncoding Float (ext).swift
[163/626] Compiling JSONEncoding Substring (ext).swift
[164/626] Compiling JSONEncoding UInt (ext).swift
[165/626] Compiling JSONEncoding UInt128 (ext).swift
[166/626] Compiling JSONEncoding UInt16 (ext).swift
[167/626] Compiling JSONEncoding UInt32 (ext).swift
[168/626] Compiling JSONEncoding LazyMapSequence (ext).swift
[169/626] Compiling JSONEncoding LazyPrefixWhileSequence (ext).swift
[170/626] Compiling JSONEncoding Sequence (ext).swift
[171/626] Compiling JSONEncoding StaticString (ext).swift
[172/626] Compiling JSONEncoding String (ext).swift
[174/626] Compiling MD5 exports.swift
[176/642] Emitting module CasesByIntegerEncodingMacro
[177/647] Compiling OrderedCollections OrderedSet+CustomReflectable.swift
[178/647] Compiling OrderedCollections OrderedSet+Descriptions.swift
[179/647] Compiling OrderedCollections OrderedSet+Diffing.swift
[180/647] Compiling OrderedCollections OrderedSet+Equatable.swift
[181/647] Compiling OrderedCollections OrderedSet+ExpressibleByArrayLiteral.swift
[182/652] Compiling CasesByIntegerEncodingMacro RawRepresentableByIntegerEncoding.swift
[183/655] Compiling CasesByIntegerEncodingMacro GenerateCasesByIntegerEncoding.swift
[184/666] Compiling OrderedCollections OrderedSet+ReserveCapacity.swift
[185/666] Compiling OrderedCollections OrderedDictionary+Hashable.swift
[186/667] Compiling OrderedCollections OrderedDictionary+Initializers.swift
[187/667] Compiling OrderedCollections OrderedDictionary+Invariants.swift
[188/667] Compiling OrderedCollections OrderedDictionary+Move.swift
[189/676] Emitting module JSONEncoding
[190/684] Compiling CNIODarwin shim.c
[192/684] Compiling OrderedCollections OrderedDictionary+Partial MutableCollection.swift
[193/684] Compiling OrderedCollections OrderedDictionary+Partial RangeReplaceableCollection.swift
[194/684] Compiling OrderedCollections OrderedDictionary+Sendable.swift
[195/684] Compiling OrderedCollections OrderedDictionary+Sequence.swift
[196/684] Compiling OrderedCollections OrderedDictionary+Codable.swift
[197/720] Emitting module SHA1
[198/720] Compiling SHA1 SHA1.swift
[200/768] Compiling MD5 MD5.Words.swift
[202/773] Compiling MD5 MD5.Block.swift
[203/773] Compiling ISO ISO.swift
[203/773] Compiling fiat_p256_adx_sqr.S
[205/773] Compiling Grammar ASCIITerminal.swift
[206/773] Compiling Grammar CharacterTerminal.swift
[207/773] Compiling Grammar UInt16 (ext).swift
[208/773] Compiling Grammar UInt8 (ext).swift
[209/773] Compiling Grammar UTF16Terminal.swift
[210/773] Compiling Grammar UTF8Terminal.swift
[210/778] Compiling fiat_p256_adx_mul.S
[212/778] Compiling Grammar Array (ext).swift
[213/778] Compiling Grammar DefaultDiagnostics.swift
[214/778] Compiling Grammar NoDiagnostics.swift
[215/778] Compiling Grammar ParsingDiagnostics.swift
[216/778] Compiling Grammar Optional (ext).swift
[217/778] Compiling Grammar ParsingError.Frame.swift
[218/778] Compiling MD5 MD5.swift
[218/778] Compiling fiat_curve25519_adx_square.S
[220/778] Compiling Grammar Pattern.Join.swift
[221/778] Compiling Grammar Pattern.Pad.swift
[222/778] Compiling Grammar Pattern.Reduce.swift
[223/778] Compiling Grammar Pattern.UnsignedInteger.swift
[224/778] Compiling Grammar Pattern.UnsignedNormalizedInteger.swift
[225/778] Compiling Grammar Pattern.swift
[226/778] Compiling Grammar UnicodeDigit.Hex.Lowercase.swift
[227/778] Compiling Grammar UnicodeDigit.Hex.swift
[228/778] Compiling Grammar UnicodeDigit.HexScalar.Lowercase.swift
[229/778] Compiling Grammar UnicodeDigit.HexScalar.swift
[230/778] Compiling Grammar UnicodeDigit.Natural.swift
[231/778] Compiling Grammar UnicodeDigit.NaturalScalar.swift
[232/783] Compiling Grammar PatternMatchingError.swift
[233/783] Compiling Grammar AtomicRule.swift
[234/783] Compiling Grammar DigitRule.swift
[235/783] Compiling Grammar LiteralRule.swift
[236/783] Compiling Grammar ParsingRule.swift
[237/783] Compiling Grammar TerminalRule.swift
[238/783] Emitting module MD5
[239/784] Compiling Grammar Unicode.Scalar (ext).swift
[240/784] Compiling Grammar UnicodeDigit.Binary.swift
[241/784] Compiling Grammar UnicodeDigit.BinaryScalar.swift
[242/784] Compiling Grammar UnicodeDigit.Decimal.swift
[243/784] Compiling Grammar UnicodeDigit.DecimalScalar.swift
[243/784] Compiling fiat_curve25519_adx_mul.S
[261/784] Compiling CNIOBoringSSLShims shims.c
[271/791] Compiling Grammar ParsingError.swift
[272/791] Compiling Grammar ParsingInput.swift
[273/791] Compiling Grammar Pattern.Collect.swift
[274/791] Compiling Grammar Pattern.Discard.swift
[275/791] Compiling Grammar Pattern.End.swift
[276/791] Compiling Grammar Pattern.IntegerOverflowError.swift
[299/791] Compiling ISO ISO.Locale.swift
[300/791] Compiling ISO ISO.Macrolanguage (gen).swift
[301/791] Emitting module ISO
[302/791] Compiling ISO ISO.Country (gen).swift
[312/792] Emitting module Grammar
[339/792] Compiling OrderedCollections OrderedSet+Hashable.swift
[340/792] Compiling OrderedCollections OrderedSet+Initializers.swift
[341/792] Compiling OrderedCollections OrderedSet+Insertions.swift
[342/792] Compiling OrderedCollections OrderedSet+Invariants.swift
[343/792] Compiling OrderedCollections OrderedSet+Move.swift
[344/792] Compiling OrderedCollections OrderedSet+Partial MutableCollection.swift
[345/792] Compiling OrderedCollections OrderedSet+Partial RangeReplaceableCollection.swift
[346/792] Compiling OrderedCollections OrderedSet+Partial SetAlgebra formIntersection.swift
[348/792] Compiling DequeModule UniqueDeque+Replacements.swift
[349/792] Compiling DequeModule UniqueDeque.swift
[350/792] Compiling DequeModule _DequeSlot.swift
[351/792] Compiling DequeModule _UnsafeDequeHandle.swift
[352/792] Compiling DequeModule _UnsafeDequeSegments.swift
[353/792] Compiling OrderedCollections OrderedDictionary+Equatable.swift
[354/792] Compiling OrderedCollections OrderedDictionary+ExpressibleByDictionaryLiteral.swift
[354/792] Compiling tls_record.cc
[355/792] Compiling tls_method.cc
[357/792] Compiling OrderedCollections OrderedSet+Sendable.swift
[358/792] Compiling OrderedCollections OrderedSet+SubSequence.swift
[359/792] Compiling OrderedCollections OrderedSet+Testing.swift
[360/792] Compiling OrderedCollections OrderedSet+UnorderedView.swift
[361/792] Compiling OrderedCollections OrderedSet+UnstableInternals.swift
[362/792] Compiling OrderedCollections OrderedSet.swift
[363/792] Compiling OrderedCollections _UnsafeBitset.swift
[369/793] Compiling tls13_server.cc
[371/818] Emitting module OrderedCollections
[373/819] Compiling URI URI.QueryRule.Parameters.swift
[374/819] Compiling URI URI.QueryRule.swift
[375/819] Compiling URI URI.QuerySeparatorRule.swift
[376/819] Compiling URI URI.PathComponentRule.UnencodedByte.swift
[377/819] Compiling URI URI.PathComponentRule.swift
[378/819] Compiling URI URI.PathElementRule.swift
[379/819] Compiling URI URI.PathSeparatorRule.swift
[379/822] Compiling tls13_enc.cc
[381/847] Compiling Multiparts MultipartParameterRule.QuotedString.EscapeSequence.swift
[382/847] Compiling Multiparts MultipartView.swift
[383/847] Compiling Multiparts ContentDisposition.swift
[384/849] Compiling Multiparts HorizontalWhitespaceRule.swift
[385/849] Compiling Multiparts MultipartHeaderRule.OpaqueFieldValue.swift
[386/849] Compiling Multiparts MultipartHeaderRule.swift
[387/849] Compiling Multiparts ContentDispositionRule.swift
[388/849] Compiling Multiparts MultipartParameterRule.QuotedString.EscapedCharacter.swift
[389/849] Compiling Multiparts MultipartParameterRule.QuotedString.LiteralCharacter.swift
[390/849] Compiling Multiparts MultipartParameterRule.QuotedString.swift
[391/849] Compiling Multiparts Collection (ext).swift
[392/849] Compiling Multiparts MultipartForm.Item.Header.swift
[393/849] Compiling Multiparts MultipartForm.Item.swift
[394/849] Compiling Multiparts MultipartForm.Iterator.swift
[400/849] Emitting module URI
[401/849] Compiling _AsyncChannel Rethrow.swift
[402/849] Compiling Multiparts MultipartParameterRule.swift
[403/849] Compiling URI URI.Path.swift
[404/849] Compiling URI URI.Query.EncodingSet.swift
[406/849] Compiling Multiparts MultipartForm.swift
[407/849] Compiling Multiparts MultipartSplitError.swift
[408/851] Compiling _AsyncChannel ChannelStorage.swift
[409/851] Compiling Multiparts ContentType.swift
[410/851] Compiling Multiparts ContentTypeRule.swift
[414/851] Compiling _AsyncChannel Locking.swift
[418/851] Emitting module Multiparts
[426/851] Compiling tls13_client.cc
[428/851] Emitting module _AsyncChannel
[429/851] Compiling _AsyncChannel ChannelStateMachine.swift
[430/851] Compiling _AsyncChannel AsyncThrowingChannel.swift
[431/851] Compiling _AsyncChannel AsyncChannel.swift
[433/852] Compiling URI URI.Query.swift
[434/852] Compiling URI URI.QueryEncodedForm.swift
[435/852] Compiling URI URI.swift
[436/853] Compiling Multiparts MultipartTokenRule.CodeUnit.swift
[437/853] Compiling Multiparts MultipartTokenRule.swift
[440/890] Emitting module DequeModule
[442/919] Compiling JSONDecoding Dictionary (ext).swift
[443/919] Compiling JSONDecoding Double (ext).swift
[444/919] Compiling JSONDecoding Float (ext).swift
[444/922] Compiling t1_enc.cc
[446/922] Compiling JSONDecoding Int64 (ext).swift
[447/922] Compiling JSONDecoding Int8 (ext).swift
[448/922] Compiling JSONDecoding Set (ext).swift
[448/922] Compiling tls13_both.cc
[453/922] Compiling JSONDecoding String (ext).swift
[454/922] Compiling JSONDecoding UInt (ext).swift
[455/922] Compiling JSONDecoding UInt128 (ext).swift
[456/927] Compiling JSONDecoding Array (ext).swift
[457/927] Compiling JSONDecoding Bool (ext).swift
[458/927] Compiling JSONDecoding Character (ext).swift
[459/927] Emitting module JSONParsing
[463/927] Compiling JSONParsing exports.swift
[464/927] Compiling JSONDecoding UInt32 (ext).swift
[465/927] Compiling JSONDecoding UInt64 (ext).swift
[466/927] Compiling JSONDecoding UInt8 (ext).swift
[467/927] Compiling JSONDecoding Unicode.Scalar (ext).swift
[468/927] Compiling JSONDecoding JSON.ArrayShape.swift
[469/927] Compiling JSONDecoding Float16 (ext).swift
[470/927] Compiling JSONDecoding Float80 (ext).swift
[471/927] Compiling JSONDecoding Int (ext).swift
[472/927] Compiling JSONDecoding Int128 (ext).swift
[473/927] Compiling JSONParsing JSON.StringRule.swift
[474/927] Compiling JSONParsing JSON.WhitespaceRule.swift
[475/927] Compiling JSONDecoding JSON.ArrayShapeCriteria.swift
[476/927] Compiling JSONDecoding JSON.ArrayShapeError.swift
[477/927] Compiling JSONDecoding JSON.DecodingError (ext).swift
[478/927] Compiling JSONDecoding JSON.DecodingError.swift
[479/927] Compiling JSONDecoding JSON.DecodingErrorProtocol.swift
[480/927] Compiling JSONDecoding JSON.DecodingStepError.swift
[484/927] Compiling JSONDecoding JSON.ObjectDecoder.swift
[485/927] Compiling JSONDecoding JSON.ObjectKeyError.swift
[486/927] Compiling JSONDecoding JSON.SingleKeyError.swift
[487/927] Compiling JSONDecoding JSON.ValueError.swift
[488/927] Compiling JSONDecoding JSON.FieldDecoder.swift
[505/928] Emitting module JSONDecoding
[506/928] Compiling JSONDecoding JSONObjectDecodable.swift
[507/928] Compiling JSONDecoding JSONStringDecodable.swift
[508/928] Compiling JSONDecoding Never (ext).swift
[509/928] Compiling JSONDecoding Optional (ext).swift
[510/928] Compiling JSONDecoding exports.swift
[512/928] Compiling JSONDecoding JSON.OptionalDecoder.swift
[513/928] Compiling JSONDecoding JSON.TraceableDecoder.swift
[514/928] Compiling JSONDecoding JSON.Array (ext).swift
[515/928] Compiling JSONDecoding JSON.Object (ext).swift
[516/928] Compiling JSONDecoding JSONDecodable.swift
[522/931] Compiling UnixTime UnixInstant.swift
[523/931] Compiling UnixTime UnixInterval.swift
[530/931] Emitting module UnixTime
[532/931] Compiling ssl_transcript.cc
[533/934] Compiling ssl_stat.cc
[536/935] Compiling ssl_versions.cc
[539/935] Compiling JSON exports.swift
[540/935] Compiling JSON JSON (ext).swift
[541/935] Emitting module JSON
[542/938] Compiling ssl_session.cc
[543/938] Compiling ssl_x509.cc
[545/938] Emitting module SHA1_JSON
[546/938] Compiling SHA1_JSON SHA1 (ext).swift
[547/939] Compiling ssl_privkey.cc
[548/939] Compiling ssl_lib.cc
[549/939] Compiling ssl_file.cc
[550/939] Compiling ssl_key_share.cc
[551/939] Compiling ssl_credential.cc
[552/939] Compiling ssl_cipher.cc
[553/939] Compiling ssl_cert.cc
[554/939] Compiling ssl_buffer.cc
[555/939] Compiling ssl_asn1.cc
[556/939] Compiling ssl_aead_ctx.cc
[557/939] Compiling s3_lib.cc
[558/939] Compiling s3_pkt.cc
[559/939] Compiling s3_both.cc
[560/939] Compiling handshake.cc
[561/939] Compiling handshake_server.cc
[562/939] Compiling handshake_client.cc
[563/939] Compiling handoff.cc
[564/939] Compiling dtls_record.cc
[565/939] Compiling encrypted_client_hello.cc
[566/939] Compiling md5-x86_64-linux.S
[567/939] Compiling extensions.cc
[568/939] Compiling md5-x86_64-apple.S
[569/939] Compiling dtls_method.cc
[570/939] Compiling md5-586-linux.S
[571/939] Compiling md5-586-apple.S
[572/939] Compiling chacha20_poly1305_x86_64-linux.S
[573/939] Compiling chacha20_poly1305_x86_64-apple.S
[574/939] Compiling chacha20_poly1305_armv8-win.S
[575/939] Compiling chacha20_poly1305_armv8-apple.S
[576/939] Compiling d1_srtp.cc
[577/939] Compiling chacha20_poly1305_armv8-linux.S
[578/939] Compiling chacha-x86_64-linux.S
[579/939] Compiling d1_pkt.cc
[580/939] Compiling chacha-x86_64-apple.S
[581/939] Compiling chacha-x86-linux.S
[582/939] Compiling chacha-x86-apple.S
[583/939] Compiling chacha-armv8-win.S
[584/939] Compiling d1_lib.cc
[585/939] Compiling chacha-armv8-apple.S
[586/939] Compiling chacha-armv4-linux.S
[587/939] Compiling aes128gcmsiv-x86_64-linux.S
[587/939] Compiling chacha-armv8-linux.S
[589/939] Compiling aes128gcmsiv-x86_64-apple.S
[590/939] Compiling x86_64-mont5-linux.S
[591/939] Compiling x86_64-mont-linux.S
[592/939] Compiling x86_64-mont5-apple.S
[593/939] Compiling x86_64-mont-apple.S
[594/939] Compiling x86-mont-linux.S
[595/939] Compiling vpaes-x86_64-linux.S
[596/939] Compiling vpaes-x86_64-apple.S
[597/939] Compiling x86-mont-apple.S
[598/939] Compiling vpaes-x86-linux.S
[599/939] Compiling vpaes-x86-apple.S
[600/939] Compiling vpaes-armv8-win.S
[601/939] Compiling vpaes-armv8-linux.S
[602/939] Compiling vpaes-armv8-apple.S
[603/939] Compiling vpaes-armv7-linux.S
[604/939] Compiling sha512-x86_64-linux.S
[605/939] Compiling sha512-x86_64-apple.S
[606/939] Compiling sha512-armv8-win.S
[607/939] Compiling err_data.cc
[608/939] Compiling sha512-armv8-apple.S
[609/939] Compiling sha512-armv4-linux.S
[610/939] Compiling sha512-586-linux.S
[611/939] Compiling sha512-armv8-linux.S
[612/939] Compiling sha512-586-apple.S
[613/939] Compiling sha256-x86_64-linux.S
[614/939] Compiling sha256-x86_64-apple.S
[615/939] Compiling sha256-armv8-win.S
[616/939] Compiling sha256-armv8-apple.S
[617/939] Compiling sha256-armv8-linux.S
[618/939] Compiling sha256-armv4-linux.S
[619/939] Compiling sha256-586-linux.S
[620/939] Compiling sha256-586-apple.S
[621/939] Compiling sha1-x86_64-linux.S
[621/939] Compiling sha1-x86_64-apple.S
[623/939] Compiling sha1-armv8-win.S
[624/939] Compiling sha1-armv8-apple.S
[625/939] Compiling sha1-armv8-linux.S
[626/939] Compiling sha1-armv4-large-linux.S
[627/939] Compiling sha1-586-apple.S
[628/939] Compiling sha1-586-linux.S
[629/939] Compiling rsaz-avx2-linux.S
[630/939] Compiling rsaz-avx2-apple.S
[631/939] Compiling rdrand-x86_64-linux.S
[632/939] Compiling rdrand-x86_64-apple.S
[633/939] Compiling p256_beeu-x86_64-asm-apple.S
[634/939] Compiling p256_beeu-x86_64-asm-linux.S
[635/939] Compiling d1_both.cc
[636/939] Compiling p256_beeu-armv8-asm-win.S
[637/939] Compiling p256_beeu-armv8-asm-linux.S
[638/939] Compiling p256_beeu-armv8-asm-apple.S
[639/939] Compiling p256-x86_64-asm-linux.S
[640/939] Compiling p256-x86_64-asm-apple.S
[641/939] Compiling p256-armv8-asm-win.S
[642/939] Compiling p256-armv8-asm-apple.S
[643/939] Compiling ghashv8-armv8-win.S
[644/939] Compiling p256-armv8-asm-linux.S
[645/939] Compiling ghashv8-armv8-apple.S
[646/939] Compiling ghashv8-armv8-linux.S
[647/939] Compiling ghashv8-armv7-linux.S
[648/939] Compiling ghash-x86_64-linux.S
[648/939] Compiling ghash-x86_64-apple.S
[650/939] Compiling ghash-x86-linux.S
[651/939] Compiling ghash-x86-apple.S
[652/939] Compiling ghash-ssse3-x86_64-linux.S
[653/939] Compiling ghash-ssse3-x86_64-apple.S
[654/939] Compiling ghash-ssse3-x86-linux.S
[655/939] Compiling ghash-ssse3-x86-apple.S
[656/939] Compiling ghash-neon-armv8-win.S
[657/939] Compiling ghash-neon-armv8-linux.S
[658/939] Compiling bio_ssl.cc
[659/939] Compiling ghash-neon-armv8-apple.S
[660/939] Compiling ghash-armv4-linux.S
[661/939] Compiling co-586-linux.S
[662/939] Compiling bsaes-armv7-linux.S
[663/939] Compiling co-586-apple.S
[664/939] Compiling bn-armv8-win.S
[665/939] Compiling bn-armv8-apple.S
[666/939] Compiling bn-armv8-linux.S
[667/939] Compiling bn-586-linux.S
[668/939] Compiling bn-586-apple.S
[669/939] Compiling armv8-mont-win.S
[670/939] Compiling armv8-mont-apple.S
[671/939] Compiling armv4-mont-linux.S
[672/939] Compiling armv8-mont-linux.S
[673/939] Compiling aesv8-gcm-armv8-win.S
[673/939] Compiling aesv8-gcm-armv8-apple.S
[675/939] Compiling aesv8-gcm-armv8-linux.S
[676/939] Compiling aesv8-armv8-win.S
[677/939] Compiling aesv8-armv8-apple.S
[678/939] Compiling aesv8-armv8-linux.S
[679/939] Compiling aesv8-armv7-linux.S
[680/939] Compiling aesni-x86_64-linux.S
[681/939] Compiling aesni-x86-apple.S
[682/939] Compiling aesni-x86_64-apple.S
[683/939] Compiling aesni-gcm-x86_64-linux.S
[684/939] Compiling aesni-x86-linux.S
[685/939] Compiling aes-gcm-avx2-x86_64-linux.S
[685/939] Compiling aesni-gcm-x86_64-apple.S
[687/939] Compiling aes-gcm-avx2-x86_64-apple.S
[688/939] Compiling aes-gcm-avx10-x86_64-linux.S
[689/939] Compiling aes-gcm-avx10-x86_64-apple.S
[690/939] Compiling x_sig.cc
[691/939] Compiling x_spki.cc
[691/939] Compiling x_val.cc
[693/939] Compiling x_x509a.cc
[694/939] Compiling x_req.cc
[695/939] Compiling x_pubkey.cc
[695/939] Compiling x_x509.cc
[697/939] Compiling x_name.cc
[698/939] Compiling x_exten.cc
[699/939] Compiling x_algor.cc
[700/939] Compiling x_attrib.cc
[701/939] Compiling x509spki.cc
[702/939] Compiling x_crl.cc
[703/939] Compiling x509rset.cc
[704/939] Compiling x_all.cc
[705/939] Compiling x509name.cc
[706/939] Compiling x509_txt.cc
[707/939] Compiling x509cset.cc
[708/939] Compiling x509_vpm.cc
[709/939] Compiling x509_v3.cc
[710/939] Compiling x509_trs.cc
[711/939] Compiling x509_set.cc
[712/939] Compiling x509_vfy.cc
[713/939] Compiling x509_req.cc
[714/939] Compiling x509_def.cc
[715/939] Compiling x509_d2.cc
[716/939] Compiling x509_ext.cc
[717/939] Compiling x509_obj.cc
[718/939] Compiling x509_lu.cc
[719/939] Compiling x509_cmp.cc
[720/939] Compiling x509.cc
[721/939] Compiling x509_att.cc
[722/939] Compiling v3_skey.cc
[723/939] Compiling v3_prn.cc
[724/939] Compiling v3_purp.cc
[725/939] Compiling v3_ocsp.cc
[726/939] Compiling v3_pmaps.cc
[727/939] Compiling v3_pcons.cc
[728/939] Compiling v3_utl.cc
[729/939] Compiling v3_ncons.cc
[730/939] Compiling v3_int.cc
[731/939] Compiling v3_lib.cc
[732/939] Compiling v3_ia5.cc
[733/939] Compiling v3_info.cc
[734/939] Compiling v3_genn.cc
[735/939] Compiling v3_enum.cc
[736/939] Compiling v3_extku.cc
[737/939] Compiling v3_crld.cc
[738/939] Compiling v3_conf.cc
[739/939] Compiling v3_cpols.cc
[740/939] Compiling v3_bitst.cc
[741/939] Compiling v3_bcons.cc
[742/939] Compiling v3_akeya.cc
[743/939] Compiling v3_akey.cc
[744/939] Compiling v3_alt.cc
[745/939] Compiling t_x509a.cc
[746/939] Compiling i2d_pr.cc
[747/939] Compiling t_x509.cc
[748/939] Compiling t_crl.cc
[749/939] Compiling t_req.cc
[750/939] Compiling name_print.cc
[751/939] Compiling rsa_pss.cc
[752/939] Compiling policy.cc
[753/939] Compiling by_file.cc
[754/939] Compiling by_dir.cc
[755/939] Compiling algorithm.cc
[756/939] Compiling a_verify.cc
[757/939] Compiling a_digest.cc
[758/939] Compiling voprf.cc
[759/939] Compiling a_sign.cc
[760/939] Compiling asn1_gen.cc
[761/939] Compiling trust_token.cc
[762/939] Compiling thread.cc
[763/939] Compiling thread_win.cc
[764/939] Compiling thread_none.cc
[765/939] Compiling thread_pthread.cc
[766/939] Compiling stack.cc
[767/939] Compiling pmbtoken.cc
[768/939] Compiling slhdsa.cc
[769/939] Compiling spake2plus.cc
[770/939] Compiling siphash.cc
[771/939] Compiling sha512.cc
[772/939] Compiling sha1.cc
[773/939] Compiling sha256.cc
[774/939] Compiling rsa_print.cc
[775/939] Compiling rsa_extra.cc
[776/939] Compiling rsa_crypt.cc
[777/939] Compiling rc4.cc
[778/939] Compiling refcount.cc
[779/939] Compiling windows.cc
[780/939] Compiling urandom.cc
[781/939] Compiling trusty.cc
[782/939] Compiling rand.cc
[783/939] Compiling rsa_asn1.cc
[784/939] Compiling passive.cc
[785/939] Compiling poly1305_arm_asm.S
[786/939] Compiling ios.cc
[787/939] Compiling getentropy.cc
[788/939] Compiling forkunsafe.cc
[789/939] Compiling deterministic.cc
[790/939] Compiling fork_detect.cc
[791/939] Compiling poly1305_vec.cc
[792/939] Compiling pool.cc
[793/939] Compiling poly1305_arm.cc
[794/939] Compiling poly1305.cc
[795/939] Compiling p5_pbev2.cc
[796/939] Compiling pkcs7.cc
[797/939] Compiling pkcs8.cc
[798/939] Compiling pkcs8_x509.cc
[799/939] Compiling pkcs7_x509.cc
[800/939] Compiling pem_xaux.cc
[801/939] Compiling pem_x509.cc
[801/939] Compiling pem_pkey.cc
[803/939] Compiling pem_oth.cc
[804/939] Compiling mlkem.cc
[805/939] Compiling pem_pk8.cc
[806/939] Compiling pem_info.cc
[807/939] Compiling pem_lib.cc
[808/939] Compiling pem_all.cc
[809/939] Compiling obj_xref.cc
[810/939] Compiling obj.cc
[811/939] Compiling poly_rq_mul.S
[812/939] Compiling mldsa.cc
[813/939] Compiling fips_shared_support.cc
[814/939] Compiling md4.cc
[815/939] Compiling md5.cc
[816/939] Compiling mem.cc
[817/939] Compiling lhash.cc
[818/939] Compiling kyber.cc
[819/939] Compiling ex_data.cc
[820/939] Compiling sign.cc
[820/939] Compiling hrss.cc
[822/939] Compiling scrypt.cc
[823/939] Compiling print.cc
[824/939] Compiling hpke.cc
[825/939] Compiling pbkdf.cc
[826/939] Compiling p_x25519.cc
[827/939] Compiling p_x25519_asn1.cc
[828/939] Compiling p_rsa_asn1.cc
[829/939] Compiling p_rsa.cc
[830/939] Compiling p_hkdf.cc
[831/939] Compiling p_ed25519.cc
[832/939] Compiling p_ed25519_asn1.cc
[833/939] Compiling p_ec_asn1.cc
[834/939] Compiling p_ec.cc
[835/939] Compiling p_dh_asn1.cc
[836/939] Compiling p_dh.cc
[837/939] Compiling evp_ctx.cc
[838/939] Compiling p_dsa_asn1.cc
[839/939] Compiling evp_asn1.cc
[840/939] Compiling evp.cc
[841/939] Compiling err.cc
[842/939] Compiling engine.cc
[843/939] Compiling ecdh.cc
[844/939] Compiling hash_to_curve.cc
[844/939] Compiling ecdsa_asn1.cc
[846/939] Compiling ec_derive.cc
[847/939] Compiling dsa.cc
[848/939] Compiling ec_asn1.cc
[849/939] Compiling dsa_asn1.cc
[850/939] Compiling bcm.cc
[851/939] Compiling params.cc
[852/939] Compiling x25519-asm-arm.S
[853/939] Compiling digest_extra.cc
[854/939] Compiling dh_asn1.cc
[855/939] Compiling des.cc
[856/939] Compiling curve25519_64_adx.cc
[857/939] Compiling cpu_intel.cc
[858/939] Compiling crypto.cc
[859/939] Compiling spake25519.cc
[860/939] Compiling cpu_arm_linux.cc
[861/939] Compiling curve25519.cc
[862/939] Compiling cpu_arm_freebsd.cc
[863/939] Compiling cpu_aarch64_win.cc
[864/939] Compiling cpu_aarch64_sysreg.cc
[865/939] Compiling cpu_aarch64_openbsd.cc
[866/939] Compiling cpu_aarch64_linux.cc
[867/939] Compiling cpu_aarch64_fuchsia.cc
[868/939] Compiling cpu_aarch64_apple.cc
[869/939] Compiling get_cipher.cc
[870/939] Compiling tls_cbc.cc
[871/939] Compiling conf.cc
[872/939] Compiling e_null.cc
[873/939] Compiling e_rc4.cc
[874/939] Compiling e_tls.cc
[875/939] Compiling e_rc2.cc
[876/939] Compiling e_des.cc
[877/939] Compiling e_aesgcmsiv.cc
[878/939] Compiling e_chacha20poly1305.cc
[878/939] Compiling e_aesctrhmac.cc
[880/939] Compiling derive_key.cc
[881/939] Compiling chacha.cc
[882/939] Compiling unicode.cc
[883/939] Compiling buf.cc
[884/939] Compiling cbb.cc
[885/939] Compiling cbs.cc
[886/939] Compiling ber.cc
[887/939] Compiling asn1_compat.cc
[888/939] Compiling bn_asn1.cc
[889/939] Compiling blake2.cc
[890/939] Compiling convert.cc
[891/939] Compiling socket_helper.cc
[892/939] Compiling socket.cc
[893/939] Compiling printf.cc
[894/939] Compiling pair.cc
[895/939] Compiling hexdump.cc
[896/939] Compiling file.cc
[897/939] Compiling errno.cc
[898/939] Compiling fd.cc
[899/939] Compiling connect.cc
[900/939] Compiling bio_mem.cc
[901/939] Compiling bio.cc
[902/939] Compiling base64.cc
[903/939] Compiling tasn_fre.cc
[904/939] Compiling tasn_typ.cc
[904/939] Compiling tasn_utl.cc
[906/939] Compiling tasn_enc.cc
[907/939] Compiling f_string.cc
[908/939] Compiling posix_time.cc
[909/939] Compiling tasn_new.cc
[910/939] Compiling tasn_dec.cc
[911/939] Compiling f_int.cc
[911/939] Compiling asn1_par.cc
[911/939] Compiling asn_pack.cc
[914/939] Compiling asn1_lib.cc
[915/939] Compiling a_utctm.cc
[916/939] Compiling a_type.cc
[917/939] Compiling a_time.cc
[918/939] Compiling a_octet.cc
[919/939] Compiling a_strnid.cc
[920/939] Compiling a_object.cc
[921/939] Compiling a_strex.cc
[922/939] Compiling a_i2d_fp.cc
[923/939] Compiling a_dup.cc
[924/939] Compiling a_mbstr.cc
[925/939] Write sources
[927/939] Compiling a_d2i_fp.cc
[928/939] Write sources
[933/939] Compiling a_int.cc
[934/939] Compiling a_gentm.cc
[935/1000] Compiling a_bitstr.cc
[936/1000] Compiling a_bool.cc
[938/1000] Compiling BSONABI BSON.AnyType.swift
[939/1000] Compiling BSONABI BSON.AnyValue.swift
[940/1000] Compiling BSONABI BSON.Decoder.swift
[941/1000] Compiling BSONABI BSON.Encoder.swift
[942/1000] Compiling BSONABI BSON.TypeError.swift
[943/1000] Compiling BSONABI BSON.TypecastError.swift
[944/1000] Compiling BSONABI BSON.FieldEncoder.swift
[945/1000] Compiling BSONABI BSON.Key.swift
[946/1007] Compiling BSONABI BSON.swift
[947/1007] Compiling BSONABI BSONRepresentable.swift
[948/1007] Compiling BSONABI BSON.EndIndex.swift
[951/1007] Compiling BSONABI BSON.Keyspace.swift
[952/1007] Compiling BSONABI BSON.BooleanSubtypeError.swift
[953/1007] Compiling BSONABI BSON.Decimal128.swift
[954/1007] Compiling BSONABI BSON.BufferFrame.swift
[955/1007] Compiling BSONABI BSON.BufferFrameType.swift
[956/1007] Compiling BSONABI BSON.BufferTraversable.swift
[957/1007] Compiling BSONABI BSON.HeaderError.swift
[958/1007] Compiling BSONABI BSON.Input.swift
[959/1007] Compiling Atomics IntegerOperations.swift
[960/1007] Compiling BSONABI BSON.Identifier.swift
[961/1007] Compiling BSONABI BSON.IntegerOverflowError.swift
[962/1007] Compiling BSONABI BSON.List.swift
[963/1007] Compiling BSONABI BSON.Max.swift
[964/1007] Compiling BSONABI BSON.Min.swift
[965/1007] Compiling BSONABI BSON.Null.swift
[966/1007] Compiling BSONABI BSON.BinaryShape.swift
[967/1007] Compiling BSONABI BSON.BinaryShapeError.Criteria.swift
[968/1007] Compiling BSONABI BSON.BinaryShapeError.swift
[969/1007] Compiling BSONABI BSON.BinarySubtype.swift
[970/1007] Compiling BSONABI BSON.BinarySubtypeError.swift
[971/1007] Compiling BSONABI BSON.BinaryView.swift
[973/1007] Compiling Atomics Unmanaged extensions.swift
[974/1007] Compiling BSONABI BSON.Output.swift
[975/1007] Compiling BSONABI BSON.OutputStream.swift
[980/1007] Compiling BSONABI BSON.InputError.swift
[986/1007] Compiling BSONABI BSON.Document.swift
[987/1007] Compiling BSONABI BSON.Regex.OptionError.swift
[988/1007] Compiling BSONABI BSON.Regex.Options.swift
[989/1007] Compiling BSONABI BSON.Regex.swift
[990/1007] Compiling BSONABI BSON.Timestamp.swift
[991/1007] Compiling BSONABI BSON.BinaryBuffer.swift
[992/1007] Compiling BSONABI BSON.BinaryFrame.swift
[993/1007] Compiling BSONABI BSON.BinaryViewError.Expectation.swift
[994/1007] Compiling BSONABI BSON.BinaryViewError.swift
[995/1007] Compiling BSONABI BSON.DocumentFrame.swift
[996/1007] Compiling BSONABI BSON.UTF8Frame.swift
[997/1007] Compiling BSONABI BSON.UTF8View.swift
[998/1007] Emitting module BSONABI
[1000/1111] Compiling BSONDecoding Double (ext).swift
[1001/1111] Compiling BSONDecoding Float (ext).swift
[1002/1111] Compiling BSONDecoding Float80 (ext).swift
[1003/1111] Compiling BSONDecoding Int (ext).swift
[1004/1111] Compiling BSONDecoding Int16 (ext).swift
[1005/1111] Compiling BSONDecoding Int32 (ext).swift
[1006/1111] Compiling BSONDecoding Int64 (ext).swift
[1007/1111] Compiling BSONDecoding Int8 (ext).swift
[1008/1119] Compiling BSONDecoding Milliseconds (ext).swift
[1009/1119] Compiling BSONDecoding Minutes (ext).swift
[1010/1119] Compiling BSONDecoding Never (ext).swift
[1011/1119] Compiling BSONDecoding Seconds (ext).swift
[1012/1119] Compiling BSONDecoding String (ext).swift
[1013/1119] Compiling BSONDecoding Substring (ext).swift
[1014/1119] Compiling BSONDecoding UInt (ext).swift
[1015/1119] Compiling BSONDecoding UInt16 (ext).swift
[1016/1119] Compiling BSONDecoding BSONKeyspaceDecodable.swift
[1017/1119] Compiling BSONDecoding BSON.List.Iterator.swift
[1018/1119] Compiling BSONDecoding BSON.ListDecoder.swift
[1019/1119] Compiling BSONDecoding BSON.SingleKeyError.swift
[1020/1119] Compiling BSONDecoding BSON.UTF8View (ext).swift
[1021/1119] Compiling BSONDecoding BSON.ValueError.swift
[1022/1119] Compiling BSONDecoding Array (ext).swift
[1023/1119] Compiling BSONDecoding BSON.FieldAccessor.swift
[1024/1119] Compiling BSONDecoding BSON.FieldDecoder.swift
[1025/1119] Compiling BSONDecoding BSON.TracingDecoder.swift
[1026/1119] Compiling BSONDecoding BSONBinaryDecodable.swift
[1027/1119] Compiling BSONDecoding BSONDecodable.swift
[1028/1119] Compiling BSONDecoding BSONDocumentDecodable.swift
[1029/1125] Compiling BSONDecoding BSON.Regex (ext).swift
[1030/1125] Compiling BSONDecoding BSON.Timestamp (ext).swift
[1031/1125] Compiling BSONDecoding Bool (ext).swift
[1032/1125] Compiling BSONDecoding Character (ext).swift
[1035/1125] Emitting module BSONDecoding
[1036/1125] Compiling BSONDecoding Dictionary (ext).swift
[1037/1125] Compiling BSONDecoding BSON.Decimal128 (ext).swift
[1038/1125] Compiling BSONDecoding BSON.Identifier (ext).swift
[1039/1125] Compiling BSONDecoding BSON.Key (ext).swift
[1040/1125] Compiling BSONDecoding BSON.Max (ext).swift
[1041/1125] Compiling BSONDecoding BSON.Min (ext).swift
[1042/1125] Compiling BSONDecoding BSON.Null (ext).swift
[1049/1125] Compiling BSONDecoding BSONListDecodable.swift
[1050/1125] Compiling BSONDecoding BSONStringDecodable.swift
[1051/1125] Compiling BSONDecoding BSON.BinaryBuffer (ext).swift
[1052/1125] Compiling BSONDecoding BSON.BinaryDecoder.swift
[1053/1125] Compiling BSONDecoding BSON.BinaryShape (ext).swift
[1054/1125] Compiling BSONDecoding BSON.BinarySubtype (ext).swift
[1077/1125] Compiling BSONDecoding BSON.BinaryTypecastError.swift
[1078/1125] Compiling BSONDecoding BSON.BinaryView (ext).swift
[1079/1125] Compiling BSONEncoding LazyFilterSequence (ext).swift
[1080/1125] Compiling BSONEncoding LazyMapSequence (ext).swift
[1081/1125] Compiling BSONEncoding LazyPrefixWhileSequence (ext).swift
[1082/1125] Compiling BSONEncoding Optional (ext).swift
[1083/1125] Compiling BSONEncoding Set (ext).swift
[1084/1125] Compiling BSONEncoding exports.swift
[1087/1125] Compiling BSONDecoding BSON.DecodingError.swift
[1088/1125] Compiling BSONDecoding BSON.Document (ext).swift
[1089/1125] Compiling BSONDecoding BSON.Document.Iterator.swift
[1090/1125] Compiling BSONDecoding BSON.DocumentDecoder.swift
[1091/1125] Compiling BSONDecoding BSON.DocumentKeyError.swift
[1091/1125] Compiling c-nioatomics.c
[1093/1125] Compiling BSONDecoding UInt32 (ext).swift
[1094/1125] Compiling BSONDecoding UInt64 (ext).swift
[1095/1125] Compiling BSONDecoding UInt8 (ext).swift
[1096/1125] Compiling BSONDecoding Unicode.Scalar (ext).swift
[1097/1125] Compiling BSONDecoding UnixMillisecond (ext).swift
[1098/1125] Compiling BSONDecoding Optional (ext).swift
[1099/1125] Compiling BSONDecoding Set (ext).swift
[1100/1125] Compiling BSONDecoding exports.swift
[1117/1126] Emitting module BSONEncoding
[1120/1144] Compiling BSONArrays UInt16 (ext).swift
[1121/1144] Compiling BSONArrays UInt32 (ext).swift
[1122/1146] Compiling BSONArrays Int64 (ext).swift
[1123/1146] Compiling BSONArrays Int8 (ext).swift
[1124/1146] Compiling BSONArrays BSONArrayEncodable.swift
[1125/1146] Compiling BSONArrays ClosedRange (ext).swift
[1126/1146] Compiling BSONArrays Double (ext).swift
[1127/1146] Compiling BSONArrays Range (ext).swift
[1128/1146] Compiling BSONArrays UInt128 (ext).swift
[1129/1146] Compiling BSONArrays Int16 (ext).swift
[1130/1146] Compiling BSONArrays Int32 (ext).swift
[1131/1146] Compiling BSONArrays Float (ext).swift
[1132/1146] Compiling BSONArrays Int128 (ext).swift
[1133/1146] Compiling BSONArrays BSON.BinaryArray.swift
[1134/1146] Compiling BSONArrays BSON.BinaryPackable.swift
[1135/1146] Compiling BSONArrays BSONArrayDecodable.swift
[1136/1146] Emitting module BSONArrays
[1137/1146] Compiling BSONArrays UInt64 (ext).swift
[1138/1146] Compiling BSONArrays exports.swift
[1146/1147] Emitting module Atomics
[1148/1165] Emitting module BSON
[1149/1167] Compiling BSON BSON.DecodingError (ext).swift
[1150/1167] Compiling BSON BSON.DocumentKeyError (ext).swift
[1151/1167] Compiling BSON BSON.HeaderError (ext).swift
[1152/1167] Compiling BSON BSON.InputError (ext).swift
[1153/1167] Compiling BSON BSON.IntegerOverflowError (ext).swift
[1154/1167] Compiling BSON BSON.TypeError (ext).swift
[1155/1167] Compiling BSON BSON.TypecastError (ext).swift
[1156/1167] Compiling BSON BSON.BinaryShapeError (ext).swift
[1157/1167] Compiling BSON BSON.BinaryTypecastError (ext).swift
[1158/1167] Compiling BSON BSON.BooleanSubtypeError (ext).swift
[1159/1167] Compiling BSON BSON.KeyspaceError (ext).swift
[1160/1167] Compiling BSON BSON.RangeDecodingError.swift
[1161/1167] Compiling BSON BSON.Regex.OptionError (ext).swift
[1162/1167] Compiling BSON BSON.SingleKeyError (ext).swift
[1163/1167] Compiling BSON BSON.ValueError (ext).swift
[1164/1167] Compiling BSON ClosedRange (ext).swift
[1164/1167] Compiling c-atomics.c
[1166/1167] Compiling BSON Range (ext).swift
[1167/1167] Compiling BSON exports.swift
[1169/1182] Compiling BSON_ISO ISO.Country (ext).swift
[1170/1182] Compiling BSON_ISO ISO.Macrolanguage (ext).swift
[1171/1182] Emitting module BSON_ISO
[1172/1183] Emitting module IP_BSON
[1173/1183] Compiling IP_BSON IP.V6 (ext).swift
[1174/1183] Compiling IP_BSON IP.V4 (ext).swift
[1175/1183] Compiling IP_BSON IP.Address (ext).swift
[1176/1183] Compiling NIOConcurrencyHelpers NIOLockedValueBox.swift
[1179/1193] Compiling NIOConcurrencyHelpers NIOThreadPoolWorkAvailable.swift
[1180/1193] Compiling NIOConcurrencyHelpers lock.swift
[1181/1193] Compiling NIOConcurrencyHelpers atomics.swift
[1182/1193] Emitting module NIOConcurrencyHelpers
[1183/1193] Compiling NIOConcurrencyHelpers NIOLock.swift
[1184/1193] Compiling NIOConcurrencyHelpers NIOAtomic.swift
[1186/1194] Compiling Firewalls IP.Table.SortedArray.IntervalError.swift
[1187/1194] Compiling Firewalls IP.Table.SortedArray.swift
[1188/1205] Compiling Firewalls IP.Firewall.swift
[1189/1259] Compiling Firewalls IP.Table.swift
[1190/1259] Compiling Firewalls IP.Claimant.swift
[1191/1259] Emitting module Firewalls
[1192/1259] Compiling Firewalls IP.Firewall.Image.swift
[1193/1259] Compiling NIOCore AddressedEnvelope.swift
[1194/1259] Compiling NIOCore AsyncAwaitSupport.swift
[1195/1259] Compiling Firewalls IP.ASN.swift
[1199/1260] Compiling NIOCore AsyncChannel.swift
[1200/1260] Compiling NIOCore AsyncChannelHandler.swift
[1201/1260] Compiling NIOCore AsyncChannelInboundStream.swift
[1202/1260] Compiling NIOCore AsyncChannelOutboundWriter.swift
[1203/1260] Compiling NIOCore NIOAsyncSequenceProducer.swift
[1204/1260] Compiling NIOCore NIOAsyncSequenceProducerStrategies.swift
[1205/1260] Compiling NIOCore NIOAsyncWriter.swift
[1206/1268] Compiling NIOCore IPProtocol.swift
[1207/1268] Compiling NIOCore IntegerBitPacking.swift
[1208/1268] Compiling NIOCore IntegerTypes.swift
[1209/1268] Compiling NIOCore Interfaces.swift
[1210/1268] Compiling NIOCore Linux.swift
[1211/1268] Compiling NIOCore MarkedCircularBuffer.swift
[1212/1268] Compiling NIOCore MulticastChannel.swift
[1213/1268] Compiling NIOCore NIOAny.swift
[1214/1268] Compiling NIOCore NIOCloseOnErrorHandler.swift
[1215/1268] Compiling NIOCore CircularBuffer.swift
[1216/1268] Compiling NIOCore Codec.swift
[1217/1268] Compiling NIOCore ConvenienceOptionSupport.swift
[1218/1268] Compiling NIOCore DeadChannel.swift
[1219/1268] Compiling NIOCore DispatchQueue+WithFuture.swift
[1220/1268] Compiling NIOCore EventLoop+Deprecated.swift
[1221/1268] Compiling NIOCore EventLoop+SerialExecutor.swift
[1222/1268] Compiling NIOCore EventLoop.swift
[1223/1268] Compiling NIOCore EventLoopFuture+AssumeIsolated.swift
[1224/1268] Compiling NIOCore EventLoopFuture+Deprecated.swift
[1225/1268] Compiling NIOCore EventLoopFuture+WithEventLoop.swift
[1226/1268] Compiling NIOCore EventLoopFuture.swift
[1227/1268] Compiling NIOCore FileDescriptor.swift
[1228/1268] Compiling NIOCore FileHandle.swift
[1229/1268] Compiling NIOCore FileRegion.swift
[1230/1268] Compiling NIOCore GlobalSingletons.swift
[1231/1268] Compiling NIOCore IO.swift
[1232/1268] Compiling NIOCore IOData.swift
[1233/1268] Compiling NIOCore NIOThrowingAsyncSequenceProducer.swift
[1234/1268] Compiling NIOCore BSDSocketAPI.swift
[1235/1268] Compiling NIOCore ByteBuffer-aux.swift
[1236/1268] Compiling NIOCore ByteBuffer-binaryEncodedLengthPrefix.swift
[1237/1268] Compiling NIOCore ByteBuffer-conversions.swift
[1238/1268] Compiling NIOCore ByteBuffer-core.swift
[1239/1268] Compiling NIOCore ByteBuffer-hex.swift
[1240/1268] Compiling NIOCore ByteBuffer-int.swift
[1241/1268] Compiling NIOCore ByteBuffer-lengthPrefix.swift
[1242/1268] Compiling NIOCore SingleStepByteToMessageDecoder.swift
[1243/1268] Compiling NIOCore SocketAddresses.swift
[1244/1268] Compiling NIOCore SocketOptionProvider.swift
[1245/1268] Compiling NIOCore SystemCallHelpers.swift
[1246/1268] Compiling NIOCore TimeAmount+Duration.swift
[1247/1268] Compiling NIOCore TypeAssistedChannelHandler.swift
[1248/1268] Compiling NIOCore UniversalBootstrapSupport.swift
[1249/1268] Compiling NIOCore Utilities.swift
[1250/1268] Compiling NIOCore NIOCoreSendableMetatype.swift
[1251/1268] Compiling NIOCore NIODecodedAsyncSequence.swift
[1252/1268] Compiling NIOCore NIOLoopBound.swift
[1253/1268] Compiling NIOCore NIOPooledRecvBufferAllocator.swift
[1254/1268] Compiling NIOCore NIOScheduledCallback.swift
[1255/1268] Compiling NIOCore NIOSendable.swift
[1256/1268] Compiling NIOCore NIOSplitLinesMessageDecoder.swift
[1257/1268] Compiling NIOCore NIOTransportAccessibleChannelCore.swift
[1258/1268] Compiling NIOCore RecvByteBufferAllocator.swift
[1259/1268] Compiling NIOCore ByteBuffer-multi-int.swift
[1260/1268] Compiling NIOCore ByteBuffer-quicBinaryEncodingStrategy.swift
[1261/1268] Compiling NIOCore ByteBuffer-views.swift
[1262/1268] Compiling NIOCore Channel.swift
[1263/1268] Compiling NIOCore ChannelHandler.swift
[1264/1268] Compiling NIOCore ChannelHandlers.swift
[1265/1268] Compiling NIOCore ChannelInvoker.swift
[1266/1268] Compiling NIOCore ChannelOption.swift
[1267/1268] Compiling NIOCore ChannelPipeline.swift
[1268/1268] Emitting module NIOCore
[1270/1342] Compiling IP_NIOCore IP.V6 (ext).swift
/host/spi-builder-workspace/.build/checkouts/swift-ip/Sources/IP_NIOCore/IP.V6 (ext).swift:21:49: error: value of type 'in6_addr' has no member '__in6_u'
19 |         self.init(storage: ip.address.sin6_addr.__u6_addr.__u6_addr32)
20 |         #else
21 |         self.init(storage: ip.address.sin6_addr.__in6_u.__u6_addr32)
   |                                                 `- error: value of type 'in6_addr' has no member '__in6_u'
22 |         #endif
23 |     }
error: emit-module command failed with exit code 1 (use -v to see invocation)
[1271/1342] Emitting module IP_NIOCore
/host/spi-builder-workspace/.build/checkouts/swift-ip/Sources/IP_NIOCore/IP.V6 (ext).swift:21:49: error: value of type 'in6_addr' has no member '__in6_u'
19 |         self.init(storage: ip.address.sin6_addr.__u6_addr.__u6_addr32)
20 |         #else
21 |         self.init(storage: ip.address.sin6_addr.__in6_u.__u6_addr32)
   |                                                 `- error: value of type 'in6_addr' has no member '__in6_u'
22 |         #endif
23 |     }
[1272/1342] Compiling IP_NIOCore IP.V4 (ext).swift
[1273/1342] Compiling NIOPosix BSDSocketAPICommon.swift
[1274/1342] Compiling NIOPosix BSDSocketAPIPosix.swift
[1275/1344] Emitting module HTTP
BUILD FAILURE 6.3 android