Build Information
Failed to build snap-navigation, reference main (c7a4a8), with Swift 6.4 for watchOS using Xcode 27.0 on 21 Sep 2026 07:59:03 UTC.
Build Command
env DEVELOPER_DIR=/Applications/Xcode-27.0.0-Release.Candidate.app xcrun xcodebuild -IDEClonedSourcePackagesDirPathOverride=$PWD/.dependencies -skipMacroValidation -skipPackagePluginValidation -derivedDataPath $PWD/.derivedData build -scheme snap-navigation -destination generic/platform=watchOSBuild Log
Checking out main (5dcd584) of package ‘snap-foundation’
Resolve Package Graph
Resolve Package Graph
Resolved source packages:
snap-navigation: /Users/admin/builder/spi-builder-workspace
snap-foundation: https://github.com/simonnickel/snap-foundation.git @ main (5dcd584)
resolved source packages: snap-navigation, snap-foundation
2026-09-21 03:58:13.768 xcodebuild[529:3038] [MT] IDERunDestination: Supported platforms for the buildables in the current scheme is empty.
{
"dependencies" : [
{
"identity" : "snap-foundation",
"requirement" : {
"branch" : [
"main"
]
},
"type" : "sourceControl",
"url" : "https://github.com/simonnickel/snap-foundation.git"
}
],
"manifest_display_name" : "snap-navigation",
"name" : "snap-navigation",
"path" : "/Users/admin/builder/spi-builder-workspace",
"platforms" : [
{
"name" : "ios",
"version" : "18.0"
},
{
"name" : "macos",
"version" : "15.0"
}
],
"products" : [
{
"name" : "SnapNavigation",
"targets" : [
"SnapNavigation"
],
"type" : {
"library" : [
"automatic"
]
}
}
],
"targets" : [
{
"c99name" : "SnapNavigation",
"module_type" : "SwiftTarget",
"name" : "SnapNavigation",
"path" : "Sources/SnapNavigation",
"product_dependencies" : [
"SnapFoundation"
],
"product_memberships" : [
"SnapNavigation"
],
"sources" : [
"Environment.swift",
"Internals/Constants.swift",
"Internals/Helper/Logger.swift",
"Internals/ModalPresentationModifier.swift",
"Internals/NavigationManager+State.swift",
"Internals/NavigationManager.swift",
"Internals/NavigationStyleViews/SingleView.swift",
"Internals/NavigationStyleViews/TabView.swift",
"Internals/NavigationStyleViews/Views/SceneView.swift",
"Internals/NavigationStyleViews/Views/SnapNavigationDestinationScreen.swift",
"Internals/Route.swift",
"Internals/Scene.swift",
"Internals/SnapNavigation.swift",
"Internals/SnapNavigationProvider+Route.swift",
"Internals/Views/ContainerView.swift",
"Internals/Views/WindowView.swift",
"Internals/WindowManager.swift",
"SnapNavigationApp.swift",
"SnapNavigationDestination.swift",
"SnapNavigationPreview.swift",
"SnapNavigationProvider.swift",
"Types/NavigationStyle.swift",
"Types/Navigator+Action.swift",
"Types/PresentationStyle.swift",
"Types/SnapNavigation+isPresenting.swift",
"Types/Window.swift"
],
"type" : "library"
}
],
"tools_version" : "6.3"
}
{
"workspace" : {
"name" : "snap-navigation",
"schemes" : [
"snap-navigation"
]
}
}
2026-09-21 03:58:45.938 xcodebuild[661:3991] [MT] IDERunDestination: Supported platforms for the buildables in the current scheme is empty.
Running build ...
env DEVELOPER_DIR=/Applications/Xcode-27.0.0-Release.Candidate.app xcrun xcodebuild -IDEClonedSourcePackagesDirPathOverride=$PWD/.dependencies -skipMacroValidation -skipPackagePluginValidation -derivedDataPath $PWD/.derivedData build -scheme snap-navigation -destination generic/platform=watchOS
Command line invocation:
/Applications/Xcode-27.0.0-Release.Candidate.app/Contents/Developer/usr/bin/xcodebuild -IDEClonedSourcePackagesDirPathOverride=/Users/admin/builder/spi-builder-workspace/.dependencies -skipMacroValidation -skipPackagePluginValidation -derivedDataPath /Users/admin/builder/spi-builder-workspace/.derivedData build -scheme snap-navigation -destination generic/platform=watchOS
Resolve Package Graph
Resolve Package Graph
Resolved source packages:
snap-navigation: /Users/admin/builder/spi-builder-workspace
snap-foundation: https://github.com/simonnickel/snap-foundation.git @ main (5dcd584)
ComputePackagePrebuildTargetDependencyGraph
Prepare packages
CreateBuildRequest
SendProjectDescription
CreateBuildOperation
ComputeTargetDependencyGraph
note: Building targets in dependency order
note: Target dependency graph (4 targets)
Target 'SnapNavigation-product' in project 'snap-navigation'
➜ Explicit dependency on target 'SnapNavigation' in project 'snap-navigation'
➜ Explicit dependency on target 'SnapFoundation-product' in project 'snap-foundation'
Target 'SnapNavigation' in project 'snap-navigation'
➜ Explicit dependency on target 'SnapFoundation-product' in project 'snap-foundation'
Target 'SnapFoundation-product' in project 'snap-foundation'
➜ Explicit dependency on target 'SnapFoundation' in project 'snap-foundation'
Target 'SnapFoundation' in project 'snap-foundation' (no dependencies)
GatherProvisioningInputs
CreateBuildDescription
ExecuteExternalTool /Applications/Xcode-27.0.0-Release.Candidate.app/Contents/Developer/Toolchains/XcodeDefault.xctoolchain/usr/bin/clang -v -E -dM -isysroot /Applications/Xcode-27.0.0-Release.Candidate.app/Contents/Developer/Platforms/WatchOS.platform/Developer/SDKs/WatchOS27.0.sdk -x c -c /dev/null
ExecuteExternalTool /Applications/Xcode-27.0.0-Release.Candidate.app/Contents/Developer/Toolchains/XcodeDefault.xctoolchain/usr/bin/swiftc --version
ExecuteExternalTool /Applications/Xcode-27.0.0-Release.Candidate.app/Contents/Developer/Toolchains/XcodeDefault.xctoolchain/usr/bin/ld -version_details
Build description signature: d36ba17b2f9e91c0d3fa5af025c5de28
Build description path: /Users/admin/builder/spi-builder-workspace/.derivedData/Build/Intermediates.noindex/XCBuildData/d36ba17b2f9e91c0d3fa5af025c5de28.xcbuilddata
CreateBuildDirectory /Users/admin/builder/spi-builder-workspace/.derivedData/SDKExplicitPrecompiledModules
cd /Users/admin/builder/spi-builder-workspace/.swiftpm/xcode
builtin-create-build-directory /Users/admin/builder/spi-builder-workspace/.derivedData/SDKExplicitPrecompiledModules
CreateBuildDirectory /Users/admin/builder/spi-builder-workspace/.derivedData/CompilationCache.noindex
cd /Users/admin/builder/spi-builder-workspace/.swiftpm/xcode
builtin-create-build-directory /Users/admin/builder/spi-builder-workspace/.derivedData/CompilationCache.noindex
CreateBuildDirectory /Users/admin/builder/spi-builder-workspace/.derivedData/ModuleCache.noindex
cd /Users/admin/builder/spi-builder-workspace/.swiftpm/xcode
builtin-create-build-directory /Users/admin/builder/spi-builder-workspace/.derivedData/ModuleCache.noindex
ClangStatCache /Applications/Xcode-27.0.0-Release.Candidate.app/Contents/Developer/Toolchains/XcodeDefault.xctoolchain/usr/bin/clang-stat-cache /Applications/Xcode-27.0.0-Release.Candidate.app/Contents/Developer/Platforms/WatchOS.platform/Developer/SDKs/WatchOS27.0.sdk /Users/admin/builder/spi-builder-workspace/.derivedData/SDKStatCaches.noindex/watchos27.0-24R360-e829b21a6f8c9b70876ba0858053c04477534ef55a1706bf4c1112bbb242f0a2.sdkstatcache
cd /Users/admin/builder/spi-builder-workspace/.swiftpm/xcode
/Applications/Xcode-27.0.0-Release.Candidate.app/Contents/Developer/Toolchains/XcodeDefault.xctoolchain/usr/bin/clang-stat-cache /Applications/Xcode-27.0.0-Release.Candidate.app/Contents/Developer/Platforms/WatchOS.platform/Developer/SDKs/WatchOS27.0.sdk -o /Users/admin/builder/spi-builder-workspace/.derivedData/SDKStatCaches.noindex/watchos27.0-24R360-e829b21a6f8c9b70876ba0858053c04477534ef55a1706bf4c1112bbb242f0a2.sdkstatcache
CreateBuildDirectory /Users/admin/builder/spi-builder-workspace/.derivedData/Build/Intermediates.noindex
cd /Users/admin/builder/spi-builder-workspace/.swiftpm/xcode
builtin-create-build-directory /Users/admin/builder/spi-builder-workspace/.derivedData/Build/Intermediates.noindex
CreateBuildDirectory /Users/admin/builder/spi-builder-workspace/.derivedData/Build/Products
cd /Users/admin/builder/spi-builder-workspace/.swiftpm/xcode
builtin-create-build-directory /Users/admin/builder/spi-builder-workspace/.derivedData/Build/Products
CreateBuildDirectory /Users/admin/builder/spi-builder-workspace/.derivedData/Build/Intermediates.noindex/SwiftExplicitPrecompiledModules
cd /Users/admin/builder/spi-builder-workspace/.swiftpm/xcode
builtin-create-build-directory /Users/admin/builder/spi-builder-workspace/.derivedData/Build/Intermediates.noindex/SwiftExplicitPrecompiledModules
CreateBuildDirectory /Users/admin/builder/spi-builder-workspace/.derivedData/Build/Intermediates.noindex/PrecompiledHeaders
cd /Users/admin/builder/spi-builder-workspace/.swiftpm/xcode
builtin-create-build-directory /Users/admin/builder/spi-builder-workspace/.derivedData/Build/Intermediates.noindex/PrecompiledHeaders
CreateBuildDirectory /Users/admin/builder/spi-builder-workspace/.derivedData/Build/Intermediates.noindex/ExplicitPrecompiledModules
cd /Users/admin/builder/spi-builder-workspace/.swiftpm/xcode
builtin-create-build-directory /Users/admin/builder/spi-builder-workspace/.derivedData/Build/Intermediates.noindex/ExplicitPrecompiledModules
CreateBuildDirectory /Users/admin/builder/spi-builder-workspace/.derivedData/Build/Intermediates.noindex/EagerLinkingTBDs/Debug-watchos
cd /Users/admin/builder/spi-builder-workspace/.swiftpm/xcode
builtin-create-build-directory /Users/admin/builder/spi-builder-workspace/.derivedData/Build/Intermediates.noindex/EagerLinkingTBDs/Debug-watchos
CreateBuildDirectory /Users/admin/builder/spi-builder-workspace/.derivedData/Build/Products/Debug-watchos
cd /Users/admin/builder/spi-builder-workspace/.swiftpm/xcode
builtin-create-build-directory /Users/admin/builder/spi-builder-workspace/.derivedData/Build/Products/Debug-watchos
CreateBuildDirectory /Users/admin/builder/spi-builder-workspace/.derivedData/Build/Products/Debug-watchos/PackageFrameworks
cd /Users/admin/builder/spi-builder-workspace/.swiftpm/xcode
builtin-create-build-directory /Users/admin/builder/spi-builder-workspace/.derivedData/Build/Products/Debug-watchos/PackageFrameworks
WriteAuxiliaryFile /Users/admin/builder/spi-builder-workspace/.derivedData/Build/Intermediates.noindex/snap-navigation.build/Debug-watchos/SnapNavigation-t.build/SnapNavigation.DependencyStaticMetadataFileList (in target 'SnapNavigation' from project 'snap-navigation')
cd /Users/admin/builder/spi-builder-workspace
write-file /Users/admin/builder/spi-builder-workspace/.derivedData/Build/Intermediates.noindex/snap-navigation.build/Debug-watchos/SnapNavigation-t.build/SnapNavigation.DependencyStaticMetadataFileList
WriteAuxiliaryFile /Users/admin/builder/spi-builder-workspace/.derivedData/Build/Intermediates.noindex/snap-navigation.build/Debug-watchos/SnapNavigation-t.build/SnapNavigation.modulemap (in target 'SnapNavigation' from project 'snap-navigation')
cd /Users/admin/builder/spi-builder-workspace
write-file /Users/admin/builder/spi-builder-workspace/.derivedData/Build/Intermediates.noindex/snap-navigation.build/Debug-watchos/SnapNavigation-t.build/SnapNavigation.modulemap
WriteAuxiliaryFile /Users/admin/builder/spi-builder-workspace/.derivedData/Build/Intermediates.noindex/snap-navigation.build/Debug-watchos/SnapNavigation-t.build/SnapNavigation.DependencyMetadataFileList (in target 'SnapNavigation' from project 'snap-navigation')
cd /Users/admin/builder/spi-builder-workspace
write-file /Users/admin/builder/spi-builder-workspace/.derivedData/Build/Intermediates.noindex/snap-navigation.build/Debug-watchos/SnapNavigation-t.build/SnapNavigation.DependencyMetadataFileList
WriteAuxiliaryFile /Users/admin/builder/spi-builder-workspace/.derivedData/Build/Intermediates.noindex/snap-navigation.build/Debug-watchos/SnapNavigation-t.build/Objects-normal/arm64_32/SnapNavigation.SwiftFileList (in target 'SnapNavigation' from project 'snap-navigation')
cd /Users/admin/builder/spi-builder-workspace
write-file /Users/admin/builder/spi-builder-workspace/.derivedData/Build/Intermediates.noindex/snap-navigation.build/Debug-watchos/SnapNavigation-t.build/Objects-normal/arm64_32/SnapNavigation.SwiftFileList
WriteAuxiliaryFile /Users/admin/builder/spi-builder-workspace/.derivedData/Build/Intermediates.noindex/snap-navigation.build/Debug-watchos/SnapNavigation-t.build/Objects-normal/arm64_32/SnapNavigation_const_extract_protocols.json (in target 'SnapNavigation' from project 'snap-navigation')
cd /Users/admin/builder/spi-builder-workspace
write-file /Users/admin/builder/spi-builder-workspace/.derivedData/Build/Intermediates.noindex/snap-navigation.build/Debug-watchos/SnapNavigation-t.build/Objects-normal/arm64_32/SnapNavigation_const_extract_protocols.json
WriteAuxiliaryFile /Users/admin/builder/spi-builder-workspace/.derivedData/Build/Intermediates.noindex/snap-navigation.build/Debug-watchos/SnapNavigation-t.build/Objects-normal/arm64_32/SnapNavigation-OutputFileMap.json (in target 'SnapNavigation' from project 'snap-navigation')
cd /Users/admin/builder/spi-builder-workspace
write-file /Users/admin/builder/spi-builder-workspace/.derivedData/Build/Intermediates.noindex/snap-navigation.build/Debug-watchos/SnapNavigation-t.build/Objects-normal/arm64_32/SnapNavigation-OutputFileMap.json
WriteAuxiliaryFile /Users/admin/builder/spi-builder-workspace/.derivedData/Build/Intermediates.noindex/snap-navigation.build/Debug-watchos/SnapNavigation-t.build/Objects-normal/arm64/SnapNavigation_const_extract_protocols.json (in target 'SnapNavigation' from project 'snap-navigation')
cd /Users/admin/builder/spi-builder-workspace
write-file /Users/admin/builder/spi-builder-workspace/.derivedData/Build/Intermediates.noindex/snap-navigation.build/Debug-watchos/SnapNavigation-t.build/Objects-normal/arm64/SnapNavigation_const_extract_protocols.json
WriteAuxiliaryFile /Users/admin/builder/spi-builder-workspace/.derivedData/Build/Intermediates.noindex/snap-navigation.build/Debug-watchos/SnapNavigation-t.build/Objects-normal/arm64/SnapNavigation-OutputFileMap.json (in target 'SnapNavigation' from project 'snap-navigation')
cd /Users/admin/builder/spi-builder-workspace
write-file /Users/admin/builder/spi-builder-workspace/.derivedData/Build/Intermediates.noindex/snap-navigation.build/Debug-watchos/SnapNavigation-t.build/Objects-normal/arm64/SnapNavigation-OutputFileMap.json
WriteAuxiliaryFile /Users/admin/builder/spi-builder-workspace/.derivedData/Build/Intermediates.noindex/snap-navigation.build/Debug-watchos/SnapNavigation-t.build/Objects-normal/arm64_32/SnapNavigation.SwiftConstValuesFileList (in target 'SnapNavigation' from project 'snap-navigation')
cd /Users/admin/builder/spi-builder-workspace
write-file /Users/admin/builder/spi-builder-workspace/.derivedData/Build/Intermediates.noindex/snap-navigation.build/Debug-watchos/SnapNavigation-t.build/Objects-normal/arm64_32/SnapNavigation.SwiftConstValuesFileList
WriteAuxiliaryFile /Users/admin/builder/spi-builder-workspace/.derivedData/Build/Intermediates.noindex/snap-navigation.build/Debug-watchos/SnapNavigation-t.build/Objects-normal/arm64_32/SnapNavigation.LinkFileList (in target 'SnapNavigation' from project 'snap-navigation')
cd /Users/admin/builder/spi-builder-workspace
write-file /Users/admin/builder/spi-builder-workspace/.derivedData/Build/Intermediates.noindex/snap-navigation.build/Debug-watchos/SnapNavigation-t.build/Objects-normal/arm64_32/SnapNavigation.LinkFileList
WriteAuxiliaryFile /Users/admin/builder/spi-builder-workspace/.derivedData/Build/Intermediates.noindex/snap-navigation.build/Debug-watchos/SnapNavigation-t.build/Objects-normal/arm64/SnapNavigation.SwiftFileList (in target 'SnapNavigation' from project 'snap-navigation')
cd /Users/admin/builder/spi-builder-workspace
write-file /Users/admin/builder/spi-builder-workspace/.derivedData/Build/Intermediates.noindex/snap-navigation.build/Debug-watchos/SnapNavigation-t.build/Objects-normal/arm64/SnapNavigation.SwiftFileList
WriteAuxiliaryFile /Users/admin/builder/spi-builder-workspace/.derivedData/Build/Intermediates.noindex/snap-navigation.build/Debug-watchos/SnapNavigation-t.build/Objects-normal/arm64/SnapNavigation.SwiftConstValuesFileList (in target 'SnapNavigation' from project 'snap-navigation')
cd /Users/admin/builder/spi-builder-workspace
write-file /Users/admin/builder/spi-builder-workspace/.derivedData/Build/Intermediates.noindex/snap-navigation.build/Debug-watchos/SnapNavigation-t.build/Objects-normal/arm64/SnapNavigation.SwiftConstValuesFileList
WriteAuxiliaryFile /Users/admin/builder/spi-builder-workspace/.derivedData/Build/Intermediates.noindex/snap-navigation.build/Debug-watchos/SnapNavigation-t.build/Objects-normal/arm64/SnapNavigation.LinkFileList (in target 'SnapNavigation' from project 'snap-navigation')
cd /Users/admin/builder/spi-builder-workspace
write-file /Users/admin/builder/spi-builder-workspace/.derivedData/Build/Intermediates.noindex/snap-navigation.build/Debug-watchos/SnapNavigation-t.build/Objects-normal/arm64/SnapNavigation.LinkFileList
Copy /Users/admin/builder/spi-builder-workspace/.derivedData/Build/Intermediates.noindex/GeneratedModuleMaps-watchos/SnapNavigation.modulemap /Users/admin/builder/spi-builder-workspace/.derivedData/Build/Intermediates.noindex/snap-navigation.build/Debug-watchos/SnapNavigation-t.build/SnapNavigation.modulemap (in target 'SnapNavigation' from project 'snap-navigation')
cd /Users/admin/builder/spi-builder-workspace
builtin-copy -exclude .DS_Store -exclude CVS -exclude .svn -exclude .git -exclude .hg -resolve-src-symlinks /Users/admin/builder/spi-builder-workspace/.derivedData/Build/Intermediates.noindex/snap-navigation.build/Debug-watchos/SnapNavigation-t.build/SnapNavigation.modulemap /Users/admin/builder/spi-builder-workspace/.derivedData/Build/Intermediates.noindex/GeneratedModuleMaps-watchos
WriteAuxiliaryFile /Users/admin/builder/spi-builder-workspace/.derivedData/Build/Intermediates.noindex/snap-foundation.build/Debug-watchos/SnapFoundation-t.build/SnapFoundation.modulemap (in target 'SnapFoundation' from project 'snap-foundation')
cd /Users/admin/builder/spi-builder-workspace/.dependencies/checkouts/snap-foundation
write-file /Users/admin/builder/spi-builder-workspace/.derivedData/Build/Intermediates.noindex/snap-foundation.build/Debug-watchos/SnapFoundation-t.build/SnapFoundation.modulemap
WriteAuxiliaryFile /Users/admin/builder/spi-builder-workspace/.derivedData/Build/Intermediates.noindex/snap-foundation.build/Debug-watchos/SnapFoundation-t.build/SnapFoundation.DependencyMetadataFileList (in target 'SnapFoundation' from project 'snap-foundation')
cd /Users/admin/builder/spi-builder-workspace/.dependencies/checkouts/snap-foundation
write-file /Users/admin/builder/spi-builder-workspace/.derivedData/Build/Intermediates.noindex/snap-foundation.build/Debug-watchos/SnapFoundation-t.build/SnapFoundation.DependencyMetadataFileList
WriteAuxiliaryFile /Users/admin/builder/spi-builder-workspace/.derivedData/Build/Intermediates.noindex/snap-foundation.build/Debug-watchos/SnapFoundation-t.build/SnapFoundation.DependencyStaticMetadataFileList (in target 'SnapFoundation' from project 'snap-foundation')
cd /Users/admin/builder/spi-builder-workspace/.dependencies/checkouts/snap-foundation
write-file /Users/admin/builder/spi-builder-workspace/.derivedData/Build/Intermediates.noindex/snap-foundation.build/Debug-watchos/SnapFoundation-t.build/SnapFoundation.DependencyStaticMetadataFileList
WriteAuxiliaryFile /Users/admin/builder/spi-builder-workspace/.derivedData/Build/Intermediates.noindex/snap-foundation.build/Debug-watchos/SnapFoundation-t.build/Objects-normal/arm64_32/SnapFoundation.SwiftConstValuesFileList (in target 'SnapFoundation' from project 'snap-foundation')
cd /Users/admin/builder/spi-builder-workspace/.dependencies/checkouts/snap-foundation
write-file /Users/admin/builder/spi-builder-workspace/.derivedData/Build/Intermediates.noindex/snap-foundation.build/Debug-watchos/SnapFoundation-t.build/Objects-normal/arm64_32/SnapFoundation.SwiftConstValuesFileList
WriteAuxiliaryFile /Users/admin/builder/spi-builder-workspace/.derivedData/Build/Intermediates.noindex/snap-foundation.build/Debug-watchos/SnapFoundation-t.build/Objects-normal/arm64_32/SnapFoundation_const_extract_protocols.json (in target 'SnapFoundation' from project 'snap-foundation')
cd /Users/admin/builder/spi-builder-workspace/.dependencies/checkouts/snap-foundation
write-file /Users/admin/builder/spi-builder-workspace/.derivedData/Build/Intermediates.noindex/snap-foundation.build/Debug-watchos/SnapFoundation-t.build/Objects-normal/arm64_32/SnapFoundation_const_extract_protocols.json
WriteAuxiliaryFile /Users/admin/builder/spi-builder-workspace/.derivedData/Build/Intermediates.noindex/snap-foundation.build/Debug-watchos/SnapFoundation-t.build/Objects-normal/arm64_32/SnapFoundation.SwiftFileList (in target 'SnapFoundation' from project 'snap-foundation')
cd /Users/admin/builder/spi-builder-workspace/.dependencies/checkouts/snap-foundation
write-file /Users/admin/builder/spi-builder-workspace/.derivedData/Build/Intermediates.noindex/snap-foundation.build/Debug-watchos/SnapFoundation-t.build/Objects-normal/arm64_32/SnapFoundation.SwiftFileList
WriteAuxiliaryFile /Users/admin/builder/spi-builder-workspace/.derivedData/Build/Intermediates.noindex/snap-foundation.build/Debug-watchos/SnapFoundation-t.build/Objects-normal/arm64_32/SnapFoundation.LinkFileList (in target 'SnapFoundation' from project 'snap-foundation')
cd /Users/admin/builder/spi-builder-workspace/.dependencies/checkouts/snap-foundation
write-file /Users/admin/builder/spi-builder-workspace/.derivedData/Build/Intermediates.noindex/snap-foundation.build/Debug-watchos/SnapFoundation-t.build/Objects-normal/arm64_32/SnapFoundation.LinkFileList
WriteAuxiliaryFile /Users/admin/builder/spi-builder-workspace/.derivedData/Build/Intermediates.noindex/snap-foundation.build/Debug-watchos/SnapFoundation-t.build/Objects-normal/arm64_32/SnapFoundation-OutputFileMap.json (in target 'SnapFoundation' from project 'snap-foundation')
cd /Users/admin/builder/spi-builder-workspace/.dependencies/checkouts/snap-foundation
write-file /Users/admin/builder/spi-builder-workspace/.derivedData/Build/Intermediates.noindex/snap-foundation.build/Debug-watchos/SnapFoundation-t.build/Objects-normal/arm64_32/SnapFoundation-OutputFileMap.json
WriteAuxiliaryFile /Users/admin/builder/spi-builder-workspace/.derivedData/Build/Intermediates.noindex/snap-foundation.build/Debug-watchos/SnapFoundation-t.build/Objects-normal/arm64/SnapFoundation.SwiftFileList (in target 'SnapFoundation' from project 'snap-foundation')
cd /Users/admin/builder/spi-builder-workspace/.dependencies/checkouts/snap-foundation
write-file /Users/admin/builder/spi-builder-workspace/.derivedData/Build/Intermediates.noindex/snap-foundation.build/Debug-watchos/SnapFoundation-t.build/Objects-normal/arm64/SnapFoundation.SwiftFileList
WriteAuxiliaryFile /Users/admin/builder/spi-builder-workspace/.derivedData/Build/Intermediates.noindex/snap-foundation.build/Debug-watchos/SnapFoundation-t.build/Objects-normal/arm64/SnapFoundation.SwiftConstValuesFileList (in target 'SnapFoundation' from project 'snap-foundation')
cd /Users/admin/builder/spi-builder-workspace/.dependencies/checkouts/snap-foundation
write-file /Users/admin/builder/spi-builder-workspace/.derivedData/Build/Intermediates.noindex/snap-foundation.build/Debug-watchos/SnapFoundation-t.build/Objects-normal/arm64/SnapFoundation.SwiftConstValuesFileList
WriteAuxiliaryFile /Users/admin/builder/spi-builder-workspace/.derivedData/Build/Intermediates.noindex/snap-foundation.build/Debug-watchos/SnapFoundation-t.build/Objects-normal/arm64/SnapFoundation_const_extract_protocols.json (in target 'SnapFoundation' from project 'snap-foundation')
cd /Users/admin/builder/spi-builder-workspace/.dependencies/checkouts/snap-foundation
write-file /Users/admin/builder/spi-builder-workspace/.derivedData/Build/Intermediates.noindex/snap-foundation.build/Debug-watchos/SnapFoundation-t.build/Objects-normal/arm64/SnapFoundation_const_extract_protocols.json
WriteAuxiliaryFile /Users/admin/builder/spi-builder-workspace/.derivedData/Build/Intermediates.noindex/snap-foundation.build/Debug-watchos/SnapFoundation-t.build/Objects-normal/arm64/SnapFoundation.LinkFileList (in target 'SnapFoundation' from project 'snap-foundation')
cd /Users/admin/builder/spi-builder-workspace/.dependencies/checkouts/snap-foundation
write-file /Users/admin/builder/spi-builder-workspace/.derivedData/Build/Intermediates.noindex/snap-foundation.build/Debug-watchos/SnapFoundation-t.build/Objects-normal/arm64/SnapFoundation.LinkFileList
WriteAuxiliaryFile /Users/admin/builder/spi-builder-workspace/.derivedData/Build/Intermediates.noindex/snap-foundation.build/Debug-watchos/SnapFoundation-t.build/Objects-normal/arm64/SnapFoundation-OutputFileMap.json (in target 'SnapFoundation' from project 'snap-foundation')
cd /Users/admin/builder/spi-builder-workspace/.dependencies/checkouts/snap-foundation
write-file /Users/admin/builder/spi-builder-workspace/.derivedData/Build/Intermediates.noindex/snap-foundation.build/Debug-watchos/SnapFoundation-t.build/Objects-normal/arm64/SnapFoundation-OutputFileMap.json
Copy /Users/admin/builder/spi-builder-workspace/.derivedData/Build/Intermediates.noindex/GeneratedModuleMaps-watchos/SnapFoundation.modulemap /Users/admin/builder/spi-builder-workspace/.derivedData/Build/Intermediates.noindex/snap-foundation.build/Debug-watchos/SnapFoundation-t.build/SnapFoundation.modulemap (in target 'SnapFoundation' from project 'snap-foundation')
cd /Users/admin/builder/spi-builder-workspace/.dependencies/checkouts/snap-foundation
builtin-copy -exclude .DS_Store -exclude CVS -exclude .svn -exclude .git -exclude .hg -resolve-src-symlinks /Users/admin/builder/spi-builder-workspace/.derivedData/Build/Intermediates.noindex/snap-foundation.build/Debug-watchos/SnapFoundation-t.build/SnapFoundation.modulemap /Users/admin/builder/spi-builder-workspace/.derivedData/Build/Intermediates.noindex/GeneratedModuleMaps-watchos
SwiftDriver SnapFoundation normal arm64_32 com.apple.xcode.tools.swift.compiler (in target 'SnapFoundation' from project 'snap-foundation')
cd /Users/admin/builder/spi-builder-workspace/.swiftpm/xcode
builtin-SwiftDriver -- /Applications/Xcode-27.0.0-Release.Candidate.app/Contents/Developer/Toolchains/XcodeDefault.xctoolchain/usr/bin/swiftc -parse-as-library -module-name SnapFoundation -Onone @/Users/admin/builder/spi-builder-workspace/.derivedData/Build/Intermediates.noindex/snap-foundation.build/Debug-watchos/SnapFoundation-t.build/Objects-normal/arm64_32/SnapFoundation.SwiftFileList -DSWIFT_PACKAGE -DDEBUG -DSWIFT_MODULE_RESOURCE_BUNDLE_UNAVAILABLE -DXcode -plugin-path /Applications/Xcode-27.0.0-Release.Candidate.app/Contents/Developer/Toolchains/XcodeDefault.xctoolchain/usr/lib/swift/host/plugins/testing -enable-experimental-feature DebugDescriptionMacro -sdk /Applications/Xcode-27.0.0-Release.Candidate.app/Contents/Developer/Platforms/WatchOS.platform/Developer/SDKs/WatchOS27.0.sdk -target arm64_32-apple-watchos9.0 -g -module-cache-path /Users/admin/builder/spi-builder-workspace/.derivedData/ModuleCache.noindex -Xfrontend -serialize-debugging-options -enable-testing -suppress-warnings -index-store-path /Users/admin/builder/spi-builder-workspace/.derivedData/Index.noindex/DataStore -Xcc -D_LIBCPP_HARDENING_MODE\=_LIBCPP_HARDENING_MODE_DEBUG -swift-version 6 -I /Users/admin/builder/spi-builder-workspace/.derivedData/Build/Products/Debug-watchos -Isystem /Applications/Xcode-27.0.0-Release.Candidate.app/Contents/Developer/Platforms/WatchOS.platform/Developer/usr/lib -F /Users/admin/builder/spi-builder-workspace/.derivedData/Build/Products/Debug-watchos -F /Applications/Xcode-27.0.0-Release.Candidate.app/Contents/Developer/Platforms/WatchOS.platform/Developer/Library/Frameworks -F /Applications/Xcode-27.0.0-Release.Candidate.app/Contents/Developer/Platforms/WatchOS.platform/Developer/SDKs/WatchOS27.0.sdk/Developer/Library/Frameworks -c -j10 -enable-batch-mode -incremental -Xcc -ivfsstatcache -Xcc /Users/admin/builder/spi-builder-workspace/.derivedData/SDKStatCaches.noindex/watchos27.0-24R360-e829b21a6f8c9b70876ba0858053c04477534ef55a1706bf4c1112bbb242f0a2.sdkstatcache -output-file-map /Users/admin/builder/spi-builder-workspace/.derivedData/Build/Intermediates.noindex/snap-foundation.build/Debug-watchos/SnapFoundation-t.build/Objects-normal/arm64_32/SnapFoundation-OutputFileMap.json -save-temps -no-color-diagnostics -explicit-module-build -module-cache-path /Users/admin/builder/spi-builder-workspace/.derivedData/Build/Intermediates.noindex/SwiftExplicitPrecompiledModules -clang-scanner-module-cache-path /Users/admin/builder/spi-builder-workspace/.derivedData/ModuleCache.noindex -sdk-module-cache-path /Users/admin/builder/spi-builder-workspace/.derivedData/SDKExplicitPrecompiledModules -emit-dependencies -emit-module -emit-module-path /Users/admin/builder/spi-builder-workspace/.derivedData/Build/Intermediates.noindex/snap-foundation.build/Debug-watchos/SnapFoundation-t.build/Objects-normal/arm64_32/SnapFoundation.swiftmodule -serialize-diagnostics -dependency-scan-serialize-diagnostics-path /Users/admin/builder/spi-builder-workspace/.derivedData/Build/Intermediates.noindex/snap-foundation.build/Debug-watchos/SnapFoundation-t.build/Objects-normal/arm64_32/SnapFoundation-dependency-scan.dia -validate-clang-modules-once -clang-build-session-file /Users/admin/builder/spi-builder-workspace/.derivedData/ModuleCache.noindex/Session.modulevalidation -Xcc -fmodules-prune-interval\=86400 -Xcc -fmodules-prune-after\=345600 -package-name snap_foundation -emit-const-values -const-gather-protocols-list /Users/admin/builder/spi-builder-workspace/.derivedData/Build/Intermediates.noindex/snap-foundation.build/Debug-watchos/SnapFoundation-t.build/Objects-normal/arm64_32/SnapFoundation_const_extract_protocols.json -Xcc -I/Users/admin/builder/spi-builder-workspace/.derivedData/Build/Products/Debug-watchos/include -Xcc -I/Users/admin/builder/spi-builder-workspace/.derivedData/Build/Intermediates.noindex/snap-foundation.build/Debug-watchos/SnapFoundation-t.build/DerivedSources-normal/arm64_32 -Xcc -I/Users/admin/builder/spi-builder-workspace/.derivedData/Build/Intermediates.noindex/snap-foundation.build/Debug-watchos/SnapFoundation-t.build/DerivedSources/arm64_32 -Xcc -I/Users/admin/builder/spi-builder-workspace/.derivedData/Build/Intermediates.noindex/snap-foundation.build/Debug-watchos/SnapFoundation-t.build/DerivedSources -Xcc -DSWIFT_PACKAGE -Xcc -DDEBUG\=1 -emit-objc-header -emit-objc-header-path /Users/admin/builder/spi-builder-workspace/.derivedData/Build/Intermediates.noindex/snap-foundation.build/Debug-watchos/SnapFoundation-t.build/Objects-normal/arm64_32/SnapFoundation-Swift.h -working-directory /Users/admin/builder/spi-builder-workspace/.swiftpm/xcode -experimental-emit-module-separately -disable-cmo
SwiftDriver SnapFoundation normal arm64 com.apple.xcode.tools.swift.compiler (in target 'SnapFoundation' from project 'snap-foundation')
cd /Users/admin/builder/spi-builder-workspace/.swiftpm/xcode
builtin-SwiftDriver -- /Applications/Xcode-27.0.0-Release.Candidate.app/Contents/Developer/Toolchains/XcodeDefault.xctoolchain/usr/bin/swiftc -parse-as-library -module-name SnapFoundation -Onone @/Users/admin/builder/spi-builder-workspace/.derivedData/Build/Intermediates.noindex/snap-foundation.build/Debug-watchos/SnapFoundation-t.build/Objects-normal/arm64/SnapFoundation.SwiftFileList -DSWIFT_PACKAGE -DDEBUG -DSWIFT_MODULE_RESOURCE_BUNDLE_UNAVAILABLE -DXcode -plugin-path /Applications/Xcode-27.0.0-Release.Candidate.app/Contents/Developer/Toolchains/XcodeDefault.xctoolchain/usr/lib/swift/host/plugins/testing -enable-experimental-feature DebugDescriptionMacro -sdk /Applications/Xcode-27.0.0-Release.Candidate.app/Contents/Developer/Platforms/WatchOS.platform/Developer/SDKs/WatchOS27.0.sdk -target arm64-apple-watchos9.0 -g -module-cache-path /Users/admin/builder/spi-builder-workspace/.derivedData/ModuleCache.noindex -Xfrontend -serialize-debugging-options -enable-testing -suppress-warnings -index-store-path /Users/admin/builder/spi-builder-workspace/.derivedData/Index.noindex/DataStore -Xcc -D_LIBCPP_HARDENING_MODE\=_LIBCPP_HARDENING_MODE_DEBUG -swift-version 6 -I /Users/admin/builder/spi-builder-workspace/.derivedData/Build/Products/Debug-watchos -Isystem /Applications/Xcode-27.0.0-Release.Candidate.app/Contents/Developer/Platforms/WatchOS.platform/Developer/usr/lib -F /Users/admin/builder/spi-builder-workspace/.derivedData/Build/Products/Debug-watchos -F /Applications/Xcode-27.0.0-Release.Candidate.app/Contents/Developer/Platforms/WatchOS.platform/Developer/Library/Frameworks -F /Applications/Xcode-27.0.0-Release.Candidate.app/Contents/Developer/Platforms/WatchOS.platform/Developer/SDKs/WatchOS27.0.sdk/Developer/Library/Frameworks -c -j10 -enable-batch-mode -incremental -Xcc -ivfsstatcache -Xcc /Users/admin/builder/spi-builder-workspace/.derivedData/SDKStatCaches.noindex/watchos27.0-24R360-e829b21a6f8c9b70876ba0858053c04477534ef55a1706bf4c1112bbb242f0a2.sdkstatcache -output-file-map /Users/admin/builder/spi-builder-workspace/.derivedData/Build/Intermediates.noindex/snap-foundation.build/Debug-watchos/SnapFoundation-t.build/Objects-normal/arm64/SnapFoundation-OutputFileMap.json -save-temps -no-color-diagnostics -explicit-module-build -module-cache-path /Users/admin/builder/spi-builder-workspace/.derivedData/Build/Intermediates.noindex/SwiftExplicitPrecompiledModules -clang-scanner-module-cache-path /Users/admin/builder/spi-builder-workspace/.derivedData/ModuleCache.noindex -sdk-module-cache-path /Users/admin/builder/spi-builder-workspace/.derivedData/SDKExplicitPrecompiledModules -emit-dependencies -emit-module -emit-module-path /Users/admin/builder/spi-builder-workspace/.derivedData/Build/Intermediates.noindex/snap-foundation.build/Debug-watchos/SnapFoundation-t.build/Objects-normal/arm64/SnapFoundation.swiftmodule -serialize-diagnostics -dependency-scan-serialize-diagnostics-path /Users/admin/builder/spi-builder-workspace/.derivedData/Build/Intermediates.noindex/snap-foundation.build/Debug-watchos/SnapFoundation-t.build/Objects-normal/arm64/SnapFoundation-dependency-scan.dia -validate-clang-modules-once -clang-build-session-file /Users/admin/builder/spi-builder-workspace/.derivedData/ModuleCache.noindex/Session.modulevalidation -Xcc -fmodules-prune-interval\=86400 -Xcc -fmodules-prune-after\=345600 -package-name snap_foundation -emit-const-values -const-gather-protocols-list /Users/admin/builder/spi-builder-workspace/.derivedData/Build/Intermediates.noindex/snap-foundation.build/Debug-watchos/SnapFoundation-t.build/Objects-normal/arm64/SnapFoundation_const_extract_protocols.json -Xcc -I/Users/admin/builder/spi-builder-workspace/.derivedData/Build/Products/Debug-watchos/include -Xcc -I/Users/admin/builder/spi-builder-workspace/.derivedData/Build/Intermediates.noindex/snap-foundation.build/Debug-watchos/SnapFoundation-t.build/DerivedSources-normal/arm64 -Xcc -I/Users/admin/builder/spi-builder-workspace/.derivedData/Build/Intermediates.noindex/snap-foundation.build/Debug-watchos/SnapFoundation-t.build/DerivedSources/arm64 -Xcc -I/Users/admin/builder/spi-builder-workspace/.derivedData/Build/Intermediates.noindex/snap-foundation.build/Debug-watchos/SnapFoundation-t.build/DerivedSources -Xcc -DSWIFT_PACKAGE -Xcc -DDEBUG\=1 -emit-objc-header -emit-objc-header-path /Users/admin/builder/spi-builder-workspace/.derivedData/Build/Intermediates.noindex/snap-foundation.build/Debug-watchos/SnapFoundation-t.build/Objects-normal/arm64/SnapFoundation-Swift.h -working-directory /Users/admin/builder/spi-builder-workspace/.swiftpm/xcode -experimental-emit-module-separately -disable-cmo
SwiftExplicitDependencyGeneratePcm arm64_32 /Users/admin/builder/spi-builder-workspace/.derivedData/SDKExplicitPrecompiledModules/ptrauth-EW7YZZ7LEZE1QZF2T8148IPSA.pcm
SwiftExplicitDependencyGeneratePcm arm64_32 /Users/admin/builder/spi-builder-workspace/.derivedData/SDKExplicitPrecompiledModules/_Builtin_float-372PLGDQ1U3B6Z5EA5DJMDORJ.pcm
SwiftExplicitDependencyGeneratePcm arm64_32 /Users/admin/builder/spi-builder-workspace/.derivedData/SDKExplicitPrecompiledModules/_Builtin_stdbool-84ZA1VDW90AGWZ2LF5KOCM8DZ.pcm
SwiftExplicitDependencyGeneratePcm arm64_32 /Users/admin/builder/spi-builder-workspace/.derivedData/SDKExplicitPrecompiledModules/DeveloperToolsSupport-3FQKKPF3BW0SWE1YUZ86OZWIB.pcm
SwiftExplicitDependencyGeneratePcm arm64_32 /Users/admin/builder/spi-builder-workspace/.derivedData/SDKExplicitPrecompiledModules/SwiftShims-D9VBB138U50XYYGW2C2V21N3L.pcm
SwiftExplicitDependencyGeneratePcm arm64_32 /Users/admin/builder/spi-builder-workspace/.derivedData/SDKExplicitPrecompiledModules/_Builtin_stdarg-EYJP6DFYQL9GJLH1TJ84A8MHV.pcm
SwiftExplicitDependencyGeneratePcm arm64_32 /Users/admin/builder/spi-builder-workspace/.derivedData/SDKExplicitPrecompiledModules/_Builtin_stddef-2F9BFIPBQ5EWNSK5G7G7V4EKL.pcm
SwiftExplicitDependencyGeneratePcm arm64_32 /Users/admin/builder/spi-builder-workspace/.derivedData/SDKExplicitPrecompiledModules/ptrcheck-EAZ3I917ZFA9H6ZCL6PGLG4TR.pcm
SwiftExplicitDependencyGeneratePcm arm64_32 /Users/admin/builder/spi-builder-workspace/.derivedData/SDKExplicitPrecompiledModules/_SwiftConcurrencyShims-58G4ISYSYDV3AT1DDGEE0QCUF.pcm
SwiftExplicitDependencyGeneratePcm arm64_32 /Users/admin/builder/spi-builder-workspace/.derivedData/SDKExplicitPrecompiledModules/_AvailabilityInternal-22ZP1ILSQW16KHXZS5GBZHOCS.pcm
SwiftExplicitDependencyGeneratePcm arm64 /Users/admin/builder/spi-builder-workspace/.derivedData/SDKExplicitPrecompiledModules/_Builtin_stddef-5OH846KKUPSJJT7GCX9XU1TKG.pcm
SwiftExplicitDependencyGeneratePcm arm64 /Users/admin/builder/spi-builder-workspace/.derivedData/SDKExplicitPrecompiledModules/_SwiftConcurrencyShims-CTPSFSTDCBVSSQFHL6I305U72.pcm
SwiftExplicitDependencyGeneratePcm arm64 /Users/admin/builder/spi-builder-workspace/.derivedData/SDKExplicitPrecompiledModules/_Builtin_float-E4M4A8689VXF1T7P7BV56IKBT.pcm
SwiftExplicitDependencyGeneratePcm arm64 /Users/admin/builder/spi-builder-workspace/.derivedData/SDKExplicitPrecompiledModules/_AvailabilityInternal-42EVAC8Q6P1ZT6G3A168N97G4.pcm
SwiftExplicitDependencyGeneratePcm arm64 /Users/admin/builder/spi-builder-workspace/.derivedData/SDKExplicitPrecompiledModules/DeveloperToolsSupport-CL5QT3CW0ZM498PFTWG64QMLA.pcm
SwiftExplicitDependencyGeneratePcm arm64 /Users/admin/builder/spi-builder-workspace/.derivedData/SDKExplicitPrecompiledModules/_Builtin_stdbool-B692L2PMR118794VVYBG37897.pcm
SwiftExplicitDependencyGeneratePcm arm64 /Users/admin/builder/spi-builder-workspace/.derivedData/SDKExplicitPrecompiledModules/ptrcheck-8K07997SIHO7YGY7UQ3LOQ3TJ.pcm
SwiftExplicitDependencyGeneratePcm arm64 /Users/admin/builder/spi-builder-workspace/.derivedData/SDKExplicitPrecompiledModules/_Builtin_stdarg-3X4KLXUYEI0UGBILP4X7D0CYW.pcm
SwiftExplicitDependencyGeneratePcm arm64 /Users/admin/builder/spi-builder-workspace/.derivedData/SDKExplicitPrecompiledModules/SwiftShims-AJ4AZYHQNC33R5RLN7AGEIOMP.pcm
SwiftExplicitDependencyGeneratePcm arm64_32 /Users/admin/builder/spi-builder-workspace/.derivedData/SDKExplicitPrecompiledModules/_DarwinFoundation1-5SNIO0SFHX9KJZTLQGIPAPXUZ.pcm
SwiftExplicitDependencyGeneratePcm arm64 /Users/admin/builder/spi-builder-workspace/.derivedData/SDKExplicitPrecompiledModules/ptrauth-C7VQASAJ967Q4Q6SRD4I3CFWZ.pcm
SwiftExplicitDependencyGeneratePcm arm64 /Users/admin/builder/spi-builder-workspace/.derivedData/SDKExplicitPrecompiledModules/_DarwinFoundation1-7YQ9TVI7XTOGQU9OADRXP33D1.pcm
SwiftExplicitDependencyGeneratePcm arm64_32 /Users/admin/builder/spi-builder-workspace/.derivedData/SDKExplicitPrecompiledModules/_Builtin_limits-AQMEC9CLG0FZQN6TLGDQ6WF78.pcm
SwiftExplicitDependencyGeneratePcm arm64_32 /Users/admin/builder/spi-builder-workspace/.derivedData/SDKExplicitPrecompiledModules/_DarwinFoundation2-FP2Q8F1Q2HR151SBYKTU6Q8B.pcm
SwiftExplicitDependencyGeneratePcm arm64 /Users/admin/builder/spi-builder-workspace/.derivedData/SDKExplicitPrecompiledModules/_Builtin_limits-75TRA1C7IHYOFCG3KJXQVTHJ4.pcm
SwiftExplicitDependencyGeneratePcm arm64 /Users/admin/builder/spi-builder-workspace/.derivedData/SDKExplicitPrecompiledModules/_DarwinFoundation2-CUPL4FH2SA95GMALQP4M6O8UA.pcm
SwiftExplicitDependencyGeneratePcm arm64_32 /Users/admin/builder/spi-builder-workspace/.derivedData/SDKExplicitPrecompiledModules/_Builtin_tgmath-414CVW1GW3IL0HRLCNNCS6Q0U.pcm
SwiftExplicitDependencyGeneratePcm arm64_32 /Users/admin/builder/spi-builder-workspace/.derivedData/SDKExplicitPrecompiledModules/string_h-8QY7P4ZQXQAF14WVDITTM4R70.pcm
SwiftExplicitDependencyGeneratePcm arm64_32 /Users/admin/builder/spi-builder-workspace/.derivedData/SDKExplicitPrecompiledModules/sys_types-65NN51P1G7GN2GUAUPC53JJ7N.pcm
SwiftExplicitDependencyGeneratePcm arm64_32 /Users/admin/builder/spi-builder-workspace/.derivedData/SDKExplicitPrecompiledModules/_Builtin_stdint-6IWJLTRH2WB6RCG4THPA65RDS.pcm
SwiftExplicitDependencyGeneratePcm arm64 /Users/admin/builder/spi-builder-workspace/.derivedData/SDKExplicitPrecompiledModules/_Builtin_tgmath-7JP2AE1NQHA1DV5JYP2OHQ3BF.pcm
SwiftExplicitDependencyGeneratePcm arm64 /Users/admin/builder/spi-builder-workspace/.derivedData/SDKExplicitPrecompiledModules/sys_types-9KPVYINL86WUSHF45TU8PWZZ1.pcm
SwiftExplicitDependencyGeneratePcm arm64 /Users/admin/builder/spi-builder-workspace/.derivedData/SDKExplicitPrecompiledModules/string_h-4N9Z22C0HUO8GV7GFPCLZRZA2.pcm
SwiftExplicitDependencyGeneratePcm arm64 /Users/admin/builder/spi-builder-workspace/.derivedData/SDKExplicitPrecompiledModules/_Builtin_stdint-6TUACK4YPMARFT56PLIO388SJ.pcm
SwiftExplicitDependencyGeneratePcm arm64_32 /Users/admin/builder/spi-builder-workspace/.derivedData/SDKExplicitPrecompiledModules/_Builtin_stdatomic-D2FE5M7JS5NQA5JDADVERWJM4.pcm
SwiftExplicitDependencyGeneratePcm arm64_32 /Users/admin/builder/spi-builder-workspace/.derivedData/SDKExplicitPrecompiledModules/_Builtin_intrinsics-2K07JIG9ZANIKHSNPO3O6L1K6.pcm
SwiftExplicitDependencyGeneratePcm arm64_32 /Users/admin/builder/spi-builder-workspace/.derivedData/SDKExplicitPrecompiledModules/_DarwinFoundation3-3YOBOPIW2MF1LRNQH7JBUBY4G.pcm
SwiftExplicitDependencyGeneratePcm arm64 /Users/admin/builder/spi-builder-workspace/.derivedData/SDKExplicitPrecompiledModules/_Builtin_stdatomic-25T9UW3XDYID74302F31PX0RP.pcm
SwiftExplicitDependencyGeneratePcm arm64 /Users/admin/builder/spi-builder-workspace/.derivedData/SDKExplicitPrecompiledModules/_Builtin_intrinsics-SQV576LJA0QE7RW5HF7CQ1BX.pcm
SwiftExplicitDependencyGeneratePcm arm64 /Users/admin/builder/spi-builder-workspace/.derivedData/SDKExplicitPrecompiledModules/_DarwinFoundation3-EJXZKD8LN9EYM9OWP9VLJ49PK.pcm
SwiftExplicitDependencyGeneratePcm arm64_32 /Users/admin/builder/spi-builder-workspace/.derivedData/SDKExplicitPrecompiledModules/_Builtin_inttypes-BPZJ68HW1IMYWSHROAZ0IMUJP.pcm
SwiftExplicitDependencyGeneratePcm arm64_32 /Users/admin/builder/spi-builder-workspace/.derivedData/SDKExplicitPrecompiledModules/Darwin-10D35ZJWCWG7LJAF579U7I5V7.pcm
SwiftExplicitDependencyGeneratePcm arm64 /Users/admin/builder/spi-builder-workspace/.derivedData/SDKExplicitPrecompiledModules/_Builtin_inttypes-86YTNV5YADPJXFMJ82N3R4GWQ.pcm
SwiftExplicitDependencyGeneratePcm arm64 /Users/admin/builder/spi-builder-workspace/.derivedData/SDKExplicitPrecompiledModules/Darwin-CSB8C43KELVSFIQVR0803IZPN.pcm
SwiftExplicitDependencyGeneratePcm arm64_32 /Users/admin/builder/spi-builder-workspace/.derivedData/SDKExplicitPrecompiledModules/simd-1W6O8NR1QUSWJGAN44DNNWVHX.pcm
SwiftExplicitDependencyGeneratePcm arm64 /Users/admin/builder/spi-builder-workspace/.derivedData/SDKExplicitPrecompiledModules/simd-2C11HKTI5TJB05T724EWNFZXD.pcm
SwiftExplicitDependencyGeneratePcm arm64_32 /Users/admin/builder/spi-builder-workspace/.derivedData/SDKExplicitPrecompiledModules/MachO-F47JQRYVH1SLPOQSJD8RK9MSX.pcm
SwiftExplicitDependencyGeneratePcm arm64_32 /Users/admin/builder/spi-builder-workspace/.derivedData/SDKExplicitPrecompiledModules/ObjectiveC-71AGZNHLBMR2QK817EJNUN54E.pcm
SwiftExplicitDependencyGeneratePcm arm64 /Users/admin/builder/spi-builder-workspace/.derivedData/SDKExplicitPrecompiledModules/ObjectiveC-22CZPC4WYQC9G8T393WT2KKLW.pcm
SwiftExplicitDependencyGeneratePcm arm64 /Users/admin/builder/spi-builder-workspace/.derivedData/SDKExplicitPrecompiledModules/MachO-4RYXFVY68ZDEUZYFMVL57WEKU.pcm
SwiftExplicitDependencyGeneratePcm arm64_32 /Users/admin/builder/spi-builder-workspace/.derivedData/SDKExplicitPrecompiledModules/os_object-CTXVQBCWDOH6JHUXIFDUOWFRL.pcm
SwiftExplicitDependencyGeneratePcm arm64 /Users/admin/builder/spi-builder-workspace/.derivedData/SDKExplicitPrecompiledModules/os_object-6KYGGZ4DPVZ3BBAZ6QICZN8LI.pcm
SwiftExplicitDependencyGeneratePcm arm64_32 /Users/admin/builder/spi-builder-workspace/.derivedData/SDKExplicitPrecompiledModules/os_workgroup-9L9R05BT5LTFRZ2NM68BZTVV2.pcm
SwiftExplicitDependencyGeneratePcm arm64 /Users/admin/builder/spi-builder-workspace/.derivedData/SDKExplicitPrecompiledModules/os_workgroup-AHE7ULDQBKER38CYPIKDTZF4M.pcm
SwiftExplicitDependencyGeneratePcm arm64_32 /Users/admin/builder/spi-builder-workspace/.derivedData/SDKExplicitPrecompiledModules/Spatial-4XS0QRL16224ZE9KE9TMKASKT.pcm
SwiftExplicitDependencyGeneratePcm arm64_32 /Users/admin/builder/spi-builder-workspace/.derivedData/SDKExplicitPrecompiledModules/Dispatch-CGIMI9KQKHNRQHR2IECIPRG14.pcm
SwiftExplicitDependencyGeneratePcm arm64 /Users/admin/builder/spi-builder-workspace/.derivedData/SDKExplicitPrecompiledModules/Spatial-EZKKX4XFW72RZCTOIG80Z93AP.pcm
SwiftExplicitDependencyGeneratePcm arm64 /Users/admin/builder/spi-builder-workspace/.derivedData/SDKExplicitPrecompiledModules/Dispatch-39VR0G01IUJ09PQKMFGOHXZ4L.pcm
SwiftExplicitDependencyGeneratePcm arm64_32 /Users/admin/builder/spi-builder-workspace/.derivedData/SDKExplicitPrecompiledModules/XPC-7SLKI45KYLKXH9QET2WYS3UZ4.pcm
SwiftExplicitDependencyGeneratePcm arm64_32 /Users/admin/builder/spi-builder-workspace/.derivedData/SDKExplicitPrecompiledModules/CoreFoundation-76B9WJP9MDYT33HZQVSNNZQZD.pcm
SwiftExplicitDependencyGeneratePcm arm64 /Users/admin/builder/spi-builder-workspace/.derivedData/SDKExplicitPrecompiledModules/CoreFoundation-59XKO8YNRGGYNC5U5LK8B4EM.pcm
SwiftExplicitDependencyGeneratePcm arm64 /Users/admin/builder/spi-builder-workspace/.derivedData/SDKExplicitPrecompiledModules/XPC-650JAZBTM6I0OMHYO6CKM0CWJ.pcm
SwiftExplicitDependencyGeneratePcm arm64_32 /Users/admin/builder/spi-builder-workspace/.derivedData/SDKExplicitPrecompiledModules/os-D9NWGT7PQGY2OD43XMA2KGLJK.pcm
SwiftExplicitDependencyGeneratePcm arm64_32 /Users/admin/builder/spi-builder-workspace/.derivedData/SDKExplicitPrecompiledModules/CoreAudioTypes-AY6JAXDJMW2FLVG4UD79375PW.pcm
SwiftExplicitDependencyGeneratePcm arm64_32 /Users/admin/builder/spi-builder-workspace/.derivedData/SDKExplicitPrecompiledModules/Security-1W411BS4UH2UNMNII2341429S.pcm
SwiftExplicitDependencyGeneratePcm arm64_32 /Users/admin/builder/spi-builder-workspace/.derivedData/SDKExplicitPrecompiledModules/CoreGraphics-A4WOQTM8SYZAQP223LI6RRPEK.pcm
SwiftExplicitDependencyGeneratePcm arm64 /Users/admin/builder/spi-builder-workspace/.derivedData/SDKExplicitPrecompiledModules/os-6BCTB8I5DCBBKFJ0Y0G4WQDDJ.pcm
SwiftExplicitDependencyGeneratePcm arm64 /Users/admin/builder/spi-builder-workspace/.derivedData/SDKExplicitPrecompiledModules/Security-69WNGEAVQP55EDBQHP3BLE8QU.pcm
SwiftExplicitDependencyGeneratePcm arm64 /Users/admin/builder/spi-builder-workspace/.derivedData/SDKExplicitPrecompiledModules/CoreGraphics-5488DA9QVJJ7QOFXPYOYIYFUX.pcm
SwiftExplicitDependencyGeneratePcm arm64 /Users/admin/builder/spi-builder-workspace/.derivedData/SDKExplicitPrecompiledModules/CoreAudioTypes-51SR7UBHOMSGMEPVFS6PLSR4M.pcm
SwiftExplicitDependencyGeneratePcm arm64_32 /Users/admin/builder/spi-builder-workspace/.derivedData/SDKExplicitPrecompiledModules/CoreAudio-1FTJGW5ZM9ZN5IKPBE4A9LGNF.pcm
SwiftExplicitDependencyGeneratePcm arm64_32 /Users/admin/builder/spi-builder-workspace/.derivedData/SDKExplicitPrecompiledModules/Foundation-AIQ30TCDC2B0LBUU6FPQZ0HWI.pcm
SwiftExplicitDependencyGeneratePcm arm64_32 /Users/admin/builder/spi-builder-workspace/.derivedData/SDKExplicitPrecompiledModules/CoreVideo-BX0NALWCB2F1YOTF0NZGV9FWU.pcm
SwiftExplicitDependencyGeneratePcm arm64_32 /Users/admin/builder/spi-builder-workspace/.derivedData/SDKExplicitPrecompiledModules/CoreText-34U50N378SZT64826L0B62MN6.pcm
SwiftExplicitDependencyGeneratePcm arm64 /Users/admin/builder/spi-builder-workspace/.derivedData/SDKExplicitPrecompiledModules/CoreAudio-368NRGVYQ33J8K75Y2DSNU06Y.pcm
SwiftExplicitDependencyGeneratePcm arm64 /Users/admin/builder/spi-builder-workspace/.derivedData/SDKExplicitPrecompiledModules/Foundation-B3IXODHI7VO4VRX2RWRXLVJZT.pcm
SwiftExplicitDependencyGeneratePcm arm64 /Users/admin/builder/spi-builder-workspace/.derivedData/SDKExplicitPrecompiledModules/CoreVideo-2YRZ292TS6QDW2V2V92NZMPWM.pcm
SwiftExplicitDependencyGeneratePcm arm64 /Users/admin/builder/spi-builder-workspace/.derivedData/SDKExplicitPrecompiledModules/CoreText-BEC0M2J7FJN53VXNFDZDKL9U2.pcm
SwiftExplicitDependencyGeneratePcm arm64_32 /Users/admin/builder/spi-builder-workspace/.derivedData/SDKExplicitPrecompiledModules/CoreMedia-CU8J9TNJY5EX43FQOPTAAHU29.pcm
SwiftExplicitDependencyGeneratePcm arm64 /Users/admin/builder/spi-builder-workspace/.derivedData/SDKExplicitPrecompiledModules/CoreMedia-EO02G285WTXB0RPNG3DP9O9VN.pcm
SwiftExplicitDependencyGeneratePcm arm64_32 /Users/admin/builder/spi-builder-workspace/.derivedData/SDKExplicitPrecompiledModules/CoreTransferable-DSXZOKFM7XQLZ0FRNNKFDWZT0.pcm
SwiftExplicitDependencyGeneratePcm arm64_32 /Users/admin/builder/spi-builder-workspace/.derivedData/SDKExplicitPrecompiledModules/DataDetection-8EDL8T61430CB5CU94L1E3L0C.pcm
SwiftExplicitDependencyGeneratePcm arm64_32 /Users/admin/builder/spi-builder-workspace/.derivedData/SDKExplicitPrecompiledModules/Accessibility-BBXP8Z81UOB3UBBTO3GG9FEEO.pcm
SwiftExplicitDependencyGeneratePcm arm64_32 /Users/admin/builder/spi-builder-workspace/.derivedData/SDKExplicitPrecompiledModules/UniformTypeIdentifiers-EH256724QTCKT0XATY095QHVP.pcm
SwiftExplicitDependencyGeneratePcm arm64_32 /Users/admin/builder/spi-builder-workspace/.derivedData/SDKExplicitPrecompiledModules/Symbols-DP67QJL9W7VSYP70ZVEBE3KRT.pcm
SwiftExplicitDependencyGeneratePcm arm64_32 /Users/admin/builder/spi-builder-workspace/.derivedData/SDKExplicitPrecompiledModules/_LocationEssentials-1XWTF8V96VX3IAHKJO7PJZDU0.pcm
SwiftExplicitDependencyGeneratePcm arm64_32 /Users/admin/builder/spi-builder-workspace/.derivedData/SDKExplicitPrecompiledModules/UIUtilities-ABH83C7CSGMIJAARTF384TV0L.pcm
SwiftExplicitDependencyGeneratePcm arm64_32 /Users/admin/builder/spi-builder-workspace/.derivedData/SDKExplicitPrecompiledModules/QuartzCore-72UYR37X0O2APTD1XMSJ20X5X.pcm
SwiftExplicitDependencyGeneratePcm arm64_32 /Users/admin/builder/spi-builder-workspace/.derivedData/SDKExplicitPrecompiledModules/CoreData-6STZ9DXY0E1K8LHUUEU1F4SE.pcm
SwiftExplicitDependencyGeneratePcm arm64_32 /Users/admin/builder/spi-builder-workspace/.derivedData/SDKExplicitPrecompiledModules/SceneKit-CLOM4E4D45A8A94N3QNHOVW3H.pcm
SwiftExplicitDependencyGeneratePcm arm64 /Users/admin/builder/spi-builder-workspace/.derivedData/SDKExplicitPrecompiledModules/Accessibility-DB0V1GY4JDAXG2CZ5MW826DDE.pcm
SwiftExplicitDependencyGeneratePcm arm64 /Users/admin/builder/spi-builder-workspace/.derivedData/SDKExplicitPrecompiledModules/UniformTypeIdentifiers-47SS6PHE8KOUZX5UOQUNKH397.pcm
SwiftExplicitDependencyGeneratePcm arm64 /Users/admin/builder/spi-builder-workspace/.derivedData/SDKExplicitPrecompiledModules/DataDetection-8RQ09UCIV0XSYRF8TQQD54MWN.pcm
SwiftExplicitDependencyGeneratePcm arm64 /Users/admin/builder/spi-builder-workspace/.derivedData/SDKExplicitPrecompiledModules/OSLog-ESJZZ70KT229YQNKF5CWYQVLA.pcm
SwiftExplicitDependencyGeneratePcm arm64 /Users/admin/builder/spi-builder-workspace/.derivedData/SDKExplicitPrecompiledModules/SceneKit-4VPDXW2J8W40JMX88G7X30C4G.pcm
SwiftExplicitDependencyGeneratePcm arm64 /Users/admin/builder/spi-builder-workspace/.derivedData/SDKExplicitPrecompiledModules/_LocationEssentials-C3HYVW8P89QAUDLD9VRHUF48Q.pcm
SwiftExplicitDependencyGeneratePcm arm64 /Users/admin/builder/spi-builder-workspace/.derivedData/SDKExplicitPrecompiledModules/UserNotifications-7VIERZPAA371031RT8VBKFYKJ.pcm
SwiftExplicitDependencyGeneratePcm arm64 /Users/admin/builder/spi-builder-workspace/.derivedData/SDKExplicitPrecompiledModules/CoreTransferable-EULYJN53RZTIP2D6F171CT1YZ.pcm
SwiftExplicitDependencyGeneratePcm arm64_32 /Users/admin/builder/spi-builder-workspace/.derivedData/SDKExplicitPrecompiledModules/SwiftUICore-TURER010MQ2QH6SN4BGDJJKP.pcm
SwiftExplicitDependencyGeneratePcm arm64_32 /Users/admin/builder/spi-builder-workspace/.derivedData/SDKExplicitPrecompiledModules/CoreLocation-4AZRAZ8X3W0CS36SZ1GS4LT05.pcm
SwiftExplicitDependencyGeneratePcm arm64 /Users/admin/builder/spi-builder-workspace/.derivedData/SDKExplicitPrecompiledModules/QuartzCore-BRDP6VIMJ6A6HG4W4NYXZ8BI3.pcm
SwiftExplicitDependencyGeneratePcm arm64 /Users/admin/builder/spi-builder-workspace/.derivedData/SDKExplicitPrecompiledModules/Symbols-B8SNL2YULCKW9SYIL0T5QLMV.pcm
SwiftExplicitDependencyGeneratePcm arm64_32 /Users/admin/builder/spi-builder-workspace/.derivedData/SDKExplicitPrecompiledModules/UserNotifications-F5AOMF9V2Y10QV8U00QNX8B7Q.pcm
SwiftExplicitDependencyGeneratePcm arm64 /Users/admin/builder/spi-builder-workspace/.derivedData/SDKExplicitPrecompiledModules/UIUtilities-AR3EDJH6PMDGNUXQGV2JND65S.pcm
SwiftExplicitDependencyGeneratePcm arm64 /Users/admin/builder/spi-builder-workspace/.derivedData/SDKExplicitPrecompiledModules/CoreLocation-B0A9Z3B1UDU8OLBQROLWD03N3.pcm
SwiftExplicitDependencyGeneratePcm arm64_32 /Users/admin/builder/spi-builder-workspace/.derivedData/SDKExplicitPrecompiledModules/OSLog-DXCLJ0K1EEBRV5MFYJOV1HIUX.pcm
SwiftExplicitDependencyGeneratePcm arm64 /Users/admin/builder/spi-builder-workspace/.derivedData/SDKExplicitPrecompiledModules/CoreData-DAEI6Z48P97TYC3SMMGLERAJ5.pcm
SwiftExplicitDependencyGeneratePcm arm64_32 /Users/admin/builder/spi-builder-workspace/.derivedData/SDKExplicitPrecompiledModules/CoreMotion-E9C6K7MOTJF3RC93DULCZ130U.pcm
SwiftExplicitDependencyGeneratePcm arm64 /Users/admin/builder/spi-builder-workspace/.derivedData/SDKExplicitPrecompiledModules/SwiftUICore-D4BOUT6VJWDXKNATG8P2F95W3.pcm
SwiftExplicitDependencyGeneratePcm arm64 /Users/admin/builder/spi-builder-workspace/.derivedData/SDKExplicitPrecompiledModules/CoreMotion-70RNUQRT1QM2F8WR42WPP4KQV.pcm
SwiftExplicitDependencyGeneratePcm arm64_32 /Users/admin/builder/spi-builder-workspace/.derivedData/SDKExplicitPrecompiledModules/UIKit-BGAQE5HOOTG6M9C46O1HHPCDR.pcm
SwiftExplicitDependencyGeneratePcm arm64 /Users/admin/builder/spi-builder-workspace/.derivedData/SDKExplicitPrecompiledModules/UIKit-2XWL6VFNA7WRWSTXI42YLU909.pcm
SwiftExplicitDependencyGeneratePcm arm64_32 /Users/admin/builder/spi-builder-workspace/.derivedData/SDKExplicitPrecompiledModules/MapKit-3RCPMYWFYVKLOR1JJH1M1L7O6.pcm
SwiftExplicitDependencyGeneratePcm arm64_32 /Users/admin/builder/spi-builder-workspace/.derivedData/SDKExplicitPrecompiledModules/HomeKit-DXH34ZWEY4P4FEELCOH3LXVCR.pcm
SwiftExplicitDependencyGeneratePcm arm64 /Users/admin/builder/spi-builder-workspace/.derivedData/SDKExplicitPrecompiledModules/HomeKit-2JD3RMVTK0MFX7K570KHTLBBH.pcm
SwiftExplicitDependencyGeneratePcm arm64 /Users/admin/builder/spi-builder-workspace/.derivedData/SDKExplicitPrecompiledModules/MapKit-5U4CPBNVICOGB0BBK9BC7P4E9.pcm
SwiftExplicitDependencyGeneratePcm arm64_32 /Users/admin/builder/spi-builder-workspace/.derivedData/SDKExplicitPrecompiledModules/WatchKit-7IATJTA58S6OFDEYHG9JSLLDQ.pcm
SwiftExplicitDependencyGeneratePcm arm64 /Users/admin/builder/spi-builder-workspace/.derivedData/SDKExplicitPrecompiledModules/WatchKit-22L6Z003SE8XPQ9JS14K57C9N.pcm
SwiftExplicitDependencyGeneratePcm arm64_32 /Users/admin/builder/spi-builder-workspace/.derivedData/SDKExplicitPrecompiledModules/SwiftUI-6DR5UJH94SD7QMITGWNAX9FBI.pcm
SwiftExplicitDependencyGeneratePcm arm64 /Users/admin/builder/spi-builder-workspace/.derivedData/SDKExplicitPrecompiledModules/SwiftUI-E6XJI4PF1Q2HPTXKL91GWARU6.pcm
SwiftCompile normal arm64_32 Compiling\ Font.Weight+UIFont.Weight.swift,\ Font.Width+UIFont.Width.swift /Users/admin/builder/spi-builder-workspace/.dependencies/checkouts/snap-foundation/Sources/SnapFoundation/SwiftUI+UIKit/Font.Weight+UIFont.Weight.swift /Users/admin/builder/spi-builder-workspace/.dependencies/checkouts/snap-foundation/Sources/SnapFoundation/SwiftUI+UIKit/Font.Width+UIFont.Width.swift (in target 'SnapFoundation' from project 'snap-foundation')
SwiftCompile normal arm64_32 /Users/admin/builder/spi-builder-workspace/.dependencies/checkouts/snap-foundation/Sources/SnapFoundation/SwiftUI+UIKit/Font.Weight+UIFont.Weight.swift (in target 'SnapFoundation' from project 'snap-foundation')
cd /Users/admin/builder/spi-builder-workspace/.swiftpm/xcode
builtin-SwiftPerFileCompile Font.Weight+UIFont.Weight.swift
SwiftCompile normal arm64_32 /Users/admin/builder/spi-builder-workspace/.dependencies/checkouts/snap-foundation/Sources/SnapFoundation/SwiftUI+UIKit/Font.Width+UIFont.Width.swift (in target 'SnapFoundation' from project 'snap-foundation')
cd /Users/admin/builder/spi-builder-workspace/.swiftpm/xcode
builtin-SwiftPerFileCompile Font.Width+UIFont.Width.swift
SwiftCompile normal arm64_32 Compiling\ Dictionary+Updated.swift,\ Set+Insert.swift /Users/admin/builder/spi-builder-workspace/.dependencies/checkouts/snap-foundation/Sources/SnapFoundation/CoreFoundation/Collections/Dictionary+Updated.swift /Users/admin/builder/spi-builder-workspace/.dependencies/checkouts/snap-foundation/Sources/SnapFoundation/CoreFoundation/Collections/Set+Insert.swift (in target 'SnapFoundation' from project 'snap-foundation')
SwiftCompile normal arm64_32 /Users/admin/builder/spi-builder-workspace/.dependencies/checkouts/snap-foundation/Sources/SnapFoundation/CoreFoundation/Collections/Dictionary+Updated.swift (in target 'SnapFoundation' from project 'snap-foundation')
cd /Users/admin/builder/spi-builder-workspace/.swiftpm/xcode
builtin-SwiftPerFileCompile Dictionary+Updated.swift
SwiftCompile normal arm64_32 /Users/admin/builder/spi-builder-workspace/.dependencies/checkouts/snap-foundation/Sources/SnapFoundation/CoreFoundation/Collections/Set+Insert.swift (in target 'SnapFoundation' from project 'snap-foundation')
cd /Users/admin/builder/spi-builder-workspace/.swiftpm/xcode
builtin-SwiftPerFileCompile Set+Insert.swift
SwiftCompile normal arm64_32 Compiling\ EdgeInsets+Helper.swift,\ Font.Design+UIFont.Design.swift /Users/admin/builder/spi-builder-workspace/.dependencies/checkouts/snap-foundation/Sources/SnapFoundation/SwiftUI+UIKit/EdgeInsets+Helper.swift /Users/admin/builder/spi-builder-workspace/.dependencies/checkouts/snap-foundation/Sources/SnapFoundation/SwiftUI+UIKit/Font.Design+UIFont.Design.swift (in target 'SnapFoundation' from project 'snap-foundation')
SwiftCompile normal arm64_32 /Users/admin/builder/spi-builder-workspace/.dependencies/checkouts/snap-foundation/Sources/SnapFoundation/SwiftUI+UIKit/EdgeInsets+Helper.swift (in target 'SnapFoundation' from project 'snap-foundation')
cd /Users/admin/builder/spi-builder-workspace/.swiftpm/xcode
builtin-SwiftPerFileCompile EdgeInsets+Helper.swift
SwiftCompile normal arm64_32 /Users/admin/builder/spi-builder-workspace/.dependencies/checkouts/snap-foundation/Sources/SnapFoundation/SwiftUI+UIKit/Font.Design+UIFont.Design.swift (in target 'SnapFoundation' from project 'snap-foundation')
cd /Users/admin/builder/spi-builder-workspace/.swiftpm/xcode
builtin-SwiftPerFileCompile Font.Design+UIFont.Design.swift
SwiftCompile normal arm64_32 Compiling\ AnyInsettableShape.swift,\ CGRect+Inset.swift /Users/admin/builder/spi-builder-workspace/.dependencies/checkouts/snap-foundation/Sources/SnapFoundation/SwiftUI+UIKit/AnyInsettableShape.swift /Users/admin/builder/spi-builder-workspace/.dependencies/checkouts/snap-foundation/Sources/SnapFoundation/SwiftUI+UIKit/CGRect+Inset.swift (in target 'SnapFoundation' from project 'snap-foundation')
SwiftCompile normal arm64_32 /Users/admin/builder/spi-builder-workspace/.dependencies/checkouts/snap-foundation/Sources/SnapFoundation/SwiftUI+UIKit/AnyInsettableShape.swift (in target 'SnapFoundation' from project 'snap-foundation')
cd /Users/admin/builder/spi-builder-workspace/.swiftpm/xcode
builtin-SwiftPerFileCompile AnyInsettableShape.swift
SwiftCompile normal arm64_32 /Users/admin/builder/spi-builder-workspace/.dependencies/checkouts/snap-foundation/Sources/SnapFoundation/SwiftUI+UIKit/CGRect+Inset.swift (in target 'SnapFoundation' from project 'snap-foundation')
cd /Users/admin/builder/spi-builder-workspace/.swiftpm/xcode
builtin-SwiftPerFileCompile CGRect+Inset.swift
SwiftCompile normal arm64_32 Compiling\ View+ColorScheme.swift,\ ViewModifierConditional.swift /Users/admin/builder/spi-builder-workspace/.dependencies/checkouts/snap-foundation/Sources/SnapFoundation/SwiftUI+UIKit/View+ColorScheme.swift /Users/admin/builder/spi-builder-workspace/.dependencies/checkouts/snap-foundation/Sources/SnapFoundation/SwiftUI+UIKit/ViewModifierConditional.swift (in target 'SnapFoundation' from project 'snap-foundation')
SwiftCompile normal arm64_32 /Users/admin/builder/spi-builder-workspace/.dependencies/checkouts/snap-foundation/Sources/SnapFoundation/SwiftUI+UIKit/View+ColorScheme.swift (in target 'SnapFoundation' from project 'snap-foundation')
cd /Users/admin/builder/spi-builder-workspace/.swiftpm/xcode
builtin-SwiftPerFileCompile View+ColorScheme.swift
SwiftCompile normal arm64_32 /Users/admin/builder/spi-builder-workspace/.dependencies/checkouts/snap-foundation/Sources/SnapFoundation/SwiftUI+UIKit/ViewModifierConditional.swift (in target 'SnapFoundation' from project 'snap-foundation')
cd /Users/admin/builder/spi-builder-workspace/.swiftpm/xcode
builtin-SwiftPerFileCompile ViewModifierConditional.swift
SwiftEmitModule normal arm64_32 Emitting\ module\ for\ SnapFoundation (in target 'SnapFoundation' from project 'snap-foundation')
SwiftCompile normal arm64_32 (in target 'SnapFoundation' from project 'snap-foundation')
cd /Users/admin/builder/spi-builder-workspace/.swiftpm/xcode
SwiftCompile normal arm64_32 Compiling\ Array+Unique.swift,\ Collection+Helper.swift /Users/admin/builder/spi-builder-workspace/.dependencies/checkouts/snap-foundation/Sources/SnapFoundation/CoreFoundation/Collections/Array+Unique.swift /Users/admin/builder/spi-builder-workspace/.dependencies/checkouts/snap-foundation/Sources/SnapFoundation/CoreFoundation/Collections/Collection+Helper.swift (in target 'SnapFoundation' from project 'snap-foundation')
SwiftCompile normal arm64_32 /Users/admin/builder/spi-builder-workspace/.dependencies/checkouts/snap-foundation/Sources/SnapFoundation/CoreFoundation/Collections/Array+Unique.swift (in target 'SnapFoundation' from project 'snap-foundation')
cd /Users/admin/builder/spi-builder-workspace/.swiftpm/xcode
builtin-SwiftPerFileCompile Array+Unique.swift
SwiftCompile normal arm64_32 /Users/admin/builder/spi-builder-workspace/.dependencies/checkouts/snap-foundation/Sources/SnapFoundation/CoreFoundation/Collections/Collection+Helper.swift (in target 'SnapFoundation' from project 'snap-foundation')
cd /Users/admin/builder/spi-builder-workspace/.swiftpm/xcode
builtin-SwiftPerFileCompile Collection+Helper.swift
SwiftCompile normal arm64_32 Compiling\ FontDesign+CaseIterable.swift,\ FontDesign+Description.swift /Users/admin/builder/spi-builder-workspace/.dependencies/checkouts/snap-foundation/Sources/SnapFoundation/SwiftUI+UIKit/FontDesign+CaseIterable.swift /Users/admin/builder/spi-builder-workspace/.dependencies/checkouts/snap-foundation/Sources/SnapFoundation/SwiftUI+UIKit/FontDesign+Description.swift (in target 'SnapFoundation' from project 'snap-foundation')
SwiftCompile normal arm64_32 /Users/admin/builder/spi-builder-workspace/.dependencies/checkouts/snap-foundation/Sources/SnapFoundation/SwiftUI+UIKit/FontDesign+CaseIterable.swift (in target 'SnapFoundation' from project 'snap-foundation')
cd /Users/admin/builder/spi-builder-workspace/.swiftpm/xcode
builtin-SwiftPerFileCompile FontDesign+CaseIterable.swift
SwiftCompile normal arm64_32 /Users/admin/builder/spi-builder-workspace/.dependencies/checkouts/snap-foundation/Sources/SnapFoundation/SwiftUI+UIKit/FontDesign+Description.swift (in target 'SnapFoundation' from project 'snap-foundation')
cd /Users/admin/builder/spi-builder-workspace/.swiftpm/xcode
builtin-SwiftPerFileCompile FontDesign+Description.swift
SwiftCompile normal arm64_32 Compiling\ OSLog+Logger.swift,\ ProcessInfo+isPreview.swift /Users/admin/builder/spi-builder-workspace/.dependencies/checkouts/snap-foundation/Sources/SnapFoundation/OSLog+Logger.swift /Users/admin/builder/spi-builder-workspace/.dependencies/checkouts/snap-foundation/Sources/SnapFoundation/ProcessInfo+isPreview.swift (in target 'SnapFoundation' from project 'snap-foundation')
SwiftCompile normal arm64_32 /Users/admin/builder/spi-builder-workspace/.dependencies/checkouts/snap-foundation/Sources/SnapFoundation/OSLog+Logger.swift (in target 'SnapFoundation' from project 'snap-foundation')
cd /Users/admin/builder/spi-builder-workspace/.swiftpm/xcode
builtin-SwiftPerFileCompile OSLog+Logger.swift
SwiftCompile normal arm64_32 /Users/admin/builder/spi-builder-workspace/.dependencies/checkouts/snap-foundation/Sources/SnapFoundation/ProcessInfo+isPreview.swift (in target 'SnapFoundation' from project 'snap-foundation')
cd /Users/admin/builder/spi-builder-workspace/.swiftpm/xcode
builtin-SwiftPerFileCompile ProcessInfo+isPreview.swift
SwiftCompile normal arm64_32 Compiling\ FontWidth+CaseIterable.swift,\ FontWidth+Description.swift /Users/admin/builder/spi-builder-workspace/.dependencies/checkouts/snap-foundation/Sources/SnapFoundation/SwiftUI+UIKit/FontWidth+CaseIterable.swift /Users/admin/builder/spi-builder-workspace/.dependencies/checkouts/snap-foundation/Sources/SnapFoundation/SwiftUI+UIKit/FontWidth+Description.swift (in target 'SnapFoundation' from project 'snap-foundation')
SwiftCompile normal arm64_32 /Users/admin/builder/spi-builder-workspace/.dependencies/checkouts/snap-foundation/Sources/SnapFoundation/SwiftUI+UIKit/FontWidth+CaseIterable.swift (in target 'SnapFoundation' from project 'snap-foundation')
cd /Users/admin/builder/spi-builder-workspace/.swiftpm/xcode
builtin-SwiftPerFileCompile FontWidth+CaseIterable.swift
SwiftCompile normal arm64_32 /Users/admin/builder/spi-builder-workspace/.dependencies/checkouts/snap-foundation/Sources/SnapFoundation/SwiftUI+UIKit/FontWidth+Description.swift (in target 'SnapFoundation' from project 'snap-foundation')
cd /Users/admin/builder/spi-builder-workspace/.swiftpm/xcode
builtin-SwiftPerFileCompile FontWidth+Description.swift
SwiftEmitModule normal arm64 Emitting\ module\ for\ SnapFoundation (in target 'SnapFoundation' from project 'snap-foundation')
SwiftCompile normal arm64 (in target 'SnapFoundation' from project 'snap-foundation')
cd /Users/admin/builder/spi-builder-workspace/.swiftpm/xcode
SwiftDriverJobDiscovery normal arm64_32 Emitting module for SnapFoundation (in target 'SnapFoundation' from project 'snap-foundation')
SwiftDriver\ Compilation\ Requirements SnapFoundation normal arm64_32 com.apple.xcode.tools.swift.compiler (in target 'SnapFoundation' from project 'snap-foundation')
cd /Users/admin/builder/spi-builder-workspace/.swiftpm/xcode
builtin-Swift-Compilation-Requirements -- /Applications/Xcode-27.0.0-Release.Candidate.app/Contents/Developer/Toolchains/XcodeDefault.xctoolchain/usr/bin/swiftc -parse-as-library -module-name SnapFoundation -Onone @/Users/admin/builder/spi-builder-workspace/.derivedData/Build/Intermediates.noindex/snap-foundation.build/Debug-watchos/SnapFoundation-t.build/Objects-normal/arm64_32/SnapFoundation.SwiftFileList -DSWIFT_PACKAGE -DDEBUG -DSWIFT_MODULE_RESOURCE_BUNDLE_UNAVAILABLE -DXcode -plugin-path /Applications/Xcode-27.0.0-Release.Candidate.app/Contents/Developer/Toolchains/XcodeDefault.xctoolchain/usr/lib/swift/host/plugins/testing -enable-experimental-feature DebugDescriptionMacro -sdk /Applications/Xcode-27.0.0-Release.Candidate.app/Contents/Developer/Platforms/WatchOS.platform/Developer/SDKs/WatchOS27.0.sdk -target arm64_32-apple-watchos9.0 -g -module-cache-path /Users/admin/builder/spi-builder-workspace/.derivedData/ModuleCache.noindex -Xfrontend -serialize-debugging-options -enable-testing -suppress-warnings -index-store-path /Users/admin/builder/spi-builder-workspace/.derivedData/Index.noindex/DataStore -Xcc -D_LIBCPP_HARDENING_MODE\=_LIBCPP_HARDENING_MODE_DEBUG -swift-version 6 -I /Users/admin/builder/spi-builder-workspace/.derivedData/Build/Products/Debug-watchos -Isystem /Applications/Xcode-27.0.0-Release.Candidate.app/Contents/Developer/Platforms/WatchOS.platform/Developer/usr/lib -F /Users/admin/builder/spi-builder-workspace/.derivedData/Build/Products/Debug-watchos -F /Applications/Xcode-27.0.0-Release.Candidate.app/Contents/Developer/Platforms/WatchOS.platform/Developer/Library/Frameworks -F /Applications/Xcode-27.0.0-Release.Candidate.app/Contents/Developer/Platforms/WatchOS.platform/Developer/SDKs/WatchOS27.0.sdk/Developer/Library/Frameworks -c -j10 -enable-batch-mode -incremental -Xcc -ivfsstatcache -Xcc /Users/admin/builder/spi-builder-workspace/.derivedData/SDKStatCaches.noindex/watchos27.0-24R360-e829b21a6f8c9b70876ba0858053c04477534ef55a1706bf4c1112bbb242f0a2.sdkstatcache -output-file-map /Users/admin/builder/spi-builder-workspace/.derivedData/Build/Intermediates.noindex/snap-foundation.build/Debug-watchos/SnapFoundation-t.build/Objects-normal/arm64_32/SnapFoundation-OutputFileMap.json -save-temps -no-color-diagnostics -explicit-module-build -module-cache-path /Users/admin/builder/spi-builder-workspace/.derivedData/Build/Intermediates.noindex/SwiftExplicitPrecompiledModules -clang-scanner-module-cache-path /Users/admin/builder/spi-builder-workspace/.derivedData/ModuleCache.noindex -sdk-module-cache-path /Users/admin/builder/spi-builder-workspace/.derivedData/SDKExplicitPrecompiledModules -emit-dependencies -emit-module -emit-module-path /Users/admin/builder/spi-builder-workspace/.derivedData/Build/Intermediates.noindex/snap-foundation.build/Debug-watchos/SnapFoundation-t.build/Objects-normal/arm64_32/SnapFoundation.swiftmodule -serialize-diagnostics -dependency-scan-serialize-diagnostics-path /Users/admin/builder/spi-builder-workspace/.derivedData/Build/Intermediates.noindex/snap-foundation.build/Debug-watchos/SnapFoundation-t.build/Objects-normal/arm64_32/SnapFoundation-dependency-scan.dia -validate-clang-modules-once -clang-build-session-file /Users/admin/builder/spi-builder-workspace/.derivedData/ModuleCache.noindex/Session.modulevalidation -Xcc -fmodules-prune-interval\=86400 -Xcc -fmodules-prune-after\=345600 -package-name snap_foundation -emit-const-values -const-gather-protocols-list /Users/admin/builder/spi-builder-workspace/.derivedData/Build/Intermediates.noindex/snap-foundation.build/Debug-watchos/SnapFoundation-t.build/Objects-normal/arm64_32/SnapFoundation_const_extract_protocols.json -Xcc -I/Users/admin/builder/spi-builder-workspace/.derivedData/Build/Products/Debug-watchos/include -Xcc -I/Users/admin/builder/spi-builder-workspace/.derivedData/Build/Intermediates.noindex/snap-foundation.build/Debug-watchos/SnapFoundation-t.build/DerivedSources-normal/arm64_32 -Xcc -I/Users/admin/builder/spi-builder-workspace/.derivedData/Build/Intermediates.noindex/snap-foundation.build/Debug-watchos/SnapFoundation-t.build/DerivedSources/arm64_32 -Xcc -I/Users/admin/builder/spi-builder-workspace/.derivedData/Build/Intermediates.noindex/snap-foundation.build/Debug-watchos/SnapFoundation-t.build/DerivedSources -Xcc -DSWIFT_PACKAGE -Xcc -DDEBUG\=1 -emit-objc-header -emit-objc-header-path /Users/admin/builder/spi-builder-workspace/.derivedData/Build/Intermediates.noindex/snap-foundation.build/Debug-watchos/SnapFoundation-t.build/Objects-normal/arm64_32/SnapFoundation-Swift.h -working-directory /Users/admin/builder/spi-builder-workspace/.swiftpm/xcode -experimental-emit-module-separately -disable-cmo
SwiftDriverJobDiscovery normal arm64 Emitting module for SnapFoundation (in target 'SnapFoundation' from project 'snap-foundation')
SwiftDriver\ Compilation\ Requirements SnapFoundation normal arm64 com.apple.xcode.tools.swift.compiler (in target 'SnapFoundation' from project 'snap-foundation')
cd /Users/admin/builder/spi-builder-workspace/.swiftpm/xcode
builtin-Swift-Compilation-Requirements -- /Applications/Xcode-27.0.0-Release.Candidate.app/Contents/Developer/Toolchains/XcodeDefault.xctoolchain/usr/bin/swiftc -parse-as-library -module-name SnapFoundation -Onone @/Users/admin/builder/spi-builder-workspace/.derivedData/Build/Intermediates.noindex/snap-foundation.build/Debug-watchos/SnapFoundation-t.build/Objects-normal/arm64/SnapFoundation.SwiftFileList -DSWIFT_PACKAGE -DDEBUG -DSWIFT_MODULE_RESOURCE_BUNDLE_UNAVAILABLE -DXcode -plugin-path /Applications/Xcode-27.0.0-Release.Candidate.app/Contents/Developer/Toolchains/XcodeDefault.xctoolchain/usr/lib/swift/host/plugins/testing -enable-experimental-feature DebugDescriptionMacro -sdk /Applications/Xcode-27.0.0-Release.Candidate.app/Contents/Developer/Platforms/WatchOS.platform/Developer/SDKs/WatchOS27.0.sdk -target arm64-apple-watchos9.0 -g -module-cache-path /Users/admin/builder/spi-builder-workspace/.derivedData/ModuleCache.noindex -Xfrontend -serialize-debugging-options -enable-testing -suppress-warnings -index-store-path /Users/admin/builder/spi-builder-workspace/.derivedData/Index.noindex/DataStore -Xcc -D_LIBCPP_HARDENING_MODE\=_LIBCPP_HARDENING_MODE_DEBUG -swift-version 6 -I /Users/admin/builder/spi-builder-workspace/.derivedData/Build/Products/Debug-watchos -Isystem /Applications/Xcode-27.0.0-Release.Candidate.app/Contents/Developer/Platforms/WatchOS.platform/Developer/usr/lib -F /Users/admin/builder/spi-builder-workspace/.derivedData/Build/Products/Debug-watchos -F /Applications/Xcode-27.0.0-Release.Candidate.app/Contents/Developer/Platforms/WatchOS.platform/Developer/Library/Frameworks -F /Applications/Xcode-27.0.0-Release.Candidate.app/Contents/Developer/Platforms/WatchOS.platform/Developer/SDKs/WatchOS27.0.sdk/Developer/Library/Frameworks -c -j10 -enable-batch-mode -incremental -Xcc -ivfsstatcache -Xcc /Users/admin/builder/spi-builder-workspace/.derivedData/SDKStatCaches.noindex/watchos27.0-24R360-e829b21a6f8c9b70876ba0858053c04477534ef55a1706bf4c1112bbb242f0a2.sdkstatcache -output-file-map /Users/admin/builder/spi-builder-workspace/.derivedData/Build/Intermediates.noindex/snap-foundation.build/Debug-watchos/SnapFoundation-t.build/Objects-normal/arm64/SnapFoundation-OutputFileMap.json -save-temps -no-color-diagnostics -explicit-module-build -module-cache-path /Users/admin/builder/spi-builder-workspace/.derivedData/Build/Intermediates.noindex/SwiftExplicitPrecompiledModules -clang-scanner-module-cache-path /Users/admin/builder/spi-builder-workspace/.derivedData/ModuleCache.noindex -sdk-module-cache-path /Users/admin/builder/spi-builder-workspace/.derivedData/SDKExplicitPrecompiledModules -emit-dependencies -emit-module -emit-module-path /Users/admin/builder/spi-builder-workspace/.derivedData/Build/Intermediates.noindex/snap-foundation.build/Debug-watchos/SnapFoundation-t.build/Objects-normal/arm64/SnapFoundation.swiftmodule -serialize-diagnostics -dependency-scan-serialize-diagnostics-path /Users/admin/builder/spi-builder-workspace/.derivedData/Build/Intermediates.noindex/snap-foundation.build/Debug-watchos/SnapFoundation-t.build/Objects-normal/arm64/SnapFoundation-dependency-scan.dia -validate-clang-modules-once -clang-build-session-file /Users/admin/builder/spi-builder-workspace/.derivedData/ModuleCache.noindex/Session.modulevalidation -Xcc -fmodules-prune-interval\=86400 -Xcc -fmodules-prune-after\=345600 -package-name snap_foundation -emit-const-values -const-gather-protocols-list /Users/admin/builder/spi-builder-workspace/.derivedData/Build/Intermediates.noindex/snap-foundation.build/Debug-watchos/SnapFoundation-t.build/Objects-normal/arm64/SnapFoundation_const_extract_protocols.json -Xcc -I/Users/admin/builder/spi-builder-workspace/.derivedData/Build/Products/Debug-watchos/include -Xcc -I/Users/admin/builder/spi-builder-workspace/.derivedData/Build/Intermediates.noindex/snap-foundation.build/Debug-watchos/SnapFoundation-t.build/DerivedSources-normal/arm64 -Xcc -I/Users/admin/builder/spi-builder-workspace/.derivedData/Build/Intermediates.noindex/snap-foundation.build/Debug-watchos/SnapFoundation-t.build/DerivedSources/arm64 -Xcc -I/Users/admin/builder/spi-builder-workspace/.derivedData/Build/Intermediates.noindex/snap-foundation.build/Debug-watchos/SnapFoundation-t.build/DerivedSources -Xcc -DSWIFT_PACKAGE -Xcc -DDEBUG\=1 -emit-objc-header -emit-objc-header-path /Users/admin/builder/spi-builder-workspace/.derivedData/Build/Intermediates.noindex/snap-foundation.build/Debug-watchos/SnapFoundation-t.build/Objects-normal/arm64/SnapFoundation-Swift.h -working-directory /Users/admin/builder/spi-builder-workspace/.swiftpm/xcode -experimental-emit-module-separately -disable-cmo
SwiftCompile normal arm64 Compiling\ CGFloat+Rounding.swift,\ CGSize+Adjusted.swift,\ CGSize+Description.swift /Users/admin/builder/spi-builder-workspace/.dependencies/checkouts/snap-foundation/Sources/SnapFoundation/CoreFoundation/CGFloat+Rounding.swift /Users/admin/builder/spi-builder-workspace/.dependencies/checkouts/snap-foundation/Sources/SnapFoundation/CoreFoundation/CGSize+Adjusted.swift /Users/admin/builder/spi-builder-workspace/.dependencies/checkouts/snap-foundation/Sources/SnapFoundation/CoreFoundation/CGSize+Description.swift (in target 'SnapFoundation' from project 'snap-foundation')
SwiftCompile normal arm64 /Users/admin/builder/spi-builder-workspace/.dependencies/checkouts/snap-foundation/Sources/SnapFoundation/CoreFoundation/CGFloat+Rounding.swift (in target 'SnapFoundation' from project 'snap-foundation')
cd /Users/admin/builder/spi-builder-workspace/.swiftpm/xcode
builtin-SwiftPerFileCompile CGFloat+Rounding.swift
SwiftCompile normal arm64 /Users/admin/builder/spi-builder-workspace/.dependencies/checkouts/snap-foundation/Sources/SnapFoundation/CoreFoundation/CGSize+Adjusted.swift (in target 'SnapFoundation' from project 'snap-foundation')
cd /Users/admin/builder/spi-builder-workspace/.swiftpm/xcode
builtin-SwiftPerFileCompile CGSize+Adjusted.swift
SwiftCompile normal arm64 /Users/admin/builder/spi-builder-workspace/.dependencies/checkouts/snap-foundation/Sources/SnapFoundation/CoreFoundation/CGSize+Description.swift (in target 'SnapFoundation' from project 'snap-foundation')
cd /Users/admin/builder/spi-builder-workspace/.swiftpm/xcode
builtin-SwiftPerFileCompile CGSize+Description.swift
SwiftMergeGeneratedHeaders /Users/admin/builder/spi-builder-workspace/.derivedData/Build/Intermediates.noindex/GeneratedModuleMaps-watchos/SnapFoundation-Swift.h /Users/admin/builder/spi-builder-workspace/.derivedData/Build/Intermediates.noindex/snap-foundation.build/Debug-watchos/SnapFoundation-t.build/Objects-normal/arm64/SnapFoundation-Swift.h /Users/admin/builder/spi-builder-workspace/.derivedData/Build/Intermediates.noindex/snap-foundation.build/Debug-watchos/SnapFoundation-t.build/Objects-normal/arm64_32/SnapFoundation-Swift.h (in target 'SnapFoundation' from project 'snap-foundation')
cd /Users/admin/builder/spi-builder-workspace/.dependencies/checkouts/snap-foundation
builtin-swiftHeaderTool -arch arm64 /Users/admin/builder/spi-builder-workspace/.derivedData/Build/Intermediates.noindex/snap-foundation.build/Debug-watchos/SnapFoundation-t.build/Objects-normal/arm64/SnapFoundation-Swift.h -arch arm64_32 /Users/admin/builder/spi-builder-workspace/.derivedData/Build/Intermediates.noindex/snap-foundation.build/Debug-watchos/SnapFoundation-t.build/Objects-normal/arm64_32/SnapFoundation-Swift.h -o /Users/admin/builder/spi-builder-workspace/.derivedData/Build/Intermediates.noindex/GeneratedModuleMaps-watchos/SnapFoundation-Swift.h
SwiftDriverJobDiscovery normal arm64_32 Compiling Dictionary+Updated.swift, Set+Insert.swift (in target 'SnapFoundation' from project 'snap-foundation')
Copy /Users/admin/builder/spi-builder-workspace/.derivedData/Build/Products/Debug-watchos/SnapFoundation.swiftmodule/arm64_32-apple-watchos.swiftmodule /Users/admin/builder/spi-builder-workspace/.derivedData/Build/Intermediates.noindex/snap-foundation.build/Debug-watchos/SnapFoundation-t.build/Objects-normal/arm64_32/SnapFoundation.swiftmodule (in target 'SnapFoundation' from project 'snap-foundation')
cd /Users/admin/builder/spi-builder-workspace/.dependencies/checkouts/snap-foundation
builtin-copy -exclude .DS_Store -exclude CVS -exclude .svn -exclude .git -exclude .hg -resolve-src-symlinks -rename /Users/admin/builder/spi-builder-workspace/.derivedData/Build/Intermediates.noindex/snap-foundation.build/Debug-watchos/SnapFoundation-t.build/Objects-normal/arm64_32/SnapFoundation.swiftmodule /Users/admin/builder/spi-builder-workspace/.derivedData/Build/Products/Debug-watchos/SnapFoundation.swiftmodule/arm64_32-apple-watchos.swiftmodule
Copy /Users/admin/builder/spi-builder-workspace/.derivedData/Build/Products/Debug-watchos/SnapFoundation.swiftmodule/arm64_32-apple-watchos.swiftdoc /Users/admin/builder/spi-builder-workspace/.derivedData/Build/Intermediates.noindex/snap-foundation.build/Debug-watchos/SnapFoundation-t.build/Objects-normal/arm64_32/SnapFoundation.swiftdoc (in target 'SnapFoundation' from project 'snap-foundation')
cd /Users/admin/builder/spi-builder-workspace/.dependencies/checkouts/snap-foundation
builtin-copy -exclude .DS_Store -exclude CVS -exclude .svn -exclude .git -exclude .hg -resolve-src-symlinks -rename /Users/admin/builder/spi-builder-workspace/.derivedData/Build/Intermediates.noindex/snap-foundation.build/Debug-watchos/SnapFoundation-t.build/Objects-normal/arm64_32/SnapFoundation.swiftdoc /Users/admin/builder/spi-builder-workspace/.derivedData/Build/Products/Debug-watchos/SnapFoundation.swiftmodule/arm64_32-apple-watchos.swiftdoc
Copy /Users/admin/builder/spi-builder-workspace/.derivedData/Build/Products/Debug-watchos/SnapFoundation.swiftmodule/arm64_32-apple-watchos.abi.json /Users/admin/builder/spi-builder-workspace/.derivedData/Build/Intermediates.noindex/snap-foundation.build/Debug-watchos/SnapFoundation-t.build/Objects-normal/arm64_32/SnapFoundation.abi.json (in target 'SnapFoundation' from project 'snap-foundation')
cd /Users/admin/builder/spi-builder-workspace/.dependencies/checkouts/snap-foundation
builtin-copy -exclude .DS_Store -exclude CVS -exclude .svn -exclude .git -exclude .hg -resolve-src-symlinks -rename /Users/admin/builder/spi-builder-workspace/.derivedData/Build/Intermediates.noindex/snap-foundation.build/Debug-watchos/SnapFoundation-t.build/Objects-normal/arm64_32/SnapFoundation.abi.json /Users/admin/builder/spi-builder-workspace/.derivedData/Build/Products/Debug-watchos/SnapFoundation.swiftmodule/arm64_32-apple-watchos.abi.json
SwiftDriverJobDiscovery normal arm64_32 Compiling Array+Unique.swift, Collection+Helper.swift (in target 'SnapFoundation' from project 'snap-foundation')
Copy /Users/admin/builder/spi-builder-workspace/.derivedData/Build/Products/Debug-watchos/SnapFoundation.swiftmodule/arm64-apple-watchos.swiftmodule /Users/admin/builder/spi-builder-workspace/.derivedData/Build/Intermediates.noindex/snap-foundation.build/Debug-watchos/SnapFoundation-t.build/Objects-normal/arm64/SnapFoundation.swiftmodule (in target 'SnapFoundation' from project 'snap-foundation')
cd /Users/admin/builder/spi-builder-workspace/.dependencies/checkouts/snap-foundation
builtin-copy -exclude .DS_Store -exclude CVS -exclude .svn -exclude .git -exclude .hg -resolve-src-symlinks -rename /Users/admin/builder/spi-builder-workspace/.derivedData/Build/Intermediates.noindex/snap-foundation.build/Debug-watchos/SnapFoundation-t.build/Objects-normal/arm64/SnapFoundation.swiftmodule /Users/admin/builder/spi-builder-workspace/.derivedData/Build/Products/Debug-watchos/SnapFoundation.swiftmodule/arm64-apple-watchos.swiftmodule
Copy /Users/admin/builder/spi-builder-workspace/.derivedData/Build/Products/Debug-watchos/SnapFoundation.swiftmodule/arm64-apple-watchos.swiftdoc /Users/admin/builder/spi-builder-workspace/.derivedData/Build/Intermediates.noindex/snap-foundation.build/Debug-watchos/SnapFoundation-t.build/Objects-normal/arm64/SnapFoundation.swiftdoc (in target 'SnapFoundation' from project 'snap-foundation')
cd /Users/admin/builder/spi-builder-workspace/.dependencies/checkouts/snap-foundation
builtin-copy -exclude .DS_Store -exclude CVS -exclude .svn -exclude .git -exclude .hg -resolve-src-symlinks -rename /Users/admin/builder/spi-builder-workspace/.derivedData/Build/Intermediates.noindex/snap-foundation.build/Debug-watchos/SnapFoundation-t.build/Objects-normal/arm64/SnapFoundation.swiftdoc /Users/admin/builder/spi-builder-workspace/.derivedData/Build/Products/Debug-watchos/SnapFoundation.swiftmodule/arm64-apple-watchos.swiftdoc
Copy /Users/admin/builder/spi-builder-workspace/.derivedData/Build/Products/Debug-watchos/SnapFoundation.swiftmodule/arm64-apple-watchos.abi.json /Users/admin/builder/spi-builder-workspace/.derivedData/Build/Intermediates.noindex/snap-foundation.build/Debug-watchos/SnapFoundation-t.build/Objects-normal/arm64/SnapFoundation.abi.json (in target 'SnapFoundation' from project 'snap-foundation')
cd /Users/admin/builder/spi-builder-workspace/.dependencies/checkouts/snap-foundation
builtin-copy -exclude .DS_Store -exclude CVS -exclude .svn -exclude .git -exclude .hg -resolve-src-symlinks -rename /Users/admin/builder/spi-builder-workspace/.derivedData/Build/Intermediates.noindex/snap-foundation.build/Debug-watchos/SnapFoundation-t.build/Objects-normal/arm64/SnapFoundation.abi.json /Users/admin/builder/spi-builder-workspace/.derivedData/Build/Products/Debug-watchos/SnapFoundation.swiftmodule/arm64-apple-watchos.abi.json
Copy /Users/admin/builder/spi-builder-workspace/.derivedData/Build/Products/Debug-watchos/SnapFoundation.swiftmodule/Project/arm64_32-apple-watchos.swiftsourceinfo /Users/admin/builder/spi-builder-workspace/.derivedData/Build/Intermediates.noindex/snap-foundation.build/Debug-watchos/SnapFoundation-t.build/Objects-normal/arm64_32/SnapFoundation.swiftsourceinfo (in target 'SnapFoundation' from project 'snap-foundation')
cd /Users/admin/builder/spi-builder-workspace/.dependencies/checkouts/snap-foundation
builtin-copy -exclude .DS_Store -exclude CVS -exclude .svn -exclude .git -exclude .hg -resolve-src-symlinks -rename /Users/admin/builder/spi-builder-workspace/.derivedData/Build/Intermediates.noindex/snap-foundation.build/Debug-watchos/SnapFoundation-t.build/Objects-normal/arm64_32/SnapFoundation.swiftsourceinfo /Users/admin/builder/spi-builder-workspace/.derivedData/Build/Products/Debug-watchos/SnapFoundation.swiftmodule/Project/arm64_32-apple-watchos.swiftsourceinfo
SwiftDriverJobDiscovery normal arm64 Compiling CGFloat+Rounding.swift, CGSize+Adjusted.swift, CGSize+Description.swift (in target 'SnapFoundation' from project 'snap-foundation')
Copy /Users/admin/builder/spi-builder-workspace/.derivedData/Build/Products/Debug-watchos/SnapFoundation.swiftmodule/Project/arm64-apple-watchos.swiftsourceinfo /Users/admin/builder/spi-builder-workspace/.derivedData/Build/Intermediates.noindex/snap-foundation.build/Debug-watchos/SnapFoundation-t.build/Objects-normal/arm64/SnapFoundation.swiftsourceinfo (in target 'SnapFoundation' from project 'snap-foundation')
cd /Users/admin/builder/spi-builder-workspace/.dependencies/checkouts/snap-foundation
builtin-copy -exclude .DS_Store -exclude CVS -exclude .svn -exclude .git -exclude .hg -resolve-src-symlinks -rename /Users/admin/builder/spi-builder-workspace/.derivedData/Build/Intermediates.noindex/snap-foundation.build/Debug-watchos/SnapFoundation-t.build/Objects-normal/arm64/SnapFoundation.swiftsourceinfo /Users/admin/builder/spi-builder-workspace/.derivedData/Build/Products/Debug-watchos/SnapFoundation.swiftmodule/Project/arm64-apple-watchos.swiftsourceinfo
SwiftCompile normal arm64 Compiling\ FontWidth+CaseIterable.swift,\ FontWidth+Description.swift /Users/admin/builder/spi-builder-workspace/.dependencies/checkouts/snap-foundation/Sources/SnapFoundation/SwiftUI+UIKit/FontWidth+CaseIterable.swift /Users/admin/builder/spi-builder-workspace/.dependencies/checkouts/snap-foundation/Sources/SnapFoundation/SwiftUI+UIKit/FontWidth+Description.swift (in target 'SnapFoundation' from project 'snap-foundation')
SwiftCompile normal arm64 /Users/admin/builder/spi-builder-workspace/.dependencies/checkouts/snap-foundation/Sources/SnapFoundation/SwiftUI+UIKit/FontWidth+CaseIterable.swift (in target 'SnapFoundation' from project 'snap-foundation')
cd /Users/admin/builder/spi-builder-workspace/.swiftpm/xcode
builtin-SwiftPerFileCompile FontWidth+CaseIterable.swift
SwiftCompile normal arm64 /Users/admin/builder/spi-builder-workspace/.dependencies/checkouts/snap-foundation/Sources/SnapFoundation/SwiftUI+UIKit/FontWidth+Description.swift (in target 'SnapFoundation' from project 'snap-foundation')
cd /Users/admin/builder/spi-builder-workspace/.swiftpm/xcode
builtin-SwiftPerFileCompile FontWidth+Description.swift
SwiftCompile normal arm64 Compiling\ Font.Weight+UIFont.Weight.swift,\ Font.Width+UIFont.Width.swift /Users/admin/builder/spi-builder-workspace/.dependencies/checkouts/snap-foundation/Sources/SnapFoundation/SwiftUI+UIKit/Font.Weight+UIFont.Weight.swift /Users/admin/builder/spi-builder-workspace/.dependencies/checkouts/snap-foundation/Sources/SnapFoundation/SwiftUI+UIKit/Font.Width+UIFont.Width.swift (in target 'SnapFoundation' from project 'snap-foundation')
SwiftCompile normal arm64 /Users/admin/builder/spi-builder-workspace/.dependencies/checkouts/snap-foundation/Sources/SnapFoundation/SwiftUI+UIKit/Font.Weight+UIFont.Weight.swift (in target 'SnapFoundation' from project 'snap-foundation')
cd /Users/admin/builder/spi-builder-workspace/.swiftpm/xcode
builtin-SwiftPerFileCompile Font.Weight+UIFont.Weight.swift
SwiftCompile normal arm64 /Users/admin/builder/spi-builder-workspace/.dependencies/checkouts/snap-foundation/Sources/SnapFoundation/SwiftUI+UIKit/Font.Width+UIFont.Width.swift (in target 'SnapFoundation' from project 'snap-foundation')
cd /Users/admin/builder/spi-builder-workspace/.swiftpm/xcode
builtin-SwiftPerFileCompile Font.Width+UIFont.Width.swift
SwiftCompile normal arm64 Compiling\ FontDesign+CaseIterable.swift,\ FontDesign+Description.swift /Users/admin/builder/spi-builder-workspace/.dependencies/checkouts/snap-foundation/Sources/SnapFoundation/SwiftUI+UIKit/FontDesign+CaseIterable.swift /Users/admin/builder/spi-builder-workspace/.dependencies/checkouts/snap-foundation/Sources/SnapFoundation/SwiftUI+UIKit/FontDesign+Description.swift (in target 'SnapFoundation' from project 'snap-foundation')
SwiftCompile normal arm64 /Users/admin/builder/spi-builder-workspace/.dependencies/checkouts/snap-foundation/Sources/SnapFoundation/SwiftUI+UIKit/FontDesign+CaseIterable.swift (in target 'SnapFoundation' from project 'snap-foundation')
cd /Users/admin/builder/spi-builder-workspace/.swiftpm/xcode
builtin-SwiftPerFileCompile FontDesign+CaseIterable.swift
SwiftCompile normal arm64 /Users/admin/builder/spi-builder-workspace/.dependencies/checkouts/snap-foundation/Sources/SnapFoundation/SwiftUI+UIKit/FontDesign+Description.swift (in target 'SnapFoundation' from project 'snap-foundation')
cd /Users/admin/builder/spi-builder-workspace/.swiftpm/xcode
builtin-SwiftPerFileCompile FontDesign+Description.swift
SwiftCompile normal arm64 Compiling\ EdgeInsets+Helper.swift,\ Font.Design+UIFont.Design.swift /Users/admin/builder/spi-builder-workspace/.dependencies/checkouts/snap-foundation/Sources/SnapFoundation/SwiftUI+UIKit/EdgeInsets+Helper.swift /Users/admin/builder/spi-builder-workspace/.dependencies/checkouts/snap-foundation/Sources/SnapFoundation/SwiftUI+UIKit/Font.Design+UIFont.Design.swift (in target 'SnapFoundation' from project 'snap-foundation')
SwiftCompile normal arm64 /Users/admin/builder/spi-builder-workspace/.dependencies/checkouts/snap-foundation/Sources/SnapFoundation/SwiftUI+UIKit/EdgeInsets+Helper.swift (in target 'SnapFoundation' from project 'snap-foundation')
cd /Users/admin/builder/spi-builder-workspace/.swiftpm/xcode
builtin-SwiftPerFileCompile EdgeInsets+Helper.swift
SwiftCompile normal arm64 /Users/admin/builder/spi-builder-workspace/.dependencies/checkouts/snap-foundation/Sources/SnapFoundation/SwiftUI+UIKit/Font.Design+UIFont.Design.swift (in target 'SnapFoundation' from project 'snap-foundation')
cd /Users/admin/builder/spi-builder-workspace/.swiftpm/xcode
builtin-SwiftPerFileCompile Font.Design+UIFont.Design.swift
SwiftDriverJobDiscovery normal arm64_32 Compiling OSLog+Logger.swift, ProcessInfo+isPreview.swift (in target 'SnapFoundation' from project 'snap-foundation')
SwiftCompile normal arm64 Compiling\ Array+Unique.swift,\ Collection+Helper.swift /Users/admin/builder/spi-builder-workspace/.dependencies/checkouts/snap-foundation/Sources/SnapFoundation/CoreFoundation/Collections/Array+Unique.swift /Users/admin/builder/spi-builder-workspace/.dependencies/checkouts/snap-foundation/Sources/SnapFoundation/CoreFoundation/Collections/Collection+Helper.swift (in target 'SnapFoundation' from project 'snap-foundation')
SwiftCompile normal arm64 /Users/admin/builder/spi-builder-workspace/.dependencies/checkouts/snap-foundation/Sources/SnapFoundation/CoreFoundation/Collections/Array+Unique.swift (in target 'SnapFoundation' from project 'snap-foundation')
cd /Users/admin/builder/spi-builder-workspace/.swiftpm/xcode
builtin-SwiftPerFileCompile Array+Unique.swift
SwiftCompile normal arm64 /Users/admin/builder/spi-builder-workspace/.dependencies/checkouts/snap-foundation/Sources/SnapFoundation/CoreFoundation/Collections/Collection+Helper.swift (in target 'SnapFoundation' from project 'snap-foundation')
cd /Users/admin/builder/spi-builder-workspace/.swiftpm/xcode
builtin-SwiftPerFileCompile Collection+Helper.swift
SwiftDriverJobDiscovery normal arm64 Compiling FontDesign+CaseIterable.swift, FontDesign+Description.swift (in target 'SnapFoundation' from project 'snap-foundation')
SwiftDriverJobDiscovery normal arm64 Compiling EdgeInsets+Helper.swift, Font.Design+UIFont.Design.swift (in target 'SnapFoundation' from project 'snap-foundation')
SwiftCompile normal arm64 Compiling\ OSLog+Logger.swift,\ ProcessInfo+isPreview.swift /Users/admin/builder/spi-builder-workspace/.dependencies/checkouts/snap-foundation/Sources/SnapFoundation/OSLog+Logger.swift /Users/admin/builder/spi-builder-workspace/.dependencies/checkouts/snap-foundation/Sources/SnapFoundation/ProcessInfo+isPreview.swift (in target 'SnapFoundation' from project 'snap-foundation')
SwiftCompile normal arm64 /Users/admin/builder/spi-builder-workspace/.dependencies/checkouts/snap-foundation/Sources/SnapFoundation/OSLog+Logger.swift (in target 'SnapFoundation' from project 'snap-foundation')
cd /Users/admin/builder/spi-builder-workspace/.swiftpm/xcode
builtin-SwiftPerFileCompile OSLog+Logger.swift
SwiftCompile normal arm64 /Users/admin/builder/spi-builder-workspace/.dependencies/checkouts/snap-foundation/Sources/SnapFoundation/ProcessInfo+isPreview.swift (in target 'SnapFoundation' from project 'snap-foundation')
cd /Users/admin/builder/spi-builder-workspace/.swiftpm/xcode
builtin-SwiftPerFileCompile ProcessInfo+isPreview.swift
SwiftCompile normal arm64 Compiling\ Dictionary+Updated.swift,\ Set+Insert.swift /Users/admin/builder/spi-builder-workspace/.dependencies/checkouts/snap-foundation/Sources/SnapFoundation/CoreFoundation/Collections/Dictionary+Updated.swift /Users/admin/builder/spi-builder-workspace/.dependencies/checkouts/snap-foundation/Sources/SnapFoundation/CoreFoundation/Collections/Set+Insert.swift (in target 'SnapFoundation' from project 'snap-foundation')
SwiftCompile normal arm64 /Users/admin/builder/spi-builder-workspace/.dependencies/checkouts/snap-foundation/Sources/SnapFoundation/CoreFoundation/Collections/Dictionary+Updated.swift (in target 'SnapFoundation' from project 'snap-foundation')
cd /Users/admin/builder/spi-builder-workspace/.swiftpm/xcode
builtin-SwiftPerFileCompile Dictionary+Updated.swift
SwiftCompile normal arm64 /Users/admin/builder/spi-builder-workspace/.dependencies/checkouts/snap-foundation/Sources/SnapFoundation/CoreFoundation/Collections/Set+Insert.swift (in target 'SnapFoundation' from project 'snap-foundation')
cd /Users/admin/builder/spi-builder-workspace/.swiftpm/xcode
builtin-SwiftPerFileCompile Set+Insert.swift
SwiftCompile normal arm64 Compiling\ AnyInsettableShape.swift,\ CGRect+Inset.swift /Users/admin/builder/spi-builder-workspace/.dependencies/checkouts/snap-foundation/Sources/SnapFoundation/SwiftUI+UIKit/AnyInsettableShape.swift /Users/admin/builder/spi-builder-workspace/.dependencies/checkouts/snap-foundation/Sources/SnapFoundation/SwiftUI+UIKit/CGRect+Inset.swift (in target 'SnapFoundation' from project 'snap-foundation')
SwiftCompile normal arm64 /Users/admin/builder/spi-builder-workspace/.dependencies/checkouts/snap-foundation/Sources/SnapFoundation/SwiftUI+UIKit/AnyInsettableShape.swift (in target 'SnapFoundation' from project 'snap-foundation')
cd /Users/admin/builder/spi-builder-workspace/.swiftpm/xcode
builtin-SwiftPerFileCompile AnyInsettableShape.swift
SwiftCompile normal arm64 /Users/admin/builder/spi-builder-workspace/.dependencies/checkouts/snap-foundation/Sources/SnapFoundation/SwiftUI+UIKit/CGRect+Inset.swift (in target 'SnapFoundation' from project 'snap-foundation')
cd /Users/admin/builder/spi-builder-workspace/.swiftpm/xcode
builtin-SwiftPerFileCompile CGRect+Inset.swift
SwiftDriverJobDiscovery normal arm64 Compiling FontWidth+CaseIterable.swift, FontWidth+Description.swift (in target 'SnapFoundation' from project 'snap-foundation')
SwiftDriverJobDiscovery normal arm64 Compiling Font.Weight+UIFont.Weight.swift, Font.Width+UIFont.Width.swift (in target 'SnapFoundation' from project 'snap-foundation')
SwiftDriverJobDiscovery normal arm64_32 Compiling FontDesign+CaseIterable.swift, FontDesign+Description.swift (in target 'SnapFoundation' from project 'snap-foundation')
SwiftCompile normal arm64 Compiling\ View+ColorScheme.swift,\ ViewModifierConditional.swift /Users/admin/builder/spi-builder-workspace/.dependencies/checkouts/snap-foundation/Sources/SnapFoundation/SwiftUI+UIKit/View+ColorScheme.swift /Users/admin/builder/spi-builder-workspace/.dependencies/checkouts/snap-foundation/Sources/SnapFoundation/SwiftUI+UIKit/ViewModifierConditional.swift (in target 'SnapFoundation' from project 'snap-foundation')
SwiftCompile normal arm64 /Users/admin/builder/spi-builder-workspace/.dependencies/checkouts/snap-foundation/Sources/SnapFoundation/SwiftUI+UIKit/View+ColorScheme.swift (in target 'SnapFoundation' from project 'snap-foundation')
cd /Users/admin/builder/spi-builder-workspace/.swiftpm/xcode
builtin-SwiftPerFileCompile View+ColorScheme.swift
SwiftCompile normal arm64 /Users/admin/builder/spi-builder-workspace/.dependencies/checkouts/snap-foundation/Sources/SnapFoundation/SwiftUI+UIKit/ViewModifierConditional.swift (in target 'SnapFoundation' from project 'snap-foundation')
cd /Users/admin/builder/spi-builder-workspace/.swiftpm/xcode
builtin-SwiftPerFileCompile ViewModifierConditional.swift
SwiftDriverJobDiscovery normal arm64_32 Compiling EdgeInsets+Helper.swift, Font.Design+UIFont.Design.swift (in target 'SnapFoundation' from project 'snap-foundation')
SwiftCompile normal arm64_32 Compiling\ CGFloat+Rounding.swift,\ CGSize+Adjusted.swift,\ CGSize+Description.swift /Users/admin/builder/spi-builder-workspace/.dependencies/checkouts/snap-foundation/Sources/SnapFoundation/CoreFoundation/CGFloat+Rounding.swift /Users/admin/builder/spi-builder-workspace/.dependencies/checkouts/snap-foundation/Sources/SnapFoundation/CoreFoundation/CGSize+Adjusted.swift /Users/admin/builder/spi-builder-workspace/.dependencies/checkouts/snap-foundation/Sources/SnapFoundation/CoreFoundation/CGSize+Description.swift (in target 'SnapFoundation' from project 'snap-foundation')
SwiftCompile normal arm64_32 /Users/admin/builder/spi-builder-workspace/.dependencies/checkouts/snap-foundation/Sources/SnapFoundation/CoreFoundation/CGFloat+Rounding.swift (in target 'SnapFoundation' from project 'snap-foundation')
cd /Users/admin/builder/spi-builder-workspace/.swiftpm/xcode
builtin-SwiftPerFileCompile CGFloat+Rounding.swift
SwiftCompile normal arm64_32 /Users/admin/builder/spi-builder-workspace/.dependencies/checkouts/snap-foundation/Sources/SnapFoundation/CoreFoundation/CGSize+Adjusted.swift (in target 'SnapFoundation' from project 'snap-foundation')
cd /Users/admin/builder/spi-builder-workspace/.swiftpm/xcode
builtin-SwiftPerFileCompile CGSize+Adjusted.swift
SwiftCompile normal arm64_32 /Users/admin/builder/spi-builder-workspace/.dependencies/checkouts/snap-foundation/Sources/SnapFoundation/CoreFoundation/CGSize+Description.swift (in target 'SnapFoundation' from project 'snap-foundation')
cd /Users/admin/builder/spi-builder-workspace/.swiftpm/xcode
builtin-SwiftPerFileCompile CGSize+Description.swift
SwiftDriverJobDiscovery normal arm64_32 Compiling AnyInsettableShape.swift, CGRect+Inset.swift (in target 'SnapFoundation' from project 'snap-foundation')
SwiftDriverJobDiscovery normal arm64_32 Compiling FontWidth+CaseIterable.swift, FontWidth+Description.swift (in target 'SnapFoundation' from project 'snap-foundation')
SwiftDriverJobDiscovery normal arm64_32 Compiling View+ColorScheme.swift, ViewModifierConditional.swift (in target 'SnapFoundation' from project 'snap-foundation')
SwiftDriverJobDiscovery normal arm64_32 Compiling Font.Weight+UIFont.Weight.swift, Font.Width+UIFont.Width.swift (in target 'SnapFoundation' from project 'snap-foundation')
SwiftDriver SnapNavigation normal arm64_32 com.apple.xcode.tools.swift.compiler (in target 'SnapNavigation' from project 'snap-navigation')
cd /Users/admin/builder/spi-builder-workspace/.swiftpm/xcode
builtin-SwiftDriver -- /Applications/Xcode-27.0.0-Release.Candidate.app/Contents/Developer/Toolchains/XcodeDefault.xctoolchain/usr/bin/swiftc -parse-as-library -module-name SnapNavigation -Onone @/Users/admin/builder/spi-builder-workspace/.derivedData/Build/Intermediates.noindex/snap-navigation.build/Debug-watchos/SnapNavigation-t.build/Objects-normal/arm64_32/SnapNavigation.SwiftFileList -DSWIFT_PACKAGE -DDEBUG -DSWIFT_MODULE_RESOURCE_BUNDLE_UNAVAILABLE -DXcode -plugin-path /Applications/Xcode-27.0.0-Release.Candidate.app/Contents/Developer/Toolchains/XcodeDefault.xctoolchain/usr/lib/swift/host/plugins/testing -enable-experimental-feature DebugDescriptionMacro -sdk /Applications/Xcode-27.0.0-Release.Candidate.app/Contents/Developer/Platforms/WatchOS.platform/Developer/SDKs/WatchOS27.0.sdk -target arm64_32-apple-watchos11.0 -g -module-cache-path /Users/admin/builder/spi-builder-workspace/.derivedData/ModuleCache.noindex -Xfrontend -serialize-debugging-options -enable-testing -index-store-path /Users/admin/builder/spi-builder-workspace/.derivedData/Index.noindex/DataStore -Xcc -D_LIBCPP_HARDENING_MODE\=_LIBCPP_HARDENING_MODE_DEBUG -swift-version 6 -I /Users/admin/builder/spi-builder-workspace/.derivedData/Build/Products/Debug-watchos -Isystem /Applications/Xcode-27.0.0-Release.Candidate.app/Contents/Developer/Platforms/WatchOS.platform/Developer/usr/lib -F /Users/admin/builder/spi-builder-workspace/.derivedData/Build/Products/Debug-watchos/PackageFrameworks -F /Users/admin/builder/spi-builder-workspace/.derivedData/Build/Products/Debug-watchos -F /Applications/Xcode-27.0.0-Release.Candidate.app/Contents/Developer/Platforms/WatchOS.platform/Developer/Library/Frameworks -F /Applications/Xcode-27.0.0-Release.Candidate.app/Contents/Developer/Platforms/WatchOS.platform/Developer/SDKs/WatchOS27.0.sdk/Developer/Library/Frameworks -c -j10 -enable-batch-mode -incremental -Xcc -ivfsstatcache -Xcc /Users/admin/builder/spi-builder-workspace/.derivedData/SDKStatCaches.noindex/watchos27.0-24R360-e829b21a6f8c9b70876ba0858053c04477534ef55a1706bf4c1112bbb242f0a2.sdkstatcache -output-file-map /Users/admin/builder/spi-builder-workspace/.derivedData/Build/Intermediates.noindex/snap-navigation.build/Debug-watchos/SnapNavigation-t.build/Objects-normal/arm64_32/SnapNavigation-OutputFileMap.json -save-temps -no-color-diagnostics -explicit-module-build -module-cache-path /Users/admin/builder/spi-builder-workspace/.derivedData/Build/Intermediates.noindex/SwiftExplicitPrecompiledModules -clang-scanner-module-cache-path /Users/admin/builder/spi-builder-workspace/.derivedData/ModuleCache.noindex -sdk-module-cache-path /Users/admin/builder/spi-builder-workspace/.derivedData/SDKExplicitPrecompiledModules -emit-dependencies -emit-module -emit-module-path /Users/admin/builder/spi-builder-workspace/.derivedData/Build/Intermediates.noindex/snap-navigation.build/Debug-watchos/SnapNavigation-t.build/Objects-normal/arm64_32/SnapNavigation.swiftmodule -serialize-diagnostics -dependency-scan-serialize-diagnostics-path /Users/admin/builder/spi-builder-workspace/.derivedData/Build/Intermediates.noindex/snap-navigation.build/Debug-watchos/SnapNavigation-t.build/Objects-normal/arm64_32/SnapNavigation-dependency-scan.dia -validate-clang-modules-once -clang-build-session-file /Users/admin/builder/spi-builder-workspace/.derivedData/ModuleCache.noindex/Session.modulevalidation -Xcc -fmodules-prune-interval\=86400 -Xcc -fmodules-prune-after\=345600 -package-name spi_builder_workspace -emit-const-values -const-gather-protocols-list /Users/admin/builder/spi-builder-workspace/.derivedData/Build/Intermediates.noindex/snap-navigation.build/Debug-watchos/SnapNavigation-t.build/Objects-normal/arm64_32/SnapNavigation_const_extract_protocols.json -Xcc -I/Users/admin/builder/spi-builder-workspace/.derivedData/Build/Products/Debug-watchos/include -Xcc -I/Users/admin/builder/spi-builder-workspace/.derivedData/Build/Intermediates.noindex/snap-navigation.build/Debug-watchos/SnapNavigation-t.build/DerivedSources-normal/arm64_32 -Xcc -I/Users/admin/builder/spi-builder-workspace/.derivedData/Build/Intermediates.noindex/snap-navigation.build/Debug-watchos/SnapNavigation-t.build/DerivedSources/arm64_32 -Xcc -I/Users/admin/builder/spi-builder-workspace/.derivedData/Build/Intermediates.noindex/snap-navigation.build/Debug-watchos/SnapNavigation-t.build/DerivedSources -Xcc -DSWIFT_PACKAGE -Xcc -DDEBUG\=1 -emit-objc-header -emit-objc-header-path /Users/admin/builder/spi-builder-workspace/.derivedData/Build/Intermediates.noindex/snap-navigation.build/Debug-watchos/SnapNavigation-t.build/Objects-normal/arm64_32/SnapNavigation-Swift.h -working-directory /Users/admin/builder/spi-builder-workspace/.swiftpm/xcode -experimental-emit-module-separately -disable-cmo
SwiftDriver SnapNavigation normal arm64 com.apple.xcode.tools.swift.compiler (in target 'SnapNavigation' from project 'snap-navigation')
cd /Users/admin/builder/spi-builder-workspace/.swiftpm/xcode
builtin-SwiftDriver -- /Applications/Xcode-27.0.0-Release.Candidate.app/Contents/Developer/Toolchains/XcodeDefault.xctoolchain/usr/bin/swiftc -parse-as-library -module-name SnapNavigation -Onone @/Users/admin/builder/spi-builder-workspace/.derivedData/Build/Intermediates.noindex/snap-navigation.build/Debug-watchos/SnapNavigation-t.build/Objects-normal/arm64/SnapNavigation.SwiftFileList -DSWIFT_PACKAGE -DDEBUG -DSWIFT_MODULE_RESOURCE_BUNDLE_UNAVAILABLE -DXcode -plugin-path /Applications/Xcode-27.0.0-Release.Candidate.app/Contents/Developer/Toolchains/XcodeDefault.xctoolchain/usr/lib/swift/host/plugins/testing -enable-experimental-feature DebugDescriptionMacro -sdk /Applications/Xcode-27.0.0-Release.Candidate.app/Contents/Developer/Platforms/WatchOS.platform/Developer/SDKs/WatchOS27.0.sdk -target arm64-apple-watchos11.0 -g -module-cache-path /Users/admin/builder/spi-builder-workspace/.derivedData/ModuleCache.noindex -Xfrontend -serialize-debugging-options -enable-testing -index-store-path /Users/admin/builder/spi-builder-workspace/.derivedData/Index.noindex/DataStore -Xcc -D_LIBCPP_HARDENING_MODE\=_LIBCPP_HARDENING_MODE_DEBUG -swift-version 6 -I /Users/admin/builder/spi-builder-workspace/.derivedData/Build/Products/Debug-watchos -Isystem /Applications/Xcode-27.0.0-Release.Candidate.app/Contents/Developer/Platforms/WatchOS.platform/Developer/usr/lib -F /Users/admin/builder/spi-builder-workspace/.derivedData/Build/Products/Debug-watchos/PackageFrameworks -F /Users/admin/builder/spi-builder-workspace/.derivedData/Build/Products/Debug-watchos -F /Applications/Xcode-27.0.0-Release.Candidate.app/Contents/Developer/Platforms/WatchOS.platform/Developer/Library/Frameworks -F /Applications/Xcode-27.0.0-Release.Candidate.app/Contents/Developer/Platforms/WatchOS.platform/Developer/SDKs/WatchOS27.0.sdk/Developer/Library/Frameworks -c -j10 -enable-batch-mode -incremental -Xcc -ivfsstatcache -Xcc /Users/admin/builder/spi-builder-workspace/.derivedData/SDKStatCaches.noindex/watchos27.0-24R360-e829b21a6f8c9b70876ba0858053c04477534ef55a1706bf4c1112bbb242f0a2.sdkstatcache -output-file-map /Users/admin/builder/spi-builder-workspace/.derivedData/Build/Intermediates.noindex/snap-navigation.build/Debug-watchos/SnapNavigation-t.build/Objects-normal/arm64/SnapNavigation-OutputFileMap.json -save-temps -no-color-diagnostics -explicit-module-build -module-cache-path /Users/admin/builder/spi-builder-workspace/.derivedData/Build/Intermediates.noindex/SwiftExplicitPrecompiledModules -clang-scanner-module-cache-path /Users/admin/builder/spi-builder-workspace/.derivedData/ModuleCache.noindex -sdk-module-cache-path /Users/admin/builder/spi-builder-workspace/.derivedData/SDKExplicitPrecompiledModules -emit-dependencies -emit-module -emit-module-path /Users/admin/builder/spi-builder-workspace/.derivedData/Build/Intermediates.noindex/snap-navigation.build/Debug-watchos/SnapNavigation-t.build/Objects-normal/arm64/SnapNavigation.swiftmodule -serialize-diagnostics -dependency-scan-serialize-diagnostics-path /Users/admin/builder/spi-builder-workspace/.derivedData/Build/Intermediates.noindex/snap-navigation.build/Debug-watchos/SnapNavigation-t.build/Objects-normal/arm64/SnapNavigation-dependency-scan.dia -validate-clang-modules-once -clang-build-session-file /Users/admin/builder/spi-builder-workspace/.derivedData/ModuleCache.noindex/Session.modulevalidation -Xcc -fmodules-prune-interval\=86400 -Xcc -fmodules-prune-after\=345600 -package-name spi_builder_workspace -emit-const-values -const-gather-protocols-list /Users/admin/builder/spi-builder-workspace/.derivedData/Build/Intermediates.noindex/snap-navigation.build/Debug-watchos/SnapNavigation-t.build/Objects-normal/arm64/SnapNavigation_const_extract_protocols.json -Xcc -I/Users/admin/builder/spi-builder-workspace/.derivedData/Build/Products/Debug-watchos/include -Xcc -I/Users/admin/builder/spi-builder-workspace/.derivedData/Build/Intermediates.noindex/snap-navigation.build/Debug-watchos/SnapNavigation-t.build/DerivedSources-normal/arm64 -Xcc -I/Users/admin/builder/spi-builder-workspace/.derivedData/Build/Intermediates.noindex/snap-navigation.build/Debug-watchos/SnapNavigation-t.build/DerivedSources/arm64 -Xcc -I/Users/admin/builder/spi-builder-workspace/.derivedData/Build/Intermediates.noindex/snap-navigation.build/Debug-watchos/SnapNavigation-t.build/DerivedSources -Xcc -DSWIFT_PACKAGE -Xcc -DDEBUG\=1 -emit-objc-header -emit-objc-header-path /Users/admin/builder/spi-builder-workspace/.derivedData/Build/Intermediates.noindex/snap-navigation.build/Debug-watchos/SnapNavigation-t.build/Objects-normal/arm64/SnapNavigation-Swift.h -working-directory /Users/admin/builder/spi-builder-workspace/.swiftpm/xcode -experimental-emit-module-separately -disable-cmo
SwiftDriverJobDiscovery normal arm64 Compiling Dictionary+Updated.swift, Set+Insert.swift (in target 'SnapFoundation' from project 'snap-foundation')
SwiftDriverJobDiscovery normal arm64 Compiling Array+Unique.swift, Collection+Helper.swift (in target 'SnapFoundation' from project 'snap-foundation')
SwiftDriverJobDiscovery normal arm64 Compiling OSLog+Logger.swift, ProcessInfo+isPreview.swift (in target 'SnapFoundation' from project 'snap-foundation')
SwiftDriverJobDiscovery normal arm64_32 Compiling CGFloat+Rounding.swift, CGSize+Adjusted.swift, CGSize+Description.swift (in target 'SnapFoundation' from project 'snap-foundation')
SwiftDriver\ Compilation SnapFoundation normal arm64_32 com.apple.xcode.tools.swift.compiler (in target 'SnapFoundation' from project 'snap-foundation')
cd /Users/admin/builder/spi-builder-workspace/.swiftpm/xcode
builtin-Swift-Compilation -- /Applications/Xcode-27.0.0-Release.Candidate.app/Contents/Developer/Toolchains/XcodeDefault.xctoolchain/usr/bin/swiftc -parse-as-library -module-name SnapFoundation -Onone @/Users/admin/builder/spi-builder-workspace/.derivedData/Build/Intermediates.noindex/snap-foundation.build/Debug-watchos/SnapFoundation-t.build/Objects-normal/arm64_32/SnapFoundation.SwiftFileList -DSWIFT_PACKAGE -DDEBUG -DSWIFT_MODULE_RESOURCE_BUNDLE_UNAVAILABLE -DXcode -plugin-path /Applications/Xcode-27.0.0-Release.Candidate.app/Contents/Developer/Toolchains/XcodeDefault.xctoolchain/usr/lib/swift/host/plugins/testing -enable-experimental-feature DebugDescriptionMacro -sdk /Applications/Xcode-27.0.0-Release.Candidate.app/Contents/Developer/Platforms/WatchOS.platform/Developer/SDKs/WatchOS27.0.sdk -target arm64_32-apple-watchos9.0 -g -module-cache-path /Users/admin/builder/spi-builder-workspace/.derivedData/ModuleCache.noindex -Xfrontend -serialize-debugging-options -enable-testing -suppress-warnings -index-store-path /Users/admin/builder/spi-builder-workspace/.derivedData/Index.noindex/DataStore -Xcc -D_LIBCPP_HARDENING_MODE\=_LIBCPP_HARDENING_MODE_DEBUG -swift-version 6 -I /Users/admin/builder/spi-builder-workspace/.derivedData/Build/Products/Debug-watchos -Isystem /Applications/Xcode-27.0.0-Release.Candidate.app/Contents/Developer/Platforms/WatchOS.platform/Developer/usr/lib -F /Users/admin/builder/spi-builder-workspace/.derivedData/Build/Products/Debug-watchos -F /Applications/Xcode-27.0.0-Release.Candidate.app/Contents/Developer/Platforms/WatchOS.platform/Developer/Library/Frameworks -F /Applications/Xcode-27.0.0-Release.Candidate.app/Contents/Developer/Platforms/WatchOS.platform/Developer/SDKs/WatchOS27.0.sdk/Developer/Library/Frameworks -c -j10 -enable-batch-mode -incremental -Xcc -ivfsstatcache -Xcc /Users/admin/builder/spi-builder-workspace/.derivedData/SDKStatCaches.noindex/watchos27.0-24R360-e829b21a6f8c9b70876ba0858053c04477534ef55a1706bf4c1112bbb242f0a2.sdkstatcache -output-file-map /Users/admin/builder/spi-builder-workspace/.derivedData/Build/Intermediates.noindex/snap-foundation.build/Debug-watchos/SnapFoundation-t.build/Objects-normal/arm64_32/SnapFoundation-OutputFileMap.json -save-temps -no-color-diagnostics -explicit-module-build -module-cache-path /Users/admin/builder/spi-builder-workspace/.derivedData/Build/Intermediates.noindex/SwiftExplicitPrecompiledModules -clang-scanner-module-cache-path /Users/admin/builder/spi-builder-workspace/.derivedData/ModuleCache.noindex -sdk-module-cache-path /Users/admin/builder/spi-builder-workspace/.derivedData/SDKExplicitPrecompiledModules -emit-dependencies -emit-module -emit-module-path /Users/admin/builder/spi-builder-workspace/.derivedData/Build/Intermediates.noindex/snap-foundation.build/Debug-watchos/SnapFoundation-t.build/Objects-normal/arm64_32/SnapFoundation.swiftmodule -serialize-diagnostics -dependency-scan-serialize-diagnostics-path /Users/admin/builder/spi-builder-workspace/.derivedData/Build/Intermediates.noindex/snap-foundation.build/Debug-watchos/SnapFoundation-t.build/Objects-normal/arm64_32/SnapFoundation-dependency-scan.dia -validate-clang-modules-once -clang-build-session-file /Users/admin/builder/spi-builder-workspace/.derivedData/ModuleCache.noindex/Session.modulevalidation -Xcc -fmodules-prune-interval\=86400 -Xcc -fmodules-prune-after\=345600 -package-name snap_foundation -emit-const-values -const-gather-protocols-list /Users/admin/builder/spi-builder-workspace/.derivedData/Build/Intermediates.noindex/snap-foundation.build/Debug-watchos/SnapFoundation-t.build/Objects-normal/arm64_32/SnapFoundation_const_extract_protocols.json -Xcc -I/Users/admin/builder/spi-builder-workspace/.derivedData/Build/Products/Debug-watchos/include -Xcc -I/Users/admin/builder/spi-builder-workspace/.derivedData/Build/Intermediates.noindex/snap-foundation.build/Debug-watchos/SnapFoundation-t.build/DerivedSources-normal/arm64_32 -Xcc -I/Users/admin/builder/spi-builder-workspace/.derivedData/Build/Intermediates.noindex/snap-foundation.build/Debug-watchos/SnapFoundation-t.build/DerivedSources/arm64_32 -Xcc -I/Users/admin/builder/spi-builder-workspace/.derivedData/Build/Intermediates.noindex/snap-foundation.build/Debug-watchos/SnapFoundation-t.build/DerivedSources -Xcc -DSWIFT_PACKAGE -Xcc -DDEBUG\=1 -emit-objc-header -emit-objc-header-path /Users/admin/builder/spi-builder-workspace/.derivedData/Build/Intermediates.noindex/snap-foundation.build/Debug-watchos/SnapFoundation-t.build/Objects-normal/arm64_32/SnapFoundation-Swift.h -working-directory /Users/admin/builder/spi-builder-workspace/.swiftpm/xcode -experimental-emit-module-separately -disable-cmo
Ld /Users/admin/builder/spi-builder-workspace/.derivedData/Build/Intermediates.noindex/snap-foundation.build/Debug-watchos/SnapFoundation-t.build/Objects-normal/arm64_32/Binary/SnapFoundation.o normal arm64_32 (in target 'SnapFoundation' from project 'snap-foundation')
cd /Users/admin/builder/spi-builder-workspace/.dependencies/checkouts/snap-foundation
/Applications/Xcode-27.0.0-Release.Candidate.app/Contents/Developer/Toolchains/XcodeDefault.xctoolchain/usr/bin/clang -Xlinker -reproducible -target arm64_32-apple-watchos9.0 -r -isysroot /Applications/Xcode-27.0.0-Release.Candidate.app/Contents/Developer/Platforms/WatchOS.platform/Developer/SDKs/WatchOS27.0.sdk -O0 -w -Xlinker -no_warn_duplicate_libraries -F/Users/admin/builder/spi-builder-workspace/.derivedData/Build/Intermediates.noindex/EagerLinkingTBDs/Debug-watchos -F/Users/admin/builder/spi-builder-workspace/.derivedData/Build/Products/Debug-watchos -iframework /Applications/Xcode-27.0.0-Release.Candidate.app/Contents/Developer/Platforms/WatchOS.platform/Developer/Library/Frameworks -iframework /Applications/Xcode-27.0.0-Release.Candidate.app/Contents/Developer/Platforms/WatchOS.platform/Developer/SDKs/WatchOS27.0.sdk/Developer/Library/Frameworks -filelist /Users/admin/builder/spi-builder-workspace/.derivedData/Build/Intermediates.noindex/snap-foundation.build/Debug-watchos/SnapFoundation-t.build/Objects-normal/arm64_32/SnapFoundation.LinkFileList -nostdlib -Xlinker -object_path_lto -Xlinker /Users/admin/builder/spi-builder-workspace/.derivedData/Build/Intermediates.noindex/snap-foundation.build/Debug-watchos/SnapFoundation-t.build/Objects-normal/arm64_32/SnapFoundation_lto.o -Xlinker -no_deduplicate -Xlinker -dependency_info -Xlinker /Users/admin/builder/spi-builder-workspace/.derivedData/Build/Intermediates.noindex/snap-foundation.build/Debug-watchos/SnapFoundation-t.build/Objects-normal/arm64_32/SnapFoundation_dependency_info.dat -fobjc-link-runtime -L/Applications/Xcode-27.0.0-Release.Candidate.app/Contents/Developer/Toolchains/XcodeDefault.xctoolchain/usr/lib/swift/watchos -L/usr/lib/swift -Xlinker -add_ast_path -Xlinker /Users/admin/builder/spi-builder-workspace/.derivedData/Build/Intermediates.noindex/snap-foundation.build/Debug-watchos/SnapFoundation-t.build/Objects-normal/arm64_32/SnapFoundation.swiftmodule -o /Users/admin/builder/spi-builder-workspace/.derivedData/Build/Intermediates.noindex/snap-foundation.build/Debug-watchos/SnapFoundation-t.build/Objects-normal/arm64_32/Binary/SnapFoundation.o
SwiftDriverJobDiscovery normal arm64 Compiling AnyInsettableShape.swift, CGRect+Inset.swift (in target 'SnapFoundation' from project 'snap-foundation')
SwiftDriverJobDiscovery normal arm64 Compiling View+ColorScheme.swift, ViewModifierConditional.swift (in target 'SnapFoundation' from project 'snap-foundation')
SwiftDriver\ Compilation SnapFoundation normal arm64 com.apple.xcode.tools.swift.compiler (in target 'SnapFoundation' from project 'snap-foundation')
cd /Users/admin/builder/spi-builder-workspace/.swiftpm/xcode
builtin-Swift-Compilation -- /Applications/Xcode-27.0.0-Release.Candidate.app/Contents/Developer/Toolchains/XcodeDefault.xctoolchain/usr/bin/swiftc -parse-as-library -module-name SnapFoundation -Onone @/Users/admin/builder/spi-builder-workspace/.derivedData/Build/Intermediates.noindex/snap-foundation.build/Debug-watchos/SnapFoundation-t.build/Objects-normal/arm64/SnapFoundation.SwiftFileList -DSWIFT_PACKAGE -DDEBUG -DSWIFT_MODULE_RESOURCE_BUNDLE_UNAVAILABLE -DXcode -plugin-path /Applications/Xcode-27.0.0-Release.Candidate.app/Contents/Developer/Toolchains/XcodeDefault.xctoolchain/usr/lib/swift/host/plugins/testing -enable-experimental-feature DebugDescriptionMacro -sdk /Applications/Xcode-27.0.0-Release.Candidate.app/Contents/Developer/Platforms/WatchOS.platform/Developer/SDKs/WatchOS27.0.sdk -target arm64-apple-watchos9.0 -g -module-cache-path /Users/admin/builder/spi-builder-workspace/.derivedData/ModuleCache.noindex -Xfrontend -serialize-debugging-options -enable-testing -suppress-warnings -index-store-path /Users/admin/builder/spi-builder-workspace/.derivedData/Index.noindex/DataStore -Xcc -D_LIBCPP_HARDENING_MODE\=_LIBCPP_HARDENING_MODE_DEBUG -swift-version 6 -I /Users/admin/builder/spi-builder-workspace/.derivedData/Build/Products/Debug-watchos -Isystem /Applications/Xcode-27.0.0-Release.Candidate.app/Contents/Developer/Platforms/WatchOS.platform/Developer/usr/lib -F /Users/admin/builder/spi-builder-workspace/.derivedData/Build/Products/Debug-watchos -F /Applications/Xcode-27.0.0-Release.Candidate.app/Contents/Developer/Platforms/WatchOS.platform/Developer/Library/Frameworks -F /Applications/Xcode-27.0.0-Release.Candidate.app/Contents/Developer/Platforms/WatchOS.platform/Developer/SDKs/WatchOS27.0.sdk/Developer/Library/Frameworks -c -j10 -enable-batch-mode -incremental -Xcc -ivfsstatcache -Xcc /Users/admin/builder/spi-builder-workspace/.derivedData/SDKStatCaches.noindex/watchos27.0-24R360-e829b21a6f8c9b70876ba0858053c04477534ef55a1706bf4c1112bbb242f0a2.sdkstatcache -output-file-map /Users/admin/builder/spi-builder-workspace/.derivedData/Build/Intermediates.noindex/snap-foundation.build/Debug-watchos/SnapFoundation-t.build/Objects-normal/arm64/SnapFoundation-OutputFileMap.json -save-temps -no-color-diagnostics -explicit-module-build -module-cache-path /Users/admin/builder/spi-builder-workspace/.derivedData/Build/Intermediates.noindex/SwiftExplicitPrecompiledModules -clang-scanner-module-cache-path /Users/admin/builder/spi-builder-workspace/.derivedData/ModuleCache.noindex -sdk-module-cache-path /Users/admin/builder/spi-builder-workspace/.derivedData/SDKExplicitPrecompiledModules -emit-dependencies -emit-module -emit-module-path /Users/admin/builder/spi-builder-workspace/.derivedData/Build/Intermediates.noindex/snap-foundation.build/Debug-watchos/SnapFoundation-t.build/Objects-normal/arm64/SnapFoundation.swiftmodule -serialize-diagnostics -dependency-scan-serialize-diagnostics-path /Users/admin/builder/spi-builder-workspace/.derivedData/Build/Intermediates.noindex/snap-foundation.build/Debug-watchos/SnapFoundation-t.build/Objects-normal/arm64/SnapFoundation-dependency-scan.dia -validate-clang-modules-once -clang-build-session-file /Users/admin/builder/spi-builder-workspace/.derivedData/ModuleCache.noindex/Session.modulevalidation -Xcc -fmodules-prune-interval\=86400 -Xcc -fmodules-prune-after\=345600 -package-name snap_foundation -emit-const-values -const-gather-protocols-list /Users/admin/builder/spi-builder-workspace/.derivedData/Build/Intermediates.noindex/snap-foundation.build/Debug-watchos/SnapFoundation-t.build/Objects-normal/arm64/SnapFoundation_const_extract_protocols.json -Xcc -I/Users/admin/builder/spi-builder-workspace/.derivedData/Build/Products/Debug-watchos/include -Xcc -I/Users/admin/builder/spi-builder-workspace/.derivedData/Build/Intermediates.noindex/snap-foundation.build/Debug-watchos/SnapFoundation-t.build/DerivedSources-normal/arm64 -Xcc -I/Users/admin/builder/spi-builder-workspace/.derivedData/Build/Intermediates.noindex/snap-foundation.build/Debug-watchos/SnapFoundation-t.build/DerivedSources/arm64 -Xcc -I/Users/admin/builder/spi-builder-workspace/.derivedData/Build/Intermediates.noindex/snap-foundation.build/Debug-watchos/SnapFoundation-t.build/DerivedSources -Xcc -DSWIFT_PACKAGE -Xcc -DDEBUG\=1 -emit-objc-header -emit-objc-header-path /Users/admin/builder/spi-builder-workspace/.derivedData/Build/Intermediates.noindex/snap-foundation.build/Debug-watchos/SnapFoundation-t.build/Objects-normal/arm64/SnapFoundation-Swift.h -working-directory /Users/admin/builder/spi-builder-workspace/.swiftpm/xcode -experimental-emit-module-separately -disable-cmo
Ld /Users/admin/builder/spi-builder-workspace/.derivedData/Build/Intermediates.noindex/snap-foundation.build/Debug-watchos/SnapFoundation-t.build/Objects-normal/arm64/Binary/SnapFoundation.o normal arm64 (in target 'SnapFoundation' from project 'snap-foundation')
cd /Users/admin/builder/spi-builder-workspace/.dependencies/checkouts/snap-foundation
/Applications/Xcode-27.0.0-Release.Candidate.app/Contents/Developer/Toolchains/XcodeDefault.xctoolchain/usr/bin/clang -Xlinker -reproducible -target arm64-apple-watchos9.0 -r -isysroot /Applications/Xcode-27.0.0-Release.Candidate.app/Contents/Developer/Platforms/WatchOS.platform/Developer/SDKs/WatchOS27.0.sdk -O0 -w -Xlinker -no_warn_duplicate_libraries -F/Users/admin/builder/spi-builder-workspace/.derivedData/Build/Intermediates.noindex/EagerLinkingTBDs/Debug-watchos -F/Users/admin/builder/spi-builder-workspace/.derivedData/Build/Products/Debug-watchos -iframework /Applications/Xcode-27.0.0-Release.Candidate.app/Contents/Developer/Platforms/WatchOS.platform/Developer/Library/Frameworks -iframework /Applications/Xcode-27.0.0-Release.Candidate.app/Contents/Developer/Platforms/WatchOS.platform/Developer/SDKs/WatchOS27.0.sdk/Developer/Library/Frameworks -filelist /Users/admin/builder/spi-builder-workspace/.derivedData/Build/Intermediates.noindex/snap-foundation.build/Debug-watchos/SnapFoundation-t.build/Objects-normal/arm64/SnapFoundation.LinkFileList -nostdlib -Xlinker -object_path_lto -Xlinker /Users/admin/builder/spi-builder-workspace/.derivedData/Build/Intermediates.noindex/snap-foundation.build/Debug-watchos/SnapFoundation-t.build/Objects-normal/arm64/SnapFoundation_lto.o -Xlinker -no_deduplicate -Xlinker -dependency_info -Xlinker /Users/admin/builder/spi-builder-workspace/.derivedData/Build/Intermediates.noindex/snap-foundation.build/Debug-watchos/SnapFoundation-t.build/Objects-normal/arm64/SnapFoundation_dependency_info.dat -fobjc-link-runtime -L/Applications/Xcode-27.0.0-Release.Candidate.app/Contents/Developer/Toolchains/XcodeDefault.xctoolchain/usr/lib/swift/watchos -L/usr/lib/swift -Xlinker -add_ast_path -Xlinker /Users/admin/builder/spi-builder-workspace/.derivedData/Build/Intermediates.noindex/snap-foundation.build/Debug-watchos/SnapFoundation-t.build/Objects-normal/arm64/SnapFoundation.swiftmodule -o /Users/admin/builder/spi-builder-workspace/.derivedData/Build/Intermediates.noindex/snap-foundation.build/Debug-watchos/SnapFoundation-t.build/Objects-normal/arm64/Binary/SnapFoundation.o
CreateUniversalBinary /Users/admin/builder/spi-builder-workspace/.derivedData/Build/Products/Debug-watchos/SnapFoundation.o normal arm64\ arm64_32 (in target 'SnapFoundation' from project 'snap-foundation')
cd /Users/admin/builder/spi-builder-workspace/.dependencies/checkouts/snap-foundation
/Applications/Xcode-27.0.0-Release.Candidate.app/Contents/Developer/Toolchains/XcodeDefault.xctoolchain/usr/bin/lipo -create /Users/admin/builder/spi-builder-workspace/.derivedData/Build/Intermediates.noindex/snap-foundation.build/Debug-watchos/SnapFoundation-t.build/Objects-normal/arm64/Binary/SnapFoundation.o /Users/admin/builder/spi-builder-workspace/.derivedData/Build/Intermediates.noindex/snap-foundation.build/Debug-watchos/SnapFoundation-t.build/Objects-normal/arm64_32/Binary/SnapFoundation.o -output /Users/admin/builder/spi-builder-workspace/.derivedData/Build/Products/Debug-watchos/SnapFoundation.o
ExtractAppIntentsMetadata (in target 'SnapFoundation' from project 'snap-foundation')
cd /Users/admin/builder/spi-builder-workspace/.dependencies/checkouts/snap-foundation
/Applications/Xcode-27.0.0-Release.Candidate.app/Contents/Developer/Toolchains/XcodeDefault.xctoolchain/usr/bin/appintentsmetadataprocessor --toolchain-dir /var/run/com.apple.security.cryptexd/mnt/com.apple.MobileAsset.MetalToolchain-v27.1.266.1.hW1zln/Metal.xctoolchain --module-name SnapFoundation --sdk-root /Applications/Xcode-27.0.0-Release.Candidate.app/Contents/Developer/Platforms/WatchOS.platform/Developer/SDKs/WatchOS27.0.sdk --xcode-version 27A266a --platform-family watchOS --deployment-target 9.0 --bundle-identifier snap-foundation.SnapFoundation --output /Users/admin/builder/spi-builder-workspace/.derivedData/Build/Products/Debug-watchos/SnapFoundation.appintents --target-triple arm64-apple-watchos9.0 --target-triple arm64_32-apple-watchos9.0 --binary-file /Users/admin/builder/spi-builder-workspace/.derivedData/Build/Products/Debug-watchos/SnapFoundation.o --dependency-file /Users/admin/builder/spi-builder-workspace/.derivedData/Build/Intermediates.noindex/snap-foundation.build/Debug-watchos/SnapFoundation-t.build/Objects-normal/arm64/SnapFoundation_dependency_info.dat --dependency-file /Users/admin/builder/spi-builder-workspace/.derivedData/Build/Intermediates.noindex/snap-foundation.build/Debug-watchos/SnapFoundation-t.build/Objects-normal/arm64_32/SnapFoundation_dependency_info.dat --stringsdata-file /Users/admin/builder/spi-builder-workspace/.derivedData/Build/Intermediates.noindex/snap-foundation.build/Debug-watchos/SnapFoundation-t.build/Objects-normal/arm64/ExtractedAppShortcutsMetadata.stringsdata --stringsdata-file /Users/admin/builder/spi-builder-workspace/.derivedData/Build/Intermediates.noindex/snap-foundation.build/Debug-watchos/SnapFoundation-t.build/Objects-normal/arm64_32/ExtractedAppShortcutsMetadata.stringsdata --source-file-list /Users/admin/builder/spi-builder-workspace/.derivedData/Build/Intermediates.noindex/snap-foundation.build/Debug-watchos/SnapFoundation-t.build/Objects-normal/arm64/SnapFoundation.SwiftFileList --source-file-list /Users/admin/builder/spi-builder-workspace/.derivedData/Build/Intermediates.noindex/snap-foundation.build/Debug-watchos/SnapFoundation-t.build/Objects-normal/arm64_32/SnapFoundation.SwiftFileList --metadata-file-list /Users/admin/builder/spi-builder-workspace/.derivedData/Build/Intermediates.noindex/snap-foundation.build/Debug-watchos/SnapFoundation-t.build/SnapFoundation.DependencyMetadataFileList --static-metadata-file-list /Users/admin/builder/spi-builder-workspace/.derivedData/Build/Intermediates.noindex/snap-foundation.build/Debug-watchos/SnapFoundation-t.build/SnapFoundation.DependencyStaticMetadataFileList --swift-const-vals-list /Users/admin/builder/spi-builder-workspace/.derivedData/Build/Intermediates.noindex/snap-foundation.build/Debug-watchos/SnapFoundation-t.build/Objects-normal/arm64/SnapFoundation.SwiftConstValuesFileList --swift-const-vals-list /Users/admin/builder/spi-builder-workspace/.derivedData/Build/Intermediates.noindex/snap-foundation.build/Debug-watchos/SnapFoundation-t.build/Objects-normal/arm64_32/SnapFoundation.SwiftConstValuesFileList --force --compile-time-extraction --deployment-aware-processing --no-app-shortcuts-localization
2026-09-21 03:58:58.008 appintentsmetadataprocessor[862:5041] Starting appintentsmetadataprocessor export
2026-09-21 03:58:58.114 appintentsmetadataprocessor[862:5041] Extracted no relevant App Intents symbols, skipping writing output
SwiftCompile normal arm64 Compiling\ Environment.swift,\ Constants.swift,\ Logger.swift /Users/admin/builder/spi-builder-workspace/Sources/SnapNavigation/Environment.swift /Users/admin/builder/spi-builder-workspace/Sources/SnapNavigation/Internals/Constants.swift /Users/admin/builder/spi-builder-workspace/Sources/SnapNavigation/Internals/Helper/Logger.swift (in target 'SnapNavigation' from project 'snap-navigation')
SwiftCompile normal arm64 /Users/admin/builder/spi-builder-workspace/Sources/SnapNavigation/Environment.swift (in target 'SnapNavigation' from project 'snap-navigation')
cd /Users/admin/builder/spi-builder-workspace/.swiftpm/xcode
builtin-SwiftPerFileCompile Environment.swift
SwiftCompile normal arm64 /Users/admin/builder/spi-builder-workspace/Sources/SnapNavigation/Internals/Constants.swift (in target 'SnapNavigation' from project 'snap-navigation')
cd /Users/admin/builder/spi-builder-workspace/.swiftpm/xcode
builtin-SwiftPerFileCompile Constants.swift
SwiftCompile normal arm64 /Users/admin/builder/spi-builder-workspace/Sources/SnapNavigation/Internals/Helper/Logger.swift (in target 'SnapNavigation' from project 'snap-navigation')
cd /Users/admin/builder/spi-builder-workspace/.swiftpm/xcode
builtin-SwiftPerFileCompile Logger.swift
/Users/admin/builder/spi-builder-workspace/Sources/SnapNavigation/Environment.swift:10:34: warning: Storing a closure in '@Entry var navigator' may invalidate dependents on every update because closures may not be comparable. (from macro 'Entry ')
8 | extension EnvironmentValues {
9 |
10 | @Entry public var navigator: (SnapNavigation.NavigatorAction) -> Void = { _ in }
| `- warning: Storing a closure in '@Entry var navigator' may invalidate dependents on every update because closures may not be comparable. (from macro 'Entry ')
11 |
12 | @Entry public var isPresentingDestination: SnapNavigation.IsPresenting = { _ in false }
SwiftCompile normal arm64 Compiling\ SingleView.swift,\ TabView.swift,\ SceneView.swift /Users/admin/builder/spi-builder-workspace/Sources/SnapNavigation/Internals/NavigationStyleViews/SingleView.swift /Users/admin/builder/spi-builder-workspace/Sources/SnapNavigation/Internals/NavigationStyleViews/TabView.swift /Users/admin/builder/spi-builder-workspace/Sources/SnapNavigation/Internals/NavigationStyleViews/Views/SceneView.swift (in target 'SnapNavigation' from project 'snap-navigation')
SwiftCompile normal arm64 /Users/admin/builder/spi-builder-workspace/Sources/SnapNavigation/Internals/NavigationStyleViews/SingleView.swift (in target 'SnapNavigation' from project 'snap-navigation')
cd /Users/admin/builder/spi-builder-workspace/.swiftpm/xcode
builtin-SwiftPerFileCompile SingleView.swift
SwiftCompile normal arm64 /Users/admin/builder/spi-builder-workspace/Sources/SnapNavigation/Internals/NavigationStyleViews/TabView.swift (in target 'SnapNavigation' from project 'snap-navigation')
cd /Users/admin/builder/spi-builder-workspace/.swiftpm/xcode
builtin-SwiftPerFileCompile TabView.swift
SwiftCompile normal arm64 /Users/admin/builder/spi-builder-workspace/Sources/SnapNavigation/Internals/NavigationStyleViews/Views/SceneView.swift (in target 'SnapNavigation' from project 'snap-navigation')
cd /Users/admin/builder/spi-builder-workspace/.swiftpm/xcode
builtin-SwiftPerFileCompile SceneView.swift
SwiftCompile normal arm64 Compiling\ SnapNavigationDestinationScreen.swift,\ Route.swift,\ Scene.swift /Users/admin/builder/spi-builder-workspace/Sources/SnapNavigation/Internals/NavigationStyleViews/Views/SnapNavigationDestinationScreen.swift /Users/admin/builder/spi-builder-workspace/Sources/SnapNavigation/Internals/Route.swift /Users/admin/builder/spi-builder-workspace/Sources/SnapNavigation/Internals/Scene.swift (in target 'SnapNavigation' from project 'snap-navigation')
SwiftCompile normal arm64 /Users/admin/builder/spi-builder-workspace/Sources/SnapNavigation/Internals/NavigationStyleViews/Views/SnapNavigationDestinationScreen.swift (in target 'SnapNavigation' from project 'snap-navigation')
cd /Users/admin/builder/spi-builder-workspace/.swiftpm/xcode
builtin-SwiftPerFileCompile SnapNavigationDestinationScreen.swift
SwiftCompile normal arm64 /Users/admin/builder/spi-builder-workspace/Sources/SnapNavigation/Internals/Route.swift (in target 'SnapNavigation' from project 'snap-navigation')
cd /Users/admin/builder/spi-builder-workspace/.swiftpm/xcode
builtin-SwiftPerFileCompile Route.swift
SwiftCompile normal arm64 /Users/admin/builder/spi-builder-workspace/Sources/SnapNavigation/Internals/Scene.swift (in target 'SnapNavigation' from project 'snap-navigation')
cd /Users/admin/builder/spi-builder-workspace/.swiftpm/xcode
builtin-SwiftPerFileCompile Scene.swift
SwiftCompile normal arm64 Compiling\ WindowView.swift,\ WindowManager.swift,\ SnapNavigationApp.swift /Users/admin/builder/spi-builder-workspace/Sources/SnapNavigation/Internals/Views/WindowView.swift /Users/admin/builder/spi-builder-workspace/Sources/SnapNavigation/Internals/WindowManager.swift /Users/admin/builder/spi-builder-workspace/Sources/SnapNavigation/SnapNavigationApp.swift (in target 'SnapNavigation' from project 'snap-navigation')
SwiftCompile normal arm64 /Users/admin/builder/spi-builder-workspace/Sources/SnapNavigation/Internals/Views/WindowView.swift (in target 'SnapNavigation' from project 'snap-navigation')
cd /Users/admin/builder/spi-builder-workspace/.swiftpm/xcode
builtin-SwiftPerFileCompile WindowView.swift
SwiftCompile normal arm64 /Users/admin/builder/spi-builder-workspace/Sources/SnapNavigation/Internals/WindowManager.swift (in target 'SnapNavigation' from project 'snap-navigation')
cd /Users/admin/builder/spi-builder-workspace/.swiftpm/xcode
builtin-SwiftPerFileCompile WindowManager.swift
SwiftCompile normal arm64 /Users/admin/builder/spi-builder-workspace/Sources/SnapNavigation/SnapNavigationApp.swift (in target 'SnapNavigation' from project 'snap-navigation')
cd /Users/admin/builder/spi-builder-workspace/.swiftpm/xcode
builtin-SwiftPerFileCompile SnapNavigationApp.swift
SwiftCompile normal arm64 Compiling\ SnapNavigation.swift,\ SnapNavigationProvider+Route.swift,\ ContainerView.swift /Users/admin/builder/spi-builder-workspace/Sources/SnapNavigation/Internals/SnapNavigation.swift /Users/admin/builder/spi-builder-workspace/Sources/SnapNavigation/Internals/SnapNavigationProvider+Route.swift /Users/admin/builder/spi-builder-workspace/Sources/SnapNavigation/Internals/Views/ContainerView.swift (in target 'SnapNavigation' from project 'snap-navigation')
SwiftCompile normal arm64 /Users/admin/builder/spi-builder-workspace/Sources/SnapNavigation/Internals/SnapNavigation.swift (in target 'SnapNavigation' from project 'snap-navigation')
cd /Users/admin/builder/spi-builder-workspace/.swiftpm/xcode
builtin-SwiftPerFileCompile SnapNavigation.swift
SwiftCompile normal arm64 /Users/admin/builder/spi-builder-workspace/Sources/SnapNavigation/Internals/SnapNavigationProvider+Route.swift (in target 'SnapNavigation' from project 'snap-navigation')
cd /Users/admin/builder/spi-builder-workspace/.swiftpm/xcode
builtin-SwiftPerFileCompile SnapNavigationProvider+Route.swift
SwiftCompile normal arm64 /Users/admin/builder/spi-builder-workspace/Sources/SnapNavigation/Internals/Views/ContainerView.swift (in target 'SnapNavigation' from project 'snap-navigation')
cd /Users/admin/builder/spi-builder-workspace/.swiftpm/xcode
builtin-SwiftPerFileCompile ContainerView.swift
SwiftCompile normal arm64 Compiling\ SnapNavigationProvider.swift,\ NavigationStyle.swift /Users/admin/builder/spi-builder-workspace/Sources/SnapNavigation/SnapNavigationProvider.swift /Users/admin/builder/spi-builder-workspace/Sources/SnapNavigation/Types/NavigationStyle.swift (in target 'SnapNavigation' from project 'snap-navigation')
SwiftCompile normal arm64 /Users/admin/builder/spi-builder-workspace/Sources/SnapNavigation/SnapNavigationProvider.swift (in target 'SnapNavigation' from project 'snap-navigation')
cd /Users/admin/builder/spi-builder-workspace/.swiftpm/xcode
builtin-SwiftPerFileCompile SnapNavigationProvider.swift
SwiftCompile normal arm64 /Users/admin/builder/spi-builder-workspace/Sources/SnapNavigation/Types/NavigationStyle.swift (in target 'SnapNavigation' from project 'snap-navigation')
cd /Users/admin/builder/spi-builder-workspace/.swiftpm/xcode
builtin-SwiftPerFileCompile NavigationStyle.swift
SwiftCompile normal arm64 Compiling\ Navigator+Action.swift,\ PresentationStyle.swift /Users/admin/builder/spi-builder-workspace/Sources/SnapNavigation/Types/Navigator+Action.swift /Users/admin/builder/spi-builder-workspace/Sources/SnapNavigation/Types/PresentationStyle.swift (in target 'SnapNavigation' from project 'snap-navigation')
SwiftCompile normal arm64 /Users/admin/builder/spi-builder-workspace/Sources/SnapNavigation/Types/Navigator+Action.swift (in target 'SnapNavigation' from project 'snap-navigation')
cd /Users/admin/builder/spi-builder-workspace/.swiftpm/xcode
builtin-SwiftPerFileCompile Navigator+Action.swift
SwiftCompile normal arm64 /Users/admin/builder/spi-builder-workspace/Sources/SnapNavigation/Types/PresentationStyle.swift (in target 'SnapNavigation' from project 'snap-navigation')
cd /Users/admin/builder/spi-builder-workspace/.swiftpm/xcode
builtin-SwiftPerFileCompile PresentationStyle.swift
SwiftCompile normal arm64 Compiling\ SnapNavigationDestination.swift,\ SnapNavigationPreview.swift /Users/admin/builder/spi-builder-workspace/Sources/SnapNavigation/SnapNavigationDestination.swift /Users/admin/builder/spi-builder-workspace/Sources/SnapNavigation/SnapNavigationPreview.swift (in target 'SnapNavigation' from project 'snap-navigation')
/Users/admin/builder/spi-builder-workspace/Sources/SnapNavigation/SnapNavigationPreview.swift:12:20: error: 'openWindow' is unavailable in watchOS
10 | public struct SnapNavigationPreview<NavigationProvider: SnapNavigationProvider, WindowContent: View>: View {
11 |
12 | @Environment(\.openWindow) private var openWindow
| `- error: 'openWindow' is unavailable in watchOS
13 |
14 | internal typealias WindowManager = SnapNavigation.WindowManager<NavigationProvider>
SwiftUI.EnvironmentValues.openWindow:2:12: note: 'openWindow' has been explicitly marked unavailable here
1 | struct EnvironmentValues {
2 | public var openWindow: OpenWindowAction { get }}
| `- note: 'openWindow' has been explicitly marked unavailable here
3 |
Failed frontend command:
/Applications/Xcode-27.0.0-Release.Candidate.app/Contents/Developer/Toolchains/XcodeDefault.xctoolchain/usr/bin/swift-frontend -frontend -c /Users/admin/builder/spi-builder-workspace/Sources/SnapNavigation/Environment.swift /Users/admin/builder/spi-builder-workspace/Sources/SnapNavigation/Internals/Constants.swift /Users/admin/builder/spi-builder-workspace/Sources/SnapNavigation/Internals/Helper/Logger.swift /Users/admin/builder/spi-builder-workspace/Sources/SnapNavigation/Internals/ModalPresentationModifier.swift /Users/admin/builder/spi-builder-workspace/Sources/SnapNavigation/Internals/NavigationManager+State.swift /Users/admin/builder/spi-builder-workspace/Sources/SnapNavigation/Internals/NavigationManager.swift /Users/admin/builder/spi-builder-workspace/Sources/SnapNavigation/Internals/NavigationStyleViews/SingleView.swift /Users/admin/builder/spi-builder-workspace/Sources/SnapNavigation/Internals/NavigationStyleViews/TabView.swift /Users/admin/builder/spi-builder-workspace/Sources/SnapNavigation/Internals/NavigationStyleViews/Views/SceneView.swift /Users/admin/builder/spi-builder-workspace/Sources/SnapNavigation/Internals/NavigationStyleViews/Views/SnapNavigationDestinationScreen.swift /Users/admin/builder/spi-builder-workspace/Sources/SnapNavigation/Internals/Route.swift /Users/admin/builder/spi-builder-workspace/Sources/SnapNavigation/Internals/Scene.swift /Users/admin/builder/spi-builder-workspace/Sources/SnapNavigation/Internals/SnapNavigation.swift /Users/admin/builder/spi-builder-workspace/Sources/SnapNavigation/Internals/SnapNavigationProvider+Route.swift /Users/admin/builder/spi-builder-workspace/Sources/SnapNavigation/Internals/Views/ContainerView.swift /Users/admin/builder/spi-builder-workspace/Sources/SnapNavigation/Internals/Views/WindowView.swift /Users/admin/builder/spi-builder-workspace/Sources/SnapNavigation/Internals/WindowManager.swift /Users/admin/builder/spi-builder-workspace/Sources/SnapNavigation/SnapNavigationApp.swift -primary-file /Users/admin/builder/spi-builder-workspace/Sources/SnapNavigation/SnapNavigationDestination.swift -primary-file /Users/admin/builder/spi-builder-workspace/Sources/SnapNavigation/SnapNavigationPreview.swift /Users/admin/builder/spi-builder-workspace/Sources/SnapNavigation/SnapNavigationProvider.swift /Users/admin/builder/spi-builder-workspace/Sources/SnapNavigation/Types/NavigationStyle.swift /Users/admin/builder/spi-builder-workspace/Sources/SnapNavigation/Types/Navigator+Action.swift /Users/admin/builder/spi-builder-workspace/Sources/SnapNavigation/Types/PresentationStyle.swift /Users/admin/builder/spi-builder-workspace/Sources/SnapNavigation/Types/SnapNavigation+isPresenting.swift /Users/admin/builder/spi-builder-workspace/Sources/SnapNavigation/Types/Window.swift -emit-dependencies-path /Users/admin/builder/spi-builder-workspace/.derivedData/Build/Intermediates.noindex/snap-navigation.build/Debug-watchos/SnapNavigation-t.build/Objects-normal/arm64/SnapNavigationDestination.d -emit-const-values-path /Users/admin/builder/spi-builder-workspace/.derivedData/Build/Intermediates.noindex/snap-navigation.build/Debug-watchos/SnapNavigation-t.build/Objects-normal/arm64/SnapNavigationDestination.swiftconstvalues -emit-reference-dependencies-path /Users/admin/builder/spi-builder-workspace/.derivedData/Build/Intermediates.noindex/snap-navigation.build/Debug-watchos/SnapNavigation-t.build/Objects-normal/arm64/SnapNavigationDestination.swiftdeps -serialize-diagnostics-path /Users/admin/builder/spi-builder-workspace/.derivedData/Build/Intermediates.noindex/snap-navigation.build/Debug-watchos/SnapNavigation-t.build/Objects-normal/arm64/SnapNavigationDestination.dia -emit-dependencies-path /Users/admin/builder/spi-builder-workspace/.derivedData/Build/Intermediates.noindex/snap-navigation.build/Debug-watchos/SnapNavigation-t.build/Objects-normal/arm64/SnapNavigationPreview.d -emit-const-values-path /Users/admin/builder/spi-builder-workspace/.derivedData/Build/Intermediates.noindex/snap-navigation.build/Debug-watchos/SnapNavigation-t.build/Objects-normal/arm64/SnapNavigationPreview.swiftconstvalues -emit-reference-dependencies-path /Users/admin/builder/spi-builder-workspace/.derivedData/Build/Intermediates.noindex/snap-navigation.build/Debug-watchos/SnapNavigation-t.build/Objects-normal/arm64/SnapNavigationPreview.swiftdeps -serialize-diagnostics-path /Users/admin/builder/spi-builder-workspace/.derivedData/Build/Intermediates.noindex/snap-navigation.build/Debug-watchos/SnapNavigation-t.build/Objects-normal/arm64/SnapNavigationPreview.dia -target arm64-apple-watchos11.0 -disable-cross-import-overlay-search -load-resolved-plugin /Applications/Xcode-27.0.0-Release.Candidate.app/Contents/Developer/Platforms/WatchOS.platform/Developer/usr/lib/swift/host/plugins/libFoundationMacros.dylib\#/Applications/Xcode-27.0.0-Release.Candidate.app/Contents/Developer/Platforms/WatchOS.platform/Developer/usr/bin/swift-plugin-server\#FoundationMacros -load-resolved-plugin /Applications/Xcode-27.0.0-Release.Candidate.app/Contents/Developer/Platforms/WatchOS.platform/Developer/usr/lib/swift/host/plugins/libObservationMacros.dylib\#/Applications/Xcode-27.0.0-Release.Candidate.app/Contents/Developer/Platforms/WatchOS.platform/Developer/usr/bin/swift-plugin-server\#ObservationMacros -load-resolved-plugin /Applications/Xcode-27.0.0-Release.Candidate.app/Contents/Developer/Platforms/WatchOS.platform/Developer/usr/lib/swift/host/plugins/libPreviewsMacros.dylib\#/Applications/Xcode-27.0.0-Release.Candidate.app/Contents/Developer/Platforms/WatchOS.platform/Developer/usr/bin/swift-plugin-server\#PreviewsMacros -load-resolved-plugin /Applications/Xcode-27.0.0-Release.Candidate.app/Contents/Developer/Platforms/WatchOS.platform/Developer/usr/lib/swift/host/plugins/libSwiftMacros.dylib\#/Applications/Xcode-27.0.0-Release.Candidate.app/Contents/Developer/Platforms/WatchOS.platform/Developer/usr/bin/swift-plugin-server\#SwiftMacros -load-resolved-plugin /Applications/Xcode-27.0.0-Release.Candidate.app/Contents/Developer/Platforms/WatchOS.platform/Developer/usr/lib/swift/host/plugins/libSwiftUIMacros.dylib\#/Applications/Xcode-27.0.0-Release.Candidate.app/Contents/Developer/Platforms/WatchOS.platform/Developer/usr/bin/swift-plugin-server\#SwiftUIMacros -disable-implicit-swift-modules -Xcc -fno-implicit-modules -Xcc -fno-implicit-module-maps -explicit-swift-module-map-file /Users/admin/builder/spi-builder-workspace/.derivedData/Build/Intermediates.noindex/snap-navigation.build/Debug-watchos/SnapNavigation-t.build/Objects-normal/arm64/SnapNavigation-dependencies-1.json -Xllvm -aarch64-use-tbi -enable-objc-interop -stack-check -sdk /Applications/Xcode-27.0.0-Release.Candidate.app/Contents/Developer/Platforms/WatchOS.platform/Developer/SDKs/WatchOS27.0.sdk -I /Users/admin/builder/spi-builder-workspace/.derivedData/Build/Products/Debug-watchos -Isystem /Applications/Xcode-27.0.0-Release.Candidate.app/Contents/Developer/Platforms/WatchOS.platform/Developer/usr/lib -F /Users/admin/builder/spi-builder-workspace/.derivedData/Build/Products/Debug-watchos/PackageFrameworks -F /Users/admin/builder/spi-builder-workspace/.derivedData/Build/Products/Debug-watchos -F /Applications/Xcode-27.0.0-Release.Candidate.app/Contents/Developer/Platforms/WatchOS.platform/Developer/Library/Frameworks -F /Applications/Xcode-27.0.0-Release.Candidate.app/Contents/Developer/Platforms/WatchOS.platform/Developer/SDKs/WatchOS27.0.sdk/Developer/Library/Frameworks -module-cache-path /Users/admin/builder/spi-builder-workspace/.derivedData/Build/Intermediates.noindex/SwiftExplicitPrecompiledModules -no-color-diagnostics -Xcc -fno-color-diagnostics -enable-testing -g -debug-info-format\=dwarf -dwarf-version\=5 -swift-version 6 -Onone -D SWIFT_PACKAGE -D DEBUG -D SWIFT_MODULE_RESOURCE_BUNDLE_UNAVAILABLE -D Xcode -serialize-debugging-options -enable-experimental-feature DebugDescriptionMacro -empty-abi-descriptor -validate-clang-modules-once -clang-build-session-file /Users/admin/builder/spi-builder-workspace/.derivedData/ModuleCache.noindex/Session.modulevalidation -Xcc -working-directory -Xcc /Users/admin/builder/spi-builder-workspace/.swiftpm/xcode -enable-anonymous-context-mangled-names -file-compilation-dir /Users/admin/builder/spi-builder-workspace/.swiftpm/xcode -Xcc -D_LIBCPP_HARDENING_MODE\=_LIBCPP_HARDENING_MODE_DEBUG -Xcc -ivfsstatcache -Xcc /Users/admin/builder/spi-builder-workspace/.derivedData/SDKStatCaches.noindex/watchos27.0-24R360-e829b21a6f8c9b70876ba0858053c04477534ef55a1706bf4c1112bbb242f0a2.sdkstatcache -Xcc -fmodules-prune-interval\=86400 -Xcc -fmodules-prune-after\=345600 -Xcc -I/Users/admin/builder/spi-builder-workspace/.derivedData/Build/Products/Debug-watchos/include -Xcc -I/Users/admin/builder/spi-builder-workspace/.derivedData/Build/Intermediates.noindex/snap-navigation.build/Debug-watchos/SnapNavigation-t.build/DerivedSources-normal/arm64 -Xcc -I/Users/admin/builder/spi-builder-workspace/.derivedData/Build/Intermediates.noindex/snap-navigation.build/Debug-watchos/SnapNavigation-t.build/DerivedSources/arm64 -Xcc -I/Users/admin/builder/spi-builder-workspace/.derivedData/Build/Intermediates.noindex/snap-navigation.build/Debug-watchos/SnapNavigation-t.build/DerivedSources -Xcc -DSWIFT_PACKAGE -Xcc -DDEBUG\=1 -no-auto-bridging-header-chaining -module-name SnapNavigation -package-name spi_builder_workspace -const-gather-protocols-file /Users/admin/builder/spi-builder-workspace/.derivedData/Build/Intermediates.noindex/snap-navigation.build/Debug-watchos/SnapNavigation-t.build/Objects-normal/arm64/SnapNavigation_const_extract_protocols.json -disable-clang-spi -clang-target arm64-apple-watchos27.0 -target-sdk-version 27.0 -target-sdk-name watchos27.0 -in-process-plugin-server-path /Applications/Xcode-27.0.0-Release.Candidate.app/Contents/Developer/Toolchains/XcodeDefault.xctoolchain/usr/lib/swift/host/libSwiftInProcPluginServer.dylib -parse-as-library -o /Users/admin/builder/spi-builder-workspace/.derivedData/Build/Intermediates.noindex/snap-navigation.build/Debug-watchos/SnapNavigation-t.build/Objects-normal/arm64/SnapNavigationDestination.o -o /Users/admin/builder/spi-builder-workspace/.derivedData/Build/Intermediates.noindex/snap-navigation.build/Debug-watchos/SnapNavigation-t.build/Objects-normal/arm64/SnapNavigationPreview.o -debug-module-path /Users/admin/builder/spi-builder-workspace/.derivedData/Build/Intermediates.noindex/snap-navigation.build/Debug-watchos/SnapNavigation-t.build/Objects-normal/arm64/SnapNavigation.swiftmodule -index-unit-output-path /snap-navigation.build/Debug-watchos/SnapNavigation-t.build/Objects-normal/arm64/SnapNavigationDestination.o -index-unit-output-path /snap-navigation.build/Debug-watchos/SnapNavigation-t.build/Objects-normal/arm64/SnapNavigationPreview.o -index-store-path /Users/admin/builder/spi-builder-workspace/.derivedData/Index.noindex/DataStore -index-system-modules
SwiftCompile normal arm64 /Users/admin/builder/spi-builder-workspace/Sources/SnapNavigation/SnapNavigationDestination.swift (in target 'SnapNavigation' from project 'snap-navigation')
cd /Users/admin/builder/spi-builder-workspace/.swiftpm/xcode
builtin-SwiftPerFileCompile SnapNavigationDestination.swift
SwiftCompile normal arm64 /Users/admin/builder/spi-builder-workspace/Sources/SnapNavigation/SnapNavigationPreview.swift (in target 'SnapNavigation' from project 'snap-navigation')
cd /Users/admin/builder/spi-builder-workspace/.swiftpm/xcode
builtin-SwiftPerFileCompile SnapNavigationPreview.swift
SwiftCompile normal arm64 Compiling\ ModalPresentationModifier.swift,\ NavigationManager+State.swift,\ NavigationManager.swift /Users/admin/builder/spi-builder-workspace/Sources/SnapNavigation/Internals/ModalPresentationModifier.swift /Users/admin/builder/spi-builder-workspace/Sources/SnapNavigation/Internals/NavigationManager+State.swift /Users/admin/builder/spi-builder-workspace/Sources/SnapNavigation/Internals/NavigationManager.swift (in target 'SnapNavigation' from project 'snap-navigation')
SwiftCompile normal arm64 /Users/admin/builder/spi-builder-workspace/Sources/SnapNavigation/Internals/ModalPresentationModifier.swift (in target 'SnapNavigation' from project 'snap-navigation')
cd /Users/admin/builder/spi-builder-workspace/.swiftpm/xcode
builtin-SwiftPerFileCompile ModalPresentationModifier.swift
SwiftCompile normal arm64 /Users/admin/builder/spi-builder-workspace/Sources/SnapNavigation/Internals/NavigationManager+State.swift (in target 'SnapNavigation' from project 'snap-navigation')
cd /Users/admin/builder/spi-builder-workspace/.swiftpm/xcode
builtin-SwiftPerFileCompile NavigationManager+State.swift
SwiftCompile normal arm64 /Users/admin/builder/spi-builder-workspace/Sources/SnapNavigation/Internals/NavigationManager.swift (in target 'SnapNavigation' from project 'snap-navigation')
cd /Users/admin/builder/spi-builder-workspace/.swiftpm/xcode
builtin-SwiftPerFileCompile NavigationManager.swift
SwiftEmitModule normal arm64 Emitting\ module\ for\ SnapNavigation (in target 'SnapNavigation' from project 'snap-navigation')
SwiftCompile normal arm64 (in target 'SnapNavigation' from project 'snap-navigation')
cd /Users/admin/builder/spi-builder-workspace/.swiftpm/xcode
SwiftEmitModule normal arm64_32 Emitting\ module\ for\ SnapNavigation (in target 'SnapNavigation' from project 'snap-navigation')
SwiftCompile normal arm64_32 (in target 'SnapNavigation' from project 'snap-navigation')
cd /Users/admin/builder/spi-builder-workspace/.swiftpm/xcode
PruneExplicitPrecompiledModules /Users/admin/builder/spi-builder-workspace/.derivedData/SDKExplicitPrecompiledModules
PruneExplicitPrecompiledModules /Users/admin/builder/spi-builder-workspace/.derivedData/Build/Intermediates.noindex/ExplicitPrecompiledModules
PruneExplicitPrecompiledModules /Users/admin/builder/spi-builder-workspace/.derivedData/Build/Intermediates.noindex/SwiftExplicitPrecompiledModules
2026-09-21 03:58:48.232 xcodebuild[662:4036] [MT] IDERunDestination: Supported platforms for the buildables in the current scheme is empty.
** BUILD FAILED **
The following build commands failed:
SwiftCompile normal arm64 Compiling\ SnapNavigationDestination.swift,\ SnapNavigationPreview.swift /Users/admin/builder/spi-builder-workspace/Sources/SnapNavigation/SnapNavigationDestination.swift /Users/admin/builder/spi-builder-workspace/Sources/SnapNavigation/SnapNavigationPreview.swift (in target 'SnapNavigation' from project 'snap-navigation')
SwiftCompile normal arm64 /Users/admin/builder/spi-builder-workspace/Sources/SnapNavigation/SnapNavigationPreview.swift (in target 'SnapNavigation' from project 'snap-navigation')
Building workspace snap-navigation with scheme snap-navigation
(3 failures)
Command line invocation:
/Applications/Xcode-27.0.0-Release.Candidate.app/Contents/Developer/usr/bin/xcodebuild -IDEClonedSourcePackagesDirPathOverride=/Users/admin/builder/spi-builder-workspace/.dependencies -resolvePackageDependencies
Resolve Package Graph
Resolved source packages:
snap-foundation: https://github.com/simonnickel/snap-foundation.git @ main (5dcd584)
snap-navigation: /Users/admin/builder/spi-builder-workspace
resolved source packages: snap-foundation, snap-navigation
2026-09-21 03:58:59.367 xcodebuild[881:5115] [MT] IDERunDestination: Supported platforms for the buildables in the current scheme is empty.
{
"dependencies" : [
{
"identity" : "snap-foundation",
"requirement" : {
"branch" : [
"main"
]
},
"type" : "sourceControl",
"url" : "https://github.com/simonnickel/snap-foundation.git"
}
],
"manifest_display_name" : "snap-navigation",
"name" : "snap-navigation",
"path" : "/Users/admin/builder/spi-builder-workspace",
"platforms" : [
{
"name" : "ios",
"version" : "18.0"
},
{
"name" : "macos",
"version" : "15.0"
}
],
"products" : [
{
"name" : "SnapNavigation",
"targets" : [
"SnapNavigation"
],
"type" : {
"library" : [
"automatic"
]
}
}
],
"targets" : [
{
"c99name" : "SnapNavigation",
"module_type" : "SwiftTarget",
"name" : "SnapNavigation",
"path" : "Sources/SnapNavigation",
"product_dependencies" : [
"SnapFoundation"
],
"product_memberships" : [
"SnapNavigation"
],
"sources" : [
"Environment.swift",
"Internals/Constants.swift",
"Internals/Helper/Logger.swift",
"Internals/ModalPresentationModifier.swift",
"Internals/NavigationManager+State.swift",
"Internals/NavigationManager.swift",
"Internals/NavigationStyleViews/SingleView.swift",
"Internals/NavigationStyleViews/TabView.swift",
"Internals/NavigationStyleViews/Views/SceneView.swift",
"Internals/NavigationStyleViews/Views/SnapNavigationDestinationScreen.swift",
"Internals/Route.swift",
"Internals/Scene.swift",
"Internals/SnapNavigation.swift",
"Internals/SnapNavigationProvider+Route.swift",
"Internals/Views/ContainerView.swift",
"Internals/Views/WindowView.swift",
"Internals/WindowManager.swift",
"SnapNavigationApp.swift",
"SnapNavigationDestination.swift",
"SnapNavigationPreview.swift",
"SnapNavigationProvider.swift",
"Types/NavigationStyle.swift",
"Types/Navigator+Action.swift",
"Types/PresentationStyle.swift",
"Types/SnapNavigation+isPresenting.swift",
"Types/Window.swift"
],
"type" : "library"
}
],
"tools_version" : "6.3"
}
{
"workspace" : {
"name" : "snap-navigation",
"schemes" : [
"snap-navigation"
]
}
}
2026-09-21 03:59:00.807 xcodebuild[889:5184] [MT] IDERunDestination: Supported platforms for the buildables in the current scheme is empty.
Running build ...
env DEVELOPER_DIR=/Applications/Xcode-27.0.0-Release.Candidate.app xcrun xcodebuild -IDEClonedSourcePackagesDirPathOverride=$PWD/.dependencies -skipMacroValidation -skipPackagePluginValidation -derivedDataPath $PWD/.derivedData build -scheme snap-navigation -destination generic/platform=watchOS
Command line invocation:
/Applications/Xcode-27.0.0-Release.Candidate.app/Contents/Developer/usr/bin/xcodebuild -IDEClonedSourcePackagesDirPathOverride=/Users/admin/builder/spi-builder-workspace/.dependencies -skipMacroValidation -skipPackagePluginValidation -derivedDataPath /Users/admin/builder/spi-builder-workspace/.derivedData build -scheme snap-navigation -destination generic/platform=watchOS
Resolve Package Graph
Resolved source packages:
snap-navigation: /Users/admin/builder/spi-builder-workspace
snap-foundation: https://github.com/simonnickel/snap-foundation.git @ main (5dcd584)
ComputePackagePrebuildTargetDependencyGraph
Prepare packages
CreateBuildRequest
SendProjectDescription
CreateBuildOperation
ComputeTargetDependencyGraph
note: Building targets in dependency order
note: Target dependency graph (4 targets)
Target 'SnapNavigation-product' in project 'snap-navigation'
➜ Explicit dependency on target 'SnapNavigation' in project 'snap-navigation'
➜ Explicit dependency on target 'SnapFoundation-product' in project 'snap-foundation'
Target 'SnapNavigation' in project 'snap-navigation'
➜ Explicit dependency on target 'SnapFoundation-product' in project 'snap-foundation'
Target 'SnapFoundation-product' in project 'snap-foundation'
➜ Explicit dependency on target 'SnapFoundation' in project 'snap-foundation'
Target 'SnapFoundation' in project 'snap-foundation' (no dependencies)
GatherProvisioningInputs
CreateBuildDescription
ClangStatCache /Applications/Xcode-27.0.0-Release.Candidate.app/Contents/Developer/Toolchains/XcodeDefault.xctoolchain/usr/bin/clang-stat-cache /Applications/Xcode-27.0.0-Release.Candidate.app/Contents/Developer/Platforms/WatchOS.platform/Developer/SDKs/WatchOS27.0.sdk /Users/admin/builder/spi-builder-workspace/.derivedData/SDKStatCaches.noindex/watchos27.0-24R360-e829b21a6f8c9b70876ba0858053c04477534ef55a1706bf4c1112bbb242f0a2.sdkstatcache
cd /Users/admin/builder/spi-builder-workspace/.swiftpm/xcode
/Applications/Xcode-27.0.0-Release.Candidate.app/Contents/Developer/Toolchains/XcodeDefault.xctoolchain/usr/bin/clang-stat-cache /Applications/Xcode-27.0.0-Release.Candidate.app/Contents/Developer/Platforms/WatchOS.platform/Developer/SDKs/WatchOS27.0.sdk -o /Users/admin/builder/spi-builder-workspace/.derivedData/SDKStatCaches.noindex/watchos27.0-24R360-e829b21a6f8c9b70876ba0858053c04477534ef55a1706bf4c1112bbb242f0a2.sdkstatcache
SwiftDriver SnapNavigation normal arm64_32 com.apple.xcode.tools.swift.compiler (in target 'SnapNavigation' from project 'snap-navigation')
cd /Users/admin/builder/spi-builder-workspace/.swiftpm/xcode
builtin-SwiftDriver -- /Applications/Xcode-27.0.0-Release.Candidate.app/Contents/Developer/Toolchains/XcodeDefault.xctoolchain/usr/bin/swiftc -parse-as-library -module-name SnapNavigation -Onone @/Users/admin/builder/spi-builder-workspace/.derivedData/Build/Intermediates.noindex/snap-navigation.build/Debug-watchos/SnapNavigation-t.build/Objects-normal/arm64_32/SnapNavigation.SwiftFileList -DSWIFT_PACKAGE -DDEBUG -DSWIFT_MODULE_RESOURCE_BUNDLE_UNAVAILABLE -DXcode -plugin-path /Applications/Xcode-27.0.0-Release.Candidate.app/Contents/Developer/Toolchains/XcodeDefault.xctoolchain/usr/lib/swift/host/plugins/testing -enable-experimental-feature DebugDescriptionMacro -sdk /Applications/Xcode-27.0.0-Release.Candidate.app/Contents/Developer/Platforms/WatchOS.platform/Developer/SDKs/WatchOS27.0.sdk -target arm64_32-apple-watchos11.0 -g -module-cache-path /Users/admin/builder/spi-builder-workspace/.derivedData/ModuleCache.noindex -Xfrontend -serialize-debugging-options -enable-testing -index-store-path /Users/admin/builder/spi-builder-workspace/.derivedData/Index.noindex/DataStore -Xcc -D_LIBCPP_HARDENING_MODE\=_LIBCPP_HARDENING_MODE_DEBUG -swift-version 6 -I /Users/admin/builder/spi-builder-workspace/.derivedData/Build/Products/Debug-watchos -Isystem /Applications/Xcode-27.0.0-Release.Candidate.app/Contents/Developer/Platforms/WatchOS.platform/Developer/usr/lib -F /Users/admin/builder/spi-builder-workspace/.derivedData/Build/Products/Debug-watchos/PackageFrameworks -F /Users/admin/builder/spi-builder-workspace/.derivedData/Build/Products/Debug-watchos -F /Applications/Xcode-27.0.0-Release.Candidate.app/Contents/Developer/Platforms/WatchOS.platform/Developer/Library/Frameworks -F /Applications/Xcode-27.0.0-Release.Candidate.app/Contents/Developer/Platforms/WatchOS.platform/Developer/SDKs/WatchOS27.0.sdk/Developer/Library/Frameworks -c -j10 -enable-batch-mode -incremental -Xcc -ivfsstatcache -Xcc /Users/admin/builder/spi-builder-workspace/.derivedData/SDKStatCaches.noindex/watchos27.0-24R360-e829b21a6f8c9b70876ba0858053c04477534ef55a1706bf4c1112bbb242f0a2.sdkstatcache -output-file-map /Users/admin/builder/spi-builder-workspace/.derivedData/Build/Intermediates.noindex/snap-navigation.build/Debug-watchos/SnapNavigation-t.build/Objects-normal/arm64_32/SnapNavigation-OutputFileMap.json -save-temps -no-color-diagnostics -explicit-module-build -module-cache-path /Users/admin/builder/spi-builder-workspace/.derivedData/Build/Intermediates.noindex/SwiftExplicitPrecompiledModules -clang-scanner-module-cache-path /Users/admin/builder/spi-builder-workspace/.derivedData/ModuleCache.noindex -sdk-module-cache-path /Users/admin/builder/spi-builder-workspace/.derivedData/SDKExplicitPrecompiledModules -emit-dependencies -emit-module -emit-module-path /Users/admin/builder/spi-builder-workspace/.derivedData/Build/Intermediates.noindex/snap-navigation.build/Debug-watchos/SnapNavigation-t.build/Objects-normal/arm64_32/SnapNavigation.swiftmodule -serialize-diagnostics -dependency-scan-serialize-diagnostics-path /Users/admin/builder/spi-builder-workspace/.derivedData/Build/Intermediates.noindex/snap-navigation.build/Debug-watchos/SnapNavigation-t.build/Objects-normal/arm64_32/SnapNavigation-dependency-scan.dia -validate-clang-modules-once -clang-build-session-file /Users/admin/builder/spi-builder-workspace/.derivedData/ModuleCache.noindex/Session.modulevalidation -Xcc -fmodules-prune-interval\=86400 -Xcc -fmodules-prune-after\=345600 -package-name spi_builder_workspace -emit-const-values -const-gather-protocols-list /Users/admin/builder/spi-builder-workspace/.derivedData/Build/Intermediates.noindex/snap-navigation.build/Debug-watchos/SnapNavigation-t.build/Objects-normal/arm64_32/SnapNavigation_const_extract_protocols.json -Xcc -I/Users/admin/builder/spi-builder-workspace/.derivedData/Build/Products/Debug-watchos/include -Xcc -I/Users/admin/builder/spi-builder-workspace/.derivedData/Build/Intermediates.noindex/snap-navigation.build/Debug-watchos/SnapNavigation-t.build/DerivedSources-normal/arm64_32 -Xcc -I/Users/admin/builder/spi-builder-workspace/.derivedData/Build/Intermediates.noindex/snap-navigation.build/Debug-watchos/SnapNavigation-t.build/DerivedSources/arm64_32 -Xcc -I/Users/admin/builder/spi-builder-workspace/.derivedData/Build/Intermediates.noindex/snap-navigation.build/Debug-watchos/SnapNavigation-t.build/DerivedSources -Xcc -DSWIFT_PACKAGE -Xcc -DDEBUG\=1 -emit-objc-header -emit-objc-header-path /Users/admin/builder/spi-builder-workspace/.derivedData/Build/Intermediates.noindex/snap-navigation.build/Debug-watchos/SnapNavigation-t.build/Objects-normal/arm64_32/SnapNavigation-Swift.h -working-directory /Users/admin/builder/spi-builder-workspace/.swiftpm/xcode -experimental-emit-module-separately -disable-cmo
SwiftDriver SnapNavigation normal arm64 com.apple.xcode.tools.swift.compiler (in target 'SnapNavigation' from project 'snap-navigation')
cd /Users/admin/builder/spi-builder-workspace/.swiftpm/xcode
builtin-SwiftDriver -- /Applications/Xcode-27.0.0-Release.Candidate.app/Contents/Developer/Toolchains/XcodeDefault.xctoolchain/usr/bin/swiftc -parse-as-library -module-name SnapNavigation -Onone @/Users/admin/builder/spi-builder-workspace/.derivedData/Build/Intermediates.noindex/snap-navigation.build/Debug-watchos/SnapNavigation-t.build/Objects-normal/arm64/SnapNavigation.SwiftFileList -DSWIFT_PACKAGE -DDEBUG -DSWIFT_MODULE_RESOURCE_BUNDLE_UNAVAILABLE -DXcode -plugin-path /Applications/Xcode-27.0.0-Release.Candidate.app/Contents/Developer/Toolchains/XcodeDefault.xctoolchain/usr/lib/swift/host/plugins/testing -enable-experimental-feature DebugDescriptionMacro -sdk /Applications/Xcode-27.0.0-Release.Candidate.app/Contents/Developer/Platforms/WatchOS.platform/Developer/SDKs/WatchOS27.0.sdk -target arm64-apple-watchos11.0 -g -module-cache-path /Users/admin/builder/spi-builder-workspace/.derivedData/ModuleCache.noindex -Xfrontend -serialize-debugging-options -enable-testing -index-store-path /Users/admin/builder/spi-builder-workspace/.derivedData/Index.noindex/DataStore -Xcc -D_LIBCPP_HARDENING_MODE\=_LIBCPP_HARDENING_MODE_DEBUG -swift-version 6 -I /Users/admin/builder/spi-builder-workspace/.derivedData/Build/Products/Debug-watchos -Isystem /Applications/Xcode-27.0.0-Release.Candidate.app/Contents/Developer/Platforms/WatchOS.platform/Developer/usr/lib -F /Users/admin/builder/spi-builder-workspace/.derivedData/Build/Products/Debug-watchos/PackageFrameworks -F /Users/admin/builder/spi-builder-workspace/.derivedData/Build/Products/Debug-watchos -F /Applications/Xcode-27.0.0-Release.Candidate.app/Contents/Developer/Platforms/WatchOS.platform/Developer/Library/Frameworks -F /Applications/Xcode-27.0.0-Release.Candidate.app/Contents/Developer/Platforms/WatchOS.platform/Developer/SDKs/WatchOS27.0.sdk/Developer/Library/Frameworks -c -j10 -enable-batch-mode -incremental -Xcc -ivfsstatcache -Xcc /Users/admin/builder/spi-builder-workspace/.derivedData/SDKStatCaches.noindex/watchos27.0-24R360-e829b21a6f8c9b70876ba0858053c04477534ef55a1706bf4c1112bbb242f0a2.sdkstatcache -output-file-map /Users/admin/builder/spi-builder-workspace/.derivedData/Build/Intermediates.noindex/snap-navigation.build/Debug-watchos/SnapNavigation-t.build/Objects-normal/arm64/SnapNavigation-OutputFileMap.json -save-temps -no-color-diagnostics -explicit-module-build -module-cache-path /Users/admin/builder/spi-builder-workspace/.derivedData/Build/Intermediates.noindex/SwiftExplicitPrecompiledModules -clang-scanner-module-cache-path /Users/admin/builder/spi-builder-workspace/.derivedData/ModuleCache.noindex -sdk-module-cache-path /Users/admin/builder/spi-builder-workspace/.derivedData/SDKExplicitPrecompiledModules -emit-dependencies -emit-module -emit-module-path /Users/admin/builder/spi-builder-workspace/.derivedData/Build/Intermediates.noindex/snap-navigation.build/Debug-watchos/SnapNavigation-t.build/Objects-normal/arm64/SnapNavigation.swiftmodule -serialize-diagnostics -dependency-scan-serialize-diagnostics-path /Users/admin/builder/spi-builder-workspace/.derivedData/Build/Intermediates.noindex/snap-navigation.build/Debug-watchos/SnapNavigation-t.build/Objects-normal/arm64/SnapNavigation-dependency-scan.dia -validate-clang-modules-once -clang-build-session-file /Users/admin/builder/spi-builder-workspace/.derivedData/ModuleCache.noindex/Session.modulevalidation -Xcc -fmodules-prune-interval\=86400 -Xcc -fmodules-prune-after\=345600 -package-name spi_builder_workspace -emit-const-values -const-gather-protocols-list /Users/admin/builder/spi-builder-workspace/.derivedData/Build/Intermediates.noindex/snap-navigation.build/Debug-watchos/SnapNavigation-t.build/Objects-normal/arm64/SnapNavigation_const_extract_protocols.json -Xcc -I/Users/admin/builder/spi-builder-workspace/.derivedData/Build/Products/Debug-watchos/include -Xcc -I/Users/admin/builder/spi-builder-workspace/.derivedData/Build/Intermediates.noindex/snap-navigation.build/Debug-watchos/SnapNavigation-t.build/DerivedSources-normal/arm64 -Xcc -I/Users/admin/builder/spi-builder-workspace/.derivedData/Build/Intermediates.noindex/snap-navigation.build/Debug-watchos/SnapNavigation-t.build/DerivedSources/arm64 -Xcc -I/Users/admin/builder/spi-builder-workspace/.derivedData/Build/Intermediates.noindex/snap-navigation.build/Debug-watchos/SnapNavigation-t.build/DerivedSources -Xcc -DSWIFT_PACKAGE -Xcc -DDEBUG\=1 -emit-objc-header -emit-objc-header-path /Users/admin/builder/spi-builder-workspace/.derivedData/Build/Intermediates.noindex/snap-navigation.build/Debug-watchos/SnapNavigation-t.build/Objects-normal/arm64/SnapNavigation-Swift.h -working-directory /Users/admin/builder/spi-builder-workspace/.swiftpm/xcode -experimental-emit-module-separately -disable-cmo
SwiftCompile normal arm64 Compiling\ ModalPresentationModifier.swift,\ NavigationManager+State.swift,\ NavigationManager.swift /Users/admin/builder/spi-builder-workspace/Sources/SnapNavigation/Internals/ModalPresentationModifier.swift /Users/admin/builder/spi-builder-workspace/Sources/SnapNavigation/Internals/NavigationManager+State.swift /Users/admin/builder/spi-builder-workspace/Sources/SnapNavigation/Internals/NavigationManager.swift (in target 'SnapNavigation' from project 'snap-navigation')
SwiftCompile normal arm64 /Users/admin/builder/spi-builder-workspace/Sources/SnapNavigation/Internals/ModalPresentationModifier.swift (in target 'SnapNavigation' from project 'snap-navigation')
cd /Users/admin/builder/spi-builder-workspace/.swiftpm/xcode
builtin-SwiftPerFileCompile ModalPresentationModifier.swift
SwiftCompile normal arm64 /Users/admin/builder/spi-builder-workspace/Sources/SnapNavigation/Internals/NavigationManager+State.swift (in target 'SnapNavigation' from project 'snap-navigation')
cd /Users/admin/builder/spi-builder-workspace/.swiftpm/xcode
builtin-SwiftPerFileCompile NavigationManager+State.swift
SwiftCompile normal arm64 /Users/admin/builder/spi-builder-workspace/Sources/SnapNavigation/Internals/NavigationManager.swift (in target 'SnapNavigation' from project 'snap-navigation')
cd /Users/admin/builder/spi-builder-workspace/.swiftpm/xcode
builtin-SwiftPerFileCompile NavigationManager.swift
SwiftCompile normal arm64 Compiling\ SnapNavigation.swift,\ SnapNavigationProvider+Route.swift,\ ContainerView.swift /Users/admin/builder/spi-builder-workspace/Sources/SnapNavigation/Internals/SnapNavigation.swift /Users/admin/builder/spi-builder-workspace/Sources/SnapNavigation/Internals/SnapNavigationProvider+Route.swift /Users/admin/builder/spi-builder-workspace/Sources/SnapNavigation/Internals/Views/ContainerView.swift (in target 'SnapNavigation' from project 'snap-navigation')
SwiftCompile normal arm64 /Users/admin/builder/spi-builder-workspace/Sources/SnapNavigation/Internals/SnapNavigation.swift (in target 'SnapNavigation' from project 'snap-navigation')
cd /Users/admin/builder/spi-builder-workspace/.swiftpm/xcode
builtin-SwiftPerFileCompile SnapNavigation.swift
SwiftCompile normal arm64 /Users/admin/builder/spi-builder-workspace/Sources/SnapNavigation/Internals/SnapNavigationProvider+Route.swift (in target 'SnapNavigation' from project 'snap-navigation')
cd /Users/admin/builder/spi-builder-workspace/.swiftpm/xcode
builtin-SwiftPerFileCompile SnapNavigationProvider+Route.swift
SwiftCompile normal arm64 /Users/admin/builder/spi-builder-workspace/Sources/SnapNavigation/Internals/Views/ContainerView.swift (in target 'SnapNavigation' from project 'snap-navigation')
cd /Users/admin/builder/spi-builder-workspace/.swiftpm/xcode
builtin-SwiftPerFileCompile ContainerView.swift
SwiftCompile normal arm64 Compiling\ SnapNavigationDestination.swift,\ SnapNavigationPreview.swift /Users/admin/builder/spi-builder-workspace/Sources/SnapNavigation/SnapNavigationDestination.swift /Users/admin/builder/spi-builder-workspace/Sources/SnapNavigation/SnapNavigationPreview.swift (in target 'SnapNavigation' from project 'snap-navigation')
/Users/admin/builder/spi-builder-workspace/Sources/SnapNavigation/SnapNavigationPreview.swift:12:20: error: 'openWindow' is unavailable in watchOS
10 | public struct SnapNavigationPreview<NavigationProvider: SnapNavigationProvider, WindowContent: View>: View {
11 |
12 | @Environment(\.openWindow) private var openWindow
| `- error: 'openWindow' is unavailable in watchOS
13 |
14 | internal typealias WindowManager = SnapNavigation.WindowManager<NavigationProvider>
SwiftUI.EnvironmentValues.openWindow:2:12: note: 'openWindow' has been explicitly marked unavailable here
1 | struct EnvironmentValues {
2 | public var openWindow: OpenWindowAction { get }}
| `- note: 'openWindow' has been explicitly marked unavailable here
3 |
Failed frontend command:
/Applications/Xcode-27.0.0-Release.Candidate.app/Contents/Developer/Toolchains/XcodeDefault.xctoolchain/usr/bin/swift-frontend -frontend -c /Users/admin/builder/spi-builder-workspace/Sources/SnapNavigation/Environment.swift /Users/admin/builder/spi-builder-workspace/Sources/SnapNavigation/Internals/Constants.swift /Users/admin/builder/spi-builder-workspace/Sources/SnapNavigation/Internals/Helper/Logger.swift /Users/admin/builder/spi-builder-workspace/Sources/SnapNavigation/Internals/ModalPresentationModifier.swift /Users/admin/builder/spi-builder-workspace/Sources/SnapNavigation/Internals/NavigationManager+State.swift /Users/admin/builder/spi-builder-workspace/Sources/SnapNavigation/Internals/NavigationManager.swift /Users/admin/builder/spi-builder-workspace/Sources/SnapNavigation/Internals/NavigationStyleViews/SingleView.swift /Users/admin/builder/spi-builder-workspace/Sources/SnapNavigation/Internals/NavigationStyleViews/TabView.swift /Users/admin/builder/spi-builder-workspace/Sources/SnapNavigation/Internals/NavigationStyleViews/Views/SceneView.swift /Users/admin/builder/spi-builder-workspace/Sources/SnapNavigation/Internals/NavigationStyleViews/Views/SnapNavigationDestinationScreen.swift /Users/admin/builder/spi-builder-workspace/Sources/SnapNavigation/Internals/Route.swift /Users/admin/builder/spi-builder-workspace/Sources/SnapNavigation/Internals/Scene.swift /Users/admin/builder/spi-builder-workspace/Sources/SnapNavigation/Internals/SnapNavigation.swift /Users/admin/builder/spi-builder-workspace/Sources/SnapNavigation/Internals/SnapNavigationProvider+Route.swift /Users/admin/builder/spi-builder-workspace/Sources/SnapNavigation/Internals/Views/ContainerView.swift /Users/admin/builder/spi-builder-workspace/Sources/SnapNavigation/Internals/Views/WindowView.swift /Users/admin/builder/spi-builder-workspace/Sources/SnapNavigation/Internals/WindowManager.swift /Users/admin/builder/spi-builder-workspace/Sources/SnapNavigation/SnapNavigationApp.swift -primary-file /Users/admin/builder/spi-builder-workspace/Sources/SnapNavigation/SnapNavigationDestination.swift -primary-file /Users/admin/builder/spi-builder-workspace/Sources/SnapNavigation/SnapNavigationPreview.swift /Users/admin/builder/spi-builder-workspace/Sources/SnapNavigation/SnapNavigationProvider.swift /Users/admin/builder/spi-builder-workspace/Sources/SnapNavigation/Types/NavigationStyle.swift /Users/admin/builder/spi-builder-workspace/Sources/SnapNavigation/Types/Navigator+Action.swift /Users/admin/builder/spi-builder-workspace/Sources/SnapNavigation/Types/PresentationStyle.swift /Users/admin/builder/spi-builder-workspace/Sources/SnapNavigation/Types/SnapNavigation+isPresenting.swift /Users/admin/builder/spi-builder-workspace/Sources/SnapNavigation/Types/Window.swift -emit-dependencies-path /Users/admin/builder/spi-builder-workspace/.derivedData/Build/Intermediates.noindex/snap-navigation.build/Debug-watchos/SnapNavigation-t.build/Objects-normal/arm64/SnapNavigationDestination.d -emit-const-values-path /Users/admin/builder/spi-builder-workspace/.derivedData/Build/Intermediates.noindex/snap-navigation.build/Debug-watchos/SnapNavigation-t.build/Objects-normal/arm64/SnapNavigationDestination.swiftconstvalues -emit-reference-dependencies-path /Users/admin/builder/spi-builder-workspace/.derivedData/Build/Intermediates.noindex/snap-navigation.build/Debug-watchos/SnapNavigation-t.build/Objects-normal/arm64/SnapNavigationDestination.swiftdeps -serialize-diagnostics-path /Users/admin/builder/spi-builder-workspace/.derivedData/Build/Intermediates.noindex/snap-navigation.build/Debug-watchos/SnapNavigation-t.build/Objects-normal/arm64/SnapNavigationDestination.dia -emit-dependencies-path /Users/admin/builder/spi-builder-workspace/.derivedData/Build/Intermediates.noindex/snap-navigation.build/Debug-watchos/SnapNavigation-t.build/Objects-normal/arm64/SnapNavigationPreview.d -emit-const-values-path /Users/admin/builder/spi-builder-workspace/.derivedData/Build/Intermediates.noindex/snap-navigation.build/Debug-watchos/SnapNavigation-t.build/Objects-normal/arm64/SnapNavigationPreview.swiftconstvalues -emit-reference-dependencies-path /Users/admin/builder/spi-builder-workspace/.derivedData/Build/Intermediates.noindex/snap-navigation.build/Debug-watchos/SnapNavigation-t.build/Objects-normal/arm64/SnapNavigationPreview.swiftdeps -serialize-diagnostics-path /Users/admin/builder/spi-builder-workspace/.derivedData/Build/Intermediates.noindex/snap-navigation.build/Debug-watchos/SnapNavigation-t.build/Objects-normal/arm64/SnapNavigationPreview.dia -target arm64-apple-watchos11.0 -disable-cross-import-overlay-search -load-resolved-plugin /Applications/Xcode-27.0.0-Release.Candidate.app/Contents/Developer/Platforms/WatchOS.platform/Developer/usr/lib/swift/host/plugins/libFoundationMacros.dylib\#/Applications/Xcode-27.0.0-Release.Candidate.app/Contents/Developer/Platforms/WatchOS.platform/Developer/usr/bin/swift-plugin-server\#FoundationMacros -load-resolved-plugin /Applications/Xcode-27.0.0-Release.Candidate.app/Contents/Developer/Platforms/WatchOS.platform/Developer/usr/lib/swift/host/plugins/libObservationMacros.dylib\#/Applications/Xcode-27.0.0-Release.Candidate.app/Contents/Developer/Platforms/WatchOS.platform/Developer/usr/bin/swift-plugin-server\#ObservationMacros -load-resolved-plugin /Applications/Xcode-27.0.0-Release.Candidate.app/Contents/Developer/Platforms/WatchOS.platform/Developer/usr/lib/swift/host/plugins/libPreviewsMacros.dylib\#/Applications/Xcode-27.0.0-Release.Candidate.app/Contents/Developer/Platforms/WatchOS.platform/Developer/usr/bin/swift-plugin-server\#PreviewsMacros -load-resolved-plugin /Applications/Xcode-27.0.0-Release.Candidate.app/Contents/Developer/Platforms/WatchOS.platform/Developer/usr/lib/swift/host/plugins/libSwiftMacros.dylib\#/Applications/Xcode-27.0.0-Release.Candidate.app/Contents/Developer/Platforms/WatchOS.platform/Developer/usr/bin/swift-plugin-server\#SwiftMacros -load-resolved-plugin /Applications/Xcode-27.0.0-Release.Candidate.app/Contents/Developer/Platforms/WatchOS.platform/Developer/usr/lib/swift/host/plugins/libSwiftUIMacros.dylib\#/Applications/Xcode-27.0.0-Release.Candidate.app/Contents/Developer/Platforms/WatchOS.platform/Developer/usr/bin/swift-plugin-server\#SwiftUIMacros -disable-implicit-swift-modules -Xcc -fno-implicit-modules -Xcc -fno-implicit-module-maps -explicit-swift-module-map-file /Users/admin/builder/spi-builder-workspace/.derivedData/Build/Intermediates.noindex/snap-navigation.build/Debug-watchos/SnapNavigation-t.build/Objects-normal/arm64/SnapNavigation-dependencies-1.json -Xllvm -aarch64-use-tbi -enable-objc-interop -stack-check -sdk /Applications/Xcode-27.0.0-Release.Candidate.app/Contents/Developer/Platforms/WatchOS.platform/Developer/SDKs/WatchOS27.0.sdk -I /Users/admin/builder/spi-builder-workspace/.derivedData/Build/Products/Debug-watchos -Isystem /Applications/Xcode-27.0.0-Release.Candidate.app/Contents/Developer/Platforms/WatchOS.platform/Developer/usr/lib -F /Users/admin/builder/spi-builder-workspace/.derivedData/Build/Products/Debug-watchos/PackageFrameworks -F /Users/admin/builder/spi-builder-workspace/.derivedData/Build/Products/Debug-watchos -F /Applications/Xcode-27.0.0-Release.Candidate.app/Contents/Developer/Platforms/WatchOS.platform/Developer/Library/Frameworks -F /Applications/Xcode-27.0.0-Release.Candidate.app/Contents/Developer/Platforms/WatchOS.platform/Developer/SDKs/WatchOS27.0.sdk/Developer/Library/Frameworks -module-cache-path /Users/admin/builder/spi-builder-workspace/.derivedData/Build/Intermediates.noindex/SwiftExplicitPrecompiledModules -no-color-diagnostics -Xcc -fno-color-diagnostics -enable-testing -g -debug-info-format\=dwarf -dwarf-version\=5 -swift-version 6 -Onone -D SWIFT_PACKAGE -D DEBUG -D SWIFT_MODULE_RESOURCE_BUNDLE_UNAVAILABLE -D Xcode -serialize-debugging-options -enable-experimental-feature DebugDescriptionMacro -empty-abi-descriptor -validate-clang-modules-once -clang-build-session-file /Users/admin/builder/spi-builder-workspace/.derivedData/ModuleCache.noindex/Session.modulevalidation -Xcc -working-directory -Xcc /Users/admin/builder/spi-builder-workspace/.swiftpm/xcode -enable-anonymous-context-mangled-names -file-compilation-dir /Users/admin/builder/spi-builder-workspace/.swiftpm/xcode -Xcc -D_LIBCPP_HARDENING_MODE\=_LIBCPP_HARDENING_MODE_DEBUG -Xcc -ivfsstatcache -Xcc /Users/admin/builder/spi-builder-workspace/.derivedData/SDKStatCaches.noindex/watchos27.0-24R360-e829b21a6f8c9b70876ba0858053c04477534ef55a1706bf4c1112bbb242f0a2.sdkstatcache -Xcc -fmodules-prune-interval\=86400 -Xcc -fmodules-prune-after\=345600 -Xcc -I/Users/admin/builder/spi-builder-workspace/.derivedData/Build/Products/Debug-watchos/include -Xcc -I/Users/admin/builder/spi-builder-workspace/.derivedData/Build/Intermediates.noindex/snap-navigation.build/Debug-watchos/SnapNavigation-t.build/DerivedSources-normal/arm64 -Xcc -I/Users/admin/builder/spi-builder-workspace/.derivedData/Build/Intermediates.noindex/snap-navigation.build/Debug-watchos/SnapNavigation-t.build/DerivedSources/arm64 -Xcc -I/Users/admin/builder/spi-builder-workspace/.derivedData/Build/Intermediates.noindex/snap-navigation.build/Debug-watchos/SnapNavigation-t.build/DerivedSources -Xcc -DSWIFT_PACKAGE -Xcc -DDEBUG\=1 -no-auto-bridging-header-chaining -module-name SnapNavigation -package-name spi_builder_workspace -const-gather-protocols-file /Users/admin/builder/spi-builder-workspace/.derivedData/Build/Intermediates.noindex/snap-navigation.build/Debug-watchos/SnapNavigation-t.build/Objects-normal/arm64/SnapNavigation_const_extract_protocols.json -disable-clang-spi -clang-target arm64-apple-watchos27.0 -target-sdk-version 27.0 -target-sdk-name watchos27.0 -in-process-plugin-server-path /Applications/Xcode-27.0.0-Release.Candidate.app/Contents/Developer/Toolchains/XcodeDefault.xctoolchain/usr/lib/swift/host/libSwiftInProcPluginServer.dylib -parse-as-library -o /Users/admin/builder/spi-builder-workspace/.derivedData/Build/Intermediates.noindex/snap-navigation.build/Debug-watchos/SnapNavigation-t.build/Objects-normal/arm64/SnapNavigationDestination.o -o /Users/admin/builder/spi-builder-workspace/.derivedData/Build/Intermediates.noindex/snap-navigation.build/Debug-watchos/SnapNavigation-t.build/Objects-normal/arm64/SnapNavigationPreview.o -debug-module-path /Users/admin/builder/spi-builder-workspace/.derivedData/Build/Intermediates.noindex/snap-navigation.build/Debug-watchos/SnapNavigation-t.build/Objects-normal/arm64/SnapNavigation.swiftmodule -index-unit-output-path /snap-navigation.build/Debug-watchos/SnapNavigation-t.build/Objects-normal/arm64/SnapNavigationDestination.o -index-unit-output-path /snap-navigation.build/Debug-watchos/SnapNavigation-t.build/Objects-normal/arm64/SnapNavigationPreview.o -index-store-path /Users/admin/builder/spi-builder-workspace/.derivedData/Index.noindex/DataStore -index-system-modules
SwiftCompile normal arm64 /Users/admin/builder/spi-builder-workspace/Sources/SnapNavigation/SnapNavigationDestination.swift (in target 'SnapNavigation' from project 'snap-navigation')
cd /Users/admin/builder/spi-builder-workspace/.swiftpm/xcode
builtin-SwiftPerFileCompile SnapNavigationDestination.swift
SwiftCompile normal arm64 /Users/admin/builder/spi-builder-workspace/Sources/SnapNavigation/SnapNavigationPreview.swift (in target 'SnapNavigation' from project 'snap-navigation')
cd /Users/admin/builder/spi-builder-workspace/.swiftpm/xcode
builtin-SwiftPerFileCompile SnapNavigationPreview.swift
SwiftCompile normal arm64 Compiling\ SingleView.swift,\ TabView.swift,\ SceneView.swift /Users/admin/builder/spi-builder-workspace/Sources/SnapNavigation/Internals/NavigationStyleViews/SingleView.swift /Users/admin/builder/spi-builder-workspace/Sources/SnapNavigation/Internals/NavigationStyleViews/TabView.swift /Users/admin/builder/spi-builder-workspace/Sources/SnapNavigation/Internals/NavigationStyleViews/Views/SceneView.swift (in target 'SnapNavigation' from project 'snap-navigation')
SwiftCompile normal arm64 /Users/admin/builder/spi-builder-workspace/Sources/SnapNavigation/Internals/NavigationStyleViews/SingleView.swift (in target 'SnapNavigation' from project 'snap-navigation')
cd /Users/admin/builder/spi-builder-workspace/.swiftpm/xcode
builtin-SwiftPerFileCompile SingleView.swift
SwiftCompile normal arm64 /Users/admin/builder/spi-builder-workspace/Sources/SnapNavigation/Internals/NavigationStyleViews/TabView.swift (in target 'SnapNavigation' from project 'snap-navigation')
cd /Users/admin/builder/spi-builder-workspace/.swiftpm/xcode
builtin-SwiftPerFileCompile TabView.swift
SwiftCompile normal arm64 /Users/admin/builder/spi-builder-workspace/Sources/SnapNavigation/Internals/NavigationStyleViews/Views/SceneView.swift (in target 'SnapNavigation' from project 'snap-navigation')
cd /Users/admin/builder/spi-builder-workspace/.swiftpm/xcode
builtin-SwiftPerFileCompile SceneView.swift
SwiftCompile normal arm64 Compiling\ WindowView.swift,\ WindowManager.swift,\ SnapNavigationApp.swift /Users/admin/builder/spi-builder-workspace/Sources/SnapNavigation/Internals/Views/WindowView.swift /Users/admin/builder/spi-builder-workspace/Sources/SnapNavigation/Internals/WindowManager.swift /Users/admin/builder/spi-builder-workspace/Sources/SnapNavigation/SnapNavigationApp.swift (in target 'SnapNavigation' from project 'snap-navigation')
SwiftCompile normal arm64 /Users/admin/builder/spi-builder-workspace/Sources/SnapNavigation/Internals/Views/WindowView.swift (in target 'SnapNavigation' from project 'snap-navigation')
cd /Users/admin/builder/spi-builder-workspace/.swiftpm/xcode
builtin-SwiftPerFileCompile WindowView.swift
SwiftCompile normal arm64 /Users/admin/builder/spi-builder-workspace/Sources/SnapNavigation/Internals/WindowManager.swift (in target 'SnapNavigation' from project 'snap-navigation')
cd /Users/admin/builder/spi-builder-workspace/.swiftpm/xcode
builtin-SwiftPerFileCompile WindowManager.swift
SwiftCompile normal arm64 /Users/admin/builder/spi-builder-workspace/Sources/SnapNavigation/SnapNavigationApp.swift (in target 'SnapNavigation' from project 'snap-navigation')
cd /Users/admin/builder/spi-builder-workspace/.swiftpm/xcode
builtin-SwiftPerFileCompile SnapNavigationApp.swift
SwiftCompile normal arm64 Compiling\ SnapNavigationProvider.swift,\ NavigationStyle.swift /Users/admin/builder/spi-builder-workspace/Sources/SnapNavigation/SnapNavigationProvider.swift /Users/admin/builder/spi-builder-workspace/Sources/SnapNavigation/Types/NavigationStyle.swift (in target 'SnapNavigation' from project 'snap-navigation')
SwiftCompile normal arm64 /Users/admin/builder/spi-builder-workspace/Sources/SnapNavigation/SnapNavigationProvider.swift (in target 'SnapNavigation' from project 'snap-navigation')
cd /Users/admin/builder/spi-builder-workspace/.swiftpm/xcode
builtin-SwiftPerFileCompile SnapNavigationProvider.swift
SwiftCompile normal arm64 /Users/admin/builder/spi-builder-workspace/Sources/SnapNavigation/Types/NavigationStyle.swift (in target 'SnapNavigation' from project 'snap-navigation')
cd /Users/admin/builder/spi-builder-workspace/.swiftpm/xcode
builtin-SwiftPerFileCompile NavigationStyle.swift
SwiftCompile normal arm64 Compiling\ Navigator+Action.swift,\ PresentationStyle.swift /Users/admin/builder/spi-builder-workspace/Sources/SnapNavigation/Types/Navigator+Action.swift /Users/admin/builder/spi-builder-workspace/Sources/SnapNavigation/Types/PresentationStyle.swift (in target 'SnapNavigation' from project 'snap-navigation')
SwiftCompile normal arm64 /Users/admin/builder/spi-builder-workspace/Sources/SnapNavigation/Types/Navigator+Action.swift (in target 'SnapNavigation' from project 'snap-navigation')
cd /Users/admin/builder/spi-builder-workspace/.swiftpm/xcode
builtin-SwiftPerFileCompile Navigator+Action.swift
SwiftCompile normal arm64 /Users/admin/builder/spi-builder-workspace/Sources/SnapNavigation/Types/PresentationStyle.swift (in target 'SnapNavigation' from project 'snap-navigation')
cd /Users/admin/builder/spi-builder-workspace/.swiftpm/xcode
builtin-SwiftPerFileCompile PresentationStyle.swift
SwiftCompile normal arm64 Compiling\ Environment.swift,\ Constants.swift,\ Logger.swift /Users/admin/builder/spi-builder-workspace/Sources/SnapNavigation/Environment.swift /Users/admin/builder/spi-builder-workspace/Sources/SnapNavigation/Internals/Constants.swift /Users/admin/builder/spi-builder-workspace/Sources/SnapNavigation/Internals/Helper/Logger.swift (in target 'SnapNavigation' from project 'snap-navigation')
/Users/admin/builder/spi-builder-workspace/Sources/SnapNavigation/Environment.swift:10:34: warning: Storing a closure in '@Entry var navigator' may invalidate dependents on every update because closures may not be comparable. (from macro 'Entry ')
8 | extension EnvironmentValues {
9 |
10 | @Entry public var navigator: (SnapNavigation.NavigatorAction) -> Void = { _ in }
| `- warning: Storing a closure in '@Entry var navigator' may invalidate dependents on every update because closures may not be comparable. (from macro 'Entry ')
11 |
12 | @Entry public var isPresentingDestination: SnapNavigation.IsPresenting = { _ in false }
SwiftCompile normal arm64 /Users/admin/builder/spi-builder-workspace/Sources/SnapNavigation/Environment.swift (in target 'SnapNavigation' from project 'snap-navigation')
cd /Users/admin/builder/spi-builder-workspace/.swiftpm/xcode
builtin-SwiftPerFileCompile Environment.swift
SwiftCompile normal arm64 /Users/admin/builder/spi-builder-workspace/Sources/SnapNavigation/Internals/Constants.swift (in target 'SnapNavigation' from project 'snap-navigation')
cd /Users/admin/builder/spi-builder-workspace/.swiftpm/xcode
builtin-SwiftPerFileCompile Constants.swift
SwiftCompile normal arm64 /Users/admin/builder/spi-builder-workspace/Sources/SnapNavigation/Internals/Helper/Logger.swift (in target 'SnapNavigation' from project 'snap-navigation')
cd /Users/admin/builder/spi-builder-workspace/.swiftpm/xcode
builtin-SwiftPerFileCompile Logger.swift
SwiftEmitModule normal arm64 Emitting\ module\ for\ SnapNavigation (in target 'SnapNavigation' from project 'snap-navigation')
/Users/admin/builder/spi-builder-workspace/Sources/SnapNavigation/Environment.swift:10:34: warning: Storing a closure in '@Entry var navigator' may invalidate dependents on every update because closures may not be comparable. (from macro 'Entry ')
8 | extension EnvironmentValues {
9 |
10 | @Entry public var navigator: (SnapNavigation.NavigatorAction) -> Void = { _ in }
| `- warning: Storing a closure in '@Entry var navigator' may invalidate dependents on every update because closures may not be comparable. (from macro 'Entry ')
11 |
12 | @Entry public var isPresentingDestination: SnapNavigation.IsPresenting = { _ in false }
SwiftCompile normal arm64 (in target 'SnapNavigation' from project 'snap-navigation')
cd /Users/admin/builder/spi-builder-workspace/.swiftpm/xcode
SwiftCompile normal arm64 Compiling\ SnapNavigationDestinationScreen.swift,\ Route.swift,\ Scene.swift /Users/admin/builder/spi-builder-workspace/Sources/SnapNavigation/Internals/NavigationStyleViews/Views/SnapNavigationDestinationScreen.swift /Users/admin/builder/spi-builder-workspace/Sources/SnapNavigation/Internals/Route.swift /Users/admin/builder/spi-builder-workspace/Sources/SnapNavigation/Internals/Scene.swift (in target 'SnapNavigation' from project 'snap-navigation')
SwiftCompile normal arm64 /Users/admin/builder/spi-builder-workspace/Sources/SnapNavigation/Internals/NavigationStyleViews/Views/SnapNavigationDestinationScreen.swift (in target 'SnapNavigation' from project 'snap-navigation')
cd /Users/admin/builder/spi-builder-workspace/.swiftpm/xcode
builtin-SwiftPerFileCompile SnapNavigationDestinationScreen.swift
SwiftCompile normal arm64 /Users/admin/builder/spi-builder-workspace/Sources/SnapNavigation/Internals/Route.swift (in target 'SnapNavigation' from project 'snap-navigation')
cd /Users/admin/builder/spi-builder-workspace/.swiftpm/xcode
builtin-SwiftPerFileCompile Route.swift
SwiftCompile normal arm64 /Users/admin/builder/spi-builder-workspace/Sources/SnapNavigation/Internals/Scene.swift (in target 'SnapNavigation' from project 'snap-navigation')
cd /Users/admin/builder/spi-builder-workspace/.swiftpm/xcode
builtin-SwiftPerFileCompile Scene.swift
SwiftEmitModule normal arm64_32 Emitting\ module\ for\ SnapNavigation (in target 'SnapNavigation' from project 'snap-navigation')
SwiftCompile normal arm64_32 (in target 'SnapNavigation' from project 'snap-navigation')
cd /Users/admin/builder/spi-builder-workspace/.swiftpm/xcode
PruneExplicitPrecompiledModules /Users/admin/builder/spi-builder-workspace/.derivedData/Build/Intermediates.noindex/SwiftExplicitPrecompiledModules
PruneExplicitPrecompiledModules /Users/admin/builder/spi-builder-workspace/.derivedData/Build/Intermediates.noindex/ExplicitPrecompiledModules
PruneExplicitPrecompiledModules /Users/admin/builder/spi-builder-workspace/.derivedData/SDKExplicitPrecompiledModules
2026-09-21 03:59:01.927 xcodebuild[890:5212] [MT] IDERunDestination: Supported platforms for the buildables in the current scheme is empty.
** BUILD FAILED **
The following build commands failed:
SwiftCompile normal arm64 Compiling\ SnapNavigationDestination.swift,\ SnapNavigationPreview.swift /Users/admin/builder/spi-builder-workspace/Sources/SnapNavigation/SnapNavigationDestination.swift /Users/admin/builder/spi-builder-workspace/Sources/SnapNavigation/SnapNavigationPreview.swift (in target 'SnapNavigation' from project 'snap-navigation')
SwiftCompile normal arm64 /Users/admin/builder/spi-builder-workspace/Sources/SnapNavigation/SnapNavigationPreview.swift (in target 'SnapNavigation' from project 'snap-navigation')
Building workspace snap-navigation with scheme snap-navigation
(3 failures)
BUILD FAILURE 6.4 watchOS