The Swift Package Index logo.Swift Package Index

Build Information

Failed to build AdMobUI, reference main (06e32b), with Swift 6.1 for Android on 11 Aug 2026 04:27:12 UTC.

Build Command

bash -c docker run --pull=always --rm -v "checkouts-53886770-1":/host -w "$PWD" -e JAVA_HOME="/root/.sdkman/candidates/java/current" -e SPI_BUILD="1" -e SPI_PROCESSING="1" registry.gitlab.com/saguaro1/spi-images:android-6.1-latest swift build --swift-sdk aarch64-unknown-linux-android24 2>&1

Build Log

========================================
RunAll
========================================
Builder version: 729ceb5fcd9493dc13ee340bc4f0908bd201f85d
Interrupt handler set up.
========================================
Checkout
========================================
Clone URL: https://github.com/Uhucream/AdMobUI.git
Reference: main
Initialized empty Git repository in /host/spi-builder-workspace/.git/
hint: Using 'master' as the name for the initial branch. This default branch name
hint: is subject to change. To configure the initial branch name to use in all
hint: of your new repositories, which will suppress this warning, call:
hint:
hint: 	git config --global init.defaultBranch <name>
hint:
hint: Names commonly chosen instead of 'master' are 'main', 'trunk' and
hint: 'development'. The just-created branch can be renamed via this command:
hint:
hint: 	git branch -m <name>
From https://github.com/Uhucream/AdMobUI
 * branch            main       -> FETCH_HEAD
 * [new branch]      main       -> origin/main
HEAD is now at 06e32b9 Merge pull request #8 from Uhucream/claude/gadadloaderdelegate-usage-msa1sb
Cloned https://github.com/Uhucream/AdMobUI.git
Revision (git rev-parse @):
06e32b9dfb4e555220f157ea6bc843e1c270cf19
SUCCESS checkout https://github.com/Uhucream/AdMobUI.git at main
========================================
Build
========================================
Selected platform:         android
Swift version:             6.1
Building package at path:  $PWD
https://github.com/Uhucream/AdMobUI.git
https://github.com/Uhucream/AdMobUI.git
WARNING: environment variable SUPPRESS_SWIFT_6_FLAGS is not set
Running build ...
bash -c docker run --pull=always --rm -v "checkouts-53886770-1":/host -w "$PWD" -e JAVA_HOME="/root/.sdkman/candidates/java/current" -e SPI_BUILD="1" -e SPI_PROCESSING="1" registry.gitlab.com/saguaro1/spi-images:android-6.1-latest swift build --swift-sdk aarch64-unknown-linux-android24 -Xswiftc -Xfrontend -Xswiftc -stats-output-dir -Xswiftc -Xfrontend -Xswiftc .stats -Xswiftc -strict-concurrency=complete -Xswiftc -enable-upcoming-feature -Xswiftc StrictConcurrency -Xswiftc -enable-upcoming-feature -Xswiftc DisableOutwardActorInference -Xswiftc -enable-upcoming-feature -Xswiftc GlobalActorIsolatedTypesUsability -Xswiftc -enable-upcoming-feature -Xswiftc InferSendableFromCaptures 2>&1
android-6.1-latest: Pulling from saguaro1/spi-images
Digest: sha256:0cd0efb458d677a6de9b5e028d30e2aa1d1b247c2277202ba317a28ce9e867e0
Status: Image is up to date for registry.gitlab.com/saguaro1/spi-images:android-6.1-latest
Fetching https://github.com/googleads/swift-package-manager-google-mobile-ads.git
[1/316] Fetching swift-package-manager-google-mobile-ads
Fetched https://github.com/googleads/swift-package-manager-google-mobile-ads.git from cache (0.48s)
Computing version for https://github.com/googleads/swift-package-manager-google-mobile-ads.git
Computed https://github.com/googleads/swift-package-manager-google-mobile-ads.git at 12.14.0 (1.41s)
Fetching https://github.com/googleads/swift-package-manager-google-user-messaging-platform.git
[1/62] Fetching swift-package-manager-google-user-messaging-platform
Fetched https://github.com/googleads/swift-package-manager-google-user-messaging-platform.git from cache (0.44s)
Computing version for https://github.com/googleads/swift-package-manager-google-user-messaging-platform.git
Computed https://github.com/googleads/swift-package-manager-google-user-messaging-platform.git at 3.1.0 (0.69s)
Creating working copy for https://github.com/googleads/swift-package-manager-google-mobile-ads.git
Working copy of https://github.com/googleads/swift-package-manager-google-mobile-ads.git resolved at 12.14.0
Creating working copy for https://github.com/googleads/swift-package-manager-google-user-messaging-platform.git
Working copy of https://github.com/googleads/swift-package-manager-google-user-messaging-platform.git resolved at 3.1.0
Downloading binary artifact https://dl.google.com/googleadmobadssdk/90fe6bf3b0f4ce0d/googleusermessagingplatformios-spm-3.1.0.zip
Downloading binary artifact https://dl.google.com/googleadmobadssdk/c8c5523373ed76aa/googlemobileadsios-spm-12.14.0.zip
[1470/1470] Downloading https://dl.google.com/googleadmobadssdk/90fe6bf3b0f4ce0d/googleusermessagingplatformios-spm-3.1.0.zip
Downloaded https://dl.google.com/googleadmobadssdk/90fe6bf3b0f4ce0d/googleusermessagingplatformios-spm-3.1.0.zip (0.15s)
[1463/1463] Downloading https://dl.google.com/googleadmobadssdk/c8c5523373ed76aa/googlemobileadsios-spm-12.14.0.zip
Downloaded https://dl.google.com/googleadmobadssdk/c8c5523373ed76aa/googlemobileadsios-spm-12.14.0.zip (0.89s)
Building for debugging...
[0/4] Write sources
[2/4] Compiling UserMessagingPlatformTarget placeholder.m
[3/4] Write swift-version-24593BA9C3E375BF.txt
[5/6] Compiling GoogleMobileAdsTarget placeholder.swift
[6/6] Emitting module GoogleMobileAdsTarget
[8/20] Compiling AdMobUI NativeAdChildViewType.swift
/host/spi-builder-workspace/Sources/AdMobUI/Components/AdMobNativeAd/NativeAdLoaderDelegateAdaptor.swift:9:8: error: no such module 'GoogleMobileAds'
 7 | //
 8 |
 9 | import GoogleMobileAds
   |        `- error: no such module 'GoogleMobileAds'
10 |
11 | // AdLoader's delegate is an Objective-C protocol, which only an NSObject subclass can satisfy.
[9/20] Compiling AdMobUI NativeAdvertisementPhase.swift
/host/spi-builder-workspace/Sources/AdMobUI/Components/AdMobNativeAd/NativeAdLoaderDelegateAdaptor.swift:9:8: error: no such module 'GoogleMobileAds'
 7 | //
 8 |
 9 | import GoogleMobileAds
   |        `- error: no such module 'GoogleMobileAds'
10 |
11 | // AdLoader's delegate is an Objective-C protocol, which only an NSObject subclass can satisfy.
[10/21] Compiling AdMobUI _RepresentedUINativeAdView.swift
/host/spi-builder-workspace/Sources/AdMobUI/Components/AdMobNativeAd/NativeAdLoaderDelegateAdaptor.swift:9:8: error: no such module 'GoogleMobileAds'
 7 | //
 8 |
 9 | import GoogleMobileAds
   |        `- error: no such module 'GoogleMobileAds'
10 |
11 | // AdLoader's delegate is an Objective-C protocol, which only an NSObject subclass can satisfy.
[11/21] Compiling AdMobUI _UINativeAdView.swift
/host/spi-builder-workspace/Sources/AdMobUI/Components/AdMobNativeAd/NativeAdLoaderDelegateAdaptor.swift:9:8: error: no such module 'GoogleMobileAds'
 7 | //
 8 |
 9 | import GoogleMobileAds
   |        `- error: no such module 'GoogleMobileAds'
10 |
11 | // AdLoader's delegate is an Objective-C protocol, which only an NSObject subclass can satisfy.
[12/21] Compiling AdMobUI TypedAnchor.swift
/host/spi-builder-workspace/Sources/AdMobUI/Components/AdMobNativeAd/NativeAdLoaderDelegateAdaptor.swift:9:8: error: no such module 'GoogleMobileAds'
 7 | //
 8 |
 9 | import GoogleMobileAds
   |        `- error: no such module 'GoogleMobileAds'
10 |
11 | // AdLoader's delegate is an Objective-C protocol, which only an NSObject subclass can satisfy.
[13/21] Compiling AdMobUI TypedAnchorBoundsPreferenceKey.swift
/host/spi-builder-workspace/Sources/AdMobUI/Components/AdMobNativeAd/NativeAdLoaderDelegateAdaptor.swift:9:8: error: no such module 'GoogleMobileAds'
 7 | //
 8 |
 9 | import GoogleMobileAds
   |        `- error: no such module 'GoogleMobileAds'
10 |
11 | // AdLoader's delegate is an Objective-C protocol, which only an NSObject subclass can satisfy.
[14/21] Compiling AdMobUI View+.swift
/host/spi-builder-workspace/Sources/AdMobUI/Components/AdMobNativeAd/NativeAdLoaderDelegateAdaptor.swift:9:8: error: no such module 'GoogleMobileAds'
 7 | //
 8 |
 9 | import GoogleMobileAds
   |        `- error: no such module 'GoogleMobileAds'
10 |
11 | // AdLoader's delegate is an Objective-C protocol, which only an NSObject subclass can satisfy.
error: emit-module command failed with exit code 1 (use -v to see invocation)
[15/21] Emitting module AdMobUI
/host/spi-builder-workspace/Sources/AdMobUI/Components/AdMobNativeAd/NativeAdLoaderDelegateAdaptor.swift:9:8: error: no such module 'GoogleMobileAds'
 7 | //
 8 |
 9 | import GoogleMobileAds
   |        `- error: no such module 'GoogleMobileAds'
10 |
11 | // AdLoader's delegate is an Objective-C protocol, which only an NSObject subclass can satisfy.
[16/21] Compiling AdMobUI NativeAdLoaderDelegateAdaptor.swift
/host/spi-builder-workspace/Sources/AdMobUI/Components/AdMobNativeAd/NativeAdLoaderDelegateAdaptor.swift:9:8: error: no such module 'GoogleMobileAds'
 7 | //
 8 |
 9 | import GoogleMobileAds
   |        `- error: no such module 'GoogleMobileAds'
10 |
11 | // AdLoader's delegate is an Objective-C protocol, which only an NSObject subclass can satisfy.
[17/21] Compiling AdMobUI NativeAdvertisement.swift
/host/spi-builder-workspace/Sources/AdMobUI/Components/AdMobNativeAd/NativeAdLoaderDelegateAdaptor.swift:9:8: error: no such module 'GoogleMobileAds'
 7 | //
 8 |
 9 | import GoogleMobileAds
   |        `- error: no such module 'GoogleMobileAds'
10 |
11 | // AdLoader's delegate is an Objective-C protocol, which only an NSObject subclass can satisfy.
[18/21] Compiling AdMobUI NativeAdvertisementBinder.swift
/host/spi-builder-workspace/Sources/AdMobUI/Components/AdMobNativeAd/NativeAdLoaderDelegateAdaptor.swift:9:8: error: no such module 'GoogleMobileAds'
 7 | //
 8 |
 9 | import GoogleMobileAds
   |        `- error: no such module 'GoogleMobileAds'
10 |
11 | // AdLoader's delegate is an Objective-C protocol, which only an NSObject subclass can satisfy.
[19/21] Compiling AdMobUI NativeAdvertisementLoader.swift
/host/spi-builder-workspace/Sources/AdMobUI/Components/AdMobNativeAd/NativeAdLoaderDelegateAdaptor.swift:9:8: error: no such module 'GoogleMobileAds'
 7 | //
 8 |
 9 | import GoogleMobileAds
   |        `- error: no such module 'GoogleMobileAds'
10 |
11 | // AdLoader's delegate is an Objective-C protocol, which only an NSObject subclass can satisfy.
[20/21] Compiling AdMobUI AdvertisementAdChoices.swift
/host/spi-builder-workspace/Sources/AdMobUI/Components/AdMobNativeAd/NativeAdLoaderDelegateAdaptor.swift:9:8: error: no such module 'GoogleMobileAds'
 7 | //
 8 |
 9 | import GoogleMobileAds
   |        `- error: no such module 'GoogleMobileAds'
10 |
11 | // AdLoader's delegate is an Objective-C protocol, which only an NSObject subclass can satisfy.
[21/21] Compiling AdMobUI AdvertisementMedia.swift
/host/spi-builder-workspace/Sources/AdMobUI/Components/AdMobNativeAd/NativeAdLoaderDelegateAdaptor.swift:9:8: error: no such module 'GoogleMobileAds'
 7 | //
 8 |
 9 | import GoogleMobileAds
   |        `- error: no such module 'GoogleMobileAds'
10 |
11 | // AdLoader's delegate is an Objective-C protocol, which only an NSObject subclass can satisfy.
Running build ...
bash -c docker run --pull=always --rm -v "checkouts-53886770-1":/host -w "$PWD" -e JAVA_HOME="/root/.sdkman/candidates/java/current" -e SPI_BUILD="1" -e SPI_PROCESSING="1" registry.gitlab.com/saguaro1/spi-images:android-6.1-latest swift build --swift-sdk aarch64-unknown-linux-android24 2>&1
android-6.1-latest: Pulling from saguaro1/spi-images
Digest: sha256:0cd0efb458d677a6de9b5e028d30e2aa1d1b247c2277202ba317a28ce9e867e0
Status: Image is up to date for registry.gitlab.com/saguaro1/spi-images:android-6.1-latest
[0/1] Planning build
Building for debugging...
[0/1] Write swift-version-24593BA9C3E375BF.txt
[2/3] Compiling GoogleMobileAdsTarget placeholder.swift
[3/3] Emitting module GoogleMobileAdsTarget
[5/17] Compiling AdMobUI AdvertisementAdChoices.swift
/host/spi-builder-workspace/Sources/AdMobUI/Components/AdMobNativeAd/NativeAdLoaderDelegateAdaptor.swift:9:8: error: no such module 'GoogleMobileAds'
 7 | //
 8 |
 9 | import GoogleMobileAds
   |        `- error: no such module 'GoogleMobileAds'
10 |
11 | // AdLoader's delegate is an Objective-C protocol, which only an NSObject subclass can satisfy.
[6/17] Compiling AdMobUI AdvertisementMedia.swift
/host/spi-builder-workspace/Sources/AdMobUI/Components/AdMobNativeAd/NativeAdLoaderDelegateAdaptor.swift:9:8: error: no such module 'GoogleMobileAds'
 7 | //
 8 |
 9 | import GoogleMobileAds
   |        `- error: no such module 'GoogleMobileAds'
10 |
11 | // AdLoader's delegate is an Objective-C protocol, which only an NSObject subclass can satisfy.
[7/18] Compiling AdMobUI NativeAdChildViewType.swift
/host/spi-builder-workspace/Sources/AdMobUI/Components/AdMobNativeAd/NativeAdLoaderDelegateAdaptor.swift:9:8: error: no such module 'GoogleMobileAds'
 7 | //
 8 |
 9 | import GoogleMobileAds
   |        `- error: no such module 'GoogleMobileAds'
10 |
11 | // AdLoader's delegate is an Objective-C protocol, which only an NSObject subclass can satisfy.
[8/18] Compiling AdMobUI NativeAdvertisementPhase.swift
/host/spi-builder-workspace/Sources/AdMobUI/Components/AdMobNativeAd/NativeAdLoaderDelegateAdaptor.swift:9:8: error: no such module 'GoogleMobileAds'
 7 | //
 8 |
 9 | import GoogleMobileAds
   |        `- error: no such module 'GoogleMobileAds'
10 |
11 | // AdLoader's delegate is an Objective-C protocol, which only an NSObject subclass can satisfy.
[9/18] Compiling AdMobUI TypedAnchor.swift
/host/spi-builder-workspace/Sources/AdMobUI/Components/AdMobNativeAd/NativeAdLoaderDelegateAdaptor.swift:9:8: error: no such module 'GoogleMobileAds'
 7 | //
 8 |
 9 | import GoogleMobileAds
   |        `- error: no such module 'GoogleMobileAds'
10 |
11 | // AdLoader's delegate is an Objective-C protocol, which only an NSObject subclass can satisfy.
[10/18] Compiling AdMobUI TypedAnchorBoundsPreferenceKey.swift
/host/spi-builder-workspace/Sources/AdMobUI/Components/AdMobNativeAd/NativeAdLoaderDelegateAdaptor.swift:9:8: error: no such module 'GoogleMobileAds'
 7 | //
 8 |
 9 | import GoogleMobileAds
   |        `- error: no such module 'GoogleMobileAds'
10 |
11 | // AdLoader's delegate is an Objective-C protocol, which only an NSObject subclass can satisfy.
[11/18] Compiling AdMobUI _UINativeAdView.swift
/host/spi-builder-workspace/Sources/AdMobUI/Components/AdMobNativeAd/NativeAdLoaderDelegateAdaptor.swift:9:8: error: no such module 'GoogleMobileAds'
 7 | //
 8 |
 9 | import GoogleMobileAds
   |        `- error: no such module 'GoogleMobileAds'
10 |
11 | // AdLoader's delegate is an Objective-C protocol, which only an NSObject subclass can satisfy.
[12/18] Compiling AdMobUI _RepresentedUINativeAdView.swift
/host/spi-builder-workspace/Sources/AdMobUI/Components/AdMobNativeAd/NativeAdLoaderDelegateAdaptor.swift:9:8: error: no such module 'GoogleMobileAds'
 7 | //
 8 |
 9 | import GoogleMobileAds
   |        `- error: no such module 'GoogleMobileAds'
10 |
11 | // AdLoader's delegate is an Objective-C protocol, which only an NSObject subclass can satisfy.
[13/18] Compiling AdMobUI View+.swift
/host/spi-builder-workspace/Sources/AdMobUI/Components/AdMobNativeAd/NativeAdLoaderDelegateAdaptor.swift:9:8: error: no such module 'GoogleMobileAds'
 7 | //
 8 |
 9 | import GoogleMobileAds
   |        `- error: no such module 'GoogleMobileAds'
10 |
11 | // AdLoader's delegate is an Objective-C protocol, which only an NSObject subclass can satisfy.
error: emit-module command failed with exit code 1 (use -v to see invocation)
[14/18] Emitting module AdMobUI
/host/spi-builder-workspace/Sources/AdMobUI/Components/AdMobNativeAd/NativeAdLoaderDelegateAdaptor.swift:9:8: error: no such module 'GoogleMobileAds'
 7 | //
 8 |
 9 | import GoogleMobileAds
   |        `- error: no such module 'GoogleMobileAds'
10 |
11 | // AdLoader's delegate is an Objective-C protocol, which only an NSObject subclass can satisfy.
[15/18] Compiling AdMobUI NativeAdLoaderDelegateAdaptor.swift
/host/spi-builder-workspace/Sources/AdMobUI/Components/AdMobNativeAd/NativeAdLoaderDelegateAdaptor.swift:9:8: error: no such module 'GoogleMobileAds'
 7 | //
 8 |
 9 | import GoogleMobileAds
   |        `- error: no such module 'GoogleMobileAds'
10 |
11 | // AdLoader's delegate is an Objective-C protocol, which only an NSObject subclass can satisfy.
[16/18] Compiling AdMobUI NativeAdvertisement.swift
/host/spi-builder-workspace/Sources/AdMobUI/Components/AdMobNativeAd/NativeAdLoaderDelegateAdaptor.swift:9:8: error: no such module 'GoogleMobileAds'
 7 | //
 8 |
 9 | import GoogleMobileAds
   |        `- error: no such module 'GoogleMobileAds'
10 |
11 | // AdLoader's delegate is an Objective-C protocol, which only an NSObject subclass can satisfy.
[17/18] Compiling AdMobUI NativeAdvertisementBinder.swift
/host/spi-builder-workspace/Sources/AdMobUI/Components/AdMobNativeAd/NativeAdLoaderDelegateAdaptor.swift:9:8: error: no such module 'GoogleMobileAds'
 7 | //
 8 |
 9 | import GoogleMobileAds
   |        `- error: no such module 'GoogleMobileAds'
10 |
11 | // AdLoader's delegate is an Objective-C protocol, which only an NSObject subclass can satisfy.
[18/18] Compiling AdMobUI NativeAdvertisementLoader.swift
/host/spi-builder-workspace/Sources/AdMobUI/Components/AdMobNativeAd/NativeAdLoaderDelegateAdaptor.swift:9:8: error: no such module 'GoogleMobileAds'
 7 | //
 8 |
 9 | import GoogleMobileAds
   |        `- error: no such module 'GoogleMobileAds'
10 |
11 | // AdLoader's delegate is an Objective-C protocol, which only an NSObject subclass can satisfy.
BUILD FAILURE 6.1 android