Build Information
Failed to build MyHTML, reference 2.0.0 (88d8c8), with Swift 6.4 for iOS using Xcode 27.0 on 17 Sep 2026 21:07:52 UTC.
Build Command
env DEVELOPER_DIR=/Applications/Xcode-27.0.0-Release.Candidate.app xcrun xcodebuild -IDEClonedSourcePackagesDirPathOverride=$PWD/.dependencies -skipMacroValidation -skipPackagePluginValidation -derivedDataPath $PWD/.derivedData build -scheme MyHTML -destination generic/platform=iOSBuild Log
========================================
RunAll
========================================
Builder version: 5.1.0
Interrupt handler set up.
========================================
Checkout
========================================
Clone URL: https://github.com/PopFlamingo/MyHTML.git
Reference: 2.0.0
Initialized empty Git repository in /Users/admin/builder/spi-builder-workspace/.git/
From https://github.com/PopFlamingo/MyHTML
* tag 2.0.0 -> FETCH_HEAD
HEAD is now at 88d8c81 Fix install instructions
Cloned https://github.com/PopFlamingo/MyHTML.git
Revision (git rev-parse @):
88d8c811c1dbb159b8b596279ff7e7f0bf88211f
SUCCESS checkout https://github.com/PopFlamingo/MyHTML.git at 2.0.0
========================================
Build
========================================
Selected platform: iOS
Swift version: 6.4
Building package at path: $PWD
https://github.com/PopFlamingo/MyHTML.git
Command line invocation:
/Applications/Xcode-27.0.0-Release.Candidate.app/Contents/Developer/usr/bin/xcodebuild -IDEClonedSourcePackagesDirPathOverride=/Users/admin/builder/spi-builder-workspace/.dependencies -resolvePackageDependencies
Resolve Package Graph
failed to retrieve search paths with pkg-config; maybe pkg-config is not installedcouldn't find pc file for myhtml
Resolve Package Graph
couldn't find pc file for myhtml
Resolved source packages:
MyHTML: /Users/admin/builder/spi-builder-workspace
resolved source packages: MyHTML
2026-09-17 17:07:07.978 xcodebuild[529:3028] [MT] IDERunDestination: Supported platforms for the buildables in the current scheme is empty.
{
"dependencies" : [
],
"manifest_display_name" : "MyHTML",
"name" : "MyHTML",
"path" : "/Users/admin/builder/spi-builder-workspace",
"platforms" : [
],
"products" : [
{
"name" : "MyHTML",
"targets" : [
"MyHTML"
],
"type" : {
"library" : [
"automatic"
]
}
}
],
"targets" : [
{
"c99name" : "MyHTMLTests",
"module_type" : "SwiftTarget",
"name" : "MyHTMLTests",
"path" : "Tests/MyHTMLTests",
"sources" : [
"MyHTMLTests.swift",
"XCTestManifests.swift"
],
"target_dependencies" : [
"MyHTML"
],
"type" : "test"
},
{
"c99name" : "MyHTML",
"module_type" : "SwiftTarget",
"name" : "MyHTML",
"path" : "Sources/MyHTML",
"product_memberships" : [
"MyHTML"
],
"sources" : [
"Misc.swift",
"MyHTML.swift",
"Node.swift",
"Tree.swift"
],
"target_dependencies" : [
"CMyHTML"
],
"type" : "library"
},
{
"c99name" : "CMyHTML",
"module_type" : "SystemLibraryTarget",
"name" : "CMyHTML",
"path" : "Sources/CMyHTML",
"product_memberships" : [
"MyHTML"
],
"sources" : [
],
"type" : "system-target"
}
],
"tools_version" : "5.0"
}
{
"workspace" : {
"name" : "MyHTML",
"schemes" : [
"MyHTML"
]
}
}
2026-09-17 17:07:44.708 xcodebuild[628:3956] [MT] IDERunDestination: Supported platforms for the buildables in the current scheme is empty.
Running build ...
env DEVELOPER_DIR=/Applications/Xcode-27.0.0-Release.Candidate.app xcrun xcodebuild -IDEClonedSourcePackagesDirPathOverride=$PWD/.dependencies -skipMacroValidation -skipPackagePluginValidation -derivedDataPath $PWD/.derivedData build -scheme MyHTML -destination generic/platform=iOS
Command line invocation:
/Applications/Xcode-27.0.0-Release.Candidate.app/Contents/Developer/usr/bin/xcodebuild -IDEClonedSourcePackagesDirPathOverride=/Users/admin/builder/spi-builder-workspace/.dependencies -skipMacroValidation -skipPackagePluginValidation -derivedDataPath /Users/admin/builder/spi-builder-workspace/.derivedData build -scheme MyHTML -destination generic/platform=iOS
Resolve Package Graph
failed to retrieve search paths with pkg-config; maybe pkg-config is not installedcouldn't find pc file for myhtml
Resolved source packages:
MyHTML: /Users/admin/builder/spi-builder-workspace
ComputePackagePrebuildTargetDependencyGraph
Prepare packages
CreateBuildRequest
SendProjectDescription
CreateBuildOperation
ComputeTargetDependencyGraph
note: Building targets in dependency order
note: Target dependency graph (3 targets)
Target 'MyHTML-product' in project 'MyHTML'
➜ Explicit dependency on target 'MyHTML' in project 'MyHTML'
Target 'MyHTML' in project 'MyHTML'
➜ Explicit dependency on target 'CMyHTML' in project 'MyHTML'
Target 'CMyHTML' in project 'MyHTML' (no dependencies)
GatherProvisioningInputs
CreateBuildDescription
ExecuteExternalTool /Applications/Xcode-27.0.0-Release.Candidate.app/Contents/Developer/Toolchains/XcodeDefault.xctoolchain/usr/bin/clang -v -E -dM -isysroot /Applications/Xcode-27.0.0-Release.Candidate.app/Contents/Developer/Platforms/iPhoneOS.platform/Developer/SDKs/iPhoneOS27.0.sdk -x c -c /dev/null
ExecuteExternalTool /Applications/Xcode-27.0.0-Release.Candidate.app/Contents/Developer/Toolchains/XcodeDefault.xctoolchain/usr/bin/swiftc --version
ExecuteExternalTool /Applications/Xcode-27.0.0-Release.Candidate.app/Contents/Developer/Toolchains/XcodeDefault.xctoolchain/usr/bin/ld -version_details
Build description signature: ac376cf9ddb9c9febecae7dc2861907b
Build description path: /Users/admin/builder/spi-builder-workspace/.derivedData/Build/Intermediates.noindex/XCBuildData/ac376cf9ddb9c9febecae7dc2861907b.xcbuilddata
CreateBuildDirectory /Users/admin/builder/spi-builder-workspace/.derivedData/ModuleCache.noindex
cd /Users/admin/builder/spi-builder-workspace/.swiftpm/xcode
builtin-create-build-directory /Users/admin/builder/spi-builder-workspace/.derivedData/ModuleCache.noindex
CreateBuildDirectory /Users/admin/builder/spi-builder-workspace/.derivedData/SDKExplicitPrecompiledModules
cd /Users/admin/builder/spi-builder-workspace/.swiftpm/xcode
builtin-create-build-directory /Users/admin/builder/spi-builder-workspace/.derivedData/SDKExplicitPrecompiledModules
CreateBuildDirectory /Users/admin/builder/spi-builder-workspace/.derivedData/CompilationCache.noindex
cd /Users/admin/builder/spi-builder-workspace/.swiftpm/xcode
builtin-create-build-directory /Users/admin/builder/spi-builder-workspace/.derivedData/CompilationCache.noindex
CreateBuildDirectory /Users/admin/builder/spi-builder-workspace/.derivedData/Build/Products
cd /Users/admin/builder/spi-builder-workspace/.swiftpm/xcode
builtin-create-build-directory /Users/admin/builder/spi-builder-workspace/.derivedData/Build/Products
CreateBuildDirectory /Users/admin/builder/spi-builder-workspace/.derivedData/Build/Intermediates.noindex
cd /Users/admin/builder/spi-builder-workspace/.swiftpm/xcode
builtin-create-build-directory /Users/admin/builder/spi-builder-workspace/.derivedData/Build/Intermediates.noindex
ClangStatCache /Applications/Xcode-27.0.0-Release.Candidate.app/Contents/Developer/Toolchains/XcodeDefault.xctoolchain/usr/bin/clang-stat-cache /Applications/Xcode-27.0.0-Release.Candidate.app/Contents/Developer/Platforms/iPhoneOS.platform/Developer/SDKs/iPhoneOS27.0.sdk /Users/admin/builder/spi-builder-workspace/.derivedData/SDKStatCaches.noindex/iphoneos27.0-24A430-e829b21a6f8c9b70876ba0858053c04440ceaa042ed91876912b2eeea4e3aa14.sdkstatcache
cd /Users/admin/builder/spi-builder-workspace/.swiftpm/xcode
/Applications/Xcode-27.0.0-Release.Candidate.app/Contents/Developer/Toolchains/XcodeDefault.xctoolchain/usr/bin/clang-stat-cache /Applications/Xcode-27.0.0-Release.Candidate.app/Contents/Developer/Platforms/iPhoneOS.platform/Developer/SDKs/iPhoneOS27.0.sdk -o /Users/admin/builder/spi-builder-workspace/.derivedData/SDKStatCaches.noindex/iphoneos27.0-24A430-e829b21a6f8c9b70876ba0858053c04440ceaa042ed91876912b2eeea4e3aa14.sdkstatcache
CreateBuildDirectory /Users/admin/builder/spi-builder-workspace/.derivedData/Build/Intermediates.noindex/SwiftExplicitPrecompiledModules
cd /Users/admin/builder/spi-builder-workspace/.swiftpm/xcode
builtin-create-build-directory /Users/admin/builder/spi-builder-workspace/.derivedData/Build/Intermediates.noindex/SwiftExplicitPrecompiledModules
CreateBuildDirectory /Users/admin/builder/spi-builder-workspace/.derivedData/Build/Intermediates.noindex/PrecompiledHeaders
cd /Users/admin/builder/spi-builder-workspace/.swiftpm/xcode
builtin-create-build-directory /Users/admin/builder/spi-builder-workspace/.derivedData/Build/Intermediates.noindex/PrecompiledHeaders
CreateBuildDirectory /Users/admin/builder/spi-builder-workspace/.derivedData/Build/Intermediates.noindex/ExplicitPrecompiledModules
cd /Users/admin/builder/spi-builder-workspace/.swiftpm/xcode
builtin-create-build-directory /Users/admin/builder/spi-builder-workspace/.derivedData/Build/Intermediates.noindex/ExplicitPrecompiledModules
CreateBuildDirectory /Users/admin/builder/spi-builder-workspace/.derivedData/Build/Intermediates.noindex/EagerLinkingTBDs/Debug-iphoneos
cd /Users/admin/builder/spi-builder-workspace/.swiftpm/xcode
builtin-create-build-directory /Users/admin/builder/spi-builder-workspace/.derivedData/Build/Intermediates.noindex/EagerLinkingTBDs/Debug-iphoneos
CreateBuildDirectory /Users/admin/builder/spi-builder-workspace/.derivedData/Build/Products/Debug-iphoneos
cd /Users/admin/builder/spi-builder-workspace/.swiftpm/xcode
builtin-create-build-directory /Users/admin/builder/spi-builder-workspace/.derivedData/Build/Products/Debug-iphoneos
CreateBuildDirectory /Users/admin/builder/spi-builder-workspace/.derivedData/Build/Products/Debug-iphoneos/PackageFrameworks
cd /Users/admin/builder/spi-builder-workspace/.swiftpm/xcode
builtin-create-build-directory /Users/admin/builder/spi-builder-workspace/.derivedData/Build/Products/Debug-iphoneos/PackageFrameworks
WriteAuxiliaryFile /Users/admin/builder/spi-builder-workspace/.derivedData/Build/Intermediates.noindex/MyHTML.build/Debug-iphoneos/MyHTML-t.build/MyHTML.DependencyMetadataFileList (in target 'MyHTML' from project 'MyHTML')
cd /Users/admin/builder/spi-builder-workspace
write-file /Users/admin/builder/spi-builder-workspace/.derivedData/Build/Intermediates.noindex/MyHTML.build/Debug-iphoneos/MyHTML-t.build/MyHTML.DependencyMetadataFileList
WriteAuxiliaryFile /Users/admin/builder/spi-builder-workspace/.derivedData/Build/Intermediates.noindex/MyHTML.build/Debug-iphoneos/MyHTML-t.build/MyHTML.DependencyStaticMetadataFileList (in target 'MyHTML' from project 'MyHTML')
cd /Users/admin/builder/spi-builder-workspace
write-file /Users/admin/builder/spi-builder-workspace/.derivedData/Build/Intermediates.noindex/MyHTML.build/Debug-iphoneos/MyHTML-t.build/MyHTML.DependencyStaticMetadataFileList
WriteAuxiliaryFile /Users/admin/builder/spi-builder-workspace/.derivedData/Build/Intermediates.noindex/MyHTML.build/Debug-iphoneos/MyHTML-t.build/MyHTML.modulemap (in target 'MyHTML' from project 'MyHTML')
cd /Users/admin/builder/spi-builder-workspace
write-file /Users/admin/builder/spi-builder-workspace/.derivedData/Build/Intermediates.noindex/MyHTML.build/Debug-iphoneos/MyHTML-t.build/MyHTML.modulemap
WriteAuxiliaryFile /Users/admin/builder/spi-builder-workspace/.derivedData/Build/Intermediates.noindex/MyHTML.build/Debug-iphoneos/MyHTML-t.build/Objects-normal/arm64/MyHTML.LinkFileList (in target 'MyHTML' from project 'MyHTML')
cd /Users/admin/builder/spi-builder-workspace
write-file /Users/admin/builder/spi-builder-workspace/.derivedData/Build/Intermediates.noindex/MyHTML.build/Debug-iphoneos/MyHTML-t.build/Objects-normal/arm64/MyHTML.LinkFileList
WriteAuxiliaryFile /Users/admin/builder/spi-builder-workspace/.derivedData/Build/Intermediates.noindex/MyHTML.build/Debug-iphoneos/MyHTML-t.build/Objects-normal/arm64/MyHTML.SwiftConstValuesFileList (in target 'MyHTML' from project 'MyHTML')
cd /Users/admin/builder/spi-builder-workspace
write-file /Users/admin/builder/spi-builder-workspace/.derivedData/Build/Intermediates.noindex/MyHTML.build/Debug-iphoneos/MyHTML-t.build/Objects-normal/arm64/MyHTML.SwiftConstValuesFileList
WriteAuxiliaryFile /Users/admin/builder/spi-builder-workspace/.derivedData/Build/Intermediates.noindex/MyHTML.build/Debug-iphoneos/MyHTML-t.build/Objects-normal/arm64/MyHTML.SwiftFileList (in target 'MyHTML' from project 'MyHTML')
cd /Users/admin/builder/spi-builder-workspace
write-file /Users/admin/builder/spi-builder-workspace/.derivedData/Build/Intermediates.noindex/MyHTML.build/Debug-iphoneos/MyHTML-t.build/Objects-normal/arm64/MyHTML.SwiftFileList
WriteAuxiliaryFile /Users/admin/builder/spi-builder-workspace/.derivedData/Build/Intermediates.noindex/MyHTML.build/Debug-iphoneos/MyHTML-t.build/Objects-normal/arm64/MyHTML-OutputFileMap.json (in target 'MyHTML' from project 'MyHTML')
cd /Users/admin/builder/spi-builder-workspace
write-file /Users/admin/builder/spi-builder-workspace/.derivedData/Build/Intermediates.noindex/MyHTML.build/Debug-iphoneos/MyHTML-t.build/Objects-normal/arm64/MyHTML-OutputFileMap.json
WriteAuxiliaryFile /Users/admin/builder/spi-builder-workspace/.derivedData/Build/Intermediates.noindex/MyHTML.build/Debug-iphoneos/MyHTML-t.build/Objects-normal/arm64/MyHTML_const_extract_protocols.json (in target 'MyHTML' from project 'MyHTML')
cd /Users/admin/builder/spi-builder-workspace
write-file /Users/admin/builder/spi-builder-workspace/.derivedData/Build/Intermediates.noindex/MyHTML.build/Debug-iphoneos/MyHTML-t.build/Objects-normal/arm64/MyHTML_const_extract_protocols.json
Copy /Users/admin/builder/spi-builder-workspace/.derivedData/Build/Intermediates.noindex/GeneratedModuleMaps-iphoneos/MyHTML.modulemap /Users/admin/builder/spi-builder-workspace/.derivedData/Build/Intermediates.noindex/MyHTML.build/Debug-iphoneos/MyHTML-t.build/MyHTML.modulemap (in target 'MyHTML' from project 'MyHTML')
cd /Users/admin/builder/spi-builder-workspace
builtin-copy -exclude .DS_Store -exclude CVS -exclude .svn -exclude .git -exclude .hg -resolve-src-symlinks /Users/admin/builder/spi-builder-workspace/.derivedData/Build/Intermediates.noindex/MyHTML.build/Debug-iphoneos/MyHTML-t.build/MyHTML.modulemap /Users/admin/builder/spi-builder-workspace/.derivedData/Build/Intermediates.noindex/GeneratedModuleMaps-iphoneos
SwiftDriver MyHTML normal arm64 com.apple.xcode.tools.swift.compiler (in target 'MyHTML' from project 'MyHTML')
cd /Users/admin/builder/spi-builder-workspace/.swiftpm/xcode
builtin-SwiftDriver -- /Applications/Xcode-27.0.0-Release.Candidate.app/Contents/Developer/Toolchains/XcodeDefault.xctoolchain/usr/bin/swiftc -parse-as-library -module-name MyHTML -Onone @/Users/admin/builder/spi-builder-workspace/.derivedData/Build/Intermediates.noindex/MyHTML.build/Debug-iphoneos/MyHTML-t.build/Objects-normal/arm64/MyHTML.SwiftFileList -DSWIFT_PACKAGE -DDEBUG -DSWIFT_MODULE_RESOURCE_BUNDLE_UNAVAILABLE -Xcc -fmodule-map-file\=/Users/admin/builder/spi-builder-workspace/Sources/CMyHTML/module.modulemap -DXcode -plugin-path /Applications/Xcode-27.0.0-Release.Candidate.app/Contents/Developer/Toolchains/XcodeDefault.xctoolchain/usr/lib/swift/host/plugins/testing -enable-experimental-feature DebugDescriptionMacro -sdk /Applications/Xcode-27.0.0-Release.Candidate.app/Contents/Developer/Platforms/iPhoneOS.platform/Developer/SDKs/iPhoneOS27.0.sdk -target arm64-apple-ios15.0 -g -module-cache-path /Users/admin/builder/spi-builder-workspace/.derivedData/ModuleCache.noindex -Xfrontend -serialize-debugging-options -profile-coverage-mapping -profile-generate -enable-testing -index-store-path /Users/admin/builder/spi-builder-workspace/.derivedData/Index.noindex/DataStore -Xcc -D_LIBCPP_HARDENING_MODE\=_LIBCPP_HARDENING_MODE_DEBUG -swift-version 5 -I /Users/admin/builder/spi-builder-workspace/.derivedData/Build/Products/Debug-iphoneos -Isystem /Applications/Xcode-27.0.0-Release.Candidate.app/Contents/Developer/Platforms/iPhoneOS.platform/Developer/usr/lib -F /Users/admin/builder/spi-builder-workspace/.derivedData/Build/Products/Debug-iphoneos -F /Applications/Xcode-27.0.0-Release.Candidate.app/Contents/Developer/Platforms/iPhoneOS.platform/Developer/Library/Frameworks -F /Applications/Xcode-27.0.0-Release.Candidate.app/Contents/Developer/Platforms/iPhoneOS.platform/Developer/SDKs/iPhoneOS27.0.sdk/Developer/Library/Frameworks -c -j10 -enable-batch-mode -incremental -Xcc -ivfsstatcache -Xcc /Users/admin/builder/spi-builder-workspace/.derivedData/SDKStatCaches.noindex/iphoneos27.0-24A430-e829b21a6f8c9b70876ba0858053c04440ceaa042ed91876912b2eeea4e3aa14.sdkstatcache -output-file-map /Users/admin/builder/spi-builder-workspace/.derivedData/Build/Intermediates.noindex/MyHTML.build/Debug-iphoneos/MyHTML-t.build/Objects-normal/arm64/MyHTML-OutputFileMap.json -save-temps -no-color-diagnostics -explicit-module-build -module-cache-path /Users/admin/builder/spi-builder-workspace/.derivedData/Build/Intermediates.noindex/SwiftExplicitPrecompiledModules -clang-scanner-module-cache-path /Users/admin/builder/spi-builder-workspace/.derivedData/ModuleCache.noindex -sdk-module-cache-path /Users/admin/builder/spi-builder-workspace/.derivedData/SDKExplicitPrecompiledModules -emit-dependencies -emit-module -emit-module-path /Users/admin/builder/spi-builder-workspace/.derivedData/Build/Intermediates.noindex/MyHTML.build/Debug-iphoneos/MyHTML-t.build/Objects-normal/arm64/MyHTML.swiftmodule -serialize-diagnostics -dependency-scan-serialize-diagnostics-path /Users/admin/builder/spi-builder-workspace/.derivedData/Build/Intermediates.noindex/MyHTML.build/Debug-iphoneos/MyHTML-t.build/Objects-normal/arm64/MyHTML-dependency-scan.dia -validate-clang-modules-once -clang-build-session-file /Users/admin/builder/spi-builder-workspace/.derivedData/ModuleCache.noindex/Session.modulevalidation -Xcc -fmodules-prune-interval\=86400 -Xcc -fmodules-prune-after\=345600 -emit-const-values -const-gather-protocols-list /Users/admin/builder/spi-builder-workspace/.derivedData/Build/Intermediates.noindex/MyHTML.build/Debug-iphoneos/MyHTML-t.build/Objects-normal/arm64/MyHTML_const_extract_protocols.json -Xcc -I/Users/admin/builder/spi-builder-workspace/.derivedData/Build/Products/Debug-iphoneos/include -Xcc -I/Users/admin/builder/spi-builder-workspace/.derivedData/Build/Intermediates.noindex/MyHTML.build/Debug-iphoneos/MyHTML-t.build/DerivedSources-normal/arm64 -Xcc -I/Users/admin/builder/spi-builder-workspace/.derivedData/Build/Intermediates.noindex/MyHTML.build/Debug-iphoneos/MyHTML-t.build/DerivedSources/arm64 -Xcc -I/Users/admin/builder/spi-builder-workspace/.derivedData/Build/Intermediates.noindex/MyHTML.build/Debug-iphoneos/MyHTML-t.build/DerivedSources -Xcc -DSWIFT_PACKAGE -Xcc -DDEBUG\=1 -emit-objc-header -emit-objc-header-path /Users/admin/builder/spi-builder-workspace/.derivedData/Build/Intermediates.noindex/MyHTML.build/Debug-iphoneos/MyHTML-t.build/Objects-normal/arm64/MyHTML-Swift.h -working-directory /Users/admin/builder/spi-builder-workspace/.swiftpm/xcode -experimental-emit-module-separately -disable-cmo
error: Clang dependency scanning failure: While building module 'CMyHTML' imported from module-include.input:1:
In file included from <module-includes>:1:
/Users/admin/builder/spi-builder-workspace/Sources/CMyHTML/shim.h:1:10: fatal error: 'myhtml/api.h' file not found
module-include.input:1:1: fatal error: could not build module 'CMyHTML'
(in target 'MyHTML' from project 'MyHTML')
/Users/admin/builder/spi-builder-workspace/Sources/MyHTML/Misc.swift:1:8: error: Unable to resolve module dependency: 'CMyHTML' (in target 'MyHTML' from project 'MyHTML')
note: A dependency of main module 'MyHTML'
/Users/admin/builder/spi-builder-workspace/Sources/MyHTML/MyHTML.swift:1:8: note: Also imported here
/Users/admin/builder/spi-builder-workspace/Sources/MyHTML/Node.swift:1:8: note: Also imported here
/Users/admin/builder/spi-builder-workspace/Sources/MyHTML/Tree.swift:1:8: note: Also imported here
error: Clang dependency scanning failure: While building module 'CMyHTML' imported from module-include.input:1:
In file included from <module-includes>:1:
/Users/admin/builder/spi-builder-workspace/Sources/CMyHTML/shim.h:1:10: fatal error: 'myhtml/api.h' file not found
module-include.input:1:1: fatal error: could not build module 'CMyHTML'
(in target 'MyHTML' from project 'MyHTML')
/Users/admin/builder/spi-builder-workspace/Sources/MyHTML/Misc.swift:1:8: note: A dependency of main module 'MyHTML'
import CMyHTML
^ (in target 'MyHTML' from project 'MyHTML')
/Users/admin/builder/spi-builder-workspace/Sources/MyHTML/MyHTML.swift:1:8: note: Also imported here
import CMyHTML
^ (in target 'MyHTML' from project 'MyHTML')
/Users/admin/builder/spi-builder-workspace/Sources/MyHTML/Node.swift:1:8: note: Also imported here
import CMyHTML
^ (in target 'MyHTML' from project 'MyHTML')
/Users/admin/builder/spi-builder-workspace/Sources/MyHTML/Tree.swift:1:8: note: Also imported here
import CMyHTML
^ (in target 'MyHTML' from project 'MyHTML')
PruneExplicitPrecompiledModules /Users/admin/builder/spi-builder-workspace/.derivedData/Build/Intermediates.noindex/ExplicitPrecompiledModules
PruneExplicitPrecompiledModules /Users/admin/builder/spi-builder-workspace/.derivedData/Build/Intermediates.noindex/SwiftExplicitPrecompiledModules
PruneExplicitPrecompiledModules /Users/admin/builder/spi-builder-workspace/.derivedData/SDKExplicitPrecompiledModules
2026-09-17 17:07:46.329 xcodebuild[650:4159] [MT] IDERunDestination: Supported platforms for the buildables in the current scheme is empty.
** BUILD FAILED **
The following build commands failed:
SwiftDriver MyHTML normal arm64 com.apple.xcode.tools.swift.compiler (in target 'MyHTML' from project 'MyHTML')
Building workspace MyHTML with scheme MyHTML
(2 failures)
Command line invocation:
/Applications/Xcode-27.0.0-Release.Candidate.app/Contents/Developer/usr/bin/xcodebuild -IDEClonedSourcePackagesDirPathOverride=/Users/admin/builder/spi-builder-workspace/.dependencies -resolvePackageDependencies
Resolve Package Graph
failed to retrieve search paths with pkg-config; maybe pkg-config is not installedcouldn't find pc file for myhtml
Resolved source packages:
MyHTML: /Users/admin/builder/spi-builder-workspace
resolved source packages: MyHTML
2026-09-17 17:07:49.249 xcodebuild[666:4283] [MT] IDERunDestination: Supported platforms for the buildables in the current scheme is empty.
{
"dependencies" : [
],
"manifest_display_name" : "MyHTML",
"name" : "MyHTML",
"path" : "/Users/admin/builder/spi-builder-workspace",
"platforms" : [
],
"products" : [
{
"name" : "MyHTML",
"targets" : [
"MyHTML"
],
"type" : {
"library" : [
"automatic"
]
}
}
],
"targets" : [
{
"c99name" : "MyHTMLTests",
"module_type" : "SwiftTarget",
"name" : "MyHTMLTests",
"path" : "Tests/MyHTMLTests",
"sources" : [
"MyHTMLTests.swift",
"XCTestManifests.swift"
],
"target_dependencies" : [
"MyHTML"
],
"type" : "test"
},
{
"c99name" : "MyHTML",
"module_type" : "SwiftTarget",
"name" : "MyHTML",
"path" : "Sources/MyHTML",
"product_memberships" : [
"MyHTML"
],
"sources" : [
"Misc.swift",
"MyHTML.swift",
"Node.swift",
"Tree.swift"
],
"target_dependencies" : [
"CMyHTML"
],
"type" : "library"
},
{
"c99name" : "CMyHTML",
"module_type" : "SystemLibraryTarget",
"name" : "CMyHTML",
"path" : "Sources/CMyHTML",
"product_memberships" : [
"MyHTML"
],
"sources" : [
],
"type" : "system-target"
}
],
"tools_version" : "5.0"
}
{
"workspace" : {
"name" : "MyHTML",
"schemes" : [
"MyHTML"
]
}
}
2026-09-17 17:07:50.497 xcodebuild[675:4341] [MT] IDERunDestination: Supported platforms for the buildables in the current scheme is empty.
Running build ...
env DEVELOPER_DIR=/Applications/Xcode-27.0.0-Release.Candidate.app xcrun xcodebuild -IDEClonedSourcePackagesDirPathOverride=$PWD/.dependencies -skipMacroValidation -skipPackagePluginValidation -derivedDataPath $PWD/.derivedData build -scheme MyHTML -destination generic/platform=iOS
Command line invocation:
/Applications/Xcode-27.0.0-Release.Candidate.app/Contents/Developer/usr/bin/xcodebuild -IDEClonedSourcePackagesDirPathOverride=/Users/admin/builder/spi-builder-workspace/.dependencies -skipMacroValidation -skipPackagePluginValidation -derivedDataPath /Users/admin/builder/spi-builder-workspace/.derivedData build -scheme MyHTML -destination generic/platform=iOS
Resolve Package Graph
failed to retrieve search paths with pkg-config; maybe pkg-config is not installedcouldn't find pc file for myhtml
Resolved source packages:
MyHTML: /Users/admin/builder/spi-builder-workspace
ComputePackagePrebuildTargetDependencyGraph
Prepare packages
CreateBuildRequest
SendProjectDescription
CreateBuildOperation
ComputeTargetDependencyGraph
note: Building targets in dependency order
note: Target dependency graph (3 targets)
Target 'MyHTML-product' in project 'MyHTML'
➜ Explicit dependency on target 'MyHTML' in project 'MyHTML'
Target 'MyHTML' in project 'MyHTML'
➜ Explicit dependency on target 'CMyHTML' in project 'MyHTML'
Target 'CMyHTML' in project 'MyHTML' (no dependencies)
GatherProvisioningInputs
CreateBuildDescription
ClangStatCache /Applications/Xcode-27.0.0-Release.Candidate.app/Contents/Developer/Toolchains/XcodeDefault.xctoolchain/usr/bin/clang-stat-cache /Applications/Xcode-27.0.0-Release.Candidate.app/Contents/Developer/Platforms/iPhoneOS.platform/Developer/SDKs/iPhoneOS27.0.sdk /Users/admin/builder/spi-builder-workspace/.derivedData/SDKStatCaches.noindex/iphoneos27.0-24A430-e829b21a6f8c9b70876ba0858053c04440ceaa042ed91876912b2eeea4e3aa14.sdkstatcache
cd /Users/admin/builder/spi-builder-workspace/.swiftpm/xcode
/Applications/Xcode-27.0.0-Release.Candidate.app/Contents/Developer/Toolchains/XcodeDefault.xctoolchain/usr/bin/clang-stat-cache /Applications/Xcode-27.0.0-Release.Candidate.app/Contents/Developer/Platforms/iPhoneOS.platform/Developer/SDKs/iPhoneOS27.0.sdk -o /Users/admin/builder/spi-builder-workspace/.derivedData/SDKStatCaches.noindex/iphoneos27.0-24A430-e829b21a6f8c9b70876ba0858053c04440ceaa042ed91876912b2eeea4e3aa14.sdkstatcache
SwiftDriver MyHTML normal arm64 com.apple.xcode.tools.swift.compiler (in target 'MyHTML' from project 'MyHTML')
cd /Users/admin/builder/spi-builder-workspace/.swiftpm/xcode
builtin-SwiftDriver -- /Applications/Xcode-27.0.0-Release.Candidate.app/Contents/Developer/Toolchains/XcodeDefault.xctoolchain/usr/bin/swiftc -parse-as-library -module-name MyHTML -Onone @/Users/admin/builder/spi-builder-workspace/.derivedData/Build/Intermediates.noindex/MyHTML.build/Debug-iphoneos/MyHTML-t.build/Objects-normal/arm64/MyHTML.SwiftFileList -DSWIFT_PACKAGE -DDEBUG -DSWIFT_MODULE_RESOURCE_BUNDLE_UNAVAILABLE -Xcc -fmodule-map-file\=/Users/admin/builder/spi-builder-workspace/Sources/CMyHTML/module.modulemap -DXcode -plugin-path /Applications/Xcode-27.0.0-Release.Candidate.app/Contents/Developer/Toolchains/XcodeDefault.xctoolchain/usr/lib/swift/host/plugins/testing -enable-experimental-feature DebugDescriptionMacro -sdk /Applications/Xcode-27.0.0-Release.Candidate.app/Contents/Developer/Platforms/iPhoneOS.platform/Developer/SDKs/iPhoneOS27.0.sdk -target arm64-apple-ios15.0 -g -module-cache-path /Users/admin/builder/spi-builder-workspace/.derivedData/ModuleCache.noindex -Xfrontend -serialize-debugging-options -profile-coverage-mapping -profile-generate -enable-testing -index-store-path /Users/admin/builder/spi-builder-workspace/.derivedData/Index.noindex/DataStore -Xcc -D_LIBCPP_HARDENING_MODE\=_LIBCPP_HARDENING_MODE_DEBUG -swift-version 5 -I /Users/admin/builder/spi-builder-workspace/.derivedData/Build/Products/Debug-iphoneos -Isystem /Applications/Xcode-27.0.0-Release.Candidate.app/Contents/Developer/Platforms/iPhoneOS.platform/Developer/usr/lib -F /Users/admin/builder/spi-builder-workspace/.derivedData/Build/Products/Debug-iphoneos -F /Applications/Xcode-27.0.0-Release.Candidate.app/Contents/Developer/Platforms/iPhoneOS.platform/Developer/Library/Frameworks -F /Applications/Xcode-27.0.0-Release.Candidate.app/Contents/Developer/Platforms/iPhoneOS.platform/Developer/SDKs/iPhoneOS27.0.sdk/Developer/Library/Frameworks -c -j10 -enable-batch-mode -incremental -Xcc -ivfsstatcache -Xcc /Users/admin/builder/spi-builder-workspace/.derivedData/SDKStatCaches.noindex/iphoneos27.0-24A430-e829b21a6f8c9b70876ba0858053c04440ceaa042ed91876912b2eeea4e3aa14.sdkstatcache -output-file-map /Users/admin/builder/spi-builder-workspace/.derivedData/Build/Intermediates.noindex/MyHTML.build/Debug-iphoneos/MyHTML-t.build/Objects-normal/arm64/MyHTML-OutputFileMap.json -save-temps -no-color-diagnostics -explicit-module-build -module-cache-path /Users/admin/builder/spi-builder-workspace/.derivedData/Build/Intermediates.noindex/SwiftExplicitPrecompiledModules -clang-scanner-module-cache-path /Users/admin/builder/spi-builder-workspace/.derivedData/ModuleCache.noindex -sdk-module-cache-path /Users/admin/builder/spi-builder-workspace/.derivedData/SDKExplicitPrecompiledModules -emit-dependencies -emit-module -emit-module-path /Users/admin/builder/spi-builder-workspace/.derivedData/Build/Intermediates.noindex/MyHTML.build/Debug-iphoneos/MyHTML-t.build/Objects-normal/arm64/MyHTML.swiftmodule -serialize-diagnostics -dependency-scan-serialize-diagnostics-path /Users/admin/builder/spi-builder-workspace/.derivedData/Build/Intermediates.noindex/MyHTML.build/Debug-iphoneos/MyHTML-t.build/Objects-normal/arm64/MyHTML-dependency-scan.dia -validate-clang-modules-once -clang-build-session-file /Users/admin/builder/spi-builder-workspace/.derivedData/ModuleCache.noindex/Session.modulevalidation -Xcc -fmodules-prune-interval\=86400 -Xcc -fmodules-prune-after\=345600 -emit-const-values -const-gather-protocols-list /Users/admin/builder/spi-builder-workspace/.derivedData/Build/Intermediates.noindex/MyHTML.build/Debug-iphoneos/MyHTML-t.build/Objects-normal/arm64/MyHTML_const_extract_protocols.json -Xcc -I/Users/admin/builder/spi-builder-workspace/.derivedData/Build/Products/Debug-iphoneos/include -Xcc -I/Users/admin/builder/spi-builder-workspace/.derivedData/Build/Intermediates.noindex/MyHTML.build/Debug-iphoneos/MyHTML-t.build/DerivedSources-normal/arm64 -Xcc -I/Users/admin/builder/spi-builder-workspace/.derivedData/Build/Intermediates.noindex/MyHTML.build/Debug-iphoneos/MyHTML-t.build/DerivedSources/arm64 -Xcc -I/Users/admin/builder/spi-builder-workspace/.derivedData/Build/Intermediates.noindex/MyHTML.build/Debug-iphoneos/MyHTML-t.build/DerivedSources -Xcc -DSWIFT_PACKAGE -Xcc -DDEBUG\=1 -emit-objc-header -emit-objc-header-path /Users/admin/builder/spi-builder-workspace/.derivedData/Build/Intermediates.noindex/MyHTML.build/Debug-iphoneos/MyHTML-t.build/Objects-normal/arm64/MyHTML-Swift.h -working-directory /Users/admin/builder/spi-builder-workspace/.swiftpm/xcode -experimental-emit-module-separately -disable-cmo
error: Clang dependency scanning failure: While building module 'CMyHTML' imported from module-include.input:1:
In file included from <module-includes>:1:
/Users/admin/builder/spi-builder-workspace/Sources/CMyHTML/shim.h:1:10: fatal error: 'myhtml/api.h' file not found
module-include.input:1:1: fatal error: could not build module 'CMyHTML'
(in target 'MyHTML' from project 'MyHTML')
/Users/admin/builder/spi-builder-workspace/Sources/MyHTML/Misc.swift:1:8: error: Unable to resolve module dependency: 'CMyHTML' (in target 'MyHTML' from project 'MyHTML')
note: A dependency of main module 'MyHTML'
/Users/admin/builder/spi-builder-workspace/Sources/MyHTML/MyHTML.swift:1:8: note: Also imported here
/Users/admin/builder/spi-builder-workspace/Sources/MyHTML/Node.swift:1:8: note: Also imported here
/Users/admin/builder/spi-builder-workspace/Sources/MyHTML/Tree.swift:1:8: note: Also imported here
error: Clang dependency scanning failure: While building module 'CMyHTML' imported from module-include.input:1:
In file included from <module-includes>:1:
/Users/admin/builder/spi-builder-workspace/Sources/CMyHTML/shim.h:1:10: fatal error: 'myhtml/api.h' file not found
module-include.input:1:1: fatal error: could not build module 'CMyHTML'
(in target 'MyHTML' from project 'MyHTML')
/Users/admin/builder/spi-builder-workspace/Sources/MyHTML/Misc.swift:1:8: note: A dependency of main module 'MyHTML'
import CMyHTML
^ (in target 'MyHTML' from project 'MyHTML')
/Users/admin/builder/spi-builder-workspace/Sources/MyHTML/MyHTML.swift:1:8: note: Also imported here
import CMyHTML
^ (in target 'MyHTML' from project 'MyHTML')
/Users/admin/builder/spi-builder-workspace/Sources/MyHTML/Node.swift:1:8: note: Also imported here
import CMyHTML
^ (in target 'MyHTML' from project 'MyHTML')
/Users/admin/builder/spi-builder-workspace/Sources/MyHTML/Tree.swift:1:8: note: Also imported here
import CMyHTML
^ (in target 'MyHTML' from project 'MyHTML')
PruneExplicitPrecompiledModules /Users/admin/builder/spi-builder-workspace/.derivedData/Build/Intermediates.noindex/ExplicitPrecompiledModules
PruneExplicitPrecompiledModules /Users/admin/builder/spi-builder-workspace/.derivedData/Build/Intermediates.noindex/SwiftExplicitPrecompiledModules
PruneExplicitPrecompiledModules /Users/admin/builder/spi-builder-workspace/.derivedData/SDKExplicitPrecompiledModules
2026-09-17 17:07:51.499 xcodebuild[677:4366] [MT] IDERunDestination: Supported platforms for the buildables in the current scheme is empty.
** BUILD FAILED **
The following build commands failed:
SwiftDriver MyHTML normal arm64 com.apple.xcode.tools.swift.compiler (in target 'MyHTML' from project 'MyHTML')
Building workspace MyHTML with scheme MyHTML
(2 failures)
BUILD FAILURE 6.4 iOS