Build Information
Failed to build JKDrawer, reference 0.9.1 (4c486b), with Swift 6.4 for macOS (Xcode) using Xcode 27.0 on 17 Sep 2026 23:56:54 UTC.
Build Command
env DEVELOPER_DIR=/Applications/Xcode-27.0.0-Release.Candidate.app xcrun xcodebuild -IDEClonedSourcePackagesDirPathOverride=$PWD/.dependencies -skipMacroValidation -skipPackagePluginValidation -derivedDataPath $PWD/.derivedData build -scheme Drawer -destination platform=macOS,arch=arm64Build Log
========================================
RunAll
========================================
Builder version: 5.1.0
Interrupt handler set up.
========================================
Checkout
========================================
Clone URL: https://github.com/johankool/Drawer.git
Reference: 0.9.1
Initialized empty Git repository in /Users/admin/builder/spi-builder-workspace/.git/
From https://github.com/johankool/Drawer
* tag 0.9.1 -> FETCH_HEAD
HEAD is now at 4c486bd Make DrawerConfiguration less restrictive
Cloned https://github.com/johankool/Drawer.git
Revision (git rev-parse @):
4c486bd7e9ad046db7fb58b3487c5691896579d7
SUCCESS checkout https://github.com/johankool/Drawer.git at 0.9.1
========================================
Build
========================================
Selected platform: macosXcodebuild
Swift version: 6.4
Building package at path: $PWD
https://github.com/johankool/Drawer.git
Command line invocation:
/Applications/Xcode-27.0.0-Release.Candidate.app/Contents/Developer/usr/bin/xcodebuild -IDEClonedSourcePackagesDirPathOverride=/Users/admin/builder/spi-builder-workspace/.dependencies -resolvePackageDependencies
resolved source packages:
{
"dependencies" : [
],
"manifest_display_name" : "JKDrawer",
"name" : "JKDrawer",
"path" : "/Users/admin/builder/spi-builder-workspace",
"platforms" : [
{
"name" : "ios",
"version" : "10.0"
}
],
"products" : [
{
"name" : "JKDrawer",
"targets" : [
"JKDrawer"
],
"type" : {
"library" : [
"automatic"
]
}
}
],
"targets" : [
{
"c99name" : "JKDrawerTests",
"module_type" : "SwiftTarget",
"name" : "JKDrawerTests",
"path" : "Tests/JKDrawerTests",
"sources" : [
"JKDrawerTests.swift",
"XCTestManifests.swift"
],
"target_dependencies" : [
"JKDrawer"
],
"type" : "test"
},
{
"c99name" : "JKDrawer",
"module_type" : "SwiftTarget",
"name" : "JKDrawer",
"path" : "Sources/JKDrawer",
"product_memberships" : [
"JKDrawer"
],
"sources" : [
"DrawerConfiguration.swift",
"DrawerNavigationController.swift",
"DrawerPanGestureRecognizer.swift",
"DrawerPresentable.swift",
"DrawerPresenting.swift",
"Offset+Clamped.swift",
"UIScrollView+Position.swift",
"UIViewController+Drawer.swift"
],
"type" : "library"
}
],
"tools_version" : "5.0"
}
{
"project" : {
"configurations" : [
"Debug",
"Release"
],
"name" : "Drawer",
"schemes" : [
"Drawer"
],
"targets" : [
"Drawer"
]
}
}
Running build ...
env DEVELOPER_DIR=/Applications/Xcode-27.0.0-Release.Candidate.app xcrun xcodebuild -IDEClonedSourcePackagesDirPathOverride=$PWD/.dependencies -skipMacroValidation -skipPackagePluginValidation -derivedDataPath $PWD/.derivedData build -scheme Drawer -destination platform=macOS,arch=arm64
Command line invocation:
/Applications/Xcode-27.0.0-Release.Candidate.app/Contents/Developer/usr/bin/xcodebuild -IDEClonedSourcePackagesDirPathOverride=/Users/admin/builder/spi-builder-workspace/.dependencies -skipMacroValidation -skipPackagePluginValidation -derivedDataPath /Users/admin/builder/spi-builder-workspace/.derivedData build -scheme Drawer -destination platform=macOS,arch=arm64
ComputePackagePrebuildTargetDependencyGraph
Prepare packages
CreateBuildRequest
SendProjectDescription
CreateBuildOperation
ComputeTargetDependencyGraph
note: Building targets in dependency order
note: Target dependency graph (1 target)
Target 'Drawer' in project 'Drawer' (no dependencies)
GatherProvisioningInputs
CreateBuildDescription
ExecuteExternalTool /Applications/Xcode-27.0.0-Release.Candidate.app/Contents/Developer/Toolchains/XcodeDefault.xctoolchain/usr/bin/clang -v -E -dM -isysroot /Applications/Xcode-27.0.0-Release.Candidate.app/Contents/Developer/Platforms/MacOSX.platform/Developer/SDKs/MacOSX27.0.sdk -x c -c /dev/null
ExecuteExternalTool /Applications/Xcode-27.0.0-Release.Candidate.app/Contents/Developer/Toolchains/XcodeDefault.xctoolchain/usr/bin/clang -v -E -dM -arch arm64 -isysroot /Applications/Xcode-27.0.0-Release.Candidate.app/Contents/Developer/Platforms/MacOSX.platform/Developer/SDKs/MacOSX27.0.sdk -x c -c /dev/null
ExecuteExternalTool /Applications/Xcode-27.0.0-Release.Candidate.app/Contents/Developer/Toolchains/XcodeDefault.xctoolchain/usr/bin/swiftc --version
ExecuteExternalTool /Applications/Xcode-27.0.0-Release.Candidate.app/Contents/Developer/Toolchains/XcodeDefault.xctoolchain/usr/bin/ld -version_details
Build description signature: d441113e13546c6e01866e420267511d
Build description path: /Users/admin/builder/spi-builder-workspace/.derivedData/Build/Intermediates.noindex/XCBuildData/d441113e13546c6e01866e420267511d.xcbuilddata
/Users/admin/builder/spi-builder-workspace/Drawer.xcodeproj: error: The macOS deployment target 'MACOSX_DEPLOYMENT_TARGET' is set to 10.15, but the range of supported deployment target versions is 12.0 to 27.0.x. (in target 'Drawer' from project 'Drawer')
--- xcodebuild: WARNING: Using the first of multiple matching destinations:
{ platform:macOS, arch:arm64, variant:Mac Catalyst, id:fe465fe9c2f1230efe254cd06a4ea039e9a73e35, name:My Mac }
{ platform:macOS, arch:arm64, variant:Designed for [iPad,iPhone], id:fe465fe9c2f1230efe254cd06a4ea039e9a73e35, name:My Mac }
** BUILD FAILED **
The following build commands failed:
Building project Drawer with scheme Drawer
(1 failure)
Command line invocation:
/Applications/Xcode-27.0.0-Release.Candidate.app/Contents/Developer/usr/bin/xcodebuild -IDEClonedSourcePackagesDirPathOverride=/Users/admin/builder/spi-builder-workspace/.dependencies -resolvePackageDependencies
resolved source packages:
{
"dependencies" : [
],
"manifest_display_name" : "JKDrawer",
"name" : "JKDrawer",
"path" : "/Users/admin/builder/spi-builder-workspace",
"platforms" : [
{
"name" : "ios",
"version" : "10.0"
}
],
"products" : [
{
"name" : "JKDrawer",
"targets" : [
"JKDrawer"
],
"type" : {
"library" : [
"automatic"
]
}
}
],
"targets" : [
{
"c99name" : "JKDrawerTests",
"module_type" : "SwiftTarget",
"name" : "JKDrawerTests",
"path" : "Tests/JKDrawerTests",
"sources" : [
"JKDrawerTests.swift",
"XCTestManifests.swift"
],
"target_dependencies" : [
"JKDrawer"
],
"type" : "test"
},
{
"c99name" : "JKDrawer",
"module_type" : "SwiftTarget",
"name" : "JKDrawer",
"path" : "Sources/JKDrawer",
"product_memberships" : [
"JKDrawer"
],
"sources" : [
"DrawerConfiguration.swift",
"DrawerNavigationController.swift",
"DrawerPanGestureRecognizer.swift",
"DrawerPresentable.swift",
"DrawerPresenting.swift",
"Offset+Clamped.swift",
"UIScrollView+Position.swift",
"UIViewController+Drawer.swift"
],
"type" : "library"
}
],
"tools_version" : "5.0"
}
{
"project" : {
"configurations" : [
"Debug",
"Release"
],
"name" : "Drawer",
"schemes" : [
"Drawer"
],
"targets" : [
"Drawer"
]
}
}
Running build ...
env DEVELOPER_DIR=/Applications/Xcode-27.0.0-Release.Candidate.app xcrun xcodebuild -IDEClonedSourcePackagesDirPathOverride=$PWD/.dependencies -skipMacroValidation -skipPackagePluginValidation -derivedDataPath $PWD/.derivedData build -scheme Drawer -destination platform=macOS,arch=arm64
Command line invocation:
/Applications/Xcode-27.0.0-Release.Candidate.app/Contents/Developer/usr/bin/xcodebuild -IDEClonedSourcePackagesDirPathOverride=/Users/admin/builder/spi-builder-workspace/.dependencies -skipMacroValidation -skipPackagePluginValidation -derivedDataPath /Users/admin/builder/spi-builder-workspace/.derivedData build -scheme Drawer -destination platform=macOS,arch=arm64
ComputePackagePrebuildTargetDependencyGraph
Prepare packages
CreateBuildRequest
SendProjectDescription
CreateBuildOperation
ComputeTargetDependencyGraph
note: Building targets in dependency order
note: Target dependency graph (1 target)
Target 'Drawer' in project 'Drawer' (no dependencies)
GatherProvisioningInputs
CreateBuildDescription
/Users/admin/builder/spi-builder-workspace/Drawer.xcodeproj: error: The macOS deployment target 'MACOSX_DEPLOYMENT_TARGET' is set to 10.15, but the range of supported deployment target versions is 12.0 to 27.0.x. (in target 'Drawer' from project 'Drawer')
--- xcodebuild: WARNING: Using the first of multiple matching destinations:
{ platform:macOS, arch:arm64, variant:Mac Catalyst, id:fe465fe9c2f1230efe254cd06a4ea039e9a73e35, name:My Mac }
{ platform:macOS, arch:arm64, variant:Designed for [iPad,iPhone], id:fe465fe9c2f1230efe254cd06a4ea039e9a73e35, name:My Mac }
** BUILD FAILED **
The following build commands failed:
Building project Drawer with scheme Drawer
(1 failure)
BUILD FAILURE 6.4 macosXcodebuild