The Swift Package Index logo.Swift Package Index

Build Information

Failed to build ETTrace, reference v1.1.1 (01e1b0), with Swift 6.4 for Linux on 21 Sep 2026 09:37:38 UTC.

Build Command

bash -c docker run --pull=always --rm -v "checkouts-54344847-2":/host -w "$PWD" -e JAVA_HOME="/root/.sdkman/candidates/java/current" -e SPI_BUILD="1" -e SPI_PROCESSING="1" registry.gitlab.com/saguaro1/spi-images:basic-6.4-latest swift build --triple x86_64-unknown-linux-gnu 2>&1

Build Log

========================================
RunAll
========================================
Builder version: 5.1.0
Interrupt handler set up.
========================================
Checkout
========================================
Clone URL: https://github.com/EmergeTools/ETTrace.git
Reference: v1.1.1
Initialized empty Git repository in /host/spi-builder-workspace/.git/
hint: Using 'master' as the name for the initial branch. This default branch name
hint: is subject to change. To configure the initial branch name to use in all
hint: of your new repositories, which will suppress this warning, call:
hint:
hint: 	git config --global init.defaultBranch <name>
hint:
hint: Names commonly chosen instead of 'master' are 'main', 'trunk' and
hint: 'development'. The just-created branch can be renamed via this command:
hint:
hint: 	git branch -m <name>
From https://github.com/EmergeTools/ETTrace
 * tag               v1.1.1     -> FETCH_HEAD
HEAD is now at 01e1b0f Fix memory leak (#102)
Cloned https://github.com/EmergeTools/ETTrace.git
Revision (git rev-parse @):
01e1b0f7b71acac9b21bfbd47bd5f4ab480826db
SPI manifest file found: $PWD/.spi.yml
SUCCESS checkout https://github.com/EmergeTools/ETTrace.git at v1.1.1
========================================
Build
========================================
Selected platform:         linux
Swift version:             6.4
Building package at path:  $PWD
https://github.com/EmergeTools/ETTrace.git
Running build ...
bash -c docker run --pull=always --rm -v "checkouts-54344847-2":/host -w "$PWD" -e JAVA_HOME="/root/.sdkman/candidates/java/current" -e SPI_BUILD="1" -e SPI_PROCESSING="1" registry.gitlab.com/saguaro1/spi-images:basic-6.4-latest swift build --triple x86_64-unknown-linux-gnu 2>&1
basic-6.4-latest: Pulling from saguaro1/spi-images
Digest: sha256:c77fcce225e223ac0fafed844619173fc6de8d62dd560eeb28db3182af6a282b
Status: Image is up to date for registry.gitlab.com/saguaro1/spi-images:basic-6.4-latest
Fetching https://github.com/apple/swift-argument-parser.git
Fetching https://github.com/EmergeTools/peertalk.git
Fetching https://github.com/httpswift/swifter.git
[1/682] Fetching peertalk
[547/6732] Fetching peertalk, swifter
Fetched https://github.com/EmergeTools/peertalk.git (0.49s)
[1210/6050] Fetching swifter
[1937/24968] Fetching swifter, swift-argument-parser
Fetched https://github.com/apple/swift-argument-parser.git (0.84s)
Fetched https://github.com/httpswift/swifter.git (0.84s)
Computing version for https://github.com/httpswift/swifter.git
Computed https://github.com/httpswift/swifter.git at 1.5.0 (1.93s)
Computing version for https://github.com/EmergeTools/peertalk.git
Computed https://github.com/EmergeTools/peertalk.git at 1.0.0 (0.19s)
Computing version for https://github.com/apple/swift-argument-parser.git
Computed https://github.com/apple/swift-argument-parser.git at 1.8.2 (0.18s)
Creating working copy for https://github.com/httpswift/swifter.git
Working copy of https://github.com/httpswift/swifter.git resolved at 1.5.0
Creating working copy for https://github.com/EmergeTools/peertalk.git
Working copy of https://github.com/EmergeTools/peertalk.git resolved at 1.0.0
Creating working copy for https://github.com/apple/swift-argument-parser.git
Working copy of https://github.com/apple/swift-argument-parser.git resolved at 1.8.2
Building for debugging...
[Computing dependencies]
[Pre-planning 1 / 481]
[Constructing 13 / 987]
[91 / 161] Unwinding
In file included from /host/spi-builder-workspace/Unwinding/Crashlytics/Crashlytics/Helpers/FIRCLSLogger.m:15:
/host/spi-builder-workspace/Unwinding/Crashlytics/Crashlytics/Helpers/FIRCLSLogger.h:15:9: fatal error: 'Foundation/Foundation.h' file not found
   15 | #import <Foundation/Foundation.h>
      |         ^~~~~~~~~~~~~~~~~~~~~~~~~
1 error generated.
error: CompileC /host/spi-builder-workspace/.build/out/Intermediates.noindex/ETTrace.build/Debug-linux-x86_64/Unwinding-t.build/Objects-normal/x86_64/FIRCLSLogger.o /host/spi-builder-workspace/Unwinding/Crashlytics/Crashlytics/Helpers/FIRCLSLogger.m normal x86_64 objective-c com.apple.compilers.llvm.clang.1_0.compiler failed with a nonzero exit code. Command line:     cd /host

    Using response file: /host/spi-builder-workspace/.build/out/Intermediates.noindex/ETTrace.build/Debug-linux-x86_64/Unwinding-t.build/Objects-normal/x86_64/6f95552a3397ee1cec971b90cf334075d5f321c3a3b0689ad55c3d1e24702600-common-args.resp

    /usr/bin/clang -x objective-c -target x86_64-unknown-linux-gnu -fmessage-length\=0 -fdiagnostics-show-note-include-stack -fmacro-backtrace-limit\=0 -fcolor-diagnostics -Wno-trigraphs -Wno-missing-field-initializers -Wno-missing-prototypes -Wno-return-type -Wno-implicit-atomic-properties -Wno-objc-interface-ivars -Wno-arc-repeated-use-of-weak -Wno-missing-braces -Wparentheses -Wswitch -Wno-unused-function -Wno-unused-label -Wno-unused-parameter -Wno-unused-variable -Wunused-value -Wno-empty-body -Wno-uninitialized -Wno-unknown-pragmas -Wno-shadow -Wno-four-char-constants -Wno-conversion -Wno-constant-conversion -Wno-int-conversion -Wno-bool-conversion -Wno-enum-conversion -Wno-float-conversion -Wno-non-literal-null-conversion -Wno-objc-literal-conversion -Wno-shorten-64-to-32 -Wpointer-sign -Wno-newline-eof -Wno-selector -Wno-strict-selector-match -Wno-undeclared-selector -Wno-deprecated-implementations -Wno-implicit-fallthrough -fstrict-aliasing -Wprotocol -Wdeprecated-declarations -Wno-sign-conversion -Wno-infinite-recursion -Wno-comma -Wno-block-capture-autoreleasing -Wno-strict-prototypes -Wno-semicolon-before-method-body --sysroot / @/host/spi-builder-workspace/.build/out/Intermediates.noindex/ETTrace.build/Debug-linux-x86_64/Unwinding-t.build/Objects-normal/x86_64/6f95552a3397ee1cec971b90cf334075d5f321c3a3b0689ad55c3d1e24702600-common-args.resp -MMD -MT dependencies -MF /host/spi-builder-workspace/.build/out/Intermediates.noindex/ETTrace.build/Debug-linux-x86_64/Unwinding-t.build/Objects-normal/x86_64/FIRCLSLogger.d --serialize-diagnostics /host/spi-builder-workspace/.build/out/Intermediates.noindex/ETTrace.build/Debug-linux-x86_64/Unwinding-t.build/Objects-normal/x86_64/FIRCLSLogger.dia -c /host/spi-builder-workspace/Unwinding/Crashlytics/Crashlytics/Helpers/FIRCLSLogger.m -o /host/spi-builder-workspace/.build/out/Intermediates.noindex/ETTrace.build/Debug-linux-x86_64/Unwinding-t.build/Objects-normal/x86_64/FIRCLSLogger.o
In file included from /host/spi-builder-workspace/Unwinding/Crashlytics/Crashlytics/Unwind/FIRCLSUnwind_arm.c:15:
/host/spi-builder-workspace/Unwinding/Crashlytics/Crashlytics/Unwind/../Helpers/FIRCLSDefines.h:17:10: fatal error: 'TargetConditionals.h' file not found
   17 | #include <TargetConditionals.h>
      |          ^~~~~~~~~~~~~~~~~~~~~~
1 error generated.
error: CompileC /host/spi-builder-workspace/.build/out/Intermediates.noindex/ETTrace.build/Debug-linux-x86_64/Unwinding-t.build/Objects-normal/x86_64/FIRCLSUnwind_arm.o /host/spi-builder-workspace/Unwinding/Crashlytics/Crashlytics/Unwind/FIRCLSUnwind_arm.c normal x86_64 c com.apple.compilers.llvm.clang.1_0.compiler failed with a nonzero exit code. Command line:     cd /host

    Using response file: /host/spi-builder-workspace/.build/out/Intermediates.noindex/ETTrace.build/Debug-linux-x86_64/Unwinding-t.build/Objects-normal/x86_64/9f65232cb83f8421e3a495a5062eba382369c975104ee97bafc405ab795bfc5e-common-args.resp

    /usr/bin/clang -x c -target x86_64-unknown-linux-gnu -fmessage-length\=0 -fdiagnostics-show-note-include-stack -fmacro-backtrace-limit\=0 -fcolor-diagnostics -Wno-trigraphs -Wno-missing-field-initializers -Wno-missing-prototypes -Wno-return-type -Wno-missing-braces -Wparentheses -Wswitch -Wno-unused-function -Wno-unused-label -Wno-unused-parameter -Wno-unused-variable -Wunused-value -Wno-empty-body -Wno-uninitialized -Wno-unknown-pragmas -Wno-shadow -Wno-four-char-constants -Wno-conversion -Wno-constant-conversion -Wno-int-conversion -Wno-bool-conversion -Wno-enum-conversion -Wno-float-conversion -Wno-non-literal-null-conversion -Wno-objc-literal-conversion -Wno-shorten-64-to-32 -Wpointer-sign -Wno-newline-eof -Wno-implicit-fallthrough -fstrict-aliasing -Wdeprecated-declarations -Wno-sign-conversion -Wno-infinite-recursion -Wno-comma -Wno-block-capture-autoreleasing -Wno-strict-prototypes -Wno-semicolon-before-method-body --sysroot / @/host/spi-builder-workspace/.build/out/Intermediates.noindex/ETTrace.build/Debug-linux-x86_64/Unwinding-t.build/Objects-normal/x86_64/9f65232cb83f8421e3a495a5062eba382369c975104ee97bafc405ab795bfc5e-common-args.resp -MMD -MT dependencies -MF /host/spi-builder-workspace/.build/out/Intermediates.noindex/ETTrace.build/Debug-linux-x86_64/Unwinding-t.build/Objects-normal/x86_64/FIRCLSUnwind_arm.d --serialize-diagnostics /host/spi-builder-workspace/.build/out/Intermediates.noindex/ETTrace.build/Debug-linux-x86_64/Unwinding-t.build/Objects-normal/x86_64/FIRCLSUnwind_arm.dia -c /host/spi-builder-workspace/Unwinding/Crashlytics/Crashlytics/Unwind/FIRCLSUnwind_arm.c -o /host/spi-builder-workspace/.build/out/Intermediates.noindex/ETTrace.build/Debug-linux-x86_64/Unwinding-t.build/Objects-normal/x86_64/FIRCLSUnwind_arm.o
In file included from /host/spi-builder-workspace/Unwinding/Crashlytics/Crashlytics/Unwind/FIRCLSUnwind_x86.c:15:
In file included from /host/spi-builder-workspace/Unwinding/Crashlytics/Crashlytics/Unwind/FIRCLSUnwind_x86.h:17:
In file included from /host/spi-builder-workspace/Unwinding/Crashlytics/Crashlytics/Unwind/../Helpers/FIRCLSFeatures.h:17:
/host/spi-builder-workspace/Unwinding/Crashlytics/Crashlytics/Unwind/../Helpers/FIRCLSDefines.h:17:10: fatal error: 'TargetConditionals.h' file not found
   17 | #include <TargetConditionals.h>
      |          ^~~~~~~~~~~~~~~~~~~~~~
1 error generated.
error: CompileC /host/spi-builder-workspace/.build/out/Intermediates.noindex/ETTrace.build/Debug-linux-x86_64/Unwinding-t.build/Objects-normal/x86_64/FIRCLSUnwind_x86.o /host/spi-builder-workspace/Unwinding/Crashlytics/Crashlytics/Unwind/FIRCLSUnwind_x86.c normal x86_64 c com.apple.compilers.llvm.clang.1_0.compiler failed with a nonzero exit code. Command line:     cd /host

    Using response file: /host/spi-builder-workspace/.build/out/Intermediates.noindex/ETTrace.build/Debug-linux-x86_64/Unwinding-t.build/Objects-normal/x86_64/9f65232cb83f8421e3a495a5062eba382369c975104ee97bafc405ab795bfc5e-common-args.resp

    /usr/bin/clang -x c -target x86_64-unknown-linux-gnu -fmessage-length\=0 -fdiagnostics-show-note-include-stack -fmacro-backtrace-limit\=0 -fcolor-diagnostics -Wno-trigraphs -Wno-missing-field-initializers -Wno-missing-prototypes -Wno-return-type -Wno-missing-braces -Wparentheses -Wswitch -Wno-unused-function -Wno-unused-label -Wno-unused-parameter -Wno-unused-variable -Wunused-value -Wno-empty-body -Wno-uninitialized -Wno-unknown-pragmas -Wno-shadow -Wno-four-char-constants -Wno-conversion -Wno-constant-conversion -Wno-int-conversion -Wno-bool-conversion -Wno-enum-conversion -Wno-float-conversion -Wno-non-literal-null-conversion -Wno-objc-literal-conversion -Wno-shorten-64-to-32 -Wpointer-sign -Wno-newline-eof -Wno-implicit-fallthrough -fstrict-aliasing -Wdeprecated-declarations -Wno-sign-conversion -Wno-infinite-recursion -Wno-comma -Wno-block-capture-autoreleasing -Wno-strict-prototypes -Wno-semicolon-before-method-body --sysroot / @/host/spi-builder-workspace/.build/out/Intermediates.noindex/ETTrace.build/Debug-linux-x86_64/Unwinding-t.build/Objects-normal/x86_64/9f65232cb83f8421e3a495a5062eba382369c975104ee97bafc405ab795bfc5e-common-args.resp -MMD -MT dependencies -MF /host/spi-builder-workspace/.build/out/Intermediates.noindex/ETTrace.build/Debug-linux-x86_64/Unwinding-t.build/Objects-normal/x86_64/FIRCLSUnwind_x86.d --serialize-diagnostics /host/spi-builder-workspace/.build/out/Intermediates.noindex/ETTrace.build/Debug-linux-x86_64/Unwinding-t.build/Objects-normal/x86_64/FIRCLSUnwind_x86.dia -c /host/spi-builder-workspace/Unwinding/Crashlytics/Crashlytics/Unwind/FIRCLSUnwind_x86.c -o /host/spi-builder-workspace/.build/out/Intermediates.noindex/ETTrace.build/Debug-linux-x86_64/Unwinding-t.build/Objects-normal/x86_64/FIRCLSUnwind_x86.o
In file included from /host/spi-builder-workspace/Unwinding/Crashlytics/Crashlytics/Helpers/FIRCLSUtility.m:15:
/host/spi-builder-workspace/Unwinding/Crashlytics/Crashlytics/Helpers/FIRCLSUtility.h:17:10: fatal error: 'mach/vm_types.h' file not found
   17 | #include <mach/vm_types.h>
      |          ^~~~~~~~~~~~~~~~~
1 error generated.
error: CompileC /host/spi-builder-workspace/.build/out/Intermediates.noindex/ETTrace.build/Debug-linux-x86_64/Unwinding-t.build/Objects-normal/x86_64/FIRCLSUtility.o /host/spi-builder-workspace/Unwinding/Crashlytics/Crashlytics/Helpers/FIRCLSUtility.m normal x86_64 objective-c com.apple.compilers.llvm.clang.1_0.compiler failed with a nonzero exit code. Command line:     cd /host

    Using response file: /host/spi-builder-workspace/.build/out/Intermediates.noindex/ETTrace.build/Debug-linux-x86_64/Unwinding-t.build/Objects-normal/x86_64/6f95552a3397ee1cec971b90cf334075d5f321c3a3b0689ad55c3d1e24702600-common-args.resp

    /usr/bin/clang -x objective-c -target x86_64-unknown-linux-gnu -fmessage-length\=0 -fdiagnostics-show-note-include-stack -fmacro-backtrace-limit\=0 -fcolor-diagnostics -Wno-trigraphs -Wno-missing-field-initializers -Wno-missing-prototypes -Wno-return-type -Wno-implicit-atomic-properties -Wno-objc-interface-ivars -Wno-arc-repeated-use-of-weak -Wno-missing-braces -Wparentheses -Wswitch -Wno-unused-function -Wno-unused-label -Wno-unused-parameter -Wno-unused-variable -Wunused-value -Wno-empty-body -Wno-uninitialized -Wno-unknown-pragmas -Wno-shadow -Wno-four-char-constants -Wno-conversion -Wno-constant-conversion -Wno-int-conversion -Wno-bool-conversion -Wno-enum-conversion -Wno-float-conversion -Wno-non-literal-null-conversion -Wno-objc-literal-conversion -Wno-shorten-64-to-32 -Wpointer-sign -Wno-newline-eof -Wno-selector -Wno-strict-selector-match -Wno-undeclared-selector -Wno-deprecated-implementations -Wno-implicit-fallthrough -fstrict-aliasing -Wprotocol -Wdeprecated-declarations -Wno-sign-conversion -Wno-infinite-recursion -Wno-comma -Wno-block-capture-autoreleasing -Wno-strict-prototypes -Wno-semicolon-before-method-body --sysroot / @/host/spi-builder-workspace/.build/out/Intermediates.noindex/ETTrace.build/Debug-linux-x86_64/Unwinding-t.build/Objects-normal/x86_64/6f95552a3397ee1cec971b90cf334075d5f321c3a3b0689ad55c3d1e24702600-common-args.resp -MMD -MT dependencies -MF /host/spi-builder-workspace/.build/out/Intermediates.noindex/ETTrace.build/Debug-linux-x86_64/Unwinding-t.build/Objects-normal/x86_64/FIRCLSUtility.d --serialize-diagnostics /host/spi-builder-workspace/.build/out/Intermediates.noindex/ETTrace.build/Debug-linux-x86_64/Unwinding-t.build/Objects-normal/x86_64/FIRCLSUtility.dia -c /host/spi-builder-workspace/Unwinding/Crashlytics/Crashlytics/Helpers/FIRCLSUtility.m -o /host/spi-builder-workspace/.build/out/Intermediates.noindex/ETTrace.build/Debug-linux-x86_64/Unwinding-t.build/Objects-normal/x86_64/FIRCLSUtility.o
In file included from /host/spi-builder-workspace/Unwinding/Crashlytics/Crashlytics/Helpers/FIRCLSThreadState.c:15:
/host/spi-builder-workspace/Unwinding/Crashlytics/Crashlytics/Helpers/FIRCLSThreadState.h:35:9: error: unknown type name '_STRUCT_MCONTEXT'
   35 | typedef _STRUCT_MCONTEXT FIRCLSThreadContext;
      |         ^
/host/spi-builder-workspace/Unwinding/Crashlytics/Crashlytics/Helpers/FIRCLSThreadState.h:40:9: error: unknown type name '_STRUCT_UCONTEXT'
   40 | typedef _STRUCT_UCONTEXT _STRUCT_UCONTEXT64;
      |         ^
/host/spi-builder-workspace/Unwinding/Crashlytics/Crashlytics/Helpers/FIRCLSThreadState.h:45:1: error: unknown type name 'uintptr_t'; did you mean '__intptr_t'?
   45 | uintptr_t FIRCLSThreadContextGetPC(FIRCLSThreadContext* registers);
      | ^~~~~~~~~
      | __intptr_t
In file included from /host/spi-builder-workspace/Unwinding/Crashlytics/Crashlytics/Helpers/FIRCLSThreadState.c:15:
In file included from /host/spi-builder-workspace/Unwinding/Crashlytics/Crashlytics/Helpers/FIRCLSThreadState.h:18:
In file included from /usr/include/x86_64-linux-gnu/sys/ucontext.h:23:
/usr/include/x86_64-linux-gnu/bits/types.h:207:25: note: '__intptr_t' declared here
  207 | __STD_TYPE __SWORD_TYPE __intptr_t;
      |                         ^
In file included from /host/spi-builder-workspace/Unwinding/Crashlytics/Crashlytics/Helpers/FIRCLSThreadState.c:15:
/host/spi-builder-workspace/Unwinding/Crashlytics/Crashlytics/Helpers/FIRCLSThreadState.h:46:1: error: unknown type name 'uintptr_t'; did you mean '__intptr_t'?
   46 | uintptr_t FIRCLSThreadContextGetStackPointer(const FIRCLSThreadContext* registers);
      | ^~~~~~~~~
      | __intptr_t
In file included from /host/spi-builder-workspace/Unwinding/Crashlytics/Crashlytics/Helpers/FIRCLSThreadState.c:15:
In file included from /host/spi-builder-workspace/Unwinding/Crashlytics/Crashlytics/Helpers/FIRCLSThreadState.h:18:
In file included from /usr/include/x86_64-linux-gnu/sys/ucontext.h:23:
/usr/include/x86_64-linux-gnu/bits/types.h:207:25: note: '__intptr_t' declared here
  207 | __STD_TYPE __SWORD_TYPE __intptr_t;
      |                         ^
In file included from /host/spi-builder-workspace/Unwinding/Crashlytics/Crashlytics/Helpers/FIRCLSThreadState.c:15:
/host/spi-builder-workspace/Unwinding/Crashlytics/Crashlytics/Helpers/FIRCLSThreadState.h:47:1: error: unknown type name 'uintptr_t'; did you mean '__intptr_t'?
   47 | uintptr_t FIRCLSThreadContextGetFramePointer(const FIRCLSThreadContext* registers);
      | ^~~~~~~~~
      | __intptr_t
In file included from /host/spi-builder-workspace/Unwinding/Crashlytics/Crashlytics/Helpers/FIRCLSThreadState.c:15:
In file included from /host/spi-builder-workspace/Unwinding/Crashlytics/Crashlytics/Helpers/FIRCLSThreadState.h:18:
In file included from /usr/include/x86_64-linux-gnu/sys/ucontext.h:23:
/usr/include/x86_64-linux-gnu/bits/types.h:207:25: note: '__intptr_t' declared here
  207 | __STD_TYPE __SWORD_TYPE __intptr_t;
      |                         ^
In file included from /host/spi-builder-workspace/Unwinding/Crashlytics/Crashlytics/Helpers/FIRCLSThreadState.c:15:
/host/spi-builder-workspace/Unwinding/Crashlytics/Crashlytics/Helpers/FIRCLSThreadState.h:49:63: error: unknown type name 'uintptr_t'; did you mean '__intptr_t'?
   49 | bool FIRCLSThreadContextSetPC(FIRCLSThreadContext* registers, uintptr_t value);
      |                                                               ^~~~~~~~~
      |                                                               __intptr_t
In file included from /host/spi-builder-workspace/Unwinding/Crashlytics/Crashlytics/Helpers/FIRCLSThreadState.c:15:
In file included from /host/spi-builder-workspace/Unwinding/Crashlytics/Crashlytics/Helpers/FIRCLSThreadState.h:18:
In file included from /usr/include/x86_64-linux-gnu/sys/ucontext.h:23:
/usr/include/x86_64-linux-gnu/bits/types.h:207:25: note: '__intptr_t' declared here
  207 | __STD_TYPE __SWORD_TYPE __intptr_t;
      |                         ^
In file included from /host/spi-builder-workspace/Unwinding/Crashlytics/Crashlytics/Helpers/FIRCLSThreadState.c:15:
/host/spi-builder-workspace/Unwinding/Crashlytics/Crashlytics/Helpers/FIRCLSThreadState.h:50:73: error: unknown type name 'uintptr_t'; did you mean '__intptr_t'?
   50 | bool FIRCLSThreadContextSetStackPointer(FIRCLSThreadContext* registers, uintptr_t value);
      |                                                                         ^~~~~~~~~
      |                                                                         __intptr_t
In file included from /host/spi-builder-workspace/Unwinding/Crashlytics/Crashlytics/Helpers/FIRCLSThreadState.c:15:
In file included from /host/spi-builder-workspace/Unwinding/Crashlytics/Crashlytics/Helpers/FIRCLSThreadState.h:18:
In file included from /usr/include/x86_64-linux-gnu/sys/ucontext.h:23:
/usr/include/x86_64-linux-gnu/bits/types.h:207:25: note: '__intptr_t' declared here
  207 | __STD_TYPE __SWORD_TYPE __intptr_t;
      |                         ^
In file included from /host/spi-builder-workspace/Unwinding/Crashlytics/Crashlytics/Helpers/FIRCLSThreadState.c:15:
/host/spi-builder-workspace/Unwinding/Crashlytics/Crashlytics/Helpers/FIRCLSThreadState.h:51:73: error: unknown type name 'uintptr_t'; did you mean '__intptr_t'?
   51 | bool FIRCLSThreadContextSetFramePointer(FIRCLSThreadContext* registers, uintptr_t value);
      |                                                                         ^~~~~~~~~
      |                                                                         __intptr_t
In file included from /host/spi-builder-workspace/Unwinding/Crashlytics/Crashlytics/Helpers/FIRCLSThreadState.c:15:
In file included from /host/spi-builder-workspace/Unwinding/Crashlytics/Crashlytics/Helpers/FIRCLSThreadState.h:18:
In file included from /usr/include/x86_64-linux-gnu/sys/ucontext.h:23:
/usr/include/x86_64-linux-gnu/bits/types.h:207:25: note: '__intptr_t' declared here
  207 | __STD_TYPE __SWORD_TYPE __intptr_t;
      |                         ^
In file included from /host/spi-builder-workspace/Unwinding/Crashlytics/Crashlytics/Helpers/FIRCLSThreadState.c:16:
/host/spi-builder-workspace/Unwinding/Crashlytics/Crashlytics/Helpers/FIRCLSDefines.h:17:10: fatal error: 'TargetConditionals.h' file not found
   17 | #include <TargetConditionals.h>
      |          ^~~~~~~~~~~~~~~~~~~~~~
9 errors generated.
error: CompileC /host/spi-builder-workspace/.build/out/Intermediates.noindex/ETTrace.build/Debug-linux-x86_64/Unwinding-t.build/Objects-normal/x86_64/FIRCLSThreadState.o /host/spi-builder-workspace/Unwinding/Crashlytics/Crashlytics/Helpers/FIRCLSThreadState.c normal x86_64 c com.apple.compilers.llvm.clang.1_0.compiler failed with a nonzero exit code. Command line:     cd /host

    Using response file: /host/spi-builder-workspace/.build/out/Intermediates.noindex/ETTrace.build/Debug-linux-x86_64/Unwinding-t.build/Objects-normal/x86_64/9f65232cb83f8421e3a495a5062eba382369c975104ee97bafc405ab795bfc5e-common-args.resp

    /usr/bin/clang -x c -target x86_64-unknown-linux-gnu -fmessage-length\=0 -fdiagnostics-show-note-include-stack -fmacro-backtrace-limit\=0 -fcolor-diagnostics -Wno-trigraphs -Wno-missing-field-initializers -Wno-missing-prototypes -Wno-return-type -Wno-missing-braces -Wparentheses -Wswitch -Wno-unused-function -Wno-unused-label -Wno-unused-parameter -Wno-unused-variable -Wunused-value -Wno-empty-body -Wno-uninitialized -Wno-unknown-pragmas -Wno-shadow -Wno-four-char-constants -Wno-conversion -Wno-constant-conversion -Wno-int-conversion -Wno-bool-conversion -Wno-enum-conversion -Wno-float-conversion -Wno-non-literal-null-conversion -Wno-objc-literal-conversion -Wno-shorten-64-to-32 -Wpointer-sign -Wno-newline-eof -Wno-implicit-fallthrough -fstrict-aliasing -Wdeprecated-declarations -Wno-sign-conversion -Wno-infinite-recursion -Wno-comma -Wno-block-capture-autoreleasing -Wno-strict-prototypes -Wno-semicolon-before-method-body --sysroot / @/host/spi-builder-workspace/.build/out/Intermediates.noindex/ETTrace.build/Debug-linux-x86_64/Unwinding-t.build/Objects-normal/x86_64/9f65232cb83f8421e3a495a5062eba382369c975104ee97bafc405ab795bfc5e-common-args.resp -MMD -MT dependencies -MF /host/spi-builder-workspace/.build/out/Intermediates.noindex/ETTrace.build/Debug-linux-x86_64/Unwinding-t.build/Objects-normal/x86_64/FIRCLSThreadState.d --serialize-diagnostics /host/spi-builder-workspace/.build/out/Intermediates.noindex/ETTrace.build/Debug-linux-x86_64/Unwinding-t.build/Objects-normal/x86_64/FIRCLSThreadState.dia -c /host/spi-builder-workspace/Unwinding/Crashlytics/Crashlytics/Helpers/FIRCLSThreadState.c -o /host/spi-builder-workspace/.build/out/Intermediates.noindex/ETTrace.build/Debug-linux-x86_64/Unwinding-t.build/Objects-normal/x86_64/FIRCLSThreadState.o
/host/spi-builder-workspace/Unwinding/Crashlytics/Crashlytics/Helpers/FIRCLSInternalLogging.c:15:10: fatal error: 'dispatch/dispatch.h' file not found
   15 | #include <dispatch/dispatch.h>
      |          ^~~~~~~~~~~~~~~~~~~~~
1 error generated.
error: CompileC /host/spi-builder-workspace/.build/out/Intermediates.noindex/ETTrace.build/Debug-linux-x86_64/Unwinding-t.build/Objects-normal/x86_64/FIRCLSInternalLogging.o /host/spi-builder-workspace/Unwinding/Crashlytics/Crashlytics/Helpers/FIRCLSInternalLogging.c normal x86_64 c com.apple.compilers.llvm.clang.1_0.compiler failed with a nonzero exit code. Command line:     cd /host

    Using response file: /host/spi-builder-workspace/.build/out/Intermediates.noindex/ETTrace.build/Debug-linux-x86_64/Unwinding-t.build/Objects-normal/x86_64/9f65232cb83f8421e3a495a5062eba382369c975104ee97bafc405ab795bfc5e-common-args.resp

    /usr/bin/clang -x c -target x86_64-unknown-linux-gnu -fmessage-length\=0 -fdiagnostics-show-note-include-stack -fmacro-backtrace-limit\=0 -fcolor-diagnostics -Wno-trigraphs -Wno-missing-field-initializers -Wno-missing-prototypes -Wno-return-type -Wno-missing-braces -Wparentheses -Wswitch -Wno-unused-function -Wno-unused-label -Wno-unused-parameter -Wno-unused-variable -Wunused-value -Wno-empty-body -Wno-uninitialized -Wno-unknown-pragmas -Wno-shadow -Wno-four-char-constants -Wno-conversion -Wno-constant-conversion -Wno-int-conversion -Wno-bool-conversion -Wno-enum-conversion -Wno-float-conversion -Wno-non-literal-null-conversion -Wno-objc-literal-conversion -Wno-shorten-64-to-32 -Wpointer-sign -Wno-newline-eof -Wno-implicit-fallthrough -fstrict-aliasing -Wdeprecated-declarations -Wno-sign-conversion -Wno-infinite-recursion -Wno-comma -Wno-block-capture-autoreleasing -Wno-strict-prototypes -Wno-semicolon-before-method-body --sysroot / @/host/spi-builder-workspace/.build/out/Intermediates.noindex/ETTrace.build/Debug-linux-x86_64/Unwinding-t.build/Objects-normal/x86_64/9f65232cb83f8421e3a495a5062eba382369c975104ee97bafc405ab795bfc5e-common-args.resp -MMD -MT dependencies -MF /host/spi-builder-workspace/.build/out/Intermediates.noindex/ETTrace.build/Debug-linux-x86_64/Unwinding-t.build/Objects-normal/x86_64/FIRCLSInternalLogging.d --serialize-diagnostics /host/spi-builder-workspace/.build/out/Intermediates.noindex/ETTrace.build/Debug-linux-x86_64/Unwinding-t.build/Objects-normal/x86_64/FIRCLSInternalLogging.dia -c /host/spi-builder-workspace/Unwinding/Crashlytics/Crashlytics/Helpers/FIRCLSInternalLogging.c -o /host/spi-builder-workspace/.build/out/Intermediates.noindex/ETTrace.build/Debug-linux-x86_64/Unwinding-t.build/Objects-normal/x86_64/FIRCLSInternalLogging.o
error: Build failed
BUILD FAILURE 6.4 linux