Build Information
Failed to build SwiftyRipgrep, reference main (80617b), with Swift 6.3 for watchOS using Xcode 26.4 on 6 Sep 2026 04:35:09 UTC.
Build Command
env DEVELOPER_DIR=/Applications/Xcode-26.5.0.app xcrun xcodebuild -IDEClonedSourcePackagesDirPathOverride=$PWD/.dependencies -skipMacroValidation -skipPackagePluginValidation -derivedDataPath $PWD/.derivedData build -scheme SwiftyRipgrep -destination generic/platform=watchOSBuild Log
========================================
RunAll
========================================
Builder version: 5.0.2
Interrupt handler set up.
========================================
Checkout
========================================
Clone URL: https://github.com/tuist/SwiftyRipgrep.git
Reference: main
Initialized empty Git repository in /Users/admin/builder/spi-builder-workspace/.git/
From https://github.com/tuist/SwiftyRipgrep
* branch main -> FETCH_HEAD
* [new branch] main -> origin/main
HEAD is now at 80617b5 Merge pull request #5 from tuist/renovate/configure
Cloned https://github.com/tuist/SwiftyRipgrep.git
Revision (git rev-parse @):
80617b53a0eace7a5f46f651727c29fd2acc1d1b
SUCCESS checkout https://github.com/tuist/SwiftyRipgrep.git at main
========================================
Build
========================================
Selected platform: watchOS
Swift version: 6.3
Building package at path: $PWD
https://github.com/tuist/SwiftyRipgrep.git
Command line invocation:
/Applications/Xcode-26.5.0.app/Contents/Developer/usr/bin/xcodebuild -IDEClonedSourcePackagesDirPathOverride=/Users/admin/builder/spi-builder-workspace/.dependencies -resolvePackageDependencies
Resolve Package Graph
Resolve Package Graph
Resolved source packages:
SwiftyRipgrep: /Users/admin/builder/spi-builder-workspace
resolved source packages: SwiftyRipgrep
2026-09-06 00:34:55.825 xcodebuild[537:3063] [MT] IDERunDestination: Supported platforms for the buildables in the current scheme is empty.
{
"dependencies" : [
],
"manifest_display_name" : "SwiftyRipgrep",
"name" : "SwiftyRipgrep",
"path" : "/Users/admin/builder/spi-builder-workspace",
"platforms" : [
],
"products" : [
{
"name" : "SwiftyRipgrep",
"targets" : [
"SwiftyRipgrep"
],
"type" : {
"library" : [
"automatic"
]
}
}
],
"targets" : [
{
"c99name" : "SwiftyRipgrep",
"module_type" : "SwiftTarget",
"name" : "SwiftyRipgrep",
"path" : "Sources/SwiftyRipgrep",
"product_memberships" : [
"SwiftyRipgrep"
],
"sources" : [
"SwiftBridgeCore.swift",
"SwiftyRipgrep.swift",
"SwiftyRipgrepPublic.swift"
],
"target_dependencies" : [
"RustXcframework"
],
"type" : "library"
},
{
"c99name" : "RustXcframework",
"module_type" : "BinaryTarget",
"name" : "RustXcframework",
"path" : "RustXcframework.xcframework",
"product_memberships" : [
"SwiftyRipgrep"
],
"sources" : [
],
"type" : "binary"
}
],
"tools_version" : "5.5"
}
{
"workspace" : {
"name" : "spi-builder-workspace",
"schemes" : [
"SwiftyRipgrep"
]
}
}
2026-09-06 00:35:03.714 xcodebuild[651:3891] [MT] IDERunDestination: Supported platforms for the buildables in the current scheme is empty.
Running build ...
env DEVELOPER_DIR=/Applications/Xcode-26.5.0.app xcrun xcodebuild -IDEClonedSourcePackagesDirPathOverride=$PWD/.dependencies -skipMacroValidation -skipPackagePluginValidation -derivedDataPath $PWD/.derivedData build -scheme SwiftyRipgrep -destination generic/platform=watchOS
Command line invocation:
/Applications/Xcode-26.5.0.app/Contents/Developer/usr/bin/xcodebuild -IDEClonedSourcePackagesDirPathOverride=/Users/admin/builder/spi-builder-workspace/.dependencies -skipMacroValidation -skipPackagePluginValidation -derivedDataPath /Users/admin/builder/spi-builder-workspace/.derivedData build -scheme SwiftyRipgrep -destination generic/platform=watchOS
Resolve Package Graph
Resolved source packages:
SwiftyRipgrep: /Users/admin/builder/spi-builder-workspace
ComputePackagePrebuildTargetDependencyGraph
Prepare packages
CreateBuildRequest
SendProjectDescription
CreateBuildOperation
ComputeTargetDependencyGraph
note: Building targets in dependency order
note: Target dependency graph (2 targets)
Target 'SwiftyRipgrep' in project 'SwiftyRipgrep'
➜ Explicit dependency on target 'SwiftyRipgrep' in project 'SwiftyRipgrep'
Target 'SwiftyRipgrep' in project 'SwiftyRipgrep' (no dependencies)
GatherProvisioningInputs
CreateBuildDescription
ExecuteExternalTool /Applications/Xcode-26.5.0.app/Contents/Developer/Toolchains/XcodeDefault.xctoolchain/usr/bin/clang -v -E -dM -isysroot /Applications/Xcode-26.5.0.app/Contents/Developer/Platforms/WatchOS.platform/Developer/SDKs/WatchOS26.5.sdk -x c -c /dev/null
ExecuteExternalTool /Applications/Xcode-26.5.0.app/Contents/Developer/Toolchains/XcodeDefault.xctoolchain/usr/bin/swiftc --version
ExecuteExternalTool /Applications/Xcode-26.5.0.app/Contents/Developer/Toolchains/XcodeDefault.xctoolchain/usr/bin/ld -version_details
Build description signature: f01d5e2ee28435a2d961b885c73a75ff
Build description path: /Users/admin/builder/spi-builder-workspace/.derivedData/Build/Intermediates.noindex/XCBuildData/f01d5e2ee28435a2d961b885c73a75ff.xcbuilddata
/Users/admin/builder/spi-builder-workspace/RustXcframework.xcframework:1:1: error: While building for watchOS, no library for this platform was found in '/Users/admin/builder/spi-builder-workspace/RustXcframework.xcframework'. (in target 'SwiftyRipgrep' from project 'SwiftyRipgrep')
/Users/admin/builder/spi-builder-workspace/RustXcframework.xcframework:1:1: error: While building for watchOS, no library for this platform was found in '/Users/admin/builder/spi-builder-workspace/RustXcframework.xcframework'. (in target 'SwiftyRipgrep' from project 'SwiftyRipgrep')
2026-09-06 00:35:05.100 xcodebuild[655:3940] [MT] IDERunDestination: Supported platforms for the buildables in the current scheme is empty.
** BUILD FAILED **
The following build commands failed:
Building workspace spi-builder-workspace with scheme SwiftyRipgrep
(1 failure)
Command line invocation:
/Applications/Xcode-26.5.0.app/Contents/Developer/usr/bin/xcodebuild -IDEClonedSourcePackagesDirPathOverride=/Users/admin/builder/spi-builder-workspace/.dependencies -resolvePackageDependencies
Resolve Package Graph
Resolved source packages:
SwiftyRipgrep: /Users/admin/builder/spi-builder-workspace
resolved source packages: SwiftyRipgrep
2026-09-06 00:35:06.898 xcodebuild[670:4042] [MT] IDERunDestination: Supported platforms for the buildables in the current scheme is empty.
{
"dependencies" : [
],
"manifest_display_name" : "SwiftyRipgrep",
"name" : "SwiftyRipgrep",
"path" : "/Users/admin/builder/spi-builder-workspace",
"platforms" : [
],
"products" : [
{
"name" : "SwiftyRipgrep",
"targets" : [
"SwiftyRipgrep"
],
"type" : {
"library" : [
"automatic"
]
}
}
],
"targets" : [
{
"c99name" : "SwiftyRipgrep",
"module_type" : "SwiftTarget",
"name" : "SwiftyRipgrep",
"path" : "Sources/SwiftyRipgrep",
"product_memberships" : [
"SwiftyRipgrep"
],
"sources" : [
"SwiftBridgeCore.swift",
"SwiftyRipgrep.swift",
"SwiftyRipgrepPublic.swift"
],
"target_dependencies" : [
"RustXcframework"
],
"type" : "library"
},
{
"c99name" : "RustXcframework",
"module_type" : "BinaryTarget",
"name" : "RustXcframework",
"path" : "RustXcframework.xcframework",
"product_memberships" : [
"SwiftyRipgrep"
],
"sources" : [
],
"type" : "binary"
}
],
"tools_version" : "5.5"
}
{
"workspace" : {
"name" : "spi-builder-workspace",
"schemes" : [
"SwiftyRipgrep"
]
}
}
2026-09-06 00:35:08.017 xcodebuild[679:4104] [MT] IDERunDestination: Supported platforms for the buildables in the current scheme is empty.
Running build ...
env DEVELOPER_DIR=/Applications/Xcode-26.5.0.app xcrun xcodebuild -IDEClonedSourcePackagesDirPathOverride=$PWD/.dependencies -skipMacroValidation -skipPackagePluginValidation -derivedDataPath $PWD/.derivedData build -scheme SwiftyRipgrep -destination generic/platform=watchOS
Command line invocation:
/Applications/Xcode-26.5.0.app/Contents/Developer/usr/bin/xcodebuild -IDEClonedSourcePackagesDirPathOverride=/Users/admin/builder/spi-builder-workspace/.dependencies -skipMacroValidation -skipPackagePluginValidation -derivedDataPath /Users/admin/builder/spi-builder-workspace/.derivedData build -scheme SwiftyRipgrep -destination generic/platform=watchOS
Resolve Package Graph
Resolved source packages:
SwiftyRipgrep: /Users/admin/builder/spi-builder-workspace
ComputePackagePrebuildTargetDependencyGraph
Prepare packages
CreateBuildRequest
SendProjectDescription
CreateBuildOperation
ComputeTargetDependencyGraph
note: Building targets in dependency order
note: Target dependency graph (2 targets)
Target 'SwiftyRipgrep' in project 'SwiftyRipgrep'
➜ Explicit dependency on target 'SwiftyRipgrep' in project 'SwiftyRipgrep'
Target 'SwiftyRipgrep' in project 'SwiftyRipgrep' (no dependencies)
GatherProvisioningInputs
CreateBuildDescription
ExecuteExternalTool /Applications/Xcode-26.5.0.app/Contents/Developer/Toolchains/XcodeDefault.xctoolchain/usr/bin/clang -v -E -dM -isysroot /Applications/Xcode-26.5.0.app/Contents/Developer/Platforms/WatchOS.platform/Developer/SDKs/WatchOS26.5.sdk -x c -c /dev/null
ExecuteExternalTool /Applications/Xcode-26.5.0.app/Contents/Developer/Toolchains/XcodeDefault.xctoolchain/usr/bin/swiftc --version
ExecuteExternalTool /Applications/Xcode-26.5.0.app/Contents/Developer/Toolchains/XcodeDefault.xctoolchain/usr/bin/ld -version_details
Build description signature: f01d5e2ee28435a2d961b885c73a75ff
Build description path: /Users/admin/builder/spi-builder-workspace/.derivedData/Build/Intermediates.noindex/XCBuildData/f01d5e2ee28435a2d961b885c73a75ff.xcbuilddata
/Users/admin/builder/spi-builder-workspace/RustXcframework.xcframework:1:1: error: While building for watchOS, no library for this platform was found in '/Users/admin/builder/spi-builder-workspace/RustXcframework.xcframework'. (in target 'SwiftyRipgrep' from project 'SwiftyRipgrep')
/Users/admin/builder/spi-builder-workspace/RustXcframework.xcframework:1:1: error: While building for watchOS, no library for this platform was found in '/Users/admin/builder/spi-builder-workspace/RustXcframework.xcframework'. (in target 'SwiftyRipgrep' from project 'SwiftyRipgrep')
2026-09-06 00:35:08.836 xcodebuild[681:4138] [MT] IDERunDestination: Supported platforms for the buildables in the current scheme is empty.
** BUILD FAILED **
The following build commands failed:
Building workspace spi-builder-workspace with scheme SwiftyRipgrep
(1 failure)
BUILD FAILURE 6.3 watchOS