Build Information
Failed to build KeyboardSupport, reference 2.2.0 (387114), with Swift 6.4 for tvOS using Xcode 27.0 on 18 Sep 2026 19:53:04 UTC.
Build Command
env DEVELOPER_DIR=/Applications/Xcode-27.0.0-Release.Candidate.app xcrun xcodebuild -IDEClonedSourcePackagesDirPathOverride=$PWD/.dependencies -skipMacroValidation -skipPackagePluginValidation -derivedDataPath $PWD/.derivedData build -scheme KeyboardSupport -destination generic/platform=tvOSBuild Log
========================================
RunAll
========================================
Builder version: 5.1.0
Interrupt handler set up.
========================================
Checkout
========================================
Clone URL: https://github.com/BottleRocketStudios/iOS-KeyboardSupport.git
Reference: 2.2.0
Initialized empty Git repository in /Users/admin/builder/spi-builder-workspace/.git/
From https://github.com/BottleRocketStudios/iOS-KeyboardSupport
* tag 2.2.0 -> FETCH_HEAD
HEAD is now at 3871147 Merge pull request #65 from BottleRocketStudios/release/2.2.0
Cloned https://github.com/BottleRocketStudios/iOS-KeyboardSupport.git
Revision (git rev-parse @):
38711470027fb92140233947e7ad3ea5c54c4819
SUCCESS checkout https://github.com/BottleRocketStudios/iOS-KeyboardSupport.git at 2.2.0
========================================
Build
========================================
Selected platform: tvOS
Swift version: 6.4
Building package at path: $PWD
https://github.com/BottleRocketStudios/iOS-KeyboardSupport.git
Command line invocation:
/Applications/Xcode-27.0.0-Release.Candidate.app/Contents/Developer/usr/bin/xcodebuild -IDEClonedSourcePackagesDirPathOverride=/Users/admin/builder/spi-builder-workspace/.dependencies -resolvePackageDependencies
resolved source packages:
{
"dependencies" : [
],
"manifest_display_name" : "KeyboardSupport",
"name" : "KeyboardSupport",
"path" : "/Users/admin/builder/spi-builder-workspace",
"platforms" : [
{
"name" : "ios",
"version" : "12.0"
}
],
"products" : [
{
"name" : "KeyboardSupport",
"targets" : [
"KeyboardSupport"
],
"type" : {
"library" : [
"automatic"
]
}
}
],
"targets" : [
{
"c99name" : "KeyboardSupport_iOSTests",
"module_type" : "SwiftTarget",
"name" : "KeyboardSupport-iOSTests",
"path" : "Tests",
"sources" : [
"AutoPilotTests.swift",
"Helper/Mocks/MockKeyboardAccessoryDelegate.swift",
"Helper/Mocks/MockKeyboardAutoNavigatorDelegate.swift",
"Helper/Mocks/MockKeyboardNavigatorDelegate.swift",
"KeyboardAutoNavigatorTests.swift",
"KeyboardNavigatorTests.swift",
"KeyboardToolbarTests.swift"
],
"target_dependencies" : [
"KeyboardSupport"
],
"type" : "test"
},
{
"c99name" : "KeyboardSupport",
"module_type" : "SwiftTarget",
"name" : "KeyboardSupport",
"path" : "Sources",
"product_memberships" : [
"KeyboardSupport"
],
"sources" : [
"KeyboardSupport/Extensions/Array+KeyboardSupport.swift",
"KeyboardSupport/Extensions/CGRect+Modifying.swift",
"KeyboardSupport/Extensions/UIEdgeInsets+KeyboardSupport.swift",
"KeyboardSupport/Extensions/UIScrollView+Inset.swift",
"KeyboardSupport/Extensions/UIView+KeyboardSupport.swift",
"KeyboardSupport/KeyboardAccessory.swift",
"KeyboardSupport/KeyboardAutoNavigator.swift",
"KeyboardSupport/KeyboardDismissable.swift",
"KeyboardSupport/KeyboardNavigator.swift",
"KeyboardSupport/KeyboardRespondable.swift",
"KeyboardSupport/KeyboardSafeAreaAdjustable.swift",
"KeyboardSupport/KeyboardScrollable.swift",
"KeyboardSupport/KeyboardToolbar.swift"
],
"type" : "library"
}
],
"tools_version" : "5.0"
}
{
"project" : {
"configurations" : [
"Debug",
"Release"
],
"name" : "KeyboardSupport",
"schemes" : [
"KeyboardSupport-iOS",
"KeyboardSupport-iOSExample"
],
"targets" : [
"KeyboardSupport-iOS",
"KeyboardSupport-iOSTests",
"KeyboardSupport-iOSExample"
]
}
}
{
"workspace" : {
"name" : "KeyboardSupport",
"schemes" : [
"KeyboardSupport"
]
}
}
2026-09-18 15:52:54.163 xcodebuild[640:4029] [MT] IDERunDestination: Supported platforms for the buildables in the current scheme is empty.
Running build ...
env DEVELOPER_DIR=/Applications/Xcode-27.0.0-Release.Candidate.app xcrun xcodebuild -IDEClonedSourcePackagesDirPathOverride=$PWD/.dependencies -skipMacroValidation -skipPackagePluginValidation -derivedDataPath $PWD/.derivedData build -scheme KeyboardSupport -destination generic/platform=tvOS
Command line invocation:
/Applications/Xcode-27.0.0-Release.Candidate.app/Contents/Developer/usr/bin/xcodebuild -IDEClonedSourcePackagesDirPathOverride=/Users/admin/builder/spi-builder-workspace/.dependencies -skipMacroValidation -skipPackagePluginValidation -derivedDataPath /Users/admin/builder/spi-builder-workspace/.derivedData build -scheme KeyboardSupport -destination generic/platform=tvOS
Resolve Package Graph
Resolved source packages:
KeyboardSupport: /Users/admin/builder/spi-builder-workspace
ComputePackagePrebuildTargetDependencyGraph
Prepare packages
CreateBuildRequest
SendProjectDescription
CreateBuildOperation
ComputeTargetDependencyGraph
note: Building targets in dependency order
note: Target dependency graph (2 targets)
Target 'KeyboardSupport-product' in project 'KeyboardSupport'
➜ Explicit dependency on target 'KeyboardSupport' in project 'KeyboardSupport'
Target 'KeyboardSupport' in project 'KeyboardSupport' (no dependencies)
GatherProvisioningInputs
CreateBuildDescription
ExecuteExternalTool /Applications/Xcode-27.0.0-Release.Candidate.app/Contents/Developer/Toolchains/XcodeDefault.xctoolchain/usr/bin/clang -v -E -dM -isysroot /Applications/Xcode-27.0.0-Release.Candidate.app/Contents/Developer/Platforms/AppleTVOS.platform/Developer/SDKs/AppleTVOS27.0.sdk -x c -c /dev/null
ExecuteExternalTool /Applications/Xcode-27.0.0-Release.Candidate.app/Contents/Developer/Toolchains/XcodeDefault.xctoolchain/usr/bin/swiftc --version
ExecuteExternalTool /Applications/Xcode-27.0.0-Release.Candidate.app/Contents/Developer/Toolchains/XcodeDefault.xctoolchain/usr/bin/ld -version_details
Build description signature: 275a2c3f5f101e6cabeff2b58993d3a7
Build description path: /Users/admin/builder/spi-builder-workspace/.derivedData/Build/Intermediates.noindex/XCBuildData/275a2c3f5f101e6cabeff2b58993d3a7.xcbuilddata
CreateBuildDirectory /Users/admin/builder/spi-builder-workspace/.derivedData/SDKExplicitPrecompiledModules
cd /Users/admin/builder/spi-builder-workspace/.swiftpm/xcode
builtin-create-build-directory /Users/admin/builder/spi-builder-workspace/.derivedData/SDKExplicitPrecompiledModules
CreateBuildDirectory /Users/admin/builder/spi-builder-workspace/.derivedData/ModuleCache.noindex
cd /Users/admin/builder/spi-builder-workspace/.swiftpm/xcode
builtin-create-build-directory /Users/admin/builder/spi-builder-workspace/.derivedData/ModuleCache.noindex
CreateBuildDirectory /Users/admin/builder/spi-builder-workspace/.derivedData/CompilationCache.noindex
cd /Users/admin/builder/spi-builder-workspace/.swiftpm/xcode
builtin-create-build-directory /Users/admin/builder/spi-builder-workspace/.derivedData/CompilationCache.noindex
ClangStatCache /Applications/Xcode-27.0.0-Release.Candidate.app/Contents/Developer/Toolchains/XcodeDefault.xctoolchain/usr/bin/clang-stat-cache /Applications/Xcode-27.0.0-Release.Candidate.app/Contents/Developer/Platforms/AppleTVOS.platform/Developer/SDKs/AppleTVOS27.0.sdk /Users/admin/builder/spi-builder-workspace/.derivedData/SDKStatCaches.noindex/appletvos27.0-24J360-e829b21a6f8c9b70876ba0858053c044b32bfd8d43560033f8d89884cdb90028.sdkstatcache
cd /Users/admin/builder/spi-builder-workspace/.swiftpm/xcode
/Applications/Xcode-27.0.0-Release.Candidate.app/Contents/Developer/Toolchains/XcodeDefault.xctoolchain/usr/bin/clang-stat-cache /Applications/Xcode-27.0.0-Release.Candidate.app/Contents/Developer/Platforms/AppleTVOS.platform/Developer/SDKs/AppleTVOS27.0.sdk -o /Users/admin/builder/spi-builder-workspace/.derivedData/SDKStatCaches.noindex/appletvos27.0-24J360-e829b21a6f8c9b70876ba0858053c044b32bfd8d43560033f8d89884cdb90028.sdkstatcache
CreateBuildDirectory /Users/admin/builder/spi-builder-workspace/.derivedData/Build/Products
cd /Users/admin/builder/spi-builder-workspace/.swiftpm/xcode
builtin-create-build-directory /Users/admin/builder/spi-builder-workspace/.derivedData/Build/Products
CreateBuildDirectory /Users/admin/builder/spi-builder-workspace/.derivedData/Build/Intermediates.noindex
cd /Users/admin/builder/spi-builder-workspace/.swiftpm/xcode
builtin-create-build-directory /Users/admin/builder/spi-builder-workspace/.derivedData/Build/Intermediates.noindex
CreateBuildDirectory /Users/admin/builder/spi-builder-workspace/.derivedData/Build/Products/Debug-appletvos
cd /Users/admin/builder/spi-builder-workspace/.swiftpm/xcode
builtin-create-build-directory /Users/admin/builder/spi-builder-workspace/.derivedData/Build/Products/Debug-appletvos
CreateBuildDirectory /Users/admin/builder/spi-builder-workspace/.derivedData/Build/Intermediates.noindex/ExplicitPrecompiledModules
cd /Users/admin/builder/spi-builder-workspace/.swiftpm/xcode
builtin-create-build-directory /Users/admin/builder/spi-builder-workspace/.derivedData/Build/Intermediates.noindex/ExplicitPrecompiledModules
CreateBuildDirectory /Users/admin/builder/spi-builder-workspace/.derivedData/Build/Intermediates.noindex/SwiftExplicitPrecompiledModules
cd /Users/admin/builder/spi-builder-workspace/.swiftpm/xcode
builtin-create-build-directory /Users/admin/builder/spi-builder-workspace/.derivedData/Build/Intermediates.noindex/SwiftExplicitPrecompiledModules
CreateBuildDirectory /Users/admin/builder/spi-builder-workspace/.derivedData/Build/Intermediates.noindex/PrecompiledHeaders
cd /Users/admin/builder/spi-builder-workspace/.swiftpm/xcode
builtin-create-build-directory /Users/admin/builder/spi-builder-workspace/.derivedData/Build/Intermediates.noindex/PrecompiledHeaders
CreateBuildDirectory /Users/admin/builder/spi-builder-workspace/.derivedData/Build/Intermediates.noindex/EagerLinkingTBDs/Debug-appletvos
cd /Users/admin/builder/spi-builder-workspace/.swiftpm/xcode
builtin-create-build-directory /Users/admin/builder/spi-builder-workspace/.derivedData/Build/Intermediates.noindex/EagerLinkingTBDs/Debug-appletvos
CreateBuildDirectory /Users/admin/builder/spi-builder-workspace/.derivedData/Build/Products/Debug-appletvos/PackageFrameworks
cd /Users/admin/builder/spi-builder-workspace/.swiftpm/xcode
builtin-create-build-directory /Users/admin/builder/spi-builder-workspace/.derivedData/Build/Products/Debug-appletvos/PackageFrameworks
WriteAuxiliaryFile /Users/admin/builder/spi-builder-workspace/.derivedData/Build/Intermediates.noindex/KeyboardSupport.build/Debug-appletvos/KeyboardSupport-t.build/KeyboardSupport.modulemap (in target 'KeyboardSupport' from project 'KeyboardSupport')
cd /Users/admin/builder/spi-builder-workspace
write-file /Users/admin/builder/spi-builder-workspace/.derivedData/Build/Intermediates.noindex/KeyboardSupport.build/Debug-appletvos/KeyboardSupport-t.build/KeyboardSupport.modulemap
WriteAuxiliaryFile /Users/admin/builder/spi-builder-workspace/.derivedData/Build/Intermediates.noindex/KeyboardSupport.build/Debug-appletvos/KeyboardSupport-t.build/KeyboardSupport.DependencyStaticMetadataFileList (in target 'KeyboardSupport' from project 'KeyboardSupport')
cd /Users/admin/builder/spi-builder-workspace
write-file /Users/admin/builder/spi-builder-workspace/.derivedData/Build/Intermediates.noindex/KeyboardSupport.build/Debug-appletvos/KeyboardSupport-t.build/KeyboardSupport.DependencyStaticMetadataFileList
WriteAuxiliaryFile /Users/admin/builder/spi-builder-workspace/.derivedData/Build/Intermediates.noindex/KeyboardSupport.build/Debug-appletvos/KeyboardSupport-t.build/KeyboardSupport.DependencyMetadataFileList (in target 'KeyboardSupport' from project 'KeyboardSupport')
cd /Users/admin/builder/spi-builder-workspace
write-file /Users/admin/builder/spi-builder-workspace/.derivedData/Build/Intermediates.noindex/KeyboardSupport.build/Debug-appletvos/KeyboardSupport-t.build/KeyboardSupport.DependencyMetadataFileList
WriteAuxiliaryFile /Users/admin/builder/spi-builder-workspace/.derivedData/Build/Intermediates.noindex/KeyboardSupport.build/Debug-appletvos/KeyboardSupport-t.build/Objects-normal/arm64/KeyboardSupport.SwiftConstValuesFileList (in target 'KeyboardSupport' from project 'KeyboardSupport')
cd /Users/admin/builder/spi-builder-workspace
write-file /Users/admin/builder/spi-builder-workspace/.derivedData/Build/Intermediates.noindex/KeyboardSupport.build/Debug-appletvos/KeyboardSupport-t.build/Objects-normal/arm64/KeyboardSupport.SwiftConstValuesFileList
WriteAuxiliaryFile /Users/admin/builder/spi-builder-workspace/.derivedData/Build/Intermediates.noindex/KeyboardSupport.build/Debug-appletvos/KeyboardSupport-t.build/Objects-normal/arm64/KeyboardSupport_const_extract_protocols.json (in target 'KeyboardSupport' from project 'KeyboardSupport')
cd /Users/admin/builder/spi-builder-workspace
write-file /Users/admin/builder/spi-builder-workspace/.derivedData/Build/Intermediates.noindex/KeyboardSupport.build/Debug-appletvos/KeyboardSupport-t.build/Objects-normal/arm64/KeyboardSupport_const_extract_protocols.json
WriteAuxiliaryFile /Users/admin/builder/spi-builder-workspace/.derivedData/Build/Intermediates.noindex/KeyboardSupport.build/Debug-appletvos/KeyboardSupport-t.build/Objects-normal/arm64/KeyboardSupport.SwiftFileList (in target 'KeyboardSupport' from project 'KeyboardSupport')
cd /Users/admin/builder/spi-builder-workspace
write-file /Users/admin/builder/spi-builder-workspace/.derivedData/Build/Intermediates.noindex/KeyboardSupport.build/Debug-appletvos/KeyboardSupport-t.build/Objects-normal/arm64/KeyboardSupport.SwiftFileList
WriteAuxiliaryFile /Users/admin/builder/spi-builder-workspace/.derivedData/Build/Intermediates.noindex/KeyboardSupport.build/Debug-appletvos/KeyboardSupport-t.build/Objects-normal/arm64/KeyboardSupport-OutputFileMap.json (in target 'KeyboardSupport' from project 'KeyboardSupport')
cd /Users/admin/builder/spi-builder-workspace
write-file /Users/admin/builder/spi-builder-workspace/.derivedData/Build/Intermediates.noindex/KeyboardSupport.build/Debug-appletvos/KeyboardSupport-t.build/Objects-normal/arm64/KeyboardSupport-OutputFileMap.json
WriteAuxiliaryFile /Users/admin/builder/spi-builder-workspace/.derivedData/Build/Intermediates.noindex/KeyboardSupport.build/Debug-appletvos/KeyboardSupport-t.build/Objects-normal/arm64/KeyboardSupport.LinkFileList (in target 'KeyboardSupport' from project 'KeyboardSupport')
cd /Users/admin/builder/spi-builder-workspace
write-file /Users/admin/builder/spi-builder-workspace/.derivedData/Build/Intermediates.noindex/KeyboardSupport.build/Debug-appletvos/KeyboardSupport-t.build/Objects-normal/arm64/KeyboardSupport.LinkFileList
Copy /Users/admin/builder/spi-builder-workspace/.derivedData/Build/Intermediates.noindex/GeneratedModuleMaps-appletvos/KeyboardSupport.modulemap /Users/admin/builder/spi-builder-workspace/.derivedData/Build/Intermediates.noindex/KeyboardSupport.build/Debug-appletvos/KeyboardSupport-t.build/KeyboardSupport.modulemap (in target 'KeyboardSupport' from project 'KeyboardSupport')
cd /Users/admin/builder/spi-builder-workspace
builtin-copy -exclude .DS_Store -exclude CVS -exclude .svn -exclude .git -exclude .hg -resolve-src-symlinks /Users/admin/builder/spi-builder-workspace/.derivedData/Build/Intermediates.noindex/KeyboardSupport.build/Debug-appletvos/KeyboardSupport-t.build/KeyboardSupport.modulemap /Users/admin/builder/spi-builder-workspace/.derivedData/Build/Intermediates.noindex/GeneratedModuleMaps-appletvos
SwiftDriver KeyboardSupport normal arm64 com.apple.xcode.tools.swift.compiler (in target 'KeyboardSupport' from project 'KeyboardSupport')
cd /Users/admin/builder/spi-builder-workspace/.swiftpm/xcode
builtin-SwiftDriver -- /Applications/Xcode-27.0.0-Release.Candidate.app/Contents/Developer/Toolchains/XcodeDefault.xctoolchain/usr/bin/swiftc -parse-as-library -module-name KeyboardSupport -Onone @/Users/admin/builder/spi-builder-workspace/.derivedData/Build/Intermediates.noindex/KeyboardSupport.build/Debug-appletvos/KeyboardSupport-t.build/Objects-normal/arm64/KeyboardSupport.SwiftFileList -DSWIFT_PACKAGE -DDEBUG -DSWIFT_MODULE_RESOURCE_BUNDLE_UNAVAILABLE -DXcode -plugin-path /Applications/Xcode-27.0.0-Release.Candidate.app/Contents/Developer/Toolchains/XcodeDefault.xctoolchain/usr/lib/swift/host/plugins/testing -enable-experimental-feature DebugDescriptionMacro -sdk /Applications/Xcode-27.0.0-Release.Candidate.app/Contents/Developer/Platforms/AppleTVOS.platform/Developer/SDKs/AppleTVOS27.0.sdk -target arm64-apple-tvos15.0 -g -module-cache-path /Users/admin/builder/spi-builder-workspace/.derivedData/ModuleCache.noindex -Xfrontend -serialize-debugging-options -profile-coverage-mapping -profile-generate -enable-testing -index-store-path /Users/admin/builder/spi-builder-workspace/.derivedData/Index.noindex/DataStore -Xcc -D_LIBCPP_HARDENING_MODE\=_LIBCPP_HARDENING_MODE_DEBUG -swift-version 5 -I /Users/admin/builder/spi-builder-workspace/.derivedData/Build/Products/Debug-appletvos -Isystem /Applications/Xcode-27.0.0-Release.Candidate.app/Contents/Developer/Platforms/AppleTVOS.platform/Developer/usr/lib -F /Users/admin/builder/spi-builder-workspace/.derivedData/Build/Products/Debug-appletvos -F /Applications/Xcode-27.0.0-Release.Candidate.app/Contents/Developer/Platforms/AppleTVOS.platform/Developer/Library/Frameworks -F /Applications/Xcode-27.0.0-Release.Candidate.app/Contents/Developer/Platforms/AppleTVOS.platform/Developer/SDKs/AppleTVOS27.0.sdk/Developer/Library/Frameworks -c -j10 -enable-batch-mode -incremental -Xcc -ivfsstatcache -Xcc /Users/admin/builder/spi-builder-workspace/.derivedData/SDKStatCaches.noindex/appletvos27.0-24J360-e829b21a6f8c9b70876ba0858053c044b32bfd8d43560033f8d89884cdb90028.sdkstatcache -output-file-map /Users/admin/builder/spi-builder-workspace/.derivedData/Build/Intermediates.noindex/KeyboardSupport.build/Debug-appletvos/KeyboardSupport-t.build/Objects-normal/arm64/KeyboardSupport-OutputFileMap.json -save-temps -no-color-diagnostics -explicit-module-build -module-cache-path /Users/admin/builder/spi-builder-workspace/.derivedData/Build/Intermediates.noindex/SwiftExplicitPrecompiledModules -clang-scanner-module-cache-path /Users/admin/builder/spi-builder-workspace/.derivedData/ModuleCache.noindex -sdk-module-cache-path /Users/admin/builder/spi-builder-workspace/.derivedData/SDKExplicitPrecompiledModules -emit-dependencies -emit-module -emit-module-path /Users/admin/builder/spi-builder-workspace/.derivedData/Build/Intermediates.noindex/KeyboardSupport.build/Debug-appletvos/KeyboardSupport-t.build/Objects-normal/arm64/KeyboardSupport.swiftmodule -serialize-diagnostics -dependency-scan-serialize-diagnostics-path /Users/admin/builder/spi-builder-workspace/.derivedData/Build/Intermediates.noindex/KeyboardSupport.build/Debug-appletvos/KeyboardSupport-t.build/Objects-normal/arm64/KeyboardSupport-dependency-scan.dia -validate-clang-modules-once -clang-build-session-file /Users/admin/builder/spi-builder-workspace/.derivedData/ModuleCache.noindex/Session.modulevalidation -Xcc -fmodules-prune-interval\=86400 -Xcc -fmodules-prune-after\=345600 -emit-const-values -const-gather-protocols-list /Users/admin/builder/spi-builder-workspace/.derivedData/Build/Intermediates.noindex/KeyboardSupport.build/Debug-appletvos/KeyboardSupport-t.build/Objects-normal/arm64/KeyboardSupport_const_extract_protocols.json -Xcc -I/Users/admin/builder/spi-builder-workspace/.derivedData/Build/Products/Debug-appletvos/include -Xcc -I/Users/admin/builder/spi-builder-workspace/.derivedData/Build/Intermediates.noindex/KeyboardSupport.build/Debug-appletvos/KeyboardSupport-t.build/DerivedSources-normal/arm64 -Xcc -I/Users/admin/builder/spi-builder-workspace/.derivedData/Build/Intermediates.noindex/KeyboardSupport.build/Debug-appletvos/KeyboardSupport-t.build/DerivedSources/arm64 -Xcc -I/Users/admin/builder/spi-builder-workspace/.derivedData/Build/Intermediates.noindex/KeyboardSupport.build/Debug-appletvos/KeyboardSupport-t.build/DerivedSources -Xcc -DSWIFT_PACKAGE -Xcc -DDEBUG\=1 -emit-objc-header -emit-objc-header-path /Users/admin/builder/spi-builder-workspace/.derivedData/Build/Intermediates.noindex/KeyboardSupport.build/Debug-appletvos/KeyboardSupport-t.build/Objects-normal/arm64/KeyboardSupport-Swift.h -working-directory /Users/admin/builder/spi-builder-workspace/.swiftpm/xcode -experimental-emit-module-separately -disable-cmo
SwiftExplicitDependencyGeneratePcm arm64 /Users/admin/builder/spi-builder-workspace/.derivedData/SDKExplicitPrecompiledModules/_Builtin_stdarg-BO2OCAUYVAXDRVQWQ8ISKGNUQ.pcm
SwiftExplicitDependencyGeneratePcm arm64 /Users/admin/builder/spi-builder-workspace/.derivedData/SDKExplicitPrecompiledModules/ptrauth-8X2KEPL7CTRPS40TUB9APHPK6.pcm
SwiftExplicitDependencyGeneratePcm arm64 /Users/admin/builder/spi-builder-workspace/.derivedData/SDKExplicitPrecompiledModules/_AvailabilityInternal-BV2EDDP0MI5QJDDPEEV4D9D3V.pcm
SwiftExplicitDependencyGeneratePcm arm64 /Users/admin/builder/spi-builder-workspace/.derivedData/SDKExplicitPrecompiledModules/DeveloperToolsSupport-B1X8RI63V48AJRTH2RK6JAARV.pcm
SwiftExplicitDependencyGeneratePcm arm64 /Users/admin/builder/spi-builder-workspace/.derivedData/SDKExplicitPrecompiledModules/_Builtin_float-8ZJAYZ85YBOAOP52Y9H6IUNP3.pcm
SwiftExplicitDependencyGeneratePcm arm64 /Users/admin/builder/spi-builder-workspace/.derivedData/SDKExplicitPrecompiledModules/ptrcheck-2AZ6B5IBYD3RRRTFWN2ONASY3.pcm
SwiftExplicitDependencyGeneratePcm arm64 /Users/admin/builder/spi-builder-workspace/.derivedData/SDKExplicitPrecompiledModules/_Builtin_stdbool-AHRDH5EKLY6D04C5E42F3VCQI.pcm
SwiftExplicitDependencyGeneratePcm arm64 /Users/admin/builder/spi-builder-workspace/.derivedData/SDKExplicitPrecompiledModules/_SwiftConcurrencyShims-BY5PD8KF1L5KF6F4Q69HE3TJ4.pcm
SwiftExplicitDependencyGeneratePcm arm64 /Users/admin/builder/spi-builder-workspace/.derivedData/SDKExplicitPrecompiledModules/SwiftShims-8N4EXJ4RUJTR8K9OO3CMOH1EP.pcm
SwiftExplicitDependencyGeneratePcm arm64 /Users/admin/builder/spi-builder-workspace/.derivedData/SDKExplicitPrecompiledModules/_Builtin_stddef-9ZJZ6FDEZNKTZU8YLPMFT9RAQ.pcm
SwiftExplicitDependencyGeneratePcm arm64 /Users/admin/builder/spi-builder-workspace/.derivedData/SDKExplicitPrecompiledModules/_DarwinFoundation1-JOTYMOA1YZCIJ2NON6FQ848O.pcm
SwiftExplicitDependencyGeneratePcm arm64 /Users/admin/builder/spi-builder-workspace/.derivedData/SDKExplicitPrecompiledModules/_DarwinFoundation2-AOGAN1O02NKXRJN5V73AV3V3M.pcm
SwiftExplicitDependencyGeneratePcm arm64 /Users/admin/builder/spi-builder-workspace/.derivedData/SDKExplicitPrecompiledModules/_Builtin_limits-7JU2HP127LIT1X9E2V3D8WZ1.pcm
SwiftExplicitDependencyGeneratePcm arm64 /Users/admin/builder/spi-builder-workspace/.derivedData/SDKExplicitPrecompiledModules/_Builtin_stdint-6NFTB6IBKS143IVPGT1EKB7HO.pcm
SwiftExplicitDependencyGeneratePcm arm64 /Users/admin/builder/spi-builder-workspace/.derivedData/SDKExplicitPrecompiledModules/sys_types-8GCAV1YMG5UUGHUID3CA20TCH.pcm
SwiftExplicitDependencyGeneratePcm arm64 /Users/admin/builder/spi-builder-workspace/.derivedData/SDKExplicitPrecompiledModules/string_h-6EVHP7A717OUS5DMC78F79HWO.pcm
SwiftExplicitDependencyGeneratePcm arm64 /Users/admin/builder/spi-builder-workspace/.derivedData/SDKExplicitPrecompiledModules/_Builtin_tgmath-7ULT1EUHDHW4OZPSTT33H6QGE.pcm
SwiftExplicitDependencyGeneratePcm arm64 /Users/admin/builder/spi-builder-workspace/.derivedData/SDKExplicitPrecompiledModules/_Builtin_intrinsics-437O2R2NID4WAQVENR63GR82C.pcm
SwiftExplicitDependencyGeneratePcm arm64 /Users/admin/builder/spi-builder-workspace/.derivedData/SDKExplicitPrecompiledModules/_Builtin_stdatomic-3YXHN678NGYM3NL9POJ2HVEIF.pcm
SwiftExplicitDependencyGeneratePcm arm64 /Users/admin/builder/spi-builder-workspace/.derivedData/SDKExplicitPrecompiledModules/_DarwinFoundation3-8SR3855WDFHQPR6G9GHOI2C07.pcm
SwiftExplicitDependencyGeneratePcm arm64 /Users/admin/builder/spi-builder-workspace/.derivedData/SDKExplicitPrecompiledModules/_Builtin_inttypes-6X1IQ3QK9KEVKXOK9Y79EW7J3.pcm
SwiftExplicitDependencyGeneratePcm arm64 /Users/admin/builder/spi-builder-workspace/.derivedData/SDKExplicitPrecompiledModules/Darwin-DBSQAVBBPC3D2OMU5ZI2RXMST.pcm
SwiftExplicitDependencyGeneratePcm arm64 /Users/admin/builder/spi-builder-workspace/.derivedData/SDKExplicitPrecompiledModules/simd-117QUXEUT3Z7UQCUYWV2UA228.pcm
SwiftExplicitDependencyGeneratePcm arm64 /Users/admin/builder/spi-builder-workspace/.derivedData/SDKExplicitPrecompiledModules/ObjectiveC-5250FDCE56N8508OR6XUYDKZM.pcm
SwiftExplicitDependencyGeneratePcm arm64 /Users/admin/builder/spi-builder-workspace/.derivedData/SDKExplicitPrecompiledModules/MachO-EH3F5PJCIZG05NO51CEFSZYPW.pcm
SwiftExplicitDependencyGeneratePcm arm64 /Users/admin/builder/spi-builder-workspace/.derivedData/SDKExplicitPrecompiledModules/os_object-E2DGZ0SX0TULQHULZRPO6OKNW.pcm
SwiftExplicitDependencyGeneratePcm arm64 /Users/admin/builder/spi-builder-workspace/.derivedData/SDKExplicitPrecompiledModules/os_workgroup-DBUFF7811DKMX7VPBOJPGGF1U.pcm
SwiftExplicitDependencyGeneratePcm arm64 /Users/admin/builder/spi-builder-workspace/.derivedData/SDKExplicitPrecompiledModules/Dispatch-1QL58A0V50C39KVAIC6C38SHL.pcm
SwiftExplicitDependencyGeneratePcm arm64 /Users/admin/builder/spi-builder-workspace/.derivedData/SDKExplicitPrecompiledModules/Spatial-7U8NLEFXSB8BR7PJQGVMF5A4Q.pcm
SwiftExplicitDependencyGeneratePcm arm64 /Users/admin/builder/spi-builder-workspace/.derivedData/SDKExplicitPrecompiledModules/CoreFoundation-7TPJ7ENDC4L1A1ESHYI9TXS0D.pcm
SwiftExplicitDependencyGeneratePcm arm64 /Users/admin/builder/spi-builder-workspace/.derivedData/SDKExplicitPrecompiledModules/XPC-6O2DJFT3QUJ7QKTD3SNUB6PCR.pcm
SwiftExplicitDependencyGeneratePcm arm64 /Users/admin/builder/spi-builder-workspace/.derivedData/SDKExplicitPrecompiledModules/os-3GJI8H0BNAEZPQPQ1V0VVY3FY.pcm
SwiftExplicitDependencyGeneratePcm arm64 /Users/admin/builder/spi-builder-workspace/.derivedData/SDKExplicitPrecompiledModules/Security-8VMXEKVDA3MHUH9AOTP905DID.pcm
SwiftExplicitDependencyGeneratePcm arm64 /Users/admin/builder/spi-builder-workspace/.derivedData/SDKExplicitPrecompiledModules/CoreGraphics-CWSP3J98S2658BYCVL6RP99T3.pcm
SwiftExplicitDependencyGeneratePcm arm64 /Users/admin/builder/spi-builder-workspace/.derivedData/SDKExplicitPrecompiledModules/CFNetwork-2CUR2VK9S3S3WPFXPNXNUWYGN.pcm
SwiftExplicitDependencyGeneratePcm arm64 /Users/admin/builder/spi-builder-workspace/.derivedData/SDKExplicitPrecompiledModules/Foundation-BSSIP64DIGUKMAYJOG1WPQ78X.pcm
SwiftExplicitDependencyGeneratePcm arm64 /Users/admin/builder/spi-builder-workspace/.derivedData/SDKExplicitPrecompiledModules/ImageIO-88D4CLEBD4CLWQKT78PZ6H1O8.pcm
SwiftExplicitDependencyGeneratePcm arm64 /Users/admin/builder/spi-builder-workspace/.derivedData/SDKExplicitPrecompiledModules/CoreText-59NY7PABM0I4V978161FOC04A.pcm
SwiftExplicitDependencyGeneratePcm arm64 /Users/admin/builder/spi-builder-workspace/.derivedData/SDKExplicitPrecompiledModules/_LocationEssentials-ETSJ65FELPWR8WH8G49R1DF2E.pcm
SwiftExplicitDependencyGeneratePcm arm64 /Users/admin/builder/spi-builder-workspace/.derivedData/SDKExplicitPrecompiledModules/Accessibility-B6BODGZ4MQQTY0PBC4SHRP009.pcm
SwiftExplicitDependencyGeneratePcm arm64 /Users/admin/builder/spi-builder-workspace/.derivedData/SDKExplicitPrecompiledModules/Symbols-B5AU9VM9Y7NU79RLMH13Z4IFM.pcm
SwiftExplicitDependencyGeneratePcm arm64 /Users/admin/builder/spi-builder-workspace/.derivedData/SDKExplicitPrecompiledModules/UniformTypeIdentifiers-95CC8U42ZA9STP5K6GP9ZVJS5.pcm
SwiftExplicitDependencyGeneratePcm arm64 /Users/admin/builder/spi-builder-workspace/.derivedData/SDKExplicitPrecompiledModules/OSLog-7OT6HHTMY0ZFEQJ095LJZ6NLC.pcm
SwiftExplicitDependencyGeneratePcm arm64 /Users/admin/builder/spi-builder-workspace/.derivedData/SDKExplicitPrecompiledModules/UserNotifications-E9ZW5TH066WIJWH9080RC5NG4.pcm
SwiftExplicitDependencyGeneratePcm arm64 /Users/admin/builder/spi-builder-workspace/.derivedData/SDKExplicitPrecompiledModules/IOSurface-38FJ1CKX9FV2RD97O64Z7QB17.pcm
SwiftExplicitDependencyGeneratePcm arm64 /Users/admin/builder/spi-builder-workspace/.derivedData/SDKExplicitPrecompiledModules/DataDetection-37JIYZ2GWDA1L166PP1D9JKAF.pcm
SwiftExplicitDependencyGeneratePcm arm64 /Users/admin/builder/spi-builder-workspace/.derivedData/SDKExplicitPrecompiledModules/CoreTransferable-7V4O8DATEQ9F7SDNTCW8YWLG3.pcm
SwiftExplicitDependencyGeneratePcm arm64 /Users/admin/builder/spi-builder-workspace/.derivedData/SDKExplicitPrecompiledModules/UIUtilities-6ZFJ1AK4H8IBGEBMYQBWGBYLK.pcm
SwiftExplicitDependencyGeneratePcm arm64 /Users/admin/builder/spi-builder-workspace/.derivedData/SDKExplicitPrecompiledModules/CoreLocation-YVXXAOMVX0JH2KO1XTTKTY51.pcm
SwiftExplicitDependencyGeneratePcm arm64 /Users/admin/builder/spi-builder-workspace/.derivedData/SDKExplicitPrecompiledModules/OpenGLES-4NY99CNDU9WUNUYEIXSS1QFGE.pcm
SwiftExplicitDependencyGeneratePcm arm64 /Users/admin/builder/spi-builder-workspace/.derivedData/SDKExplicitPrecompiledModules/Metal-2KYBS7IML1SD788M91YV7Q0CC.pcm
SwiftExplicitDependencyGeneratePcm arm64 /Users/admin/builder/spi-builder-workspace/.derivedData/SDKExplicitPrecompiledModules/CoreVideo-DPU0PB5X0XLSVA2ETRGI6FJBM.pcm
SwiftExplicitDependencyGeneratePcm arm64 /Users/admin/builder/spi-builder-workspace/.derivedData/SDKExplicitPrecompiledModules/QuartzCore-DJSYAWKXFGVSAK5CQMOB3JSR.pcm
SwiftExplicitDependencyGeneratePcm arm64 /Users/admin/builder/spi-builder-workspace/.derivedData/SDKExplicitPrecompiledModules/CoreImage-7S2AFJ8EIY3DUFYLEAX1JR1QV.pcm
SwiftExplicitDependencyGeneratePcm arm64 /Users/admin/builder/spi-builder-workspace/.derivedData/SDKExplicitPrecompiledModules/SwiftUICore-543QU5V2NHKUFCYFJDKUJ7NYG.pcm
SwiftExplicitDependencyGeneratePcm arm64 /Users/admin/builder/spi-builder-workspace/.derivedData/SDKExplicitPrecompiledModules/UIKit-1TKWN7VC2X6N3ITMRVA2G0EB2.pcm
SwiftEmitModule normal arm64 Emitting\ module\ for\ KeyboardSupport (in target 'KeyboardSupport' from project 'KeyboardSupport')
SwiftCompile normal arm64 (in target 'KeyboardSupport' from project 'KeyboardSupport')
cd /Users/admin/builder/spi-builder-workspace/.swiftpm/xcode
/Users/admin/builder/spi-builder-workspace/Sources/KeyboardSupport/KeyboardToolbar.swift:18:29: error: 'UIToolbar' is unavailable in tvOS
16 |
17 | /// An object that displays a toolbar above the keyboard.
18 | open class KeyboardToolbar: UIToolbar, NavigatingKeyboardAccessory {
| `- error: 'UIToolbar' is unavailable in tvOS
19 |
20 | // MARK: - Sub-types
/Applications/Xcode-27.0.0-Release.Candidate.app/Contents/Developer/Platforms/AppleTVOS.platform/Developer/SDKs/AppleTVOS27.0.sdk/System/Library/Frameworks/UIKit.framework/Headers/UIToolbar.h:23:12: note: 'UIToolbar' has been explicitly marked unavailable here
21 |
22 | UIKIT_EXTERN API_AVAILABLE(ios(2.0)) API_UNAVAILABLE(tvos, watchos) NS_SWIFT_UI_ACTOR
23 | @interface UIToolbar : UIView <UIBarPositioning>
| `- note: 'UIToolbar' has been explicitly marked unavailable here
24 |
25 | @property(nonatomic) UIBarStyle barStyle UI_APPEARANCE_SELECTOR API_UNAVAILABLE(tvos); // default is UIBarStyleDefault
Failed frontend command:
/Applications/Xcode-27.0.0-Release.Candidate.app/Contents/Developer/Toolchains/XcodeDefault.xctoolchain/usr/bin/swift-frontend -frontend -emit-module -experimental-skip-non-inlinable-function-bodies-without-types /Users/admin/builder/spi-builder-workspace/Sources/KeyboardSupport/Extensions/Array+KeyboardSupport.swift /Users/admin/builder/spi-builder-workspace/Sources/KeyboardSupport/Extensions/CGRect+Modifying.swift /Users/admin/builder/spi-builder-workspace/Sources/KeyboardSupport/Extensions/UIEdgeInsets+KeyboardSupport.swift /Users/admin/builder/spi-builder-workspace/Sources/KeyboardSupport/Extensions/UIScrollView+Inset.swift /Users/admin/builder/spi-builder-workspace/Sources/KeyboardSupport/Extensions/UIView+KeyboardSupport.swift /Users/admin/builder/spi-builder-workspace/Sources/KeyboardSupport/KeyboardAccessory.swift /Users/admin/builder/spi-builder-workspace/Sources/KeyboardSupport/KeyboardAutoNavigator.swift /Users/admin/builder/spi-builder-workspace/Sources/KeyboardSupport/KeyboardDismissable.swift /Users/admin/builder/spi-builder-workspace/Sources/KeyboardSupport/KeyboardNavigator.swift /Users/admin/builder/spi-builder-workspace/Sources/KeyboardSupport/KeyboardRespondable.swift /Users/admin/builder/spi-builder-workspace/Sources/KeyboardSupport/KeyboardSafeAreaAdjustable.swift /Users/admin/builder/spi-builder-workspace/Sources/KeyboardSupport/KeyboardScrollable.swift /Users/admin/builder/spi-builder-workspace/Sources/KeyboardSupport/KeyboardToolbar.swift -target arm64-apple-tvos15.0 -disable-cross-import-overlay-search -load-resolved-plugin /Applications/Xcode-27.0.0-Release.Candidate.app/Contents/Developer/Platforms/AppleTVOS.platform/Developer/usr/lib/swift/host/plugins/libFoundationMacros.dylib\#/Applications/Xcode-27.0.0-Release.Candidate.app/Contents/Developer/Platforms/AppleTVOS.platform/Developer/usr/bin/swift-plugin-server\#FoundationMacros -load-resolved-plugin /Applications/Xcode-27.0.0-Release.Candidate.app/Contents/Developer/Platforms/AppleTVOS.platform/Developer/usr/lib/swift/host/plugins/libObservationMacros.dylib\#/Applications/Xcode-27.0.0-Release.Candidate.app/Contents/Developer/Platforms/AppleTVOS.platform/Developer/usr/bin/swift-plugin-server\#ObservationMacros -load-resolved-plugin /Applications/Xcode-27.0.0-Release.Candidate.app/Contents/Developer/Platforms/AppleTVOS.platform/Developer/usr/lib/swift/host/plugins/libPreviewsMacros.dylib\#/Applications/Xcode-27.0.0-Release.Candidate.app/Contents/Developer/Platforms/AppleTVOS.platform/Developer/usr/bin/swift-plugin-server\#PreviewsMacros -load-resolved-plugin /Applications/Xcode-27.0.0-Release.Candidate.app/Contents/Developer/Platforms/AppleTVOS.platform/Developer/usr/lib/swift/host/plugins/libSwiftMacros.dylib\#/Applications/Xcode-27.0.0-Release.Candidate.app/Contents/Developer/Platforms/AppleTVOS.platform/Developer/usr/bin/swift-plugin-server\#SwiftMacros -load-resolved-plugin /Applications/Xcode-27.0.0-Release.Candidate.app/Contents/Developer/Platforms/AppleTVOS.platform/Developer/usr/lib/swift/host/plugins/libSwiftUIMacros.dylib\#/Applications/Xcode-27.0.0-Release.Candidate.app/Contents/Developer/Platforms/AppleTVOS.platform/Developer/usr/bin/swift-plugin-server\#SwiftUIMacros -disable-implicit-swift-modules -Xcc -fno-implicit-modules -Xcc -fno-implicit-module-maps -explicit-swift-module-map-file /Users/admin/builder/spi-builder-workspace/.derivedData/Build/Intermediates.noindex/KeyboardSupport.build/Debug-appletvos/KeyboardSupport-t.build/Objects-normal/arm64/KeyboardSupport-dependencies-1.json -Xllvm -aarch64-use-tbi -enable-objc-interop -stack-check -sdk /Applications/Xcode-27.0.0-Release.Candidate.app/Contents/Developer/Platforms/AppleTVOS.platform/Developer/SDKs/AppleTVOS27.0.sdk -I /Users/admin/builder/spi-builder-workspace/.derivedData/Build/Products/Debug-appletvos -Isystem /Applications/Xcode-27.0.0-Release.Candidate.app/Contents/Developer/Platforms/AppleTVOS.platform/Developer/usr/lib -F /Users/admin/builder/spi-builder-workspace/.derivedData/Build/Products/Debug-appletvos -F /Applications/Xcode-27.0.0-Release.Candidate.app/Contents/Developer/Platforms/AppleTVOS.platform/Developer/Library/Frameworks -F /Applications/Xcode-27.0.0-Release.Candidate.app/Contents/Developer/Platforms/AppleTVOS.platform/Developer/SDKs/AppleTVOS27.0.sdk/Developer/Library/Frameworks -module-cache-path /Users/admin/builder/spi-builder-workspace/.derivedData/Build/Intermediates.noindex/SwiftExplicitPrecompiledModules -no-color-diagnostics -Xcc -fno-color-diagnostics -enable-testing -g -debug-info-format\=dwarf -dwarf-version\=4 -profile-generate -profile-coverage-mapping -swift-version 5 -Onone -D SWIFT_PACKAGE -D DEBUG -D SWIFT_MODULE_RESOURCE_BUNDLE_UNAVAILABLE -D Xcode -serialize-debugging-options -enable-experimental-feature DebugDescriptionMacro -empty-abi-descriptor -validate-clang-modules-once -clang-build-session-file /Users/admin/builder/spi-builder-workspace/.derivedData/ModuleCache.noindex/Session.modulevalidation -Xcc -working-directory -Xcc /Users/admin/builder/spi-builder-workspace/.swiftpm/xcode -enable-anonymous-context-mangled-names -file-compilation-dir /Users/admin/builder/spi-builder-workspace/.swiftpm/xcode -Xcc -D_LIBCPP_HARDENING_MODE\=_LIBCPP_HARDENING_MODE_DEBUG -Xcc -ivfsstatcache -Xcc /Users/admin/builder/spi-builder-workspace/.derivedData/SDKStatCaches.noindex/appletvos27.0-24J360-e829b21a6f8c9b70876ba0858053c044b32bfd8d43560033f8d89884cdb90028.sdkstatcache -Xcc -fmodules-prune-interval\=86400 -Xcc -fmodules-prune-after\=345600 -Xcc -I/Users/admin/builder/spi-builder-workspace/.derivedData/Build/Products/Debug-appletvos/include -Xcc -I/Users/admin/builder/spi-builder-workspace/.derivedData/Build/Intermediates.noindex/KeyboardSupport.build/Debug-appletvos/KeyboardSupport-t.build/DerivedSources-normal/arm64 -Xcc -I/Users/admin/builder/spi-builder-workspace/.derivedData/Build/Intermediates.noindex/KeyboardSupport.build/Debug-appletvos/KeyboardSupport-t.build/DerivedSources/arm64 -Xcc -I/Users/admin/builder/spi-builder-workspace/.derivedData/Build/Intermediates.noindex/KeyboardSupport.build/Debug-appletvos/KeyboardSupport-t.build/DerivedSources -Xcc -DSWIFT_PACKAGE -Xcc -DDEBUG\=1 -no-auto-bridging-header-chaining -module-name KeyboardSupport -const-gather-protocols-file /Users/admin/builder/spi-builder-workspace/.derivedData/Build/Intermediates.noindex/KeyboardSupport.build/Debug-appletvos/KeyboardSupport-t.build/Objects-normal/arm64/KeyboardSupport_const_extract_protocols.json -disable-clang-spi -clang-target arm64-apple-tvos27.0 -target-sdk-version 27.0 -target-sdk-name appletvos27.0 -in-process-plugin-server-path /Applications/Xcode-27.0.0-Release.Candidate.app/Contents/Developer/Toolchains/XcodeDefault.xctoolchain/usr/lib/swift/host/libSwiftInProcPluginServer.dylib -emit-module-doc-path /Users/admin/builder/spi-builder-workspace/.derivedData/Build/Intermediates.noindex/KeyboardSupport.build/Debug-appletvos/KeyboardSupport-t.build/Objects-normal/arm64/KeyboardSupport.swiftdoc -emit-module-source-info-path /Users/admin/builder/spi-builder-workspace/.derivedData/Build/Intermediates.noindex/KeyboardSupport.build/Debug-appletvos/KeyboardSupport-t.build/Objects-normal/arm64/KeyboardSupport.swiftsourceinfo -emit-objc-header-path /Users/admin/builder/spi-builder-workspace/.derivedData/Build/Intermediates.noindex/KeyboardSupport.build/Debug-appletvos/KeyboardSupport-t.build/Objects-normal/arm64/KeyboardSupport-Swift.h -serialize-diagnostics-path /Users/admin/builder/spi-builder-workspace/.derivedData/Build/Intermediates.noindex/KeyboardSupport.build/Debug-appletvos/KeyboardSupport-t.build/Objects-normal/arm64/KeyboardSupport-primary-emit-module.dia -emit-dependencies-path /Users/admin/builder/spi-builder-workspace/.derivedData/Build/Intermediates.noindex/KeyboardSupport.build/Debug-appletvos/KeyboardSupport-t.build/Objects-normal/arm64/KeyboardSupport-primary-emit-module.d -parse-as-library -o /Users/admin/builder/spi-builder-workspace/.derivedData/Build/Intermediates.noindex/KeyboardSupport.build/Debug-appletvos/KeyboardSupport-t.build/Objects-normal/arm64/KeyboardSupport.swiftmodule -emit-abi-descriptor-path /Users/admin/builder/spi-builder-workspace/.derivedData/Build/Intermediates.noindex/KeyboardSupport.build/Debug-appletvos/KeyboardSupport-t.build/Objects-normal/arm64/KeyboardSupport.abi.json
SwiftCompile normal arm64 Compiling\ KeyboardSafeAreaAdjustable.swift /Users/admin/builder/spi-builder-workspace/Sources/KeyboardSupport/KeyboardSafeAreaAdjustable.swift (in target 'KeyboardSupport' from project 'KeyboardSupport')
SwiftCompile normal arm64 /Users/admin/builder/spi-builder-workspace/Sources/KeyboardSupport/KeyboardSafeAreaAdjustable.swift (in target 'KeyboardSupport' from project 'KeyboardSupport')
cd /Users/admin/builder/spi-builder-workspace/.swiftpm/xcode
builtin-SwiftPerFileCompile KeyboardSafeAreaAdjustable.swift
/Users/admin/builder/spi-builder-workspace/Sources/KeyboardSupport/KeyboardSafeAreaAdjustable.swift:23:122: error: 'keyboardWillChangeFrameNotification' is unavailable in tvOS
21 | public func setupKeyboardSafeAreaListener() {
22 | #if swift(>=4.2)
23 | NotificationCenter.default.addObserver(self, selector: #selector(keyboardFrameWillChange(_:)), name: UIResponder.keyboardWillChangeFrameNotification, object: nil)
| `- error: 'keyboardWillChangeFrameNotification' is unavailable in tvOS
24 | #else
25 | NotificationCenter.default.addObserver(self, selector: #selector(keyboardFrameWillChange(_:)), name: .UIKeyboardWillChangeFrame, object: nil)
/Applications/Xcode-27.0.0-Release.Candidate.app/Contents/Developer/Platforms/AppleTVOS.platform/Developer/SDKs/AppleTVOS27.0.sdk/System/Library/Frameworks/UIKit.framework/Headers/UIWindow.h:145:39: note: 'keyboardWillChangeFrameNotification' has been explicitly marked unavailable here
143 | // Like the standard keyboard notifications above, these additional notifications include
144 | // a nil object and begin/end frames of the keyboard in screen coordinates in the userInfo dictionary.
145 | UIKIT_EXTERN NSNotificationName const UIKeyboardWillChangeFrameNotification API_AVAILABLE(ios(5.0)) API_UNAVAILABLE(tvos, watchos) NS_SWIFT_NONISOLATED;
| `- note: 'keyboardWillChangeFrameNotification' has been explicitly marked unavailable here
146 | UIKIT_EXTERN NSNotificationName const UIKeyboardDidChangeFrameNotification API_AVAILABLE(ios(5.0)) API_UNAVAILABLE(tvos, watchos) NS_SWIFT_NONISOLATED;
147 |
SwiftCompile normal arm64 Compiling\ KeyboardDismissable.swift /Users/admin/builder/spi-builder-workspace/Sources/KeyboardSupport/KeyboardDismissable.swift (in target 'KeyboardSupport' from project 'KeyboardSupport')
SwiftCompile normal arm64 /Users/admin/builder/spi-builder-workspace/Sources/KeyboardSupport/KeyboardDismissable.swift (in target 'KeyboardSupport' from project 'KeyboardSupport')
cd /Users/admin/builder/spi-builder-workspace/.swiftpm/xcode
builtin-SwiftPerFileCompile KeyboardDismissable.swift
SwiftCompile normal arm64 Compiling\ KeyboardScrollable.swift /Users/admin/builder/spi-builder-workspace/Sources/KeyboardSupport/KeyboardScrollable.swift (in target 'KeyboardSupport' from project 'KeyboardSupport')
/Users/admin/builder/spi-builder-workspace/Sources/KeyboardSupport/KeyboardScrollable.swift:29:61: error: 'keyboardFrameBeginUserInfoKey' is unavailable in tvOS
27 | #if swift(>=4.2)
28 | guard let userInfo = notification.userInfo,
29 | let initialKeyboardFrame = userInfo[UIResponder.keyboardFrameBeginUserInfoKey] as? CGRect,
| `- error: 'keyboardFrameBeginUserInfoKey' is unavailable in tvOS
30 | let finalKeyboardFrame = userInfo[UIResponder.keyboardFrameEndUserInfoKey] as? CGRect,
31 | let duration = userInfo[UIResponder.keyboardAnimationDurationUserInfoKey] as? TimeInterval,
/Applications/Xcode-27.0.0-Release.Candidate.app/Contents/Developer/Platforms/AppleTVOS.platform/Developer/SDKs/AppleTVOS27.0.sdk/System/Library/Frameworks/UIKit.framework/Headers/UIWindow.h:137:30: note: 'keyboardFrameBeginUserInfoKey' has been explicitly marked unavailable here
135 | UIKIT_EXTERN NSNotificationName const UIKeyboardDidHideNotification API_UNAVAILABLE(tvos, watchos) NS_SWIFT_NONISOLATED;
136 |
137 | UIKIT_EXTERN NSString *const UIKeyboardFrameBeginUserInfoKey API_AVAILABLE(ios(3.2)) API_UNAVAILABLE(tvos, watchos) NS_SWIFT_NONISOLATED; // NSValue of CGRect
| `- note: 'keyboardFrameBeginUserInfoKey' has been explicitly marked unavailable here
138 | UIKIT_EXTERN NSString *const UIKeyboardFrameEndUserInfoKey API_AVAILABLE(ios(3.2)) API_UNAVAILABLE(tvos, watchos) NS_SWIFT_NONISOLATED; // NSValue of CGRect
139 | UIKIT_EXTERN NSString *const UIKeyboardAnimationDurationUserInfoKey API_AVAILABLE(ios(3.0)) API_UNAVAILABLE(tvos, watchos) NS_SWIFT_NONISOLATED; // NSNumber of double
/Users/admin/builder/spi-builder-workspace/Sources/KeyboardSupport/KeyboardScrollable.swift:30:59: error: 'keyboardFrameEndUserInfoKey' is unavailable in tvOS
28 | guard let userInfo = notification.userInfo,
29 | let initialKeyboardFrame = userInfo[UIResponder.keyboardFrameBeginUserInfoKey] as? CGRect,
30 | let finalKeyboardFrame = userInfo[UIResponder.keyboardFrameEndUserInfoKey] as? CGRect,
| `- error: 'keyboardFrameEndUserInfoKey' is unavailable in tvOS
31 | let duration = userInfo[UIResponder.keyboardAnimationDurationUserInfoKey] as? TimeInterval,
32 | let curve = userInfo[UIResponder.keyboardAnimationCurveUserInfoKey] as? UInt else {
/Applications/Xcode-27.0.0-Release.Candidate.app/Contents/Developer/Platforms/AppleTVOS.platform/Developer/SDKs/AppleTVOS27.0.sdk/System/Library/Frameworks/UIKit.framework/Headers/UIWindow.h:138:30: note: 'keyboardFrameEndUserInfoKey' has been explicitly marked unavailable here
136 |
137 | UIKIT_EXTERN NSString *const UIKeyboardFrameBeginUserInfoKey API_AVAILABLE(ios(3.2)) API_UNAVAILABLE(tvos, watchos) NS_SWIFT_NONISOLATED; // NSValue of CGRect
138 | UIKIT_EXTERN NSString *const UIKeyboardFrameEndUserInfoKey API_AVAILABLE(ios(3.2)) API_UNAVAILABLE(tvos, watchos) NS_SWIFT_NONISOLATED; // NSValue of CGRect
| `- note: 'keyboardFrameEndUserInfoKey' has been explicitly marked unavailable here
139 | UIKIT_EXTERN NSString *const UIKeyboardAnimationDurationUserInfoKey API_AVAILABLE(ios(3.0)) API_UNAVAILABLE(tvos, watchos) NS_SWIFT_NONISOLATED; // NSNumber of double
140 | UIKIT_EXTERN NSString *const UIKeyboardAnimationCurveUserInfoKey API_AVAILABLE(ios(3.0)) API_UNAVAILABLE(tvos, watchos) NS_SWIFT_NONISOLATED; // NSNumber of NSUInteger (UIViewAnimationCurve)
/Users/admin/builder/spi-builder-workspace/Sources/KeyboardSupport/KeyboardScrollable.swift:31:49: error: 'keyboardAnimationDurationUserInfoKey' is unavailable in tvOS
29 | let initialKeyboardFrame = userInfo[UIResponder.keyboardFrameBeginUserInfoKey] as? CGRect,
30 | let finalKeyboardFrame = userInfo[UIResponder.keyboardFrameEndUserInfoKey] as? CGRect,
31 | let duration = userInfo[UIResponder.keyboardAnimationDurationUserInfoKey] as? TimeInterval,
| `- error: 'keyboardAnimationDurationUserInfoKey' is unavailable in tvOS
32 | let curve = userInfo[UIResponder.keyboardAnimationCurveUserInfoKey] as? UInt else {
33 | return nil
/Applications/Xcode-27.0.0-Release.Candidate.app/Contents/Developer/Platforms/AppleTVOS.platform/Developer/SDKs/AppleTVOS27.0.sdk/System/Library/Frameworks/UIKit.framework/Headers/UIWindow.h:139:30: note: 'keyboardAnimationDurationUserInfoKey' has been explicitly marked unavailable here
137 | UIKIT_EXTERN NSString *const UIKeyboardFrameBeginUserInfoKey API_AVAILABLE(ios(3.2)) API_UNAVAILABLE(tvos, watchos) NS_SWIFT_NONISOLATED; // NSValue of CGRect
138 | UIKIT_EXTERN NSString *const UIKeyboardFrameEndUserInfoKey API_AVAILABLE(ios(3.2)) API_UNAVAILABLE(tvos, watchos) NS_SWIFT_NONISOLATED; // NSValue of CGRect
139 | UIKIT_EXTERN NSString *const UIKeyboardAnimationDurationUserInfoKey API_AVAILABLE(ios(3.0)) API_UNAVAILABLE(tvos, watchos) NS_SWIFT_NONISOLATED; // NSNumber of double
| `- note: 'keyboardAnimationDurationUserInfoKey' has been explicitly marked unavailable here
140 | UIKIT_EXTERN NSString *const UIKeyboardAnimationCurveUserInfoKey API_AVAILABLE(ios(3.0)) API_UNAVAILABLE(tvos, watchos) NS_SWIFT_NONISOLATED; // NSNumber of NSUInteger (UIViewAnimationCurve)
141 | UIKIT_EXTERN NSString *const UIKeyboardIsLocalUserInfoKey API_AVAILABLE(ios(9.0)) API_UNAVAILABLE(tvos, watchos) NS_SWIFT_NONISOLATED; // NSNumber of BOOL
/Users/admin/builder/spi-builder-workspace/Sources/KeyboardSupport/KeyboardScrollable.swift:32:46: error: 'keyboardAnimationCurveUserInfoKey' is unavailable in tvOS
30 | let finalKeyboardFrame = userInfo[UIResponder.keyboardFrameEndUserInfoKey] as? CGRect,
31 | let duration = userInfo[UIResponder.keyboardAnimationDurationUserInfoKey] as? TimeInterval,
32 | let curve = userInfo[UIResponder.keyboardAnimationCurveUserInfoKey] as? UInt else {
| `- error: 'keyboardAnimationCurveUserInfoKey' is unavailable in tvOS
33 | return nil
34 | }
/Applications/Xcode-27.0.0-Release.Candidate.app/Contents/Developer/Platforms/AppleTVOS.platform/Developer/SDKs/AppleTVOS27.0.sdk/System/Library/Frameworks/UIKit.framework/Headers/UIWindow.h:140:30: note: 'keyboardAnimationCurveUserInfoKey' has been explicitly marked unavailable here
138 | UIKIT_EXTERN NSString *const UIKeyboardFrameEndUserInfoKey API_AVAILABLE(ios(3.2)) API_UNAVAILABLE(tvos, watchos) NS_SWIFT_NONISOLATED; // NSValue of CGRect
139 | UIKIT_EXTERN NSString *const UIKeyboardAnimationDurationUserInfoKey API_AVAILABLE(ios(3.0)) API_UNAVAILABLE(tvos, watchos) NS_SWIFT_NONISOLATED; // NSNumber of double
140 | UIKIT_EXTERN NSString *const UIKeyboardAnimationCurveUserInfoKey API_AVAILABLE(ios(3.0)) API_UNAVAILABLE(tvos, watchos) NS_SWIFT_NONISOLATED; // NSNumber of NSUInteger (UIViewAnimationCurve)
| `- note: 'keyboardAnimationCurveUserInfoKey' has been explicitly marked unavailable here
141 | UIKIT_EXTERN NSString *const UIKeyboardIsLocalUserInfoKey API_AVAILABLE(ios(9.0)) API_UNAVAILABLE(tvos, watchos) NS_SWIFT_NONISOLATED; // NSNumber of BOOL
142 |
/Users/admin/builder/spi-builder-workspace/Sources/KeyboardSupport/KeyboardScrollable.swift:95:32: error: 'keyboardWillShowNotification' is unavailable in tvOS
93 | let keyboardWillShowNotificationName: Notification.Name = {
94 | #if swift(>=4.2)
95 | return UIResponder.keyboardWillShowNotification
| `- error: 'keyboardWillShowNotification' is unavailable in tvOS
96 | #else
97 | return .UIKeyboardWillShow
/Applications/Xcode-27.0.0-Release.Candidate.app/Contents/Developer/Platforms/AppleTVOS.platform/Developer/SDKs/AppleTVOS27.0.sdk/System/Library/Frameworks/UIKit.framework/Headers/UIWindow.h:132:39: note: 'keyboardWillShowNotification' has been explicitly marked unavailable here
130 | // Use the various UICoordinateSpace convertRect facilities to get the frame in the desired coordinate system.
131 | // Animation key/value pairs are only available for the "will" family of notification.
132 | UIKIT_EXTERN NSNotificationName const UIKeyboardWillShowNotification API_UNAVAILABLE(tvos, watchos) NS_SWIFT_NONISOLATED;
| `- note: 'keyboardWillShowNotification' has been explicitly marked unavailable here
133 | UIKIT_EXTERN NSNotificationName const UIKeyboardDidShowNotification API_UNAVAILABLE(tvos, watchos) NS_SWIFT_NONISOLATED;
134 | UIKIT_EXTERN NSNotificationName const UIKeyboardWillHideNotification API_UNAVAILABLE(tvos, watchos) NS_SWIFT_NONISOLATED;
SwiftCompile normal arm64 /Users/admin/builder/spi-builder-workspace/Sources/KeyboardSupport/KeyboardScrollable.swift (in target 'KeyboardSupport' from project 'KeyboardSupport')
cd /Users/admin/builder/spi-builder-workspace/.swiftpm/xcode
builtin-SwiftPerFileCompile KeyboardScrollable.swift
SwiftCompile normal arm64 Compiling\ KeyboardAutoNavigator.swift /Users/admin/builder/spi-builder-workspace/Sources/KeyboardSupport/KeyboardAutoNavigator.swift (in target 'KeyboardSupport' from project 'KeyboardSupport')
SwiftCompile normal arm64 /Users/admin/builder/spi-builder-workspace/Sources/KeyboardSupport/KeyboardAutoNavigator.swift (in target 'KeyboardSupport' from project 'KeyboardSupport')
cd /Users/admin/builder/spi-builder-workspace/.swiftpm/xcode
builtin-SwiftPerFileCompile KeyboardAutoNavigator.swift
SwiftCompile normal arm64 Compiling\ KeyboardRespondable.swift /Users/admin/builder/spi-builder-workspace/Sources/KeyboardSupport/KeyboardRespondable.swift (in target 'KeyboardSupport' from project 'KeyboardSupport')
SwiftCompile normal arm64 /Users/admin/builder/spi-builder-workspace/Sources/KeyboardSupport/KeyboardRespondable.swift (in target 'KeyboardSupport' from project 'KeyboardSupport')
cd /Users/admin/builder/spi-builder-workspace/.swiftpm/xcode
builtin-SwiftPerFileCompile KeyboardRespondable.swift
SwiftCompile normal arm64 Compiling\ KeyboardNavigator.swift /Users/admin/builder/spi-builder-workspace/Sources/KeyboardSupport/KeyboardNavigator.swift (in target 'KeyboardSupport' from project 'KeyboardSupport')
SwiftCompile normal arm64 /Users/admin/builder/spi-builder-workspace/Sources/KeyboardSupport/KeyboardNavigator.swift (in target 'KeyboardSupport' from project 'KeyboardSupport')
cd /Users/admin/builder/spi-builder-workspace/.swiftpm/xcode
builtin-SwiftPerFileCompile KeyboardNavigator.swift
SwiftCompile normal arm64 Compiling\ Array+KeyboardSupport.swift,\ CGRect+Modifying.swift /Users/admin/builder/spi-builder-workspace/Sources/KeyboardSupport/Extensions/Array+KeyboardSupport.swift /Users/admin/builder/spi-builder-workspace/Sources/KeyboardSupport/Extensions/CGRect+Modifying.swift (in target 'KeyboardSupport' from project 'KeyboardSupport')
SwiftCompile normal arm64 /Users/admin/builder/spi-builder-workspace/Sources/KeyboardSupport/Extensions/Array+KeyboardSupport.swift (in target 'KeyboardSupport' from project 'KeyboardSupport')
cd /Users/admin/builder/spi-builder-workspace/.swiftpm/xcode
builtin-SwiftPerFileCompile Array+KeyboardSupport.swift
SwiftCompile normal arm64 /Users/admin/builder/spi-builder-workspace/Sources/KeyboardSupport/Extensions/CGRect+Modifying.swift (in target 'KeyboardSupport' from project 'KeyboardSupport')
cd /Users/admin/builder/spi-builder-workspace/.swiftpm/xcode
builtin-SwiftPerFileCompile CGRect+Modifying.swift
SwiftCompile normal arm64 Compiling\ UIEdgeInsets+KeyboardSupport.swift,\ UIScrollView+Inset.swift /Users/admin/builder/spi-builder-workspace/Sources/KeyboardSupport/Extensions/UIEdgeInsets+KeyboardSupport.swift /Users/admin/builder/spi-builder-workspace/Sources/KeyboardSupport/Extensions/UIScrollView+Inset.swift (in target 'KeyboardSupport' from project 'KeyboardSupport')
/Users/admin/builder/spi-builder-workspace/Sources/KeyboardSupport/Extensions/UIScrollView+Inset.swift:24:64: warning: forming 'UnsafeRawPointer' to an inout variable of type String exposes the internal representation rather than the string contents.
22 | var originalContentInset: UIEdgeInsets? {
23 | get {
24 | guard let wrapper = objc_getAssociatedObject(self, &UIScrollView.insetKey) as? Box else { return nil }
| `- warning: forming 'UnsafeRawPointer' to an inout variable of type String exposes the internal representation rather than the string contents.
25 | return wrapper.value
26 | }
SwiftCompile normal arm64 /Users/admin/builder/spi-builder-workspace/Sources/KeyboardSupport/Extensions/UIEdgeInsets+KeyboardSupport.swift (in target 'KeyboardSupport' from project 'KeyboardSupport')
cd /Users/admin/builder/spi-builder-workspace/.swiftpm/xcode
builtin-SwiftPerFileCompile UIEdgeInsets+KeyboardSupport.swift
SwiftCompile normal arm64 /Users/admin/builder/spi-builder-workspace/Sources/KeyboardSupport/Extensions/UIScrollView+Inset.swift (in target 'KeyboardSupport' from project 'KeyboardSupport')
cd /Users/admin/builder/spi-builder-workspace/.swiftpm/xcode
builtin-SwiftPerFileCompile UIScrollView+Inset.swift
SwiftCompile normal arm64 Compiling\ UIView+KeyboardSupport.swift,\ KeyboardAccessory.swift /Users/admin/builder/spi-builder-workspace/Sources/KeyboardSupport/Extensions/UIView+KeyboardSupport.swift /Users/admin/builder/spi-builder-workspace/Sources/KeyboardSupport/KeyboardAccessory.swift (in target 'KeyboardSupport' from project 'KeyboardSupport')
SwiftCompile normal arm64 /Users/admin/builder/spi-builder-workspace/Sources/KeyboardSupport/Extensions/UIView+KeyboardSupport.swift (in target 'KeyboardSupport' from project 'KeyboardSupport')
cd /Users/admin/builder/spi-builder-workspace/.swiftpm/xcode
builtin-SwiftPerFileCompile UIView+KeyboardSupport.swift
SwiftCompile normal arm64 /Users/admin/builder/spi-builder-workspace/Sources/KeyboardSupport/KeyboardAccessory.swift (in target 'KeyboardSupport' from project 'KeyboardSupport')
cd /Users/admin/builder/spi-builder-workspace/.swiftpm/xcode
builtin-SwiftPerFileCompile KeyboardAccessory.swift
SwiftCompile normal arm64 Compiling\ KeyboardToolbar.swift /Users/admin/builder/spi-builder-workspace/Sources/KeyboardSupport/KeyboardToolbar.swift (in target 'KeyboardSupport' from project 'KeyboardSupport')
SwiftCompile normal arm64 /Users/admin/builder/spi-builder-workspace/Sources/KeyboardSupport/KeyboardToolbar.swift (in target 'KeyboardSupport' from project 'KeyboardSupport')
cd /Users/admin/builder/spi-builder-workspace/.swiftpm/xcode
builtin-SwiftPerFileCompile KeyboardToolbar.swift
PruneExplicitPrecompiledModules /Users/admin/builder/spi-builder-workspace/.derivedData/Build/Intermediates.noindex/SwiftExplicitPrecompiledModules
PruneExplicitPrecompiledModules /Users/admin/builder/spi-builder-workspace/.derivedData/SDKExplicitPrecompiledModules
PruneExplicitPrecompiledModules /Users/admin/builder/spi-builder-workspace/.derivedData/Build/Intermediates.noindex/ExplicitPrecompiledModules
2026-09-18 15:52:55.805 xcodebuild[653:4243] [MT] IDERunDestination: Supported platforms for the buildables in the current scheme is empty.
** BUILD FAILED **
The following build commands failed:
SwiftCompile normal arm64 (in target 'KeyboardSupport' from project 'KeyboardSupport')
SwiftEmitModule normal arm64 Emitting\ module\ for\ KeyboardSupport (in target 'KeyboardSupport' from project 'KeyboardSupport')
Building workspace KeyboardSupport with scheme KeyboardSupport
(3 failures)
Command line invocation:
/Applications/Xcode-27.0.0-Release.Candidate.app/Contents/Developer/usr/bin/xcodebuild -IDEClonedSourcePackagesDirPathOverride=/Users/admin/builder/spi-builder-workspace/.dependencies -resolvePackageDependencies
Resolve Package Graph
Resolved source packages:
KeyboardSupport: /Users/admin/builder/spi-builder-workspace
resolved source packages: KeyboardSupport
2026-09-18 15:53:01.670 xcodebuild[734:4593] [MT] IDERunDestination: Supported platforms for the buildables in the current scheme is empty.
{
"dependencies" : [
],
"manifest_display_name" : "KeyboardSupport",
"name" : "KeyboardSupport",
"path" : "/Users/admin/builder/spi-builder-workspace",
"platforms" : [
{
"name" : "ios",
"version" : "12.0"
}
],
"products" : [
{
"name" : "KeyboardSupport",
"targets" : [
"KeyboardSupport"
],
"type" : {
"library" : [
"automatic"
]
}
}
],
"targets" : [
{
"c99name" : "KeyboardSupport_iOSTests",
"module_type" : "SwiftTarget",
"name" : "KeyboardSupport-iOSTests",
"path" : "Tests",
"sources" : [
"AutoPilotTests.swift",
"Helper/Mocks/MockKeyboardAccessoryDelegate.swift",
"Helper/Mocks/MockKeyboardAutoNavigatorDelegate.swift",
"Helper/Mocks/MockKeyboardNavigatorDelegate.swift",
"KeyboardAutoNavigatorTests.swift",
"KeyboardNavigatorTests.swift",
"KeyboardToolbarTests.swift"
],
"target_dependencies" : [
"KeyboardSupport"
],
"type" : "test"
},
{
"c99name" : "KeyboardSupport",
"module_type" : "SwiftTarget",
"name" : "KeyboardSupport",
"path" : "Sources",
"product_memberships" : [
"KeyboardSupport"
],
"sources" : [
"KeyboardSupport/Extensions/Array+KeyboardSupport.swift",
"KeyboardSupport/Extensions/CGRect+Modifying.swift",
"KeyboardSupport/Extensions/UIEdgeInsets+KeyboardSupport.swift",
"KeyboardSupport/Extensions/UIScrollView+Inset.swift",
"KeyboardSupport/Extensions/UIView+KeyboardSupport.swift",
"KeyboardSupport/KeyboardAccessory.swift",
"KeyboardSupport/KeyboardAutoNavigator.swift",
"KeyboardSupport/KeyboardDismissable.swift",
"KeyboardSupport/KeyboardNavigator.swift",
"KeyboardSupport/KeyboardRespondable.swift",
"KeyboardSupport/KeyboardSafeAreaAdjustable.swift",
"KeyboardSupport/KeyboardScrollable.swift",
"KeyboardSupport/KeyboardToolbar.swift"
],
"type" : "library"
}
],
"tools_version" : "5.0"
}
{
"workspace" : {
"name" : "KeyboardSupport",
"schemes" : [
"KeyboardSupport"
]
}
}
2026-09-18 15:53:02.860 xcodebuild[742:4666] [MT] IDERunDestination: Supported platforms for the buildables in the current scheme is empty.
Running build ...
env DEVELOPER_DIR=/Applications/Xcode-27.0.0-Release.Candidate.app xcrun xcodebuild -IDEClonedSourcePackagesDirPathOverride=$PWD/.dependencies -skipMacroValidation -skipPackagePluginValidation -derivedDataPath $PWD/.derivedData build -scheme KeyboardSupport -destination generic/platform=tvOS
Command line invocation:
/Applications/Xcode-27.0.0-Release.Candidate.app/Contents/Developer/usr/bin/xcodebuild -IDEClonedSourcePackagesDirPathOverride=/Users/admin/builder/spi-builder-workspace/.dependencies -skipMacroValidation -skipPackagePluginValidation -derivedDataPath /Users/admin/builder/spi-builder-workspace/.derivedData build -scheme KeyboardSupport -destination generic/platform=tvOS
Resolve Package Graph
Resolved source packages:
KeyboardSupport: /Users/admin/builder/spi-builder-workspace
ComputePackagePrebuildTargetDependencyGraph
Prepare packages
CreateBuildRequest
SendProjectDescription
CreateBuildOperation
ComputeTargetDependencyGraph
note: Building targets in dependency order
note: Target dependency graph (2 targets)
Target 'KeyboardSupport-product' in project 'KeyboardSupport'
➜ Explicit dependency on target 'KeyboardSupport' in project 'KeyboardSupport'
Target 'KeyboardSupport' in project 'KeyboardSupport' (no dependencies)
GatherProvisioningInputs
CreateBuildDescription
ClangStatCache /Applications/Xcode-27.0.0-Release.Candidate.app/Contents/Developer/Toolchains/XcodeDefault.xctoolchain/usr/bin/clang-stat-cache /Applications/Xcode-27.0.0-Release.Candidate.app/Contents/Developer/Platforms/AppleTVOS.platform/Developer/SDKs/AppleTVOS27.0.sdk /Users/admin/builder/spi-builder-workspace/.derivedData/SDKStatCaches.noindex/appletvos27.0-24J360-e829b21a6f8c9b70876ba0858053c044b32bfd8d43560033f8d89884cdb90028.sdkstatcache
cd /Users/admin/builder/spi-builder-workspace/.swiftpm/xcode
/Applications/Xcode-27.0.0-Release.Candidate.app/Contents/Developer/Toolchains/XcodeDefault.xctoolchain/usr/bin/clang-stat-cache /Applications/Xcode-27.0.0-Release.Candidate.app/Contents/Developer/Platforms/AppleTVOS.platform/Developer/SDKs/AppleTVOS27.0.sdk -o /Users/admin/builder/spi-builder-workspace/.derivedData/SDKStatCaches.noindex/appletvos27.0-24J360-e829b21a6f8c9b70876ba0858053c044b32bfd8d43560033f8d89884cdb90028.sdkstatcache
SwiftDriver KeyboardSupport normal arm64 com.apple.xcode.tools.swift.compiler (in target 'KeyboardSupport' from project 'KeyboardSupport')
cd /Users/admin/builder/spi-builder-workspace/.swiftpm/xcode
builtin-SwiftDriver -- /Applications/Xcode-27.0.0-Release.Candidate.app/Contents/Developer/Toolchains/XcodeDefault.xctoolchain/usr/bin/swiftc -parse-as-library -module-name KeyboardSupport -Onone @/Users/admin/builder/spi-builder-workspace/.derivedData/Build/Intermediates.noindex/KeyboardSupport.build/Debug-appletvos/KeyboardSupport-t.build/Objects-normal/arm64/KeyboardSupport.SwiftFileList -DSWIFT_PACKAGE -DDEBUG -DSWIFT_MODULE_RESOURCE_BUNDLE_UNAVAILABLE -DXcode -plugin-path /Applications/Xcode-27.0.0-Release.Candidate.app/Contents/Developer/Toolchains/XcodeDefault.xctoolchain/usr/lib/swift/host/plugins/testing -enable-experimental-feature DebugDescriptionMacro -sdk /Applications/Xcode-27.0.0-Release.Candidate.app/Contents/Developer/Platforms/AppleTVOS.platform/Developer/SDKs/AppleTVOS27.0.sdk -target arm64-apple-tvos15.0 -g -module-cache-path /Users/admin/builder/spi-builder-workspace/.derivedData/ModuleCache.noindex -Xfrontend -serialize-debugging-options -profile-coverage-mapping -profile-generate -enable-testing -index-store-path /Users/admin/builder/spi-builder-workspace/.derivedData/Index.noindex/DataStore -Xcc -D_LIBCPP_HARDENING_MODE\=_LIBCPP_HARDENING_MODE_DEBUG -swift-version 5 -I /Users/admin/builder/spi-builder-workspace/.derivedData/Build/Products/Debug-appletvos -Isystem /Applications/Xcode-27.0.0-Release.Candidate.app/Contents/Developer/Platforms/AppleTVOS.platform/Developer/usr/lib -F /Users/admin/builder/spi-builder-workspace/.derivedData/Build/Products/Debug-appletvos -F /Applications/Xcode-27.0.0-Release.Candidate.app/Contents/Developer/Platforms/AppleTVOS.platform/Developer/Library/Frameworks -F /Applications/Xcode-27.0.0-Release.Candidate.app/Contents/Developer/Platforms/AppleTVOS.platform/Developer/SDKs/AppleTVOS27.0.sdk/Developer/Library/Frameworks -c -j10 -enable-batch-mode -incremental -Xcc -ivfsstatcache -Xcc /Users/admin/builder/spi-builder-workspace/.derivedData/SDKStatCaches.noindex/appletvos27.0-24J360-e829b21a6f8c9b70876ba0858053c044b32bfd8d43560033f8d89884cdb90028.sdkstatcache -output-file-map /Users/admin/builder/spi-builder-workspace/.derivedData/Build/Intermediates.noindex/KeyboardSupport.build/Debug-appletvos/KeyboardSupport-t.build/Objects-normal/arm64/KeyboardSupport-OutputFileMap.json -save-temps -no-color-diagnostics -explicit-module-build -module-cache-path /Users/admin/builder/spi-builder-workspace/.derivedData/Build/Intermediates.noindex/SwiftExplicitPrecompiledModules -clang-scanner-module-cache-path /Users/admin/builder/spi-builder-workspace/.derivedData/ModuleCache.noindex -sdk-module-cache-path /Users/admin/builder/spi-builder-workspace/.derivedData/SDKExplicitPrecompiledModules -emit-dependencies -emit-module -emit-module-path /Users/admin/builder/spi-builder-workspace/.derivedData/Build/Intermediates.noindex/KeyboardSupport.build/Debug-appletvos/KeyboardSupport-t.build/Objects-normal/arm64/KeyboardSupport.swiftmodule -serialize-diagnostics -dependency-scan-serialize-diagnostics-path /Users/admin/builder/spi-builder-workspace/.derivedData/Build/Intermediates.noindex/KeyboardSupport.build/Debug-appletvos/KeyboardSupport-t.build/Objects-normal/arm64/KeyboardSupport-dependency-scan.dia -validate-clang-modules-once -clang-build-session-file /Users/admin/builder/spi-builder-workspace/.derivedData/ModuleCache.noindex/Session.modulevalidation -Xcc -fmodules-prune-interval\=86400 -Xcc -fmodules-prune-after\=345600 -emit-const-values -const-gather-protocols-list /Users/admin/builder/spi-builder-workspace/.derivedData/Build/Intermediates.noindex/KeyboardSupport.build/Debug-appletvos/KeyboardSupport-t.build/Objects-normal/arm64/KeyboardSupport_const_extract_protocols.json -Xcc -I/Users/admin/builder/spi-builder-workspace/.derivedData/Build/Products/Debug-appletvos/include -Xcc -I/Users/admin/builder/spi-builder-workspace/.derivedData/Build/Intermediates.noindex/KeyboardSupport.build/Debug-appletvos/KeyboardSupport-t.build/DerivedSources-normal/arm64 -Xcc -I/Users/admin/builder/spi-builder-workspace/.derivedData/Build/Intermediates.noindex/KeyboardSupport.build/Debug-appletvos/KeyboardSupport-t.build/DerivedSources/arm64 -Xcc -I/Users/admin/builder/spi-builder-workspace/.derivedData/Build/Intermediates.noindex/KeyboardSupport.build/Debug-appletvos/KeyboardSupport-t.build/DerivedSources -Xcc -DSWIFT_PACKAGE -Xcc -DDEBUG\=1 -emit-objc-header -emit-objc-header-path /Users/admin/builder/spi-builder-workspace/.derivedData/Build/Intermediates.noindex/KeyboardSupport.build/Debug-appletvos/KeyboardSupport-t.build/Objects-normal/arm64/KeyboardSupport-Swift.h -working-directory /Users/admin/builder/spi-builder-workspace/.swiftpm/xcode -experimental-emit-module-separately -disable-cmo
SwiftCompile normal arm64 Compiling\ KeyboardAutoNavigator.swift /Users/admin/builder/spi-builder-workspace/Sources/KeyboardSupport/KeyboardAutoNavigator.swift (in target 'KeyboardSupport' from project 'KeyboardSupport')
SwiftCompile normal arm64 /Users/admin/builder/spi-builder-workspace/Sources/KeyboardSupport/KeyboardAutoNavigator.swift (in target 'KeyboardSupport' from project 'KeyboardSupport')
cd /Users/admin/builder/spi-builder-workspace/.swiftpm/xcode
builtin-SwiftPerFileCompile KeyboardAutoNavigator.swift
SwiftCompile normal arm64 Compiling\ UIView+KeyboardSupport.swift,\ KeyboardAccessory.swift /Users/admin/builder/spi-builder-workspace/Sources/KeyboardSupport/Extensions/UIView+KeyboardSupport.swift /Users/admin/builder/spi-builder-workspace/Sources/KeyboardSupport/KeyboardAccessory.swift (in target 'KeyboardSupport' from project 'KeyboardSupport')
SwiftCompile normal arm64 /Users/admin/builder/spi-builder-workspace/Sources/KeyboardSupport/Extensions/UIView+KeyboardSupport.swift (in target 'KeyboardSupport' from project 'KeyboardSupport')
cd /Users/admin/builder/spi-builder-workspace/.swiftpm/xcode
builtin-SwiftPerFileCompile UIView+KeyboardSupport.swift
SwiftCompile normal arm64 /Users/admin/builder/spi-builder-workspace/Sources/KeyboardSupport/KeyboardAccessory.swift (in target 'KeyboardSupport' from project 'KeyboardSupport')
cd /Users/admin/builder/spi-builder-workspace/.swiftpm/xcode
builtin-SwiftPerFileCompile KeyboardAccessory.swift
SwiftCompile normal arm64 Compiling\ KeyboardDismissable.swift /Users/admin/builder/spi-builder-workspace/Sources/KeyboardSupport/KeyboardDismissable.swift (in target 'KeyboardSupport' from project 'KeyboardSupport')
SwiftCompile normal arm64 /Users/admin/builder/spi-builder-workspace/Sources/KeyboardSupport/KeyboardDismissable.swift (in target 'KeyboardSupport' from project 'KeyboardSupport')
cd /Users/admin/builder/spi-builder-workspace/.swiftpm/xcode
builtin-SwiftPerFileCompile KeyboardDismissable.swift
SwiftCompile normal arm64 Compiling\ KeyboardRespondable.swift /Users/admin/builder/spi-builder-workspace/Sources/KeyboardSupport/KeyboardRespondable.swift (in target 'KeyboardSupport' from project 'KeyboardSupport')
SwiftCompile normal arm64 /Users/admin/builder/spi-builder-workspace/Sources/KeyboardSupport/KeyboardRespondable.swift (in target 'KeyboardSupport' from project 'KeyboardSupport')
cd /Users/admin/builder/spi-builder-workspace/.swiftpm/xcode
builtin-SwiftPerFileCompile KeyboardRespondable.swift
SwiftCompile normal arm64 Compiling\ Array+KeyboardSupport.swift,\ CGRect+Modifying.swift /Users/admin/builder/spi-builder-workspace/Sources/KeyboardSupport/Extensions/Array+KeyboardSupport.swift /Users/admin/builder/spi-builder-workspace/Sources/KeyboardSupport/Extensions/CGRect+Modifying.swift (in target 'KeyboardSupport' from project 'KeyboardSupport')
SwiftCompile normal arm64 /Users/admin/builder/spi-builder-workspace/Sources/KeyboardSupport/Extensions/Array+KeyboardSupport.swift (in target 'KeyboardSupport' from project 'KeyboardSupport')
cd /Users/admin/builder/spi-builder-workspace/.swiftpm/xcode
builtin-SwiftPerFileCompile Array+KeyboardSupport.swift
SwiftCompile normal arm64 /Users/admin/builder/spi-builder-workspace/Sources/KeyboardSupport/Extensions/CGRect+Modifying.swift (in target 'KeyboardSupport' from project 'KeyboardSupport')
cd /Users/admin/builder/spi-builder-workspace/.swiftpm/xcode
builtin-SwiftPerFileCompile CGRect+Modifying.swift
SwiftCompile normal arm64 Compiling\ KeyboardToolbar.swift /Users/admin/builder/spi-builder-workspace/Sources/KeyboardSupport/KeyboardToolbar.swift (in target 'KeyboardSupport' from project 'KeyboardSupport')
SwiftCompile normal arm64 /Users/admin/builder/spi-builder-workspace/Sources/KeyboardSupport/KeyboardToolbar.swift (in target 'KeyboardSupport' from project 'KeyboardSupport')
cd /Users/admin/builder/spi-builder-workspace/.swiftpm/xcode
builtin-SwiftPerFileCompile KeyboardToolbar.swift
SwiftEmitModule normal arm64 Emitting\ module\ for\ KeyboardSupport (in target 'KeyboardSupport' from project 'KeyboardSupport')
/Users/admin/builder/spi-builder-workspace/Sources/KeyboardSupport/KeyboardToolbar.swift:18:29: error: 'UIToolbar' is unavailable in tvOS
16 |
17 | /// An object that displays a toolbar above the keyboard.
18 | open class KeyboardToolbar: UIToolbar, NavigatingKeyboardAccessory {
| `- error: 'UIToolbar' is unavailable in tvOS
19 |
20 | // MARK: - Sub-types
/Applications/Xcode-27.0.0-Release.Candidate.app/Contents/Developer/Platforms/AppleTVOS.platform/Developer/SDKs/AppleTVOS27.0.sdk/System/Library/Frameworks/UIKit.framework/Headers/UIToolbar.h:23:12: note: 'UIToolbar' has been explicitly marked unavailable here
21 |
22 | UIKIT_EXTERN API_AVAILABLE(ios(2.0)) API_UNAVAILABLE(tvos, watchos) NS_SWIFT_UI_ACTOR
23 | @interface UIToolbar : UIView <UIBarPositioning>
| `- note: 'UIToolbar' has been explicitly marked unavailable here
24 |
25 | @property(nonatomic) UIBarStyle barStyle UI_APPEARANCE_SELECTOR API_UNAVAILABLE(tvos); // default is UIBarStyleDefault
Failed frontend command:
/Applications/Xcode-27.0.0-Release.Candidate.app/Contents/Developer/Toolchains/XcodeDefault.xctoolchain/usr/bin/swift-frontend -frontend -emit-module -experimental-skip-non-inlinable-function-bodies-without-types /Users/admin/builder/spi-builder-workspace/Sources/KeyboardSupport/Extensions/Array+KeyboardSupport.swift /Users/admin/builder/spi-builder-workspace/Sources/KeyboardSupport/Extensions/CGRect+Modifying.swift /Users/admin/builder/spi-builder-workspace/Sources/KeyboardSupport/Extensions/UIEdgeInsets+KeyboardSupport.swift /Users/admin/builder/spi-builder-workspace/Sources/KeyboardSupport/Extensions/UIScrollView+Inset.swift /Users/admin/builder/spi-builder-workspace/Sources/KeyboardSupport/Extensions/UIView+KeyboardSupport.swift /Users/admin/builder/spi-builder-workspace/Sources/KeyboardSupport/KeyboardAccessory.swift /Users/admin/builder/spi-builder-workspace/Sources/KeyboardSupport/KeyboardAutoNavigator.swift /Users/admin/builder/spi-builder-workspace/Sources/KeyboardSupport/KeyboardDismissable.swift /Users/admin/builder/spi-builder-workspace/Sources/KeyboardSupport/KeyboardNavigator.swift /Users/admin/builder/spi-builder-workspace/Sources/KeyboardSupport/KeyboardRespondable.swift /Users/admin/builder/spi-builder-workspace/Sources/KeyboardSupport/KeyboardSafeAreaAdjustable.swift /Users/admin/builder/spi-builder-workspace/Sources/KeyboardSupport/KeyboardScrollable.swift /Users/admin/builder/spi-builder-workspace/Sources/KeyboardSupport/KeyboardToolbar.swift -target arm64-apple-tvos15.0 -disable-cross-import-overlay-search -load-resolved-plugin /Applications/Xcode-27.0.0-Release.Candidate.app/Contents/Developer/Platforms/AppleTVOS.platform/Developer/usr/lib/swift/host/plugins/libFoundationMacros.dylib\#/Applications/Xcode-27.0.0-Release.Candidate.app/Contents/Developer/Platforms/AppleTVOS.platform/Developer/usr/bin/swift-plugin-server\#FoundationMacros -load-resolved-plugin /Applications/Xcode-27.0.0-Release.Candidate.app/Contents/Developer/Platforms/AppleTVOS.platform/Developer/usr/lib/swift/host/plugins/libObservationMacros.dylib\#/Applications/Xcode-27.0.0-Release.Candidate.app/Contents/Developer/Platforms/AppleTVOS.platform/Developer/usr/bin/swift-plugin-server\#ObservationMacros -load-resolved-plugin /Applications/Xcode-27.0.0-Release.Candidate.app/Contents/Developer/Platforms/AppleTVOS.platform/Developer/usr/lib/swift/host/plugins/libPreviewsMacros.dylib\#/Applications/Xcode-27.0.0-Release.Candidate.app/Contents/Developer/Platforms/AppleTVOS.platform/Developer/usr/bin/swift-plugin-server\#PreviewsMacros -load-resolved-plugin /Applications/Xcode-27.0.0-Release.Candidate.app/Contents/Developer/Platforms/AppleTVOS.platform/Developer/usr/lib/swift/host/plugins/libSwiftMacros.dylib\#/Applications/Xcode-27.0.0-Release.Candidate.app/Contents/Developer/Platforms/AppleTVOS.platform/Developer/usr/bin/swift-plugin-server\#SwiftMacros -load-resolved-plugin /Applications/Xcode-27.0.0-Release.Candidate.app/Contents/Developer/Platforms/AppleTVOS.platform/Developer/usr/lib/swift/host/plugins/libSwiftUIMacros.dylib\#/Applications/Xcode-27.0.0-Release.Candidate.app/Contents/Developer/Platforms/AppleTVOS.platform/Developer/usr/bin/swift-plugin-server\#SwiftUIMacros -disable-implicit-swift-modules -Xcc -fno-implicit-modules -Xcc -fno-implicit-module-maps -explicit-swift-module-map-file /Users/admin/builder/spi-builder-workspace/.derivedData/Build/Intermediates.noindex/KeyboardSupport.build/Debug-appletvos/KeyboardSupport-t.build/Objects-normal/arm64/KeyboardSupport-dependencies-1.json -Xllvm -aarch64-use-tbi -enable-objc-interop -stack-check -sdk /Applications/Xcode-27.0.0-Release.Candidate.app/Contents/Developer/Platforms/AppleTVOS.platform/Developer/SDKs/AppleTVOS27.0.sdk -I /Users/admin/builder/spi-builder-workspace/.derivedData/Build/Products/Debug-appletvos -Isystem /Applications/Xcode-27.0.0-Release.Candidate.app/Contents/Developer/Platforms/AppleTVOS.platform/Developer/usr/lib -F /Users/admin/builder/spi-builder-workspace/.derivedData/Build/Products/Debug-appletvos -F /Applications/Xcode-27.0.0-Release.Candidate.app/Contents/Developer/Platforms/AppleTVOS.platform/Developer/Library/Frameworks -F /Applications/Xcode-27.0.0-Release.Candidate.app/Contents/Developer/Platforms/AppleTVOS.platform/Developer/SDKs/AppleTVOS27.0.sdk/Developer/Library/Frameworks -module-cache-path /Users/admin/builder/spi-builder-workspace/.derivedData/Build/Intermediates.noindex/SwiftExplicitPrecompiledModules -no-color-diagnostics -Xcc -fno-color-diagnostics -enable-testing -g -debug-info-format\=dwarf -dwarf-version\=4 -profile-generate -profile-coverage-mapping -swift-version 5 -Onone -D SWIFT_PACKAGE -D DEBUG -D SWIFT_MODULE_RESOURCE_BUNDLE_UNAVAILABLE -D Xcode -serialize-debugging-options -enable-experimental-feature DebugDescriptionMacro -empty-abi-descriptor -validate-clang-modules-once -clang-build-session-file /Users/admin/builder/spi-builder-workspace/.derivedData/ModuleCache.noindex/Session.modulevalidation -Xcc -working-directory -Xcc /Users/admin/builder/spi-builder-workspace/.swiftpm/xcode -enable-anonymous-context-mangled-names -file-compilation-dir /Users/admin/builder/spi-builder-workspace/.swiftpm/xcode -Xcc -D_LIBCPP_HARDENING_MODE\=_LIBCPP_HARDENING_MODE_DEBUG -Xcc -ivfsstatcache -Xcc /Users/admin/builder/spi-builder-workspace/.derivedData/SDKStatCaches.noindex/appletvos27.0-24J360-e829b21a6f8c9b70876ba0858053c044b32bfd8d43560033f8d89884cdb90028.sdkstatcache -Xcc -fmodules-prune-interval\=86400 -Xcc -fmodules-prune-after\=345600 -Xcc -I/Users/admin/builder/spi-builder-workspace/.derivedData/Build/Products/Debug-appletvos/include -Xcc -I/Users/admin/builder/spi-builder-workspace/.derivedData/Build/Intermediates.noindex/KeyboardSupport.build/Debug-appletvos/KeyboardSupport-t.build/DerivedSources-normal/arm64 -Xcc -I/Users/admin/builder/spi-builder-workspace/.derivedData/Build/Intermediates.noindex/KeyboardSupport.build/Debug-appletvos/KeyboardSupport-t.build/DerivedSources/arm64 -Xcc -I/Users/admin/builder/spi-builder-workspace/.derivedData/Build/Intermediates.noindex/KeyboardSupport.build/Debug-appletvos/KeyboardSupport-t.build/DerivedSources -Xcc -DSWIFT_PACKAGE -Xcc -DDEBUG\=1 -no-auto-bridging-header-chaining -module-name KeyboardSupport -const-gather-protocols-file /Users/admin/builder/spi-builder-workspace/.derivedData/Build/Intermediates.noindex/KeyboardSupport.build/Debug-appletvos/KeyboardSupport-t.build/Objects-normal/arm64/KeyboardSupport_const_extract_protocols.json -disable-clang-spi -clang-target arm64-apple-tvos27.0 -target-sdk-version 27.0 -target-sdk-name appletvos27.0 -in-process-plugin-server-path /Applications/Xcode-27.0.0-Release.Candidate.app/Contents/Developer/Toolchains/XcodeDefault.xctoolchain/usr/lib/swift/host/libSwiftInProcPluginServer.dylib -emit-module-doc-path /Users/admin/builder/spi-builder-workspace/.derivedData/Build/Intermediates.noindex/KeyboardSupport.build/Debug-appletvos/KeyboardSupport-t.build/Objects-normal/arm64/KeyboardSupport.swiftdoc -emit-module-source-info-path /Users/admin/builder/spi-builder-workspace/.derivedData/Build/Intermediates.noindex/KeyboardSupport.build/Debug-appletvos/KeyboardSupport-t.build/Objects-normal/arm64/KeyboardSupport.swiftsourceinfo -emit-objc-header-path /Users/admin/builder/spi-builder-workspace/.derivedData/Build/Intermediates.noindex/KeyboardSupport.build/Debug-appletvos/KeyboardSupport-t.build/Objects-normal/arm64/KeyboardSupport-Swift.h -serialize-diagnostics-path /Users/admin/builder/spi-builder-workspace/.derivedData/Build/Intermediates.noindex/KeyboardSupport.build/Debug-appletvos/KeyboardSupport-t.build/Objects-normal/arm64/KeyboardSupport-primary-emit-module.dia -emit-dependencies-path /Users/admin/builder/spi-builder-workspace/.derivedData/Build/Intermediates.noindex/KeyboardSupport.build/Debug-appletvos/KeyboardSupport-t.build/Objects-normal/arm64/KeyboardSupport-primary-emit-module.d -parse-as-library -o /Users/admin/builder/spi-builder-workspace/.derivedData/Build/Intermediates.noindex/KeyboardSupport.build/Debug-appletvos/KeyboardSupport-t.build/Objects-normal/arm64/KeyboardSupport.swiftmodule -emit-abi-descriptor-path /Users/admin/builder/spi-builder-workspace/.derivedData/Build/Intermediates.noindex/KeyboardSupport.build/Debug-appletvos/KeyboardSupport-t.build/Objects-normal/arm64/KeyboardSupport.abi.json
SwiftCompile normal arm64 (in target 'KeyboardSupport' from project 'KeyboardSupport')
cd /Users/admin/builder/spi-builder-workspace/.swiftpm/xcode
SwiftCompile normal arm64 Compiling\ KeyboardSafeAreaAdjustable.swift /Users/admin/builder/spi-builder-workspace/Sources/KeyboardSupport/KeyboardSafeAreaAdjustable.swift (in target 'KeyboardSupport' from project 'KeyboardSupport')
/Users/admin/builder/spi-builder-workspace/Sources/KeyboardSupport/KeyboardSafeAreaAdjustable.swift:23:122: error: 'keyboardWillChangeFrameNotification' is unavailable in tvOS
21 | public func setupKeyboardSafeAreaListener() {
22 | #if swift(>=4.2)
23 | NotificationCenter.default.addObserver(self, selector: #selector(keyboardFrameWillChange(_:)), name: UIResponder.keyboardWillChangeFrameNotification, object: nil)
| `- error: 'keyboardWillChangeFrameNotification' is unavailable in tvOS
24 | #else
25 | NotificationCenter.default.addObserver(self, selector: #selector(keyboardFrameWillChange(_:)), name: .UIKeyboardWillChangeFrame, object: nil)
/Applications/Xcode-27.0.0-Release.Candidate.app/Contents/Developer/Platforms/AppleTVOS.platform/Developer/SDKs/AppleTVOS27.0.sdk/System/Library/Frameworks/UIKit.framework/Headers/UIWindow.h:145:39: note: 'keyboardWillChangeFrameNotification' has been explicitly marked unavailable here
143 | // Like the standard keyboard notifications above, these additional notifications include
144 | // a nil object and begin/end frames of the keyboard in screen coordinates in the userInfo dictionary.
145 | UIKIT_EXTERN NSNotificationName const UIKeyboardWillChangeFrameNotification API_AVAILABLE(ios(5.0)) API_UNAVAILABLE(tvos, watchos) NS_SWIFT_NONISOLATED;
| `- note: 'keyboardWillChangeFrameNotification' has been explicitly marked unavailable here
146 | UIKIT_EXTERN NSNotificationName const UIKeyboardDidChangeFrameNotification API_AVAILABLE(ios(5.0)) API_UNAVAILABLE(tvos, watchos) NS_SWIFT_NONISOLATED;
147 |
SwiftCompile normal arm64 /Users/admin/builder/spi-builder-workspace/Sources/KeyboardSupport/KeyboardSafeAreaAdjustable.swift (in target 'KeyboardSupport' from project 'KeyboardSupport')
cd /Users/admin/builder/spi-builder-workspace/.swiftpm/xcode
builtin-SwiftPerFileCompile KeyboardSafeAreaAdjustable.swift
SwiftCompile normal arm64 Compiling\ KeyboardScrollable.swift /Users/admin/builder/spi-builder-workspace/Sources/KeyboardSupport/KeyboardScrollable.swift (in target 'KeyboardSupport' from project 'KeyboardSupport')
/Users/admin/builder/spi-builder-workspace/Sources/KeyboardSupport/KeyboardScrollable.swift:29:61: error: 'keyboardFrameBeginUserInfoKey' is unavailable in tvOS
27 | #if swift(>=4.2)
28 | guard let userInfo = notification.userInfo,
29 | let initialKeyboardFrame = userInfo[UIResponder.keyboardFrameBeginUserInfoKey] as? CGRect,
| `- error: 'keyboardFrameBeginUserInfoKey' is unavailable in tvOS
30 | let finalKeyboardFrame = userInfo[UIResponder.keyboardFrameEndUserInfoKey] as? CGRect,
31 | let duration = userInfo[UIResponder.keyboardAnimationDurationUserInfoKey] as? TimeInterval,
/Applications/Xcode-27.0.0-Release.Candidate.app/Contents/Developer/Platforms/AppleTVOS.platform/Developer/SDKs/AppleTVOS27.0.sdk/System/Library/Frameworks/UIKit.framework/Headers/UIWindow.h:137:30: note: 'keyboardFrameBeginUserInfoKey' has been explicitly marked unavailable here
135 | UIKIT_EXTERN NSNotificationName const UIKeyboardDidHideNotification API_UNAVAILABLE(tvos, watchos) NS_SWIFT_NONISOLATED;
136 |
137 | UIKIT_EXTERN NSString *const UIKeyboardFrameBeginUserInfoKey API_AVAILABLE(ios(3.2)) API_UNAVAILABLE(tvos, watchos) NS_SWIFT_NONISOLATED; // NSValue of CGRect
| `- note: 'keyboardFrameBeginUserInfoKey' has been explicitly marked unavailable here
138 | UIKIT_EXTERN NSString *const UIKeyboardFrameEndUserInfoKey API_AVAILABLE(ios(3.2)) API_UNAVAILABLE(tvos, watchos) NS_SWIFT_NONISOLATED; // NSValue of CGRect
139 | UIKIT_EXTERN NSString *const UIKeyboardAnimationDurationUserInfoKey API_AVAILABLE(ios(3.0)) API_UNAVAILABLE(tvos, watchos) NS_SWIFT_NONISOLATED; // NSNumber of double
/Users/admin/builder/spi-builder-workspace/Sources/KeyboardSupport/KeyboardScrollable.swift:30:59: error: 'keyboardFrameEndUserInfoKey' is unavailable in tvOS
28 | guard let userInfo = notification.userInfo,
29 | let initialKeyboardFrame = userInfo[UIResponder.keyboardFrameBeginUserInfoKey] as? CGRect,
30 | let finalKeyboardFrame = userInfo[UIResponder.keyboardFrameEndUserInfoKey] as? CGRect,
| `- error: 'keyboardFrameEndUserInfoKey' is unavailable in tvOS
31 | let duration = userInfo[UIResponder.keyboardAnimationDurationUserInfoKey] as? TimeInterval,
32 | let curve = userInfo[UIResponder.keyboardAnimationCurveUserInfoKey] as? UInt else {
/Applications/Xcode-27.0.0-Release.Candidate.app/Contents/Developer/Platforms/AppleTVOS.platform/Developer/SDKs/AppleTVOS27.0.sdk/System/Library/Frameworks/UIKit.framework/Headers/UIWindow.h:138:30: note: 'keyboardFrameEndUserInfoKey' has been explicitly marked unavailable here
136 |
137 | UIKIT_EXTERN NSString *const UIKeyboardFrameBeginUserInfoKey API_AVAILABLE(ios(3.2)) API_UNAVAILABLE(tvos, watchos) NS_SWIFT_NONISOLATED; // NSValue of CGRect
138 | UIKIT_EXTERN NSString *const UIKeyboardFrameEndUserInfoKey API_AVAILABLE(ios(3.2)) API_UNAVAILABLE(tvos, watchos) NS_SWIFT_NONISOLATED; // NSValue of CGRect
| `- note: 'keyboardFrameEndUserInfoKey' has been explicitly marked unavailable here
139 | UIKIT_EXTERN NSString *const UIKeyboardAnimationDurationUserInfoKey API_AVAILABLE(ios(3.0)) API_UNAVAILABLE(tvos, watchos) NS_SWIFT_NONISOLATED; // NSNumber of double
140 | UIKIT_EXTERN NSString *const UIKeyboardAnimationCurveUserInfoKey API_AVAILABLE(ios(3.0)) API_UNAVAILABLE(tvos, watchos) NS_SWIFT_NONISOLATED; // NSNumber of NSUInteger (UIViewAnimationCurve)
/Users/admin/builder/spi-builder-workspace/Sources/KeyboardSupport/KeyboardScrollable.swift:31:49: error: 'keyboardAnimationDurationUserInfoKey' is unavailable in tvOS
29 | let initialKeyboardFrame = userInfo[UIResponder.keyboardFrameBeginUserInfoKey] as? CGRect,
30 | let finalKeyboardFrame = userInfo[UIResponder.keyboardFrameEndUserInfoKey] as? CGRect,
31 | let duration = userInfo[UIResponder.keyboardAnimationDurationUserInfoKey] as? TimeInterval,
| `- error: 'keyboardAnimationDurationUserInfoKey' is unavailable in tvOS
32 | let curve = userInfo[UIResponder.keyboardAnimationCurveUserInfoKey] as? UInt else {
33 | return nil
/Applications/Xcode-27.0.0-Release.Candidate.app/Contents/Developer/Platforms/AppleTVOS.platform/Developer/SDKs/AppleTVOS27.0.sdk/System/Library/Frameworks/UIKit.framework/Headers/UIWindow.h:139:30: note: 'keyboardAnimationDurationUserInfoKey' has been explicitly marked unavailable here
137 | UIKIT_EXTERN NSString *const UIKeyboardFrameBeginUserInfoKey API_AVAILABLE(ios(3.2)) API_UNAVAILABLE(tvos, watchos) NS_SWIFT_NONISOLATED; // NSValue of CGRect
138 | UIKIT_EXTERN NSString *const UIKeyboardFrameEndUserInfoKey API_AVAILABLE(ios(3.2)) API_UNAVAILABLE(tvos, watchos) NS_SWIFT_NONISOLATED; // NSValue of CGRect
139 | UIKIT_EXTERN NSString *const UIKeyboardAnimationDurationUserInfoKey API_AVAILABLE(ios(3.0)) API_UNAVAILABLE(tvos, watchos) NS_SWIFT_NONISOLATED; // NSNumber of double
| `- note: 'keyboardAnimationDurationUserInfoKey' has been explicitly marked unavailable here
140 | UIKIT_EXTERN NSString *const UIKeyboardAnimationCurveUserInfoKey API_AVAILABLE(ios(3.0)) API_UNAVAILABLE(tvos, watchos) NS_SWIFT_NONISOLATED; // NSNumber of NSUInteger (UIViewAnimationCurve)
141 | UIKIT_EXTERN NSString *const UIKeyboardIsLocalUserInfoKey API_AVAILABLE(ios(9.0)) API_UNAVAILABLE(tvos, watchos) NS_SWIFT_NONISOLATED; // NSNumber of BOOL
/Users/admin/builder/spi-builder-workspace/Sources/KeyboardSupport/KeyboardScrollable.swift:32:46: error: 'keyboardAnimationCurveUserInfoKey' is unavailable in tvOS
30 | let finalKeyboardFrame = userInfo[UIResponder.keyboardFrameEndUserInfoKey] as? CGRect,
31 | let duration = userInfo[UIResponder.keyboardAnimationDurationUserInfoKey] as? TimeInterval,
32 | let curve = userInfo[UIResponder.keyboardAnimationCurveUserInfoKey] as? UInt else {
| `- error: 'keyboardAnimationCurveUserInfoKey' is unavailable in tvOS
33 | return nil
34 | }
/Applications/Xcode-27.0.0-Release.Candidate.app/Contents/Developer/Platforms/AppleTVOS.platform/Developer/SDKs/AppleTVOS27.0.sdk/System/Library/Frameworks/UIKit.framework/Headers/UIWindow.h:140:30: note: 'keyboardAnimationCurveUserInfoKey' has been explicitly marked unavailable here
138 | UIKIT_EXTERN NSString *const UIKeyboardFrameEndUserInfoKey API_AVAILABLE(ios(3.2)) API_UNAVAILABLE(tvos, watchos) NS_SWIFT_NONISOLATED; // NSValue of CGRect
139 | UIKIT_EXTERN NSString *const UIKeyboardAnimationDurationUserInfoKey API_AVAILABLE(ios(3.0)) API_UNAVAILABLE(tvos, watchos) NS_SWIFT_NONISOLATED; // NSNumber of double
140 | UIKIT_EXTERN NSString *const UIKeyboardAnimationCurveUserInfoKey API_AVAILABLE(ios(3.0)) API_UNAVAILABLE(tvos, watchos) NS_SWIFT_NONISOLATED; // NSNumber of NSUInteger (UIViewAnimationCurve)
| `- note: 'keyboardAnimationCurveUserInfoKey' has been explicitly marked unavailable here
141 | UIKIT_EXTERN NSString *const UIKeyboardIsLocalUserInfoKey API_AVAILABLE(ios(9.0)) API_UNAVAILABLE(tvos, watchos) NS_SWIFT_NONISOLATED; // NSNumber of BOOL
142 |
/Users/admin/builder/spi-builder-workspace/Sources/KeyboardSupport/KeyboardScrollable.swift:95:32: error: 'keyboardWillShowNotification' is unavailable in tvOS
93 | let keyboardWillShowNotificationName: Notification.Name = {
94 | #if swift(>=4.2)
95 | return UIResponder.keyboardWillShowNotification
| `- error: 'keyboardWillShowNotification' is unavailable in tvOS
96 | #else
97 | return .UIKeyboardWillShow
/Applications/Xcode-27.0.0-Release.Candidate.app/Contents/Developer/Platforms/AppleTVOS.platform/Developer/SDKs/AppleTVOS27.0.sdk/System/Library/Frameworks/UIKit.framework/Headers/UIWindow.h:132:39: note: 'keyboardWillShowNotification' has been explicitly marked unavailable here
130 | // Use the various UICoordinateSpace convertRect facilities to get the frame in the desired coordinate system.
131 | // Animation key/value pairs are only available for the "will" family of notification.
132 | UIKIT_EXTERN NSNotificationName const UIKeyboardWillShowNotification API_UNAVAILABLE(tvos, watchos) NS_SWIFT_NONISOLATED;
| `- note: 'keyboardWillShowNotification' has been explicitly marked unavailable here
133 | UIKIT_EXTERN NSNotificationName const UIKeyboardDidShowNotification API_UNAVAILABLE(tvos, watchos) NS_SWIFT_NONISOLATED;
134 | UIKIT_EXTERN NSNotificationName const UIKeyboardWillHideNotification API_UNAVAILABLE(tvos, watchos) NS_SWIFT_NONISOLATED;
SwiftCompile normal arm64 /Users/admin/builder/spi-builder-workspace/Sources/KeyboardSupport/KeyboardScrollable.swift (in target 'KeyboardSupport' from project 'KeyboardSupport')
cd /Users/admin/builder/spi-builder-workspace/.swiftpm/xcode
builtin-SwiftPerFileCompile KeyboardScrollable.swift
SwiftCompile normal arm64 Compiling\ UIEdgeInsets+KeyboardSupport.swift,\ UIScrollView+Inset.swift /Users/admin/builder/spi-builder-workspace/Sources/KeyboardSupport/Extensions/UIEdgeInsets+KeyboardSupport.swift /Users/admin/builder/spi-builder-workspace/Sources/KeyboardSupport/Extensions/UIScrollView+Inset.swift (in target 'KeyboardSupport' from project 'KeyboardSupport')
/Users/admin/builder/spi-builder-workspace/Sources/KeyboardSupport/Extensions/UIScrollView+Inset.swift:24:64: warning: forming 'UnsafeRawPointer' to an inout variable of type String exposes the internal representation rather than the string contents.
22 | var originalContentInset: UIEdgeInsets? {
23 | get {
24 | guard let wrapper = objc_getAssociatedObject(self, &UIScrollView.insetKey) as? Box else { return nil }
| `- warning: forming 'UnsafeRawPointer' to an inout variable of type String exposes the internal representation rather than the string contents.
25 | return wrapper.value
26 | }
SwiftCompile normal arm64 /Users/admin/builder/spi-builder-workspace/Sources/KeyboardSupport/Extensions/UIEdgeInsets+KeyboardSupport.swift (in target 'KeyboardSupport' from project 'KeyboardSupport')
cd /Users/admin/builder/spi-builder-workspace/.swiftpm/xcode
builtin-SwiftPerFileCompile UIEdgeInsets+KeyboardSupport.swift
SwiftCompile normal arm64 /Users/admin/builder/spi-builder-workspace/Sources/KeyboardSupport/Extensions/UIScrollView+Inset.swift (in target 'KeyboardSupport' from project 'KeyboardSupport')
cd /Users/admin/builder/spi-builder-workspace/.swiftpm/xcode
builtin-SwiftPerFileCompile UIScrollView+Inset.swift
SwiftCompile normal arm64 Compiling\ KeyboardNavigator.swift /Users/admin/builder/spi-builder-workspace/Sources/KeyboardSupport/KeyboardNavigator.swift (in target 'KeyboardSupport' from project 'KeyboardSupport')
SwiftCompile normal arm64 /Users/admin/builder/spi-builder-workspace/Sources/KeyboardSupport/KeyboardNavigator.swift (in target 'KeyboardSupport' from project 'KeyboardSupport')
cd /Users/admin/builder/spi-builder-workspace/.swiftpm/xcode
builtin-SwiftPerFileCompile KeyboardNavigator.swift
PruneExplicitPrecompiledModules /Users/admin/builder/spi-builder-workspace/.derivedData/SDKExplicitPrecompiledModules
PruneExplicitPrecompiledModules /Users/admin/builder/spi-builder-workspace/.derivedData/Build/Intermediates.noindex/ExplicitPrecompiledModules
PruneExplicitPrecompiledModules /Users/admin/builder/spi-builder-workspace/.derivedData/Build/Intermediates.noindex/SwiftExplicitPrecompiledModules
2026-09-18 15:53:03.830 xcodebuild[743:4688] [MT] IDERunDestination: Supported platforms for the buildables in the current scheme is empty.
** BUILD FAILED **
The following build commands failed:
SwiftEmitModule normal arm64 Emitting\ module\ for\ KeyboardSupport (in target 'KeyboardSupport' from project 'KeyboardSupport')
SwiftCompile normal arm64 (in target 'KeyboardSupport' from project 'KeyboardSupport')
Building workspace KeyboardSupport with scheme KeyboardSupport
(3 failures)
BUILD FAILURE 6.4 tvOS