Build Information
Failed to build Voxels, reference main (bf3fe6), with Swift 6.4 for tvOS using Xcode 27.0 on 21 Sep 2026 13:10:37 UTC.
Build Command
env DEVELOPER_DIR=/Applications/Xcode-27.0.0-Release.Candidate.app xcrun xcodebuild -IDEClonedSourcePackagesDirPathOverride=$PWD/.dependencies -skipMacroValidation -skipPackagePluginValidation -derivedDataPath $PWD/.derivedData build -scheme Voxels -destination generic/platform=tvOSBuild Log
SwiftDriver IssueReporting normal arm64 com.apple.xcode.tools.swift.compiler (in target 'IssueReporting' from project 'swift-issue-reporting')
cd /Users/admin/builder/spi-builder-workspace/.swiftpm/xcode
builtin-SwiftDriver -- /Applications/Xcode-27.0.0-Release.Candidate.app/Contents/Developer/Toolchains/XcodeDefault.xctoolchain/usr/bin/swiftc -parse-as-library -module-name IssueReporting -Onone @/Users/admin/builder/spi-builder-workspace/.derivedData/Build/Intermediates.noindex/swift-issue-reporting.build/Debug-appletvos/IssueReporting-t.build/Objects-normal/arm64/IssueReporting.SwiftFileList -DSWIFT_PACKAGE -DDEBUG -DSWIFT_MODULE_RESOURCE_BUNDLE_UNAVAILABLE -DXcode -enable-upcoming-feature ExistentialAny -enable-upcoming-feature ImmutableWeakCaptures -enable-upcoming-feature InferIsolatedConformances -enable-upcoming-feature InternalImportsByDefault -enable-upcoming-feature MemberImportVisibility -enable-upcoming-feature NonisolatedNonsendingByDefault -plugin-path /Applications/Xcode-27.0.0-Release.Candidate.app/Contents/Developer/Toolchains/XcodeDefault.xctoolchain/usr/lib/swift/host/plugins/testing -enable-experimental-feature DebugDescriptionMacro -sdk /Applications/Xcode-27.0.0-Release.Candidate.app/Contents/Developer/Platforms/AppleTVOS.platform/Developer/SDKs/AppleTVOS27.0.sdk -target arm64-apple-tvos15.0 -g -module-cache-path /Users/admin/builder/spi-builder-workspace/.derivedData/ModuleCache.noindex -Xfrontend -serialize-debugging-options -profile-coverage-mapping -profile-generate -enable-testing -suppress-warnings -index-store-path /Users/admin/builder/spi-builder-workspace/.derivedData/Index.noindex/DataStore -Xcc -D_LIBCPP_HARDENING_MODE\=_LIBCPP_HARDENING_MODE_DEBUG -swift-version 6 -I /Users/admin/builder/spi-builder-workspace/.derivedData/Build/Products/Debug-appletvos -Isystem /Applications/Xcode-27.0.0-Release.Candidate.app/Contents/Developer/Platforms/AppleTVOS.platform/Developer/usr/lib -F /Users/admin/builder/spi-builder-workspace/.derivedData/Build/Products/Debug-appletvos -F /Applications/Xcode-27.0.0-Release.Candidate.app/Contents/Developer/Platforms/AppleTVOS.platform/Developer/Library/Frameworks -F /Applications/Xcode-27.0.0-Release.Candidate.app/Contents/Developer/Platforms/AppleTVOS.platform/Developer/SDKs/AppleTVOS27.0.sdk/Developer/Library/Frameworks -c -j10 -enable-batch-mode -incremental -Xcc -ivfsstatcache -Xcc /Users/admin/builder/spi-builder-workspace/.derivedData/SDKStatCaches.noindex/appletvos27.0-24J360-e829b21a6f8c9b70876ba0858053c044b32bfd8d43560033f8d89884cdb90028.sdkstatcache -output-file-map /Users/admin/builder/spi-builder-workspace/.derivedData/Build/Intermediates.noindex/swift-issue-reporting.build/Debug-appletvos/IssueReporting-t.build/Objects-normal/arm64/IssueReporting-OutputFileMap.json -save-temps -no-color-diagnostics -explicit-module-build -module-cache-path /Users/admin/builder/spi-builder-workspace/.derivedData/Build/Intermediates.noindex/SwiftExplicitPrecompiledModules -clang-scanner-module-cache-path /Users/admin/builder/spi-builder-workspace/.derivedData/ModuleCache.noindex -sdk-module-cache-path /Users/admin/builder/spi-builder-workspace/.derivedData/SDKExplicitPrecompiledModules -emit-dependencies -emit-module -emit-module-path /Users/admin/builder/spi-builder-workspace/.derivedData/Build/Intermediates.noindex/swift-issue-reporting.build/Debug-appletvos/IssueReporting-t.build/Objects-normal/arm64/IssueReporting.swiftmodule -serialize-diagnostics -dependency-scan-serialize-diagnostics-path /Users/admin/builder/spi-builder-workspace/.derivedData/Build/Intermediates.noindex/swift-issue-reporting.build/Debug-appletvos/IssueReporting-t.build/Objects-normal/arm64/IssueReporting-dependency-scan.dia -user-module-version 2.1.0 -validate-clang-modules-once -clang-build-session-file /Users/admin/builder/spi-builder-workspace/.derivedData/ModuleCache.noindex/Session.modulevalidation -Xcc -fmodules-prune-interval\=86400 -Xcc -fmodules-prune-after\=345600 -package-name swift_issue_reporting -emit-const-values -const-gather-protocols-list /Users/admin/builder/spi-builder-workspace/.derivedData/Build/Intermediates.noindex/swift-issue-reporting.build/Debug-appletvos/IssueReporting-t.build/Objects-normal/arm64/IssueReporting_const_extract_protocols.json -Xcc -I/Users/admin/builder/spi-builder-workspace/.derivedData/Build/Products/Debug-appletvos/include -Xcc -I/Users/admin/builder/spi-builder-workspace/.derivedData/Build/Intermediates.noindex/swift-issue-reporting.build/Debug-appletvos/IssueReporting-t.build/DerivedSources-normal/arm64 -Xcc -I/Users/admin/builder/spi-builder-workspace/.derivedData/Build/Intermediates.noindex/swift-issue-reporting.build/Debug-appletvos/IssueReporting-t.build/DerivedSources/arm64 -Xcc -I/Users/admin/builder/spi-builder-workspace/.derivedData/Build/Intermediates.noindex/swift-issue-reporting.build/Debug-appletvos/IssueReporting-t.build/DerivedSources -Xcc -DSWIFT_PACKAGE -Xcc -DDEBUG\=1 -emit-objc-header -emit-objc-header-path /Users/admin/builder/spi-builder-workspace/.derivedData/Build/Intermediates.noindex/swift-issue-reporting.build/Debug-appletvos/IssueReporting-t.build/Objects-normal/arm64/IssueReporting-Swift.h -working-directory /Users/admin/builder/spi-builder-workspace/.swiftpm/xcode -experimental-emit-module-separately -disable-cmo
SwiftDriver Heightmap normal arm64 com.apple.xcode.tools.swift.compiler (in target 'Heightmap' from project 'Heightmap')
cd /Users/admin/builder/spi-builder-workspace/.swiftpm/xcode
builtin-SwiftDriver -- /Applications/Xcode-27.0.0-Release.Candidate.app/Contents/Developer/Toolchains/XcodeDefault.xctoolchain/usr/bin/swiftc -parse-as-library -module-name Heightmap -Onone @/Users/admin/builder/spi-builder-workspace/.derivedData/Build/Intermediates.noindex/Heightmap.build/Debug-appletvos/Heightmap-t.build/Objects-normal/arm64/Heightmap.SwiftFileList -DSWIFT_PACKAGE -DDEBUG -DSWIFT_MODULE_RESOURCE_BUNDLE_UNAVAILABLE -DXcode -enable-experimental-feature StrictConcurrency -enable-upcoming-feature ExistentialAny -enable-experimental-feature AccessLevelOnImport -enable-upcoming-feature InternalImportsByDefault -plugin-path /Applications/Xcode-27.0.0-Release.Candidate.app/Contents/Developer/Toolchains/XcodeDefault.xctoolchain/usr/lib/swift/host/plugins/testing -enable-experimental-feature DebugDescriptionMacro -sdk /Applications/Xcode-27.0.0-Release.Candidate.app/Contents/Developer/Platforms/AppleTVOS.platform/Developer/SDKs/AppleTVOS27.0.sdk -target arm64-apple-tvos16.0 -g -module-cache-path /Users/admin/builder/spi-builder-workspace/.derivedData/ModuleCache.noindex -Xfrontend -serialize-debugging-options -profile-coverage-mapping -profile-generate -enable-testing -suppress-warnings -index-store-path /Users/admin/builder/spi-builder-workspace/.derivedData/Index.noindex/DataStore -Xcc -D_LIBCPP_HARDENING_MODE\=_LIBCPP_HARDENING_MODE_DEBUG -swift-version 5 -I /Users/admin/builder/spi-builder-workspace/.derivedData/Build/Products/Debug-appletvos -Isystem /Applications/Xcode-27.0.0-Release.Candidate.app/Contents/Developer/Platforms/AppleTVOS.platform/Developer/usr/lib -F /Users/admin/builder/spi-builder-workspace/.derivedData/Build/Products/Debug-appletvos -F /Applications/Xcode-27.0.0-Release.Candidate.app/Contents/Developer/Platforms/AppleTVOS.platform/Developer/Library/Frameworks -F /Applications/Xcode-27.0.0-Release.Candidate.app/Contents/Developer/Platforms/AppleTVOS.platform/Developer/SDKs/AppleTVOS27.0.sdk/Developer/Library/Frameworks -c -j10 -enable-batch-mode -incremental -Xcc -ivfsstatcache -Xcc /Users/admin/builder/spi-builder-workspace/.derivedData/SDKStatCaches.noindex/appletvos27.0-24J360-e829b21a6f8c9b70876ba0858053c044b32bfd8d43560033f8d89884cdb90028.sdkstatcache -output-file-map /Users/admin/builder/spi-builder-workspace/.derivedData/Build/Intermediates.noindex/Heightmap.build/Debug-appletvos/Heightmap-t.build/Objects-normal/arm64/Heightmap-OutputFileMap.json -save-temps -no-color-diagnostics -explicit-module-build -module-cache-path /Users/admin/builder/spi-builder-workspace/.derivedData/Build/Intermediates.noindex/SwiftExplicitPrecompiledModules -clang-scanner-module-cache-path /Users/admin/builder/spi-builder-workspace/.derivedData/ModuleCache.noindex -sdk-module-cache-path /Users/admin/builder/spi-builder-workspace/.derivedData/SDKExplicitPrecompiledModules -emit-dependencies -emit-module -emit-module-path /Users/admin/builder/spi-builder-workspace/.derivedData/Build/Intermediates.noindex/Heightmap.build/Debug-appletvos/Heightmap-t.build/Objects-normal/arm64/Heightmap.swiftmodule -serialize-diagnostics -dependency-scan-serialize-diagnostics-path /Users/admin/builder/spi-builder-workspace/.derivedData/Build/Intermediates.noindex/Heightmap.build/Debug-appletvos/Heightmap-t.build/Objects-normal/arm64/Heightmap-dependency-scan.dia -validate-clang-modules-once -clang-build-session-file /Users/admin/builder/spi-builder-workspace/.derivedData/ModuleCache.noindex/Session.modulevalidation -Xcc -fmodules-prune-interval\=86400 -Xcc -fmodules-prune-after\=345600 -emit-const-values -const-gather-protocols-list /Users/admin/builder/spi-builder-workspace/.derivedData/Build/Intermediates.noindex/Heightmap.build/Debug-appletvos/Heightmap-t.build/Objects-normal/arm64/Heightmap_const_extract_protocols.json -Xcc -I/Users/admin/builder/spi-builder-workspace/.derivedData/Build/Products/Debug-appletvos/include -Xcc -I/Users/admin/builder/spi-builder-workspace/.derivedData/Build/Intermediates.noindex/Heightmap.build/Debug-appletvos/Heightmap-t.build/DerivedSources-normal/arm64 -Xcc -I/Users/admin/builder/spi-builder-workspace/.derivedData/Build/Intermediates.noindex/Heightmap.build/Debug-appletvos/Heightmap-t.build/DerivedSources/arm64 -Xcc -I/Users/admin/builder/spi-builder-workspace/.derivedData/Build/Intermediates.noindex/Heightmap.build/Debug-appletvos/Heightmap-t.build/DerivedSources -Xcc -DSWIFT_PACKAGE -Xcc -DDEBUG\=1 -emit-objc-header -emit-objc-header-path /Users/admin/builder/spi-builder-workspace/.derivedData/Build/Intermediates.noindex/Heightmap.build/Debug-appletvos/Heightmap-t.build/Objects-normal/arm64/Heightmap-Swift.h -working-directory /Users/admin/builder/spi-builder-workspace/.swiftpm/xcode -experimental-emit-module-separately -disable-cmo
SwiftExplicitDependencyGeneratePcm arm64 /Users/admin/builder/spi-builder-workspace/.derivedData/SDKExplicitPrecompiledModules/SwiftShims-8N4EXJ4RUJTR8K9OO3CMOH1EP.pcm
SwiftExplicitDependencyGeneratePcm arm64 /Users/admin/builder/spi-builder-workspace/.derivedData/SDKExplicitPrecompiledModules/_SwiftConcurrencyShims-BY5PD8KF1L5KF6F4Q69HE3TJ4.pcm
SwiftEmitModule normal arm64 Emitting\ module\ for\ Heightmap (in target 'Heightmap' from project 'Heightmap')
SwiftCompile normal arm64 (in target 'Heightmap' from project 'Heightmap')
cd /Users/admin/builder/spi-builder-workspace/.swiftpm/xcode
SwiftCompile normal arm64 Compiling\ XZIndex.swift /Users/admin/builder/spi-builder-workspace/.dependencies/checkouts/Heightmap/Sources/Heightmap/XZIndex.swift (in target 'Heightmap' from project 'Heightmap')
SwiftCompile normal arm64 /Users/admin/builder/spi-builder-workspace/.dependencies/checkouts/Heightmap/Sources/Heightmap/XZIndex.swift (in target 'Heightmap' from project 'Heightmap')
cd /Users/admin/builder/spi-builder-workspace/.swiftpm/xcode
builtin-SwiftPerFileCompile XZIndex.swift
SwiftCompile normal arm64 Compiling\ Array+normalizeUnitValues.swift /Users/admin/builder/spi-builder-workspace/.dependencies/checkouts/Heightmap/Sources/Heightmap/Array+normalizeUnitValues.swift (in target 'Heightmap' from project 'Heightmap')
SwiftCompile normal arm64 /Users/admin/builder/spi-builder-workspace/.dependencies/checkouts/Heightmap/Sources/Heightmap/Array+normalizeUnitValues.swift (in target 'Heightmap' from project 'Heightmap')
cd /Users/admin/builder/spi-builder-workspace/.swiftpm/xcode
builtin-SwiftPerFileCompile Array+normalizeUnitValues.swift
SwiftCompile normal arm64 Compiling\ Heightmap+normalize.swift /Users/admin/builder/spi-builder-workspace/.dependencies/checkouts/Heightmap/Sources/Heightmap/Heightmap+normalize.swift (in target 'Heightmap' from project 'Heightmap')
SwiftCompile normal arm64 /Users/admin/builder/spi-builder-workspace/.dependencies/checkouts/Heightmap/Sources/Heightmap/Heightmap+normalize.swift (in target 'Heightmap' from project 'Heightmap')
cd /Users/admin/builder/spi-builder-workspace/.swiftpm/xcode
builtin-SwiftPerFileCompile Heightmap+normalize.swift
SwiftCompile normal arm64 Compiling\ Heightmap.swift /Users/admin/builder/spi-builder-workspace/.dependencies/checkouts/Heightmap/Sources/Heightmap/Heightmap.swift (in target 'Heightmap' from project 'Heightmap')
SwiftCompile normal arm64 /Users/admin/builder/spi-builder-workspace/.dependencies/checkouts/Heightmap/Sources/Heightmap/Heightmap.swift (in target 'Heightmap' from project 'Heightmap')
cd /Users/admin/builder/spi-builder-workspace/.swiftpm/xcode
builtin-SwiftPerFileCompile Heightmap.swift
SwiftDriverJobDiscovery normal arm64 Emitting module for Heightmap (in target 'Heightmap' from project 'Heightmap')
SwiftDriver\ Compilation\ Requirements Heightmap normal arm64 com.apple.xcode.tools.swift.compiler (in target 'Heightmap' from project 'Heightmap')
cd /Users/admin/builder/spi-builder-workspace/.swiftpm/xcode
builtin-Swift-Compilation-Requirements -- /Applications/Xcode-27.0.0-Release.Candidate.app/Contents/Developer/Toolchains/XcodeDefault.xctoolchain/usr/bin/swiftc -parse-as-library -module-name Heightmap -Onone @/Users/admin/builder/spi-builder-workspace/.derivedData/Build/Intermediates.noindex/Heightmap.build/Debug-appletvos/Heightmap-t.build/Objects-normal/arm64/Heightmap.SwiftFileList -DSWIFT_PACKAGE -DDEBUG -DSWIFT_MODULE_RESOURCE_BUNDLE_UNAVAILABLE -DXcode -enable-experimental-feature StrictConcurrency -enable-upcoming-feature ExistentialAny -enable-experimental-feature AccessLevelOnImport -enable-upcoming-feature InternalImportsByDefault -plugin-path /Applications/Xcode-27.0.0-Release.Candidate.app/Contents/Developer/Toolchains/XcodeDefault.xctoolchain/usr/lib/swift/host/plugins/testing -enable-experimental-feature DebugDescriptionMacro -sdk /Applications/Xcode-27.0.0-Release.Candidate.app/Contents/Developer/Platforms/AppleTVOS.platform/Developer/SDKs/AppleTVOS27.0.sdk -target arm64-apple-tvos16.0 -g -module-cache-path /Users/admin/builder/spi-builder-workspace/.derivedData/ModuleCache.noindex -Xfrontend -serialize-debugging-options -profile-coverage-mapping -profile-generate -enable-testing -suppress-warnings -index-store-path /Users/admin/builder/spi-builder-workspace/.derivedData/Index.noindex/DataStore -Xcc -D_LIBCPP_HARDENING_MODE\=_LIBCPP_HARDENING_MODE_DEBUG -swift-version 5 -I /Users/admin/builder/spi-builder-workspace/.derivedData/Build/Products/Debug-appletvos -Isystem /Applications/Xcode-27.0.0-Release.Candidate.app/Contents/Developer/Platforms/AppleTVOS.platform/Developer/usr/lib -F /Users/admin/builder/spi-builder-workspace/.derivedData/Build/Products/Debug-appletvos -F /Applications/Xcode-27.0.0-Release.Candidate.app/Contents/Developer/Platforms/AppleTVOS.platform/Developer/Library/Frameworks -F /Applications/Xcode-27.0.0-Release.Candidate.app/Contents/Developer/Platforms/AppleTVOS.platform/Developer/SDKs/AppleTVOS27.0.sdk/Developer/Library/Frameworks -c -j10 -enable-batch-mode -incremental -Xcc -ivfsstatcache -Xcc /Users/admin/builder/spi-builder-workspace/.derivedData/SDKStatCaches.noindex/appletvos27.0-24J360-e829b21a6f8c9b70876ba0858053c044b32bfd8d43560033f8d89884cdb90028.sdkstatcache -output-file-map /Users/admin/builder/spi-builder-workspace/.derivedData/Build/Intermediates.noindex/Heightmap.build/Debug-appletvos/Heightmap-t.build/Objects-normal/arm64/Heightmap-OutputFileMap.json -save-temps -no-color-diagnostics -explicit-module-build -module-cache-path /Users/admin/builder/spi-builder-workspace/.derivedData/Build/Intermediates.noindex/SwiftExplicitPrecompiledModules -clang-scanner-module-cache-path /Users/admin/builder/spi-builder-workspace/.derivedData/ModuleCache.noindex -sdk-module-cache-path /Users/admin/builder/spi-builder-workspace/.derivedData/SDKExplicitPrecompiledModules -emit-dependencies -emit-module -emit-module-path /Users/admin/builder/spi-builder-workspace/.derivedData/Build/Intermediates.noindex/Heightmap.build/Debug-appletvos/Heightmap-t.build/Objects-normal/arm64/Heightmap.swiftmodule -serialize-diagnostics -dependency-scan-serialize-diagnostics-path /Users/admin/builder/spi-builder-workspace/.derivedData/Build/Intermediates.noindex/Heightmap.build/Debug-appletvos/Heightmap-t.build/Objects-normal/arm64/Heightmap-dependency-scan.dia -validate-clang-modules-once -clang-build-session-file /Users/admin/builder/spi-builder-workspace/.derivedData/ModuleCache.noindex/Session.modulevalidation -Xcc -fmodules-prune-interval\=86400 -Xcc -fmodules-prune-after\=345600 -emit-const-values -const-gather-protocols-list /Users/admin/builder/spi-builder-workspace/.derivedData/Build/Intermediates.noindex/Heightmap.build/Debug-appletvos/Heightmap-t.build/Objects-normal/arm64/Heightmap_const_extract_protocols.json -Xcc -I/Users/admin/builder/spi-builder-workspace/.derivedData/Build/Products/Debug-appletvos/include -Xcc -I/Users/admin/builder/spi-builder-workspace/.derivedData/Build/Intermediates.noindex/Heightmap.build/Debug-appletvos/Heightmap-t.build/DerivedSources-normal/arm64 -Xcc -I/Users/admin/builder/spi-builder-workspace/.derivedData/Build/Intermediates.noindex/Heightmap.build/Debug-appletvos/Heightmap-t.build/DerivedSources/arm64 -Xcc -I/Users/admin/builder/spi-builder-workspace/.derivedData/Build/Intermediates.noindex/Heightmap.build/Debug-appletvos/Heightmap-t.build/DerivedSources -Xcc -DSWIFT_PACKAGE -Xcc -DDEBUG\=1 -emit-objc-header -emit-objc-header-path /Users/admin/builder/spi-builder-workspace/.derivedData/Build/Intermediates.noindex/Heightmap.build/Debug-appletvos/Heightmap-t.build/Objects-normal/arm64/Heightmap-Swift.h -working-directory /Users/admin/builder/spi-builder-workspace/.swiftpm/xcode -experimental-emit-module-separately -disable-cmo
SwiftMergeGeneratedHeaders /Users/admin/builder/spi-builder-workspace/.derivedData/Build/Intermediates.noindex/GeneratedModuleMaps-appletvos/Heightmap-Swift.h /Users/admin/builder/spi-builder-workspace/.derivedData/Build/Intermediates.noindex/Heightmap.build/Debug-appletvos/Heightmap-t.build/Objects-normal/arm64/Heightmap-Swift.h (in target 'Heightmap' from project 'Heightmap')
cd /Users/admin/builder/spi-builder-workspace/.dependencies/checkouts/Heightmap
builtin-swiftHeaderTool -arch arm64 /Users/admin/builder/spi-builder-workspace/.derivedData/Build/Intermediates.noindex/Heightmap.build/Debug-appletvos/Heightmap-t.build/Objects-normal/arm64/Heightmap-Swift.h -o /Users/admin/builder/spi-builder-workspace/.derivedData/Build/Intermediates.noindex/GeneratedModuleMaps-appletvos/Heightmap-Swift.h
Copy /Users/admin/builder/spi-builder-workspace/.derivedData/Build/Products/Debug-appletvos/Heightmap.swiftmodule/arm64-apple-tvos.swiftdoc /Users/admin/builder/spi-builder-workspace/.derivedData/Build/Intermediates.noindex/Heightmap.build/Debug-appletvos/Heightmap-t.build/Objects-normal/arm64/Heightmap.swiftdoc (in target 'Heightmap' from project 'Heightmap')
cd /Users/admin/builder/spi-builder-workspace/.dependencies/checkouts/Heightmap
builtin-copy -exclude .DS_Store -exclude CVS -exclude .svn -exclude .git -exclude .hg -resolve-src-symlinks -rename /Users/admin/builder/spi-builder-workspace/.derivedData/Build/Intermediates.noindex/Heightmap.build/Debug-appletvos/Heightmap-t.build/Objects-normal/arm64/Heightmap.swiftdoc /Users/admin/builder/spi-builder-workspace/.derivedData/Build/Products/Debug-appletvos/Heightmap.swiftmodule/arm64-apple-tvos.swiftdoc
Copy /Users/admin/builder/spi-builder-workspace/.derivedData/Build/Products/Debug-appletvos/Heightmap.swiftmodule/arm64-apple-tvos.abi.json /Users/admin/builder/spi-builder-workspace/.derivedData/Build/Intermediates.noindex/Heightmap.build/Debug-appletvos/Heightmap-t.build/Objects-normal/arm64/Heightmap.abi.json (in target 'Heightmap' from project 'Heightmap')
cd /Users/admin/builder/spi-builder-workspace/.dependencies/checkouts/Heightmap
builtin-copy -exclude .DS_Store -exclude CVS -exclude .svn -exclude .git -exclude .hg -resolve-src-symlinks -rename /Users/admin/builder/spi-builder-workspace/.derivedData/Build/Intermediates.noindex/Heightmap.build/Debug-appletvos/Heightmap-t.build/Objects-normal/arm64/Heightmap.abi.json /Users/admin/builder/spi-builder-workspace/.derivedData/Build/Products/Debug-appletvos/Heightmap.swiftmodule/arm64-apple-tvos.abi.json
Copy /Users/admin/builder/spi-builder-workspace/.derivedData/Build/Products/Debug-appletvos/Heightmap.swiftmodule/arm64-apple-tvos.swiftmodule /Users/admin/builder/spi-builder-workspace/.derivedData/Build/Intermediates.noindex/Heightmap.build/Debug-appletvos/Heightmap-t.build/Objects-normal/arm64/Heightmap.swiftmodule (in target 'Heightmap' from project 'Heightmap')
cd /Users/admin/builder/spi-builder-workspace/.dependencies/checkouts/Heightmap
builtin-copy -exclude .DS_Store -exclude CVS -exclude .svn -exclude .git -exclude .hg -resolve-src-symlinks -rename /Users/admin/builder/spi-builder-workspace/.derivedData/Build/Intermediates.noindex/Heightmap.build/Debug-appletvos/Heightmap-t.build/Objects-normal/arm64/Heightmap.swiftmodule /Users/admin/builder/spi-builder-workspace/.derivedData/Build/Products/Debug-appletvos/Heightmap.swiftmodule/arm64-apple-tvos.swiftmodule
Copy /Users/admin/builder/spi-builder-workspace/.derivedData/Build/Products/Debug-appletvos/Heightmap.swiftmodule/Project/arm64-apple-tvos.swiftsourceinfo /Users/admin/builder/spi-builder-workspace/.derivedData/Build/Intermediates.noindex/Heightmap.build/Debug-appletvos/Heightmap-t.build/Objects-normal/arm64/Heightmap.swiftsourceinfo (in target 'Heightmap' from project 'Heightmap')
cd /Users/admin/builder/spi-builder-workspace/.dependencies/checkouts/Heightmap
builtin-copy -exclude .DS_Store -exclude CVS -exclude .svn -exclude .git -exclude .hg -resolve-src-symlinks -rename /Users/admin/builder/spi-builder-workspace/.derivedData/Build/Intermediates.noindex/Heightmap.build/Debug-appletvos/Heightmap-t.build/Objects-normal/arm64/Heightmap.swiftsourceinfo /Users/admin/builder/spi-builder-workspace/.derivedData/Build/Products/Debug-appletvos/Heightmap.swiftmodule/Project/arm64-apple-tvos.swiftsourceinfo
SwiftExplicitDependencyGeneratePcm arm64 /Users/admin/builder/spi-builder-workspace/.derivedData/SDKExplicitPrecompiledModules/_Builtin_stdarg-719DH4G2R3NRP3HRX5HE8WX08.pcm
SwiftExplicitDependencyGeneratePcm arm64 /Users/admin/builder/spi-builder-workspace/.derivedData/SDKExplicitPrecompiledModules/_Builtin_float-3RF4B70MBHPP952AX3GNZ8W3H.pcm
SwiftExplicitDependencyGeneratePcm arm64 /Users/admin/builder/spi-builder-workspace/.derivedData/SDKExplicitPrecompiledModules/_Builtin_stddef-1MAO6P3OSQFGZFQEPM31XXNSS.pcm
SwiftExplicitDependencyGeneratePcm arm64 /Users/admin/builder/spi-builder-workspace/.derivedData/SDKExplicitPrecompiledModules/ptrauth-EMKXYE8GN9BK4M3ODSTVDUJU2.pcm
SwiftExplicitDependencyGeneratePcm arm64 /Users/admin/builder/spi-builder-workspace/.derivedData/SDKExplicitPrecompiledModules/_AvailabilityInternal-99L1JVU5TYE8S0FGGB7E09QQS.pcm
SwiftExplicitDependencyGeneratePcm arm64 /Users/admin/builder/spi-builder-workspace/.derivedData/SDKExplicitPrecompiledModules/_Builtin_stdbool-4UUPXTY52W6RPSB0N2WGGLTJT.pcm
SwiftExplicitDependencyGeneratePcm arm64 /Users/admin/builder/spi-builder-workspace/.derivedData/SDKExplicitPrecompiledModules/_SwiftConcurrencyShims-3HZGHPZQL3GY71QUHDRB0P39S.pcm
SwiftExplicitDependencyGeneratePcm arm64 /Users/admin/builder/spi-builder-workspace/.derivedData/SDKExplicitPrecompiledModules/SwiftShims-73G9EXEO9PVWB6PL1BR4TAJ0B.pcm
SwiftExplicitDependencyGeneratePcm arm64 /Users/admin/builder/spi-builder-workspace/.derivedData/SDKExplicitPrecompiledModules/ptrcheck-BA65H1NXYZJ0BLLWO9HZOAZ6Y.pcm
SwiftDriverJobDiscovery normal arm64 Compiling Heightmap+normalize.swift (in target 'Heightmap' from project 'Heightmap')
SwiftDriverJobDiscovery normal arm64 Compiling Array+normalizeUnitValues.swift (in target 'Heightmap' from project 'Heightmap')
SwiftDriverJobDiscovery normal arm64 Compiling XZIndex.swift (in target 'Heightmap' from project 'Heightmap')
SwiftDriverJobDiscovery normal arm64 Compiling Heightmap.swift (in target 'Heightmap' from project 'Heightmap')
SwiftDriver\ Compilation Heightmap normal arm64 com.apple.xcode.tools.swift.compiler (in target 'Heightmap' from project 'Heightmap')
cd /Users/admin/builder/spi-builder-workspace/.swiftpm/xcode
builtin-Swift-Compilation -- /Applications/Xcode-27.0.0-Release.Candidate.app/Contents/Developer/Toolchains/XcodeDefault.xctoolchain/usr/bin/swiftc -parse-as-library -module-name Heightmap -Onone @/Users/admin/builder/spi-builder-workspace/.derivedData/Build/Intermediates.noindex/Heightmap.build/Debug-appletvos/Heightmap-t.build/Objects-normal/arm64/Heightmap.SwiftFileList -DSWIFT_PACKAGE -DDEBUG -DSWIFT_MODULE_RESOURCE_BUNDLE_UNAVAILABLE -DXcode -enable-experimental-feature StrictConcurrency -enable-upcoming-feature ExistentialAny -enable-experimental-feature AccessLevelOnImport -enable-upcoming-feature InternalImportsByDefault -plugin-path /Applications/Xcode-27.0.0-Release.Candidate.app/Contents/Developer/Toolchains/XcodeDefault.xctoolchain/usr/lib/swift/host/plugins/testing -enable-experimental-feature DebugDescriptionMacro -sdk /Applications/Xcode-27.0.0-Release.Candidate.app/Contents/Developer/Platforms/AppleTVOS.platform/Developer/SDKs/AppleTVOS27.0.sdk -target arm64-apple-tvos16.0 -g -module-cache-path /Users/admin/builder/spi-builder-workspace/.derivedData/ModuleCache.noindex -Xfrontend -serialize-debugging-options -profile-coverage-mapping -profile-generate -enable-testing -suppress-warnings -index-store-path /Users/admin/builder/spi-builder-workspace/.derivedData/Index.noindex/DataStore -Xcc -D_LIBCPP_HARDENING_MODE\=_LIBCPP_HARDENING_MODE_DEBUG -swift-version 5 -I /Users/admin/builder/spi-builder-workspace/.derivedData/Build/Products/Debug-appletvos -Isystem /Applications/Xcode-27.0.0-Release.Candidate.app/Contents/Developer/Platforms/AppleTVOS.platform/Developer/usr/lib -F /Users/admin/builder/spi-builder-workspace/.derivedData/Build/Products/Debug-appletvos -F /Applications/Xcode-27.0.0-Release.Candidate.app/Contents/Developer/Platforms/AppleTVOS.platform/Developer/Library/Frameworks -F /Applications/Xcode-27.0.0-Release.Candidate.app/Contents/Developer/Platforms/AppleTVOS.platform/Developer/SDKs/AppleTVOS27.0.sdk/Developer/Library/Frameworks -c -j10 -enable-batch-mode -incremental -Xcc -ivfsstatcache -Xcc /Users/admin/builder/spi-builder-workspace/.derivedData/SDKStatCaches.noindex/appletvos27.0-24J360-e829b21a6f8c9b70876ba0858053c044b32bfd8d43560033f8d89884cdb90028.sdkstatcache -output-file-map /Users/admin/builder/spi-builder-workspace/.derivedData/Build/Intermediates.noindex/Heightmap.build/Debug-appletvos/Heightmap-t.build/Objects-normal/arm64/Heightmap-OutputFileMap.json -save-temps -no-color-diagnostics -explicit-module-build -module-cache-path /Users/admin/builder/spi-builder-workspace/.derivedData/Build/Intermediates.noindex/SwiftExplicitPrecompiledModules -clang-scanner-module-cache-path /Users/admin/builder/spi-builder-workspace/.derivedData/ModuleCache.noindex -sdk-module-cache-path /Users/admin/builder/spi-builder-workspace/.derivedData/SDKExplicitPrecompiledModules -emit-dependencies -emit-module -emit-module-path /Users/admin/builder/spi-builder-workspace/.derivedData/Build/Intermediates.noindex/Heightmap.build/Debug-appletvos/Heightmap-t.build/Objects-normal/arm64/Heightmap.swiftmodule -serialize-diagnostics -dependency-scan-serialize-diagnostics-path /Users/admin/builder/spi-builder-workspace/.derivedData/Build/Intermediates.noindex/Heightmap.build/Debug-appletvos/Heightmap-t.build/Objects-normal/arm64/Heightmap-dependency-scan.dia -validate-clang-modules-once -clang-build-session-file /Users/admin/builder/spi-builder-workspace/.derivedData/ModuleCache.noindex/Session.modulevalidation -Xcc -fmodules-prune-interval\=86400 -Xcc -fmodules-prune-after\=345600 -emit-const-values -const-gather-protocols-list /Users/admin/builder/spi-builder-workspace/.derivedData/Build/Intermediates.noindex/Heightmap.build/Debug-appletvos/Heightmap-t.build/Objects-normal/arm64/Heightmap_const_extract_protocols.json -Xcc -I/Users/admin/builder/spi-builder-workspace/.derivedData/Build/Products/Debug-appletvos/include -Xcc -I/Users/admin/builder/spi-builder-workspace/.derivedData/Build/Intermediates.noindex/Heightmap.build/Debug-appletvos/Heightmap-t.build/DerivedSources-normal/arm64 -Xcc -I/Users/admin/builder/spi-builder-workspace/.derivedData/Build/Intermediates.noindex/Heightmap.build/Debug-appletvos/Heightmap-t.build/DerivedSources/arm64 -Xcc -I/Users/admin/builder/spi-builder-workspace/.derivedData/Build/Intermediates.noindex/Heightmap.build/Debug-appletvos/Heightmap-t.build/DerivedSources -Xcc -DSWIFT_PACKAGE -Xcc -DDEBUG\=1 -emit-objc-header -emit-objc-header-path /Users/admin/builder/spi-builder-workspace/.derivedData/Build/Intermediates.noindex/Heightmap.build/Debug-appletvos/Heightmap-t.build/Objects-normal/arm64/Heightmap-Swift.h -working-directory /Users/admin/builder/spi-builder-workspace/.swiftpm/xcode -experimental-emit-module-separately -disable-cmo
SwiftExplicitDependencyGeneratePcm arm64 /Users/admin/builder/spi-builder-workspace/.derivedData/SDKExplicitPrecompiledModules/_DarwinFoundation1-90NUFDXQ765U5FR62173FT21A.pcm
Ld /Users/admin/builder/spi-builder-workspace/.derivedData/Build/Products/Debug-appletvos/Heightmap.o normal (in target 'Heightmap' from project 'Heightmap')
cd /Users/admin/builder/spi-builder-workspace/.dependencies/checkouts/Heightmap
/Applications/Xcode-27.0.0-Release.Candidate.app/Contents/Developer/Toolchains/XcodeDefault.xctoolchain/usr/bin/clang -Xlinker -reproducible -target arm64-apple-tvos16.0 -r -isysroot /Applications/Xcode-27.0.0-Release.Candidate.app/Contents/Developer/Platforms/AppleTVOS.platform/Developer/SDKs/AppleTVOS27.0.sdk -O0 -w -Xlinker -no_warn_duplicate_libraries -F/Users/admin/builder/spi-builder-workspace/.derivedData/Build/Intermediates.noindex/EagerLinkingTBDs/Debug-appletvos -F/Users/admin/builder/spi-builder-workspace/.derivedData/Build/Products/Debug-appletvos -iframework /Applications/Xcode-27.0.0-Release.Candidate.app/Contents/Developer/Platforms/AppleTVOS.platform/Developer/Library/Frameworks -iframework /Applications/Xcode-27.0.0-Release.Candidate.app/Contents/Developer/Platforms/AppleTVOS.platform/Developer/SDKs/AppleTVOS27.0.sdk/Developer/Library/Frameworks -filelist /Users/admin/builder/spi-builder-workspace/.derivedData/Build/Intermediates.noindex/Heightmap.build/Debug-appletvos/Heightmap-t.build/Objects-normal/arm64/Heightmap.LinkFileList -nostdlib -Xlinker -object_path_lto -Xlinker /Users/admin/builder/spi-builder-workspace/.derivedData/Build/Intermediates.noindex/Heightmap.build/Debug-appletvos/Heightmap-t.build/Objects-normal/arm64/Heightmap_lto.o -Xlinker -no_deduplicate -Xlinker -debug_variant -Xlinker -dependency_info -Xlinker /Users/admin/builder/spi-builder-workspace/.derivedData/Build/Intermediates.noindex/Heightmap.build/Debug-appletvos/Heightmap-t.build/Objects-normal/arm64/Heightmap_dependency_info.dat -fobjc-link-runtime -L/Applications/Xcode-27.0.0-Release.Candidate.app/Contents/Developer/Toolchains/XcodeDefault.xctoolchain/usr/lib/swift/appletvos -L/usr/lib/swift -Xlinker -add_ast_path -Xlinker /Users/admin/builder/spi-builder-workspace/.derivedData/Build/Intermediates.noindex/Heightmap.build/Debug-appletvos/Heightmap-t.build/Objects-normal/arm64/Heightmap.swiftmodule -o /Users/admin/builder/spi-builder-workspace/.derivedData/Build/Products/Debug-appletvos/Heightmap.o
ExtractAppIntentsMetadata (in target 'Heightmap' from project 'Heightmap')
cd /Users/admin/builder/spi-builder-workspace/.dependencies/checkouts/Heightmap
/Applications/Xcode-27.0.0-Release.Candidate.app/Contents/Developer/Toolchains/XcodeDefault.xctoolchain/usr/bin/appintentsmetadataprocessor --toolchain-dir /var/run/com.apple.security.cryptexd/mnt/com.apple.MobileAsset.MetalToolchain-v27.1.266.1.2rhCBH/Metal.xctoolchain --module-name Heightmap --sdk-root /Applications/Xcode-27.0.0-Release.Candidate.app/Contents/Developer/Platforms/AppleTVOS.platform/Developer/SDKs/AppleTVOS27.0.sdk --xcode-version 27A266a --platform-family tvOS --deployment-target 16.0 --bundle-identifier heightmap.Heightmap --output /Users/admin/builder/spi-builder-workspace/.derivedData/Build/Products/Debug-appletvos/Heightmap.appintents --target-triple arm64-apple-tvos16.0 --binary-file /Users/admin/builder/spi-builder-workspace/.derivedData/Build/Products/Debug-appletvos/Heightmap.o --dependency-file /Users/admin/builder/spi-builder-workspace/.derivedData/Build/Intermediates.noindex/Heightmap.build/Debug-appletvos/Heightmap-t.build/Objects-normal/arm64/Heightmap_dependency_info.dat --stringsdata-file /Users/admin/builder/spi-builder-workspace/.derivedData/Build/Intermediates.noindex/Heightmap.build/Debug-appletvos/Heightmap-t.build/Objects-normal/arm64/ExtractedAppShortcutsMetadata.stringsdata --source-file-list /Users/admin/builder/spi-builder-workspace/.derivedData/Build/Intermediates.noindex/Heightmap.build/Debug-appletvos/Heightmap-t.build/Objects-normal/arm64/Heightmap.SwiftFileList --metadata-file-list /Users/admin/builder/spi-builder-workspace/.derivedData/Build/Intermediates.noindex/Heightmap.build/Debug-appletvos/Heightmap-t.build/Heightmap.DependencyMetadataFileList --static-metadata-file-list /Users/admin/builder/spi-builder-workspace/.derivedData/Build/Intermediates.noindex/Heightmap.build/Debug-appletvos/Heightmap-t.build/Heightmap.DependencyStaticMetadataFileList --swift-const-vals-list /Users/admin/builder/spi-builder-workspace/.derivedData/Build/Intermediates.noindex/Heightmap.build/Debug-appletvos/Heightmap-t.build/Objects-normal/arm64/Heightmap.SwiftConstValuesFileList --force --compile-time-extraction --deployment-aware-processing --no-app-shortcuts-localization
2026-09-21 09:10:16.985 appintentsmetadataprocessor[1111:6508] Starting appintentsmetadataprocessor export
2026-09-21 09:10:17.074 appintentsmetadataprocessor[1111:6508] Extracted no relevant App Intents symbols, skipping writing output
SwiftExplicitDependencyGeneratePcm arm64 /Users/admin/builder/spi-builder-workspace/.derivedData/SDKExplicitPrecompiledModules/_Builtin_limits-3JICJWOCEYXXXNXAMEJBF6UQN.pcm
SwiftExplicitDependencyGeneratePcm arm64 /Users/admin/builder/spi-builder-workspace/.derivedData/SDKExplicitPrecompiledModules/_DarwinFoundation2-EPKSYG5WMVE7WSPFQB4C0UC59.pcm
SwiftExplicitDependencyGeneratePcm arm64 /Users/admin/builder/spi-builder-workspace/.derivedData/SDKExplicitPrecompiledModules/_Builtin_stdint-A8OKY0NXO26BZ4GWYKP79TKL9.pcm
SwiftExplicitDependencyGeneratePcm arm64 /Users/admin/builder/spi-builder-workspace/.derivedData/SDKExplicitPrecompiledModules/sys_types-CATSGLJDZ8UZUMKHO6M4I4PJT.pcm
SwiftExplicitDependencyGeneratePcm arm64 /Users/admin/builder/spi-builder-workspace/.derivedData/SDKExplicitPrecompiledModules/string_h-B6D36UOVIZC2Y0YE3KEZLZAP6.pcm
SwiftExplicitDependencyGeneratePcm arm64 /Users/admin/builder/spi-builder-workspace/.derivedData/SDKExplicitPrecompiledModules/_Builtin_stdatomic-71DQV8BR56LNANL900GGEC9KO.pcm
SwiftExplicitDependencyGeneratePcm arm64 /Users/admin/builder/spi-builder-workspace/.derivedData/SDKExplicitPrecompiledModules/_DarwinFoundation3-63L5I5VCGX6CLI6HI7OWUXJN6.pcm
SwiftExplicitDependencyGeneratePcm arm64 /Users/admin/builder/spi-builder-workspace/.derivedData/SDKExplicitPrecompiledModules/_Builtin_inttypes-80RS02PM2X81SP8N0Q7X05540.pcm
SwiftExplicitDependencyGeneratePcm arm64 /Users/admin/builder/spi-builder-workspace/.derivedData/SDKExplicitPrecompiledModules/Darwin-1VTILT8KA42CNDAUB0H1FM7MC.pcm
SwiftExplicitDependencyGeneratePcm arm64 /Users/admin/builder/spi-builder-workspace/.derivedData/SDKExplicitPrecompiledModules/ObjectiveC-CC0BYHG21IQMMT48PGDNSK7G6.pcm
SwiftExplicitDependencyGeneratePcm arm64 /Users/admin/builder/spi-builder-workspace/.derivedData/SDKExplicitPrecompiledModules/MachO-A5KLTMTLJD1DPHEYPZHUSRJ4O.pcm
SwiftExplicitDependencyGeneratePcm arm64 /Users/admin/builder/spi-builder-workspace/.derivedData/SDKExplicitPrecompiledModules/os_object-1TJLDNS7X3UT7Y5TM4QQ2RN6G.pcm
SwiftExplicitDependencyGeneratePcm arm64 /Users/admin/builder/spi-builder-workspace/.derivedData/SDKExplicitPrecompiledModules/os_workgroup-E61GF9E8FAHZGKXVOV9QHUD27.pcm
SwiftExplicitDependencyGeneratePcm arm64 /Users/admin/builder/spi-builder-workspace/.derivedData/SDKExplicitPrecompiledModules/Dispatch-F564M6B2H1RRD83XZ8EBWFSHE.pcm
SwiftExplicitDependencyGeneratePcm arm64 /Users/admin/builder/spi-builder-workspace/.derivedData/SDKExplicitPrecompiledModules/XPC-2WVXL0UION0MYZOZAJZC6DUXD.pcm
SwiftExplicitDependencyGeneratePcm arm64 /Users/admin/builder/spi-builder-workspace/.derivedData/SDKExplicitPrecompiledModules/CoreFoundation-A4LOYEEJIFQKOPZRDOG9M3N2K.pcm
SwiftExplicitDependencyGeneratePcm arm64 /Users/admin/builder/spi-builder-workspace/.derivedData/SDKExplicitPrecompiledModules/os-4NLIUP5HHN7FW5ML70YLEU8QE.pcm
SwiftExplicitDependencyGeneratePcm arm64 /Users/admin/builder/spi-builder-workspace/.derivedData/SDKExplicitPrecompiledModules/Security-6KU6X9W8QDIJW83JUF0DRES83.pcm
SwiftExplicitDependencyGeneratePcm arm64 /Users/admin/builder/spi-builder-workspace/.derivedData/SDKExplicitPrecompiledModules/CFNetwork-8S7XZ5SI3TWM2JOZPDZPRY8W9.pcm
SwiftExplicitDependencyGeneratePcm arm64 /Users/admin/builder/spi-builder-workspace/.derivedData/SDKExplicitPrecompiledModules/Foundation-1AS5K10MY6XENLLR2NDUCKYTM.pcm
SwiftEmitModule normal arm64 Emitting\ module\ for\ IssueReporting (in target 'IssueReporting' from project 'swift-issue-reporting')
SwiftCompile normal arm64 (in target 'IssueReporting' from project 'swift-issue-reporting')
cd /Users/admin/builder/spi-builder-workspace/.swiftpm/xcode
SwiftCompile normal arm64 Compiling\ TestContext.swift,\ Unimplemented.swift /Users/admin/builder/spi-builder-workspace/.dependencies/checkouts/swift-issue-reporting/Sources/IssueReporting/TestContext.swift /Users/admin/builder/spi-builder-workspace/.dependencies/checkouts/swift-issue-reporting/Sources/IssueReporting/Unimplemented.swift (in target 'IssueReporting' from project 'swift-issue-reporting')
SwiftCompile normal arm64 /Users/admin/builder/spi-builder-workspace/.dependencies/checkouts/swift-issue-reporting/Sources/IssueReporting/TestContext.swift (in target 'IssueReporting' from project 'swift-issue-reporting')
cd /Users/admin/builder/spi-builder-workspace/.swiftpm/xcode
builtin-SwiftPerFileCompile TestContext.swift
SwiftCompile normal arm64 /Users/admin/builder/spi-builder-workspace/.dependencies/checkouts/swift-issue-reporting/Sources/IssueReporting/Unimplemented.swift (in target 'IssueReporting' from project 'swift-issue-reporting')
cd /Users/admin/builder/spi-builder-workspace/.swiftpm/xcode
builtin-SwiftPerFileCompile Unimplemented.swift
SwiftCompile normal arm64 Compiling\ ReportIssue.swift,\ _Test.swift /Users/admin/builder/spi-builder-workspace/.dependencies/checkouts/swift-issue-reporting/Sources/IssueReporting/ReportIssue.swift /Users/admin/builder/spi-builder-workspace/.dependencies/checkouts/swift-issue-reporting/Sources/IssueReporting/Symbolic\ Links/IssueReportingPackageSupport/_Test.swift (in target 'IssueReporting' from project 'swift-issue-reporting')
SwiftCompile normal arm64 /Users/admin/builder/spi-builder-workspace/.dependencies/checkouts/swift-issue-reporting/Sources/IssueReporting/ReportIssue.swift (in target 'IssueReporting' from project 'swift-issue-reporting')
cd /Users/admin/builder/spi-builder-workspace/.swiftpm/xcode
builtin-SwiftPerFileCompile ReportIssue.swift
SwiftCompile normal arm64 /Users/admin/builder/spi-builder-workspace/.dependencies/checkouts/swift-issue-reporting/Sources/IssueReporting/Symbolic\ Links/IssueReportingPackageSupport/_Test.swift (in target 'IssueReporting' from project 'swift-issue-reporting')
cd /Users/admin/builder/spi-builder-workspace/.swiftpm/xcode
builtin-SwiftPerFileCompile _Test.swift
SwiftCompile normal arm64 Compiling\ WithIssueContext.swift,\ _WithKnownIssue.swift /Users/admin/builder/spi-builder-workspace/.dependencies/checkouts/swift-issue-reporting/Sources/IssueReporting/WithIssueContext.swift /Users/admin/builder/spi-builder-workspace/.dependencies/checkouts/swift-issue-reporting/Sources/IssueReporting/_WithKnownIssue.swift (in target 'IssueReporting' from project 'swift-issue-reporting')
SwiftCompile normal arm64 /Users/admin/builder/spi-builder-workspace/.dependencies/checkouts/swift-issue-reporting/Sources/IssueReporting/WithIssueContext.swift (in target 'IssueReporting' from project 'swift-issue-reporting')
cd /Users/admin/builder/spi-builder-workspace/.swiftpm/xcode
builtin-SwiftPerFileCompile WithIssueContext.swift
SwiftCompile normal arm64 /Users/admin/builder/spi-builder-workspace/.dependencies/checkouts/swift-issue-reporting/Sources/IssueReporting/_WithKnownIssue.swift (in target 'IssueReporting' from project 'swift-issue-reporting')
cd /Users/admin/builder/spi-builder-workspace/.swiftpm/xcode
builtin-SwiftPerFileCompile _WithKnownIssue.swift
SwiftCompile normal arm64 Compiling\ FatalErrorReporter.swift,\ IssueSeverity.swift /Users/admin/builder/spi-builder-workspace/.dependencies/checkouts/swift-issue-reporting/Sources/IssueReporting/IssueReporters/FatalErrorReporter.swift /Users/admin/builder/spi-builder-workspace/.dependencies/checkouts/swift-issue-reporting/Sources/IssueReporting/IssueSeverity.swift (in target 'IssueReporting' from project 'swift-issue-reporting')
SwiftCompile normal arm64 /Users/admin/builder/spi-builder-workspace/.dependencies/checkouts/swift-issue-reporting/Sources/IssueReporting/IssueReporters/FatalErrorReporter.swift (in target 'IssueReporting' from project 'swift-issue-reporting')
cd /Users/admin/builder/spi-builder-workspace/.swiftpm/xcode
builtin-SwiftPerFileCompile FatalErrorReporter.swift
SwiftCompile normal arm64 /Users/admin/builder/spi-builder-workspace/.dependencies/checkouts/swift-issue-reporting/Sources/IssueReporting/IssueSeverity.swift (in target 'IssueReporting' from project 'swift-issue-reporting')
cd /Users/admin/builder/spi-builder-workspace/.swiftpm/xcode
builtin-SwiftPerFileCompile IssueSeverity.swift
SwiftCompile normal arm64 Compiling\ IsTesting.swift,\ IssueReporter.swift /Users/admin/builder/spi-builder-workspace/.dependencies/checkouts/swift-issue-reporting/Sources/IssueReporting/IsTesting.swift /Users/admin/builder/spi-builder-workspace/.dependencies/checkouts/swift-issue-reporting/Sources/IssueReporting/IssueReporter.swift (in target 'IssueReporting' from project 'swift-issue-reporting')
SwiftCompile normal arm64 /Users/admin/builder/spi-builder-workspace/.dependencies/checkouts/swift-issue-reporting/Sources/IssueReporting/IsTesting.swift (in target 'IssueReporting' from project 'swift-issue-reporting')
cd /Users/admin/builder/spi-builder-workspace/.swiftpm/xcode
builtin-SwiftPerFileCompile IsTesting.swift
SwiftCompile normal arm64 /Users/admin/builder/spi-builder-workspace/.dependencies/checkouts/swift-issue-reporting/Sources/IssueReporting/IssueReporter.swift (in target 'IssueReporting' from project 'swift-issue-reporting')
cd /Users/admin/builder/spi-builder-workspace/.swiftpm/xcode
builtin-SwiftPerFileCompile IssueReporter.swift
SwiftCompile normal arm64 Compiling\ Warn.swift,\ XCTest.swift /Users/admin/builder/spi-builder-workspace/.dependencies/checkouts/swift-issue-reporting/Sources/IssueReporting/Internal/Warn.swift /Users/admin/builder/spi-builder-workspace/.dependencies/checkouts/swift-issue-reporting/Sources/IssueReporting/Internal/XCTest.swift (in target 'IssueReporting' from project 'swift-issue-reporting')
SwiftCompile normal arm64 /Users/admin/builder/spi-builder-workspace/.dependencies/checkouts/swift-issue-reporting/Sources/IssueReporting/Internal/Warn.swift (in target 'IssueReporting' from project 'swift-issue-reporting')
cd /Users/admin/builder/spi-builder-workspace/.swiftpm/xcode
builtin-SwiftPerFileCompile Warn.swift
SwiftCompile normal arm64 /Users/admin/builder/spi-builder-workspace/.dependencies/checkouts/swift-issue-reporting/Sources/IssueReporting/Internal/XCTest.swift (in target 'IssueReporting' from project 'swift-issue-reporting')
cd /Users/admin/builder/spi-builder-workspace/.swiftpm/xcode
builtin-SwiftPerFileCompile XCTest.swift
SwiftCompile normal arm64 Compiling\ Deprecations.swift,\ FailureObserver.swift,\ LockIsolated.swift /Users/admin/builder/spi-builder-workspace/.dependencies/checkouts/swift-issue-reporting/Sources/IssueReporting/Internal/Deprecations.swift /Users/admin/builder/spi-builder-workspace/.dependencies/checkouts/swift-issue-reporting/Sources/IssueReporting/Internal/FailureObserver.swift /Users/admin/builder/spi-builder-workspace/.dependencies/checkouts/swift-issue-reporting/Sources/IssueReporting/Internal/LockIsolated.swift (in target 'IssueReporting' from project 'swift-issue-reporting')
SwiftCompile normal arm64 /Users/admin/builder/spi-builder-workspace/.dependencies/checkouts/swift-issue-reporting/Sources/IssueReporting/Internal/Deprecations.swift (in target 'IssueReporting' from project 'swift-issue-reporting')
cd /Users/admin/builder/spi-builder-workspace/.swiftpm/xcode
builtin-SwiftPerFileCompile Deprecations.swift
SwiftCompile normal arm64 /Users/admin/builder/spi-builder-workspace/.dependencies/checkouts/swift-issue-reporting/Sources/IssueReporting/Internal/FailureObserver.swift (in target 'IssueReporting' from project 'swift-issue-reporting')
cd /Users/admin/builder/spi-builder-workspace/.swiftpm/xcode
builtin-SwiftPerFileCompile FailureObserver.swift
SwiftCompile normal arm64 /Users/admin/builder/spi-builder-workspace/.dependencies/checkouts/swift-issue-reporting/Sources/IssueReporting/Internal/LockIsolated.swift (in target 'IssueReporting' from project 'swift-issue-reporting')
cd /Users/admin/builder/spi-builder-workspace/.swiftpm/xcode
builtin-SwiftPerFileCompile LockIsolated.swift
SwiftCompile normal arm64 Compiling\ ErrorReporting.swift,\ ExpectReportsIssue.swift,\ AppHostWarning.swift /Users/admin/builder/spi-builder-workspace/.dependencies/checkouts/swift-issue-reporting/Sources/IssueReporting/ErrorReporting.swift /Users/admin/builder/spi-builder-workspace/.dependencies/checkouts/swift-issue-reporting/Sources/IssueReporting/ExpectReportsIssue.swift /Users/admin/builder/spi-builder-workspace/.dependencies/checkouts/swift-issue-reporting/Sources/IssueReporting/Internal/AppHostWarning.swift (in target 'IssueReporting' from project 'swift-issue-reporting')
SwiftCompile normal arm64 /Users/admin/builder/spi-builder-workspace/.dependencies/checkouts/swift-issue-reporting/Sources/IssueReporting/ErrorReporting.swift (in target 'IssueReporting' from project 'swift-issue-reporting')
cd /Users/admin/builder/spi-builder-workspace/.swiftpm/xcode
builtin-SwiftPerFileCompile ErrorReporting.swift
SwiftCompile normal arm64 /Users/admin/builder/spi-builder-workspace/.dependencies/checkouts/swift-issue-reporting/Sources/IssueReporting/ExpectReportsIssue.swift (in target 'IssueReporting' from project 'swift-issue-reporting')
cd /Users/admin/builder/spi-builder-workspace/.swiftpm/xcode
builtin-SwiftPerFileCompile ExpectReportsIssue.swift
SwiftCompile normal arm64 /Users/admin/builder/spi-builder-workspace/.dependencies/checkouts/swift-issue-reporting/Sources/IssueReporting/Internal/AppHostWarning.swift (in target 'IssueReporting' from project 'swift-issue-reporting')
cd /Users/admin/builder/spi-builder-workspace/.swiftpm/xcode
builtin-SwiftPerFileCompile AppHostWarning.swift
SwiftCompile normal arm64 Compiling\ Rethrows.swift,\ SwiftTesting.swift,\ UncheckedSendable.swift /Users/admin/builder/spi-builder-workspace/.dependencies/checkouts/swift-issue-reporting/Sources/IssueReporting/Internal/Rethrows.swift /Users/admin/builder/spi-builder-workspace/.dependencies/checkouts/swift-issue-reporting/Sources/IssueReporting/Internal/SwiftTesting.swift /Users/admin/builder/spi-builder-workspace/.dependencies/checkouts/swift-issue-reporting/Sources/IssueReporting/Internal/UncheckedSendable.swift (in target 'IssueReporting' from project 'swift-issue-reporting')
SwiftCompile normal arm64 /Users/admin/builder/spi-builder-workspace/.dependencies/checkouts/swift-issue-reporting/Sources/IssueReporting/Internal/Rethrows.swift (in target 'IssueReporting' from project 'swift-issue-reporting')
cd /Users/admin/builder/spi-builder-workspace/.swiftpm/xcode
builtin-SwiftPerFileCompile Rethrows.swift
SwiftCompile normal arm64 /Users/admin/builder/spi-builder-workspace/.dependencies/checkouts/swift-issue-reporting/Sources/IssueReporting/Internal/SwiftTesting.swift (in target 'IssueReporting' from project 'swift-issue-reporting')
cd /Users/admin/builder/spi-builder-workspace/.swiftpm/xcode
builtin-SwiftPerFileCompile SwiftTesting.swift
SwiftCompile normal arm64 /Users/admin/builder/spi-builder-workspace/.dependencies/checkouts/swift-issue-reporting/Sources/IssueReporting/Internal/UncheckedSendable.swift (in target 'IssueReporting' from project 'swift-issue-reporting')
cd /Users/admin/builder/spi-builder-workspace/.swiftpm/xcode
builtin-SwiftPerFileCompile UncheckedSendable.swift
SwiftCompile normal arm64 Compiling\ BreakpointReporter.swift,\ DefaultReporter.swift /Users/admin/builder/spi-builder-workspace/.dependencies/checkouts/swift-issue-reporting/Sources/IssueReporting/IssueReporters/BreakpointReporter.swift /Users/admin/builder/spi-builder-workspace/.dependencies/checkouts/swift-issue-reporting/Sources/IssueReporting/IssueReporters/DefaultReporter.swift (in target 'IssueReporting' from project 'swift-issue-reporting')
SwiftCompile normal arm64 /Users/admin/builder/spi-builder-workspace/.dependencies/checkouts/swift-issue-reporting/Sources/IssueReporting/IssueReporters/BreakpointReporter.swift (in target 'IssueReporting' from project 'swift-issue-reporting')
cd /Users/admin/builder/spi-builder-workspace/.swiftpm/xcode
builtin-SwiftPerFileCompile BreakpointReporter.swift
SwiftCompile normal arm64 /Users/admin/builder/spi-builder-workspace/.dependencies/checkouts/swift-issue-reporting/Sources/IssueReporting/IssueReporters/DefaultReporter.swift (in target 'IssueReporting' from project 'swift-issue-reporting')
cd /Users/admin/builder/spi-builder-workspace/.swiftpm/xcode
builtin-SwiftPerFileCompile DefaultReporter.swift
SwiftDriverJobDiscovery normal arm64 Compiling FatalErrorReporter.swift, IssueSeverity.swift (in target 'IssueReporting' from project 'swift-issue-reporting')
SwiftDriverJobDiscovery normal arm64 Compiling TestContext.swift, Unimplemented.swift (in target 'IssueReporting' from project 'swift-issue-reporting')
SwiftDriverJobDiscovery normal arm64 Compiling ReportIssue.swift, _Test.swift (in target 'IssueReporting' from project 'swift-issue-reporting')
SwiftDriverJobDiscovery normal arm64 Compiling WithIssueContext.swift, _WithKnownIssue.swift (in target 'IssueReporting' from project 'swift-issue-reporting')
SwiftDriverJobDiscovery normal arm64 Emitting module for IssueReporting (in target 'IssueReporting' from project 'swift-issue-reporting')
SwiftDriver\ Compilation\ Requirements IssueReporting normal arm64 com.apple.xcode.tools.swift.compiler (in target 'IssueReporting' from project 'swift-issue-reporting')
cd /Users/admin/builder/spi-builder-workspace/.swiftpm/xcode
builtin-Swift-Compilation-Requirements -- /Applications/Xcode-27.0.0-Release.Candidate.app/Contents/Developer/Toolchains/XcodeDefault.xctoolchain/usr/bin/swiftc -parse-as-library -module-name IssueReporting -Onone @/Users/admin/builder/spi-builder-workspace/.derivedData/Build/Intermediates.noindex/swift-issue-reporting.build/Debug-appletvos/IssueReporting-t.build/Objects-normal/arm64/IssueReporting.SwiftFileList -DSWIFT_PACKAGE -DDEBUG -DSWIFT_MODULE_RESOURCE_BUNDLE_UNAVAILABLE -DXcode -enable-upcoming-feature ExistentialAny -enable-upcoming-feature ImmutableWeakCaptures -enable-upcoming-feature InferIsolatedConformances -enable-upcoming-feature InternalImportsByDefault -enable-upcoming-feature MemberImportVisibility -enable-upcoming-feature NonisolatedNonsendingByDefault -plugin-path /Applications/Xcode-27.0.0-Release.Candidate.app/Contents/Developer/Toolchains/XcodeDefault.xctoolchain/usr/lib/swift/host/plugins/testing -enable-experimental-feature DebugDescriptionMacro -sdk /Applications/Xcode-27.0.0-Release.Candidate.app/Contents/Developer/Platforms/AppleTVOS.platform/Developer/SDKs/AppleTVOS27.0.sdk -target arm64-apple-tvos15.0 -g -module-cache-path /Users/admin/builder/spi-builder-workspace/.derivedData/ModuleCache.noindex -Xfrontend -serialize-debugging-options -profile-coverage-mapping -profile-generate -enable-testing -suppress-warnings -index-store-path /Users/admin/builder/spi-builder-workspace/.derivedData/Index.noindex/DataStore -Xcc -D_LIBCPP_HARDENING_MODE\=_LIBCPP_HARDENING_MODE_DEBUG -swift-version 6 -I /Users/admin/builder/spi-builder-workspace/.derivedData/Build/Products/Debug-appletvos -Isystem /Applications/Xcode-27.0.0-Release.Candidate.app/Contents/Developer/Platforms/AppleTVOS.platform/Developer/usr/lib -F /Users/admin/builder/spi-builder-workspace/.derivedData/Build/Products/Debug-appletvos -F /Applications/Xcode-27.0.0-Release.Candidate.app/Contents/Developer/Platforms/AppleTVOS.platform/Developer/Library/Frameworks -F /Applications/Xcode-27.0.0-Release.Candidate.app/Contents/Developer/Platforms/AppleTVOS.platform/Developer/SDKs/AppleTVOS27.0.sdk/Developer/Library/Frameworks -c -j10 -enable-batch-mode -incremental -Xcc -ivfsstatcache -Xcc /Users/admin/builder/spi-builder-workspace/.derivedData/SDKStatCaches.noindex/appletvos27.0-24J360-e829b21a6f8c9b70876ba0858053c044b32bfd8d43560033f8d89884cdb90028.sdkstatcache -output-file-map /Users/admin/builder/spi-builder-workspace/.derivedData/Build/Intermediates.noindex/swift-issue-reporting.build/Debug-appletvos/IssueReporting-t.build/Objects-normal/arm64/IssueReporting-OutputFileMap.json -save-temps -no-color-diagnostics -explicit-module-build -module-cache-path /Users/admin/builder/spi-builder-workspace/.derivedData/Build/Intermediates.noindex/SwiftExplicitPrecompiledModules -clang-scanner-module-cache-path /Users/admin/builder/spi-builder-workspace/.derivedData/ModuleCache.noindex -sdk-module-cache-path /Users/admin/builder/spi-builder-workspace/.derivedData/SDKExplicitPrecompiledModules -emit-dependencies -emit-module -emit-module-path /Users/admin/builder/spi-builder-workspace/.derivedData/Build/Intermediates.noindex/swift-issue-reporting.build/Debug-appletvos/IssueReporting-t.build/Objects-normal/arm64/IssueReporting.swiftmodule -serialize-diagnostics -dependency-scan-serialize-diagnostics-path /Users/admin/builder/spi-builder-workspace/.derivedData/Build/Intermediates.noindex/swift-issue-reporting.build/Debug-appletvos/IssueReporting-t.build/Objects-normal/arm64/IssueReporting-dependency-scan.dia -user-module-version 2.1.0 -validate-clang-modules-once -clang-build-session-file /Users/admin/builder/spi-builder-workspace/.derivedData/ModuleCache.noindex/Session.modulevalidation -Xcc -fmodules-prune-interval\=86400 -Xcc -fmodules-prune-after\=345600 -package-name swift_issue_reporting -emit-const-values -const-gather-protocols-list /Users/admin/builder/spi-builder-workspace/.derivedData/Build/Intermediates.noindex/swift-issue-reporting.build/Debug-appletvos/IssueReporting-t.build/Objects-normal/arm64/IssueReporting_const_extract_protocols.json -Xcc -I/Users/admin/builder/spi-builder-workspace/.derivedData/Build/Products/Debug-appletvos/include -Xcc -I/Users/admin/builder/spi-builder-workspace/.derivedData/Build/Intermediates.noindex/swift-issue-reporting.build/Debug-appletvos/IssueReporting-t.build/DerivedSources-normal/arm64 -Xcc -I/Users/admin/builder/spi-builder-workspace/.derivedData/Build/Intermediates.noindex/swift-issue-reporting.build/Debug-appletvos/IssueReporting-t.build/DerivedSources/arm64 -Xcc -I/Users/admin/builder/spi-builder-workspace/.derivedData/Build/Intermediates.noindex/swift-issue-reporting.build/Debug-appletvos/IssueReporting-t.build/DerivedSources -Xcc -DSWIFT_PACKAGE -Xcc -DDEBUG\=1 -emit-objc-header -emit-objc-header-path /Users/admin/builder/spi-builder-workspace/.derivedData/Build/Intermediates.noindex/swift-issue-reporting.build/Debug-appletvos/IssueReporting-t.build/Objects-normal/arm64/IssueReporting-Swift.h -working-directory /Users/admin/builder/spi-builder-workspace/.swiftpm/xcode -experimental-emit-module-separately -disable-cmo
SwiftMergeGeneratedHeaders /Users/admin/builder/spi-builder-workspace/.derivedData/Build/Intermediates.noindex/GeneratedModuleMaps-appletvos/IssueReporting-Swift.h /Users/admin/builder/spi-builder-workspace/.derivedData/Build/Intermediates.noindex/swift-issue-reporting.build/Debug-appletvos/IssueReporting-t.build/Objects-normal/arm64/IssueReporting-Swift.h (in target 'IssueReporting' from project 'swift-issue-reporting')
cd /Users/admin/builder/spi-builder-workspace/.dependencies/checkouts/swift-issue-reporting
builtin-swiftHeaderTool -arch arm64 /Users/admin/builder/spi-builder-workspace/.derivedData/Build/Intermediates.noindex/swift-issue-reporting.build/Debug-appletvos/IssueReporting-t.build/Objects-normal/arm64/IssueReporting-Swift.h -o /Users/admin/builder/spi-builder-workspace/.derivedData/Build/Intermediates.noindex/GeneratedModuleMaps-appletvos/IssueReporting-Swift.h
Copy /Users/admin/builder/spi-builder-workspace/.derivedData/Build/Products/Debug-appletvos/IssueReporting.swiftmodule/arm64-apple-tvos.abi.json /Users/admin/builder/spi-builder-workspace/.derivedData/Build/Intermediates.noindex/swift-issue-reporting.build/Debug-appletvos/IssueReporting-t.build/Objects-normal/arm64/IssueReporting.abi.json (in target 'IssueReporting' from project 'swift-issue-reporting')
cd /Users/admin/builder/spi-builder-workspace/.dependencies/checkouts/swift-issue-reporting
builtin-copy -exclude .DS_Store -exclude CVS -exclude .svn -exclude .git -exclude .hg -resolve-src-symlinks -rename /Users/admin/builder/spi-builder-workspace/.derivedData/Build/Intermediates.noindex/swift-issue-reporting.build/Debug-appletvos/IssueReporting-t.build/Objects-normal/arm64/IssueReporting.abi.json /Users/admin/builder/spi-builder-workspace/.derivedData/Build/Products/Debug-appletvos/IssueReporting.swiftmodule/arm64-apple-tvos.abi.json
Copy /Users/admin/builder/spi-builder-workspace/.derivedData/Build/Products/Debug-appletvos/IssueReporting.swiftmodule/arm64-apple-tvos.swiftdoc /Users/admin/builder/spi-builder-workspace/.derivedData/Build/Intermediates.noindex/swift-issue-reporting.build/Debug-appletvos/IssueReporting-t.build/Objects-normal/arm64/IssueReporting.swiftdoc (in target 'IssueReporting' from project 'swift-issue-reporting')
cd /Users/admin/builder/spi-builder-workspace/.dependencies/checkouts/swift-issue-reporting
builtin-copy -exclude .DS_Store -exclude CVS -exclude .svn -exclude .git -exclude .hg -resolve-src-symlinks -rename /Users/admin/builder/spi-builder-workspace/.derivedData/Build/Intermediates.noindex/swift-issue-reporting.build/Debug-appletvos/IssueReporting-t.build/Objects-normal/arm64/IssueReporting.swiftdoc /Users/admin/builder/spi-builder-workspace/.derivedData/Build/Products/Debug-appletvos/IssueReporting.swiftmodule/arm64-apple-tvos.swiftdoc
Copy /Users/admin/builder/spi-builder-workspace/.derivedData/Build/Products/Debug-appletvos/IssueReporting.swiftmodule/arm64-apple-tvos.swiftmodule /Users/admin/builder/spi-builder-workspace/.derivedData/Build/Intermediates.noindex/swift-issue-reporting.build/Debug-appletvos/IssueReporting-t.build/Objects-normal/arm64/IssueReporting.swiftmodule (in target 'IssueReporting' from project 'swift-issue-reporting')
cd /Users/admin/builder/spi-builder-workspace/.dependencies/checkouts/swift-issue-reporting
builtin-copy -exclude .DS_Store -exclude CVS -exclude .svn -exclude .git -exclude .hg -resolve-src-symlinks -rename /Users/admin/builder/spi-builder-workspace/.derivedData/Build/Intermediates.noindex/swift-issue-reporting.build/Debug-appletvos/IssueReporting-t.build/Objects-normal/arm64/IssueReporting.swiftmodule /Users/admin/builder/spi-builder-workspace/.derivedData/Build/Products/Debug-appletvos/IssueReporting.swiftmodule/arm64-apple-tvos.swiftmodule
Copy /Users/admin/builder/spi-builder-workspace/.derivedData/Build/Products/Debug-appletvos/IssueReporting.swiftmodule/Project/arm64-apple-tvos.swiftsourceinfo /Users/admin/builder/spi-builder-workspace/.derivedData/Build/Intermediates.noindex/swift-issue-reporting.build/Debug-appletvos/IssueReporting-t.build/Objects-normal/arm64/IssueReporting.swiftsourceinfo (in target 'IssueReporting' from project 'swift-issue-reporting')
cd /Users/admin/builder/spi-builder-workspace/.dependencies/checkouts/swift-issue-reporting
builtin-copy -exclude .DS_Store -exclude CVS -exclude .svn -exclude .git -exclude .hg -resolve-src-symlinks -rename /Users/admin/builder/spi-builder-workspace/.derivedData/Build/Intermediates.noindex/swift-issue-reporting.build/Debug-appletvos/IssueReporting-t.build/Objects-normal/arm64/IssueReporting.swiftsourceinfo /Users/admin/builder/spi-builder-workspace/.derivedData/Build/Products/Debug-appletvos/IssueReporting.swiftmodule/Project/arm64-apple-tvos.swiftsourceinfo
SwiftDriver _IssueReporting normal arm64 com.apple.xcode.tools.swift.compiler (in target '_IssueReporting' from project 'xctest-dynamic-overlay')
cd /Users/admin/builder/spi-builder-workspace/.swiftpm/xcode
builtin-SwiftDriver -- /Applications/Xcode-27.0.0-Release.Candidate.app/Contents/Developer/Toolchains/XcodeDefault.xctoolchain/usr/bin/swiftc -parse-as-library -module-name _IssueReporting -Onone @/Users/admin/builder/spi-builder-workspace/.derivedData/Build/Intermediates.noindex/xctest-dynamic-overlay.build/Debug-appletvos/_IssueReporting-t.build/Objects-normal/arm64/_IssueReporting.SwiftFileList -DSWIFT_PACKAGE -DDEBUG -DSWIFT_MODULE_RESOURCE_BUNDLE_UNAVAILABLE -DXcode -enable-upcoming-feature ExistentialAny -enable-upcoming-feature ImmutableWeakCaptures -enable-upcoming-feature InferIsolatedConformances -enable-upcoming-feature InternalImportsByDefault -enable-upcoming-feature MemberImportVisibility -enable-upcoming-feature NonisolatedNonsendingByDefault -plugin-path /Applications/Xcode-27.0.0-Release.Candidate.app/Contents/Developer/Toolchains/XcodeDefault.xctoolchain/usr/lib/swift/host/plugins/testing -enable-experimental-feature DebugDescriptionMacro -sdk /Applications/Xcode-27.0.0-Release.Candidate.app/Contents/Developer/Platforms/AppleTVOS.platform/Developer/SDKs/AppleTVOS27.0.sdk -target arm64-apple-tvos15.0 -g -module-cache-path /Users/admin/builder/spi-builder-workspace/.derivedData/ModuleCache.noindex -Xfrontend -serialize-debugging-options -profile-coverage-mapping -profile-generate -enable-testing -suppress-warnings -index-store-path /Users/admin/builder/spi-builder-workspace/.derivedData/Index.noindex/DataStore -Xcc -D_LIBCPP_HARDENING_MODE\=_LIBCPP_HARDENING_MODE_DEBUG -swift-version 6 -I /Users/admin/builder/spi-builder-workspace/.derivedData/Build/Products/Debug-appletvos -Isystem /Applications/Xcode-27.0.0-Release.Candidate.app/Contents/Developer/Platforms/AppleTVOS.platform/Developer/usr/lib -F /Users/admin/builder/spi-builder-workspace/.derivedData/Build/Products/Debug-appletvos/PackageFrameworks -F /Users/admin/builder/spi-builder-workspace/.derivedData/Build/Products/Debug-appletvos -F /Applications/Xcode-27.0.0-Release.Candidate.app/Contents/Developer/Platforms/AppleTVOS.platform/Developer/Library/Frameworks -F /Applications/Xcode-27.0.0-Release.Candidate.app/Contents/Developer/Platforms/AppleTVOS.platform/Developer/SDKs/AppleTVOS27.0.sdk/Developer/Library/Frameworks -c -j10 -enable-batch-mode -incremental -Xcc -ivfsstatcache -Xcc /Users/admin/builder/spi-builder-workspace/.derivedData/SDKStatCaches.noindex/appletvos27.0-24J360-e829b21a6f8c9b70876ba0858053c044b32bfd8d43560033f8d89884cdb90028.sdkstatcache -output-file-map /Users/admin/builder/spi-builder-workspace/.derivedData/Build/Intermediates.noindex/xctest-dynamic-overlay.build/Debug-appletvos/_IssueReporting-t.build/Objects-normal/arm64/_IssueReporting-OutputFileMap.json -save-temps -no-color-diagnostics -explicit-module-build -module-cache-path /Users/admin/builder/spi-builder-workspace/.derivedData/Build/Intermediates.noindex/SwiftExplicitPrecompiledModules -clang-scanner-module-cache-path /Users/admin/builder/spi-builder-workspace/.derivedData/ModuleCache.noindex -sdk-module-cache-path /Users/admin/builder/spi-builder-workspace/.derivedData/SDKExplicitPrecompiledModules -emit-dependencies -emit-module -emit-module-path /Users/admin/builder/spi-builder-workspace/.derivedData/Build/Intermediates.noindex/xctest-dynamic-overlay.build/Debug-appletvos/_IssueReporting-t.build/Objects-normal/arm64/_IssueReporting.swiftmodule -serialize-diagnostics -dependency-scan-serialize-diagnostics-path /Users/admin/builder/spi-builder-workspace/.derivedData/Build/Intermediates.noindex/xctest-dynamic-overlay.build/Debug-appletvos/_IssueReporting-t.build/Objects-normal/arm64/_IssueReporting-dependency-scan.dia -user-module-version 1.13.1 -validate-clang-modules-once -clang-build-session-file /Users/admin/builder/spi-builder-workspace/.derivedData/ModuleCache.noindex/Session.modulevalidation -Xcc -fmodules-prune-interval\=86400 -Xcc -fmodules-prune-after\=345600 -package-name xctest_dynamic_overlay -emit-const-values -const-gather-protocols-list /Users/admin/builder/spi-builder-workspace/.derivedData/Build/Intermediates.noindex/xctest-dynamic-overlay.build/Debug-appletvos/_IssueReporting-t.build/Objects-normal/arm64/_IssueReporting_const_extract_protocols.json -Xcc -I/Users/admin/builder/spi-builder-workspace/.derivedData/Build/Products/Debug-appletvos/include -Xcc -I/Users/admin/builder/spi-builder-workspace/.derivedData/Build/Intermediates.noindex/xctest-dynamic-overlay.build/Debug-appletvos/_IssueReporting-t.build/DerivedSources-normal/arm64 -Xcc -I/Users/admin/builder/spi-builder-workspace/.derivedData/Build/Intermediates.noindex/xctest-dynamic-overlay.build/Debug-appletvos/_IssueReporting-t.build/DerivedSources/arm64 -Xcc -I/Users/admin/builder/spi-builder-workspace/.derivedData/Build/Intermediates.noindex/xctest-dynamic-overlay.build/Debug-appletvos/_IssueReporting-t.build/DerivedSources -Xcc -DSWIFT_PACKAGE -Xcc -DDEBUG\=1 -emit-objc-header -emit-objc-header-path /Users/admin/builder/spi-builder-workspace/.derivedData/Build/Intermediates.noindex/xctest-dynamic-overlay.build/Debug-appletvos/_IssueReporting-t.build/Objects-normal/arm64/_IssueReporting-Swift.h -working-directory /Users/admin/builder/spi-builder-workspace/.swiftpm/xcode -experimental-emit-module-separately -disable-cmo
SwiftEmitModule normal arm64 Emitting\ module\ for\ _IssueReporting (in target '_IssueReporting' from project 'xctest-dynamic-overlay')
SwiftCompile normal arm64 (in target '_IssueReporting' from project 'xctest-dynamic-overlay')
cd /Users/admin/builder/spi-builder-workspace/.swiftpm/xcode
SwiftCompile normal arm64 Compiling\ Exports.swift /Users/admin/builder/spi-builder-workspace/.dependencies/checkouts/xctest-dynamic-overlay/Sources/_IssueReporting/Exports.swift (in target '_IssueReporting' from project 'xctest-dynamic-overlay')
SwiftCompile normal arm64 /Users/admin/builder/spi-builder-workspace/.dependencies/checkouts/xctest-dynamic-overlay/Sources/_IssueReporting/Exports.swift (in target '_IssueReporting' from project 'xctest-dynamic-overlay')
cd /Users/admin/builder/spi-builder-workspace/.swiftpm/xcode
builtin-SwiftPerFileCompile Exports.swift
SwiftDriverJobDiscovery normal arm64 Emitting module for _IssueReporting (in target '_IssueReporting' from project 'xctest-dynamic-overlay')
SwiftDriver\ Compilation\ Requirements _IssueReporting normal arm64 com.apple.xcode.tools.swift.compiler (in target '_IssueReporting' from project 'xctest-dynamic-overlay')
cd /Users/admin/builder/spi-builder-workspace/.swiftpm/xcode
builtin-Swift-Compilation-Requirements -- /Applications/Xcode-27.0.0-Release.Candidate.app/Contents/Developer/Toolchains/XcodeDefault.xctoolchain/usr/bin/swiftc -parse-as-library -module-name _IssueReporting -Onone @/Users/admin/builder/spi-builder-workspace/.derivedData/Build/Intermediates.noindex/xctest-dynamic-overlay.build/Debug-appletvos/_IssueReporting-t.build/Objects-normal/arm64/_IssueReporting.SwiftFileList -DSWIFT_PACKAGE -DDEBUG -DSWIFT_MODULE_RESOURCE_BUNDLE_UNAVAILABLE -DXcode -enable-upcoming-feature ExistentialAny -enable-upcoming-feature ImmutableWeakCaptures -enable-upcoming-feature InferIsolatedConformances -enable-upcoming-feature InternalImportsByDefault -enable-upcoming-feature MemberImportVisibility -enable-upcoming-feature NonisolatedNonsendingByDefault -plugin-path /Applications/Xcode-27.0.0-Release.Candidate.app/Contents/Developer/Toolchains/XcodeDefault.xctoolchain/usr/lib/swift/host/plugins/testing -enable-experimental-feature DebugDescriptionMacro -sdk /Applications/Xcode-27.0.0-Release.Candidate.app/Contents/Developer/Platforms/AppleTVOS.platform/Developer/SDKs/AppleTVOS27.0.sdk -target arm64-apple-tvos15.0 -g -module-cache-path /Users/admin/builder/spi-builder-workspace/.derivedData/ModuleCache.noindex -Xfrontend -serialize-debugging-options -profile-coverage-mapping -profile-generate -enable-testing -suppress-warnings -index-store-path /Users/admin/builder/spi-builder-workspace/.derivedData/Index.noindex/DataStore -Xcc -D_LIBCPP_HARDENING_MODE\=_LIBCPP_HARDENING_MODE_DEBUG -swift-version 6 -I /Users/admin/builder/spi-builder-workspace/.derivedData/Build/Products/Debug-appletvos -Isystem /Applications/Xcode-27.0.0-Release.Candidate.app/Contents/Developer/Platforms/AppleTVOS.platform/Developer/usr/lib -F /Users/admin/builder/spi-builder-workspace/.derivedData/Build/Products/Debug-appletvos/PackageFrameworks -F /Users/admin/builder/spi-builder-workspace/.derivedData/Build/Products/Debug-appletvos -F /Applications/Xcode-27.0.0-Release.Candidate.app/Contents/Developer/Platforms/AppleTVOS.platform/Developer/Library/Frameworks -F /Applications/Xcode-27.0.0-Release.Candidate.app/Contents/Developer/Platforms/AppleTVOS.platform/Developer/SDKs/AppleTVOS27.0.sdk/Developer/Library/Frameworks -c -j10 -enable-batch-mode -incremental -Xcc -ivfsstatcache -Xcc /Users/admin/builder/spi-builder-workspace/.derivedData/SDKStatCaches.noindex/appletvos27.0-24J360-e829b21a6f8c9b70876ba0858053c044b32bfd8d43560033f8d89884cdb90028.sdkstatcache -output-file-map /Users/admin/builder/spi-builder-workspace/.derivedData/Build/Intermediates.noindex/xctest-dynamic-overlay.build/Debug-appletvos/_IssueReporting-t.build/Objects-normal/arm64/_IssueReporting-OutputFileMap.json -save-temps -no-color-diagnostics -explicit-module-build -module-cache-path /Users/admin/builder/spi-builder-workspace/.derivedData/Build/Intermediates.noindex/SwiftExplicitPrecompiledModules -clang-scanner-module-cache-path /Users/admin/builder/spi-builder-workspace/.derivedData/ModuleCache.noindex -sdk-module-cache-path /Users/admin/builder/spi-builder-workspace/.derivedData/SDKExplicitPrecompiledModules -emit-dependencies -emit-module -emit-module-path /Users/admin/builder/spi-builder-workspace/.derivedData/Build/Intermediates.noindex/xctest-dynamic-overlay.build/Debug-appletvos/_IssueReporting-t.build/Objects-normal/arm64/_IssueReporting.swiftmodule -serialize-diagnostics -dependency-scan-serialize-diagnostics-path /Users/admin/builder/spi-builder-workspace/.derivedData/Build/Intermediates.noindex/xctest-dynamic-overlay.build/Debug-appletvos/_IssueReporting-t.build/Objects-normal/arm64/_IssueReporting-dependency-scan.dia -user-module-version 1.13.1 -validate-clang-modules-once -clang-build-session-file /Users/admin/builder/spi-builder-workspace/.derivedData/ModuleCache.noindex/Session.modulevalidation -Xcc -fmodules-prune-interval\=86400 -Xcc -fmodules-prune-after\=345600 -package-name xctest_dynamic_overlay -emit-const-values -const-gather-protocols-list /Users/admin/builder/spi-builder-workspace/.derivedData/Build/Intermediates.noindex/xctest-dynamic-overlay.build/Debug-appletvos/_IssueReporting-t.build/Objects-normal/arm64/_IssueReporting_const_extract_protocols.json -Xcc -I/Users/admin/builder/spi-builder-workspace/.derivedData/Build/Products/Debug-appletvos/include -Xcc -I/Users/admin/builder/spi-builder-workspace/.derivedData/Build/Intermediates.noindex/xctest-dynamic-overlay.build/Debug-appletvos/_IssueReporting-t.build/DerivedSources-normal/arm64 -Xcc -I/Users/admin/builder/spi-builder-workspace/.derivedData/Build/Intermediates.noindex/xctest-dynamic-overlay.build/Debug-appletvos/_IssueReporting-t.build/DerivedSources/arm64 -Xcc -I/Users/admin/builder/spi-builder-workspace/.derivedData/Build/Intermediates.noindex/xctest-dynamic-overlay.build/Debug-appletvos/_IssueReporting-t.build/DerivedSources -Xcc -DSWIFT_PACKAGE -Xcc -DDEBUG\=1 -emit-objc-header -emit-objc-header-path /Users/admin/builder/spi-builder-workspace/.derivedData/Build/Intermediates.noindex/xctest-dynamic-overlay.build/Debug-appletvos/_IssueReporting-t.build/Objects-normal/arm64/_IssueReporting-Swift.h -working-directory /Users/admin/builder/spi-builder-workspace/.swiftpm/xcode -experimental-emit-module-separately -disable-cmo
SwiftMergeGeneratedHeaders /Users/admin/builder/spi-builder-workspace/.derivedData/Build/Intermediates.noindex/GeneratedModuleMaps-appletvos/_IssueReporting-Swift.h /Users/admin/builder/spi-builder-workspace/.derivedData/Build/Intermediates.noindex/xctest-dynamic-overlay.build/Debug-appletvos/_IssueReporting-t.build/Objects-normal/arm64/_IssueReporting-Swift.h (in target '_IssueReporting' from project 'xctest-dynamic-overlay')
cd /Users/admin/builder/spi-builder-workspace/.dependencies/checkouts/xctest-dynamic-overlay
builtin-swiftHeaderTool -arch arm64 /Users/admin/builder/spi-builder-workspace/.derivedData/Build/Intermediates.noindex/xctest-dynamic-overlay.build/Debug-appletvos/_IssueReporting-t.build/Objects-normal/arm64/_IssueReporting-Swift.h -o /Users/admin/builder/spi-builder-workspace/.derivedData/Build/Intermediates.noindex/GeneratedModuleMaps-appletvos/_IssueReporting-Swift.h
Copy /Users/admin/builder/spi-builder-workspace/.derivedData/Build/Products/Debug-appletvos/_IssueReporting.swiftmodule/arm64-apple-tvos.swiftmodule /Users/admin/builder/spi-builder-workspace/.derivedData/Build/Intermediates.noindex/xctest-dynamic-overlay.build/Debug-appletvos/_IssueReporting-t.build/Objects-normal/arm64/_IssueReporting.swiftmodule (in target '_IssueReporting' from project 'xctest-dynamic-overlay')
cd /Users/admin/builder/spi-builder-workspace/.dependencies/checkouts/xctest-dynamic-overlay
builtin-copy -exclude .DS_Store -exclude CVS -exclude .svn -exclude .git -exclude .hg -resolve-src-symlinks -rename /Users/admin/builder/spi-builder-workspace/.derivedData/Build/Intermediates.noindex/xctest-dynamic-overlay.build/Debug-appletvos/_IssueReporting-t.build/Objects-normal/arm64/_IssueReporting.swiftmodule /Users/admin/builder/spi-builder-workspace/.derivedData/Build/Products/Debug-appletvos/_IssueReporting.swiftmodule/arm64-apple-tvos.swiftmodule
Copy /Users/admin/builder/spi-builder-workspace/.derivedData/Build/Products/Debug-appletvos/_IssueReporting.swiftmodule/arm64-apple-tvos.swiftdoc /Users/admin/builder/spi-builder-workspace/.derivedData/Build/Intermediates.noindex/xctest-dynamic-overlay.build/Debug-appletvos/_IssueReporting-t.build/Objects-normal/arm64/_IssueReporting.swiftdoc (in target '_IssueReporting' from project 'xctest-dynamic-overlay')
cd /Users/admin/builder/spi-builder-workspace/.dependencies/checkouts/xctest-dynamic-overlay
builtin-copy -exclude .DS_Store -exclude CVS -exclude .svn -exclude .git -exclude .hg -resolve-src-symlinks -rename /Users/admin/builder/spi-builder-workspace/.derivedData/Build/Intermediates.noindex/xctest-dynamic-overlay.build/Debug-appletvos/_IssueReporting-t.build/Objects-normal/arm64/_IssueReporting.swiftdoc /Users/admin/builder/spi-builder-workspace/.derivedData/Build/Products/Debug-appletvos/_IssueReporting.swiftmodule/arm64-apple-tvos.swiftdoc
Copy /Users/admin/builder/spi-builder-workspace/.derivedData/Build/Products/Debug-appletvos/_IssueReporting.swiftmodule/arm64-apple-tvos.abi.json /Users/admin/builder/spi-builder-workspace/.derivedData/Build/Intermediates.noindex/xctest-dynamic-overlay.build/Debug-appletvos/_IssueReporting-t.build/Objects-normal/arm64/_IssueReporting.abi.json (in target '_IssueReporting' from project 'xctest-dynamic-overlay')
cd /Users/admin/builder/spi-builder-workspace/.dependencies/checkouts/xctest-dynamic-overlay
builtin-copy -exclude .DS_Store -exclude CVS -exclude .svn -exclude .git -exclude .hg -resolve-src-symlinks -rename /Users/admin/builder/spi-builder-workspace/.derivedData/Build/Intermediates.noindex/xctest-dynamic-overlay.build/Debug-appletvos/_IssueReporting-t.build/Objects-normal/arm64/_IssueReporting.abi.json /Users/admin/builder/spi-builder-workspace/.derivedData/Build/Products/Debug-appletvos/_IssueReporting.swiftmodule/arm64-apple-tvos.abi.json
Copy /Users/admin/builder/spi-builder-workspace/.derivedData/Build/Products/Debug-appletvos/_IssueReporting.swiftmodule/Project/arm64-apple-tvos.swiftsourceinfo /Users/admin/builder/spi-builder-workspace/.derivedData/Build/Intermediates.noindex/xctest-dynamic-overlay.build/Debug-appletvos/_IssueReporting-t.build/Objects-normal/arm64/_IssueReporting.swiftsourceinfo (in target '_IssueReporting' from project 'xctest-dynamic-overlay')
cd /Users/admin/builder/spi-builder-workspace/.dependencies/checkouts/xctest-dynamic-overlay
builtin-copy -exclude .DS_Store -exclude CVS -exclude .svn -exclude .git -exclude .hg -resolve-src-symlinks -rename /Users/admin/builder/spi-builder-workspace/.derivedData/Build/Intermediates.noindex/xctest-dynamic-overlay.build/Debug-appletvos/_IssueReporting-t.build/Objects-normal/arm64/_IssueReporting.swiftsourceinfo /Users/admin/builder/spi-builder-workspace/.derivedData/Build/Products/Debug-appletvos/_IssueReporting.swiftmodule/Project/arm64-apple-tvos.swiftsourceinfo
SwiftDriverJobDiscovery normal arm64 Compiling Exports.swift (in target '_IssueReporting' from project 'xctest-dynamic-overlay')
SwiftDriver\ Compilation _IssueReporting normal arm64 com.apple.xcode.tools.swift.compiler (in target '_IssueReporting' from project 'xctest-dynamic-overlay')
cd /Users/admin/builder/spi-builder-workspace/.swiftpm/xcode
builtin-Swift-Compilation -- /Applications/Xcode-27.0.0-Release.Candidate.app/Contents/Developer/Toolchains/XcodeDefault.xctoolchain/usr/bin/swiftc -parse-as-library -module-name _IssueReporting -Onone @/Users/admin/builder/spi-builder-workspace/.derivedData/Build/Intermediates.noindex/xctest-dynamic-overlay.build/Debug-appletvos/_IssueReporting-t.build/Objects-normal/arm64/_IssueReporting.SwiftFileList -DSWIFT_PACKAGE -DDEBUG -DSWIFT_MODULE_RESOURCE_BUNDLE_UNAVAILABLE -DXcode -enable-upcoming-feature ExistentialAny -enable-upcoming-feature ImmutableWeakCaptures -enable-upcoming-feature InferIsolatedConformances -enable-upcoming-feature InternalImportsByDefault -enable-upcoming-feature MemberImportVisibility -enable-upcoming-feature NonisolatedNonsendingByDefault -plugin-path /Applications/Xcode-27.0.0-Release.Candidate.app/Contents/Developer/Toolchains/XcodeDefault.xctoolchain/usr/lib/swift/host/plugins/testing -enable-experimental-feature DebugDescriptionMacro -sdk /Applications/Xcode-27.0.0-Release.Candidate.app/Contents/Developer/Platforms/AppleTVOS.platform/Developer/SDKs/AppleTVOS27.0.sdk -target arm64-apple-tvos15.0 -g -module-cache-path /Users/admin/builder/spi-builder-workspace/.derivedData/ModuleCache.noindex -Xfrontend -serialize-debugging-options -profile-coverage-mapping -profile-generate -enable-testing -suppress-warnings -index-store-path /Users/admin/builder/spi-builder-workspace/.derivedData/Index.noindex/DataStore -Xcc -D_LIBCPP_HARDENING_MODE\=_LIBCPP_HARDENING_MODE_DEBUG -swift-version 6 -I /Users/admin/builder/spi-builder-workspace/.derivedData/Build/Products/Debug-appletvos -Isystem /Applications/Xcode-27.0.0-Release.Candidate.app/Contents/Developer/Platforms/AppleTVOS.platform/Developer/usr/lib -F /Users/admin/builder/spi-builder-workspace/.derivedData/Build/Products/Debug-appletvos/PackageFrameworks -F /Users/admin/builder/spi-builder-workspace/.derivedData/Build/Products/Debug-appletvos -F /Applications/Xcode-27.0.0-Release.Candidate.app/Contents/Developer/Platforms/AppleTVOS.platform/Developer/Library/Frameworks -F /Applications/Xcode-27.0.0-Release.Candidate.app/Contents/Developer/Platforms/AppleTVOS.platform/Developer/SDKs/AppleTVOS27.0.sdk/Developer/Library/Frameworks -c -j10 -enable-batch-mode -incremental -Xcc -ivfsstatcache -Xcc /Users/admin/builder/spi-builder-workspace/.derivedData/SDKStatCaches.noindex/appletvos27.0-24J360-e829b21a6f8c9b70876ba0858053c044b32bfd8d43560033f8d89884cdb90028.sdkstatcache -output-file-map /Users/admin/builder/spi-builder-workspace/.derivedData/Build/Intermediates.noindex/xctest-dynamic-overlay.build/Debug-appletvos/_IssueReporting-t.build/Objects-normal/arm64/_IssueReporting-OutputFileMap.json -save-temps -no-color-diagnostics -explicit-module-build -module-cache-path /Users/admin/builder/spi-builder-workspace/.derivedData/Build/Intermediates.noindex/SwiftExplicitPrecompiledModules -clang-scanner-module-cache-path /Users/admin/builder/spi-builder-workspace/.derivedData/ModuleCache.noindex -sdk-module-cache-path /Users/admin/builder/spi-builder-workspace/.derivedData/SDKExplicitPrecompiledModules -emit-dependencies -emit-module -emit-module-path /Users/admin/builder/spi-builder-workspace/.derivedData/Build/Intermediates.noindex/xctest-dynamic-overlay.build/Debug-appletvos/_IssueReporting-t.build/Objects-normal/arm64/_IssueReporting.swiftmodule -serialize-diagnostics -dependency-scan-serialize-diagnostics-path /Users/admin/builder/spi-builder-workspace/.derivedData/Build/Intermediates.noindex/xctest-dynamic-overlay.build/Debug-appletvos/_IssueReporting-t.build/Objects-normal/arm64/_IssueReporting-dependency-scan.dia -user-module-version 1.13.1 -validate-clang-modules-once -clang-build-session-file /Users/admin/builder/spi-builder-workspace/.derivedData/ModuleCache.noindex/Session.modulevalidation -Xcc -fmodules-prune-interval\=86400 -Xcc -fmodules-prune-after\=345600 -package-name xctest_dynamic_overlay -emit-const-values -const-gather-protocols-list /Users/admin/builder/spi-builder-workspace/.derivedData/Build/Intermediates.noindex/xctest-dynamic-overlay.build/Debug-appletvos/_IssueReporting-t.build/Objects-normal/arm64/_IssueReporting_const_extract_protocols.json -Xcc -I/Users/admin/builder/spi-builder-workspace/.derivedData/Build/Products/Debug-appletvos/include -Xcc -I/Users/admin/builder/spi-builder-workspace/.derivedData/Build/Intermediates.noindex/xctest-dynamic-overlay.build/Debug-appletvos/_IssueReporting-t.build/DerivedSources-normal/arm64 -Xcc -I/Users/admin/builder/spi-builder-workspace/.derivedData/Build/Intermediates.noindex/xctest-dynamic-overlay.build/Debug-appletvos/_IssueReporting-t.build/DerivedSources/arm64 -Xcc -I/Users/admin/builder/spi-builder-workspace/.derivedData/Build/Intermediates.noindex/xctest-dynamic-overlay.build/Debug-appletvos/_IssueReporting-t.build/DerivedSources -Xcc -DSWIFT_PACKAGE -Xcc -DDEBUG\=1 -emit-objc-header -emit-objc-header-path /Users/admin/builder/spi-builder-workspace/.derivedData/Build/Intermediates.noindex/xctest-dynamic-overlay.build/Debug-appletvos/_IssueReporting-t.build/Objects-normal/arm64/_IssueReporting-Swift.h -working-directory /Users/admin/builder/spi-builder-workspace/.swiftpm/xcode -experimental-emit-module-separately -disable-cmo
SwiftDriver Voxels normal arm64 com.apple.xcode.tools.swift.compiler (in target 'Voxels' from project 'Voxels')
cd /Users/admin/builder/spi-builder-workspace/.swiftpm/xcode
builtin-SwiftDriver -- /Applications/Xcode-27.0.0-Release.Candidate.app/Contents/Developer/Toolchains/XcodeDefault.xctoolchain/usr/bin/swiftc -parse-as-library -module-name Voxels -Onone @/Users/admin/builder/spi-builder-workspace/.derivedData/Build/Intermediates.noindex/Voxels.build/Debug-appletvos/Voxels-t.build/Objects-normal/arm64/Voxels.SwiftFileList -DSWIFT_PACKAGE -DDEBUG -DSWIFT_MODULE_RESOURCE_BUNDLE_UNAVAILABLE -DXcode -enable-upcoming-feature ExistentialAny -enable-experimental-feature AccessLevelOnImport -enable-upcoming-feature InternalImportsByDefault -plugin-path /Applications/Xcode-27.0.0-Release.Candidate.app/Contents/Developer/Toolchains/XcodeDefault.xctoolchain/usr/lib/swift/host/plugins/testing -enable-experimental-feature DebugDescriptionMacro -sdk /Applications/Xcode-27.0.0-Release.Candidate.app/Contents/Developer/Platforms/AppleTVOS.platform/Developer/SDKs/AppleTVOS27.0.sdk -target arm64-apple-tvos16.0 -g -module-cache-path /Users/admin/builder/spi-builder-workspace/.derivedData/ModuleCache.noindex -Xfrontend -serialize-debugging-options -profile-coverage-mapping -profile-generate -enable-testing -index-store-path /Users/admin/builder/spi-builder-workspace/.derivedData/Index.noindex/DataStore -Xcc -D_LIBCPP_HARDENING_MODE\=_LIBCPP_HARDENING_MODE_DEBUG -swift-version 6 -I /Users/admin/builder/spi-builder-workspace/.derivedData/Build/Products/Debug-appletvos -Isystem /Applications/Xcode-27.0.0-Release.Candidate.app/Contents/Developer/Platforms/AppleTVOS.platform/Developer/usr/lib -F /Users/admin/builder/spi-builder-workspace/.derivedData/Build/Products/Debug-appletvos/PackageFrameworks -F /Users/admin/builder/spi-builder-workspace/.derivedData/Build/Products/Debug-appletvos -F /Applications/Xcode-27.0.0-Release.Candidate.app/Contents/Developer/Platforms/AppleTVOS.platform/Developer/Library/Frameworks -F /Applications/Xcode-27.0.0-Release.Candidate.app/Contents/Developer/Platforms/AppleTVOS.platform/Developer/SDKs/AppleTVOS27.0.sdk/Developer/Library/Frameworks -c -j10 -enable-batch-mode -incremental -Xcc -ivfsstatcache -Xcc /Users/admin/builder/spi-builder-workspace/.derivedData/SDKStatCaches.noindex/appletvos27.0-24J360-e829b21a6f8c9b70876ba0858053c044b32bfd8d43560033f8d89884cdb90028.sdkstatcache -output-file-map /Users/admin/builder/spi-builder-workspace/.derivedData/Build/Intermediates.noindex/Voxels.build/Debug-appletvos/Voxels-t.build/Objects-normal/arm64/Voxels-OutputFileMap.json -save-temps -no-color-diagnostics -explicit-module-build -module-cache-path /Users/admin/builder/spi-builder-workspace/.derivedData/Build/Intermediates.noindex/SwiftExplicitPrecompiledModules -clang-scanner-module-cache-path /Users/admin/builder/spi-builder-workspace/.derivedData/ModuleCache.noindex -sdk-module-cache-path /Users/admin/builder/spi-builder-workspace/.derivedData/SDKExplicitPrecompiledModules -emit-dependencies -emit-module -emit-module-path /Users/admin/builder/spi-builder-workspace/.derivedData/Build/Intermediates.noindex/Voxels.build/Debug-appletvos/Voxels-t.build/Objects-normal/arm64/Voxels.swiftmodule -serialize-diagnostics -dependency-scan-serialize-diagnostics-path /Users/admin/builder/spi-builder-workspace/.derivedData/Build/Intermediates.noindex/Voxels.build/Debug-appletvos/Voxels-t.build/Objects-normal/arm64/Voxels-dependency-scan.dia -validate-clang-modules-once -clang-build-session-file /Users/admin/builder/spi-builder-workspace/.derivedData/ModuleCache.noindex/Session.modulevalidation -Xcc -fmodules-prune-interval\=86400 -Xcc -fmodules-prune-after\=345600 -emit-const-values -const-gather-protocols-list /Users/admin/builder/spi-builder-workspace/.derivedData/Build/Intermediates.noindex/Voxels.build/Debug-appletvos/Voxels-t.build/Objects-normal/arm64/Voxels_const_extract_protocols.json -Xcc -I/Users/admin/builder/spi-builder-workspace/.derivedData/Build/Products/Debug-appletvos/include -Xcc -I/Users/admin/builder/spi-builder-workspace/.derivedData/Build/Intermediates.noindex/Voxels.build/Debug-appletvos/Voxels-t.build/DerivedSources-normal/arm64 -Xcc -I/Users/admin/builder/spi-builder-workspace/.derivedData/Build/Intermediates.noindex/Voxels.build/Debug-appletvos/Voxels-t.build/DerivedSources/arm64 -Xcc -I/Users/admin/builder/spi-builder-workspace/.derivedData/Build/Intermediates.noindex/Voxels.build/Debug-appletvos/Voxels-t.build/DerivedSources -Xcc -DSWIFT_PACKAGE -Xcc -DDEBUG\=1 -emit-objc-header -emit-objc-header-path /Users/admin/builder/spi-builder-workspace/.derivedData/Build/Intermediates.noindex/Voxels.build/Debug-appletvos/Voxels-t.build/Objects-normal/arm64/Voxels-Swift.h -working-directory /Users/admin/builder/spi-builder-workspace/.swiftpm/xcode -experimental-emit-module-separately -disable-cmo
SwiftDriverJobDiscovery normal arm64 Compiling Warn.swift, XCTest.swift (in target 'IssueReporting' from project 'swift-issue-reporting')
SwiftDriverJobDiscovery normal arm64 Compiling Deprecations.swift, FailureObserver.swift, LockIsolated.swift (in target 'IssueReporting' from project 'swift-issue-reporting')
SwiftDriverJobDiscovery normal arm64 Compiling IsTesting.swift, IssueReporter.swift (in target 'IssueReporting' from project 'swift-issue-reporting')
SwiftDriverJobDiscovery normal arm64 Compiling Rethrows.swift, SwiftTesting.swift, UncheckedSendable.swift (in target 'IssueReporting' from project 'swift-issue-reporting')
SwiftDriverJobDiscovery normal arm64 Compiling ErrorReporting.swift, ExpectReportsIssue.swift, AppHostWarning.swift (in target 'IssueReporting' from project 'swift-issue-reporting')
SwiftDriverJobDiscovery normal arm64 Compiling BreakpointReporter.swift, DefaultReporter.swift (in target 'IssueReporting' from project 'swift-issue-reporting')
SwiftDriver\ Compilation IssueReporting normal arm64 com.apple.xcode.tools.swift.compiler (in target 'IssueReporting' from project 'swift-issue-reporting')
cd /Users/admin/builder/spi-builder-workspace/.swiftpm/xcode
builtin-Swift-Compilation -- /Applications/Xcode-27.0.0-Release.Candidate.app/Contents/Developer/Toolchains/XcodeDefault.xctoolchain/usr/bin/swiftc -parse-as-library -module-name IssueReporting -Onone @/Users/admin/builder/spi-builder-workspace/.derivedData/Build/Intermediates.noindex/swift-issue-reporting.build/Debug-appletvos/IssueReporting-t.build/Objects-normal/arm64/IssueReporting.SwiftFileList -DSWIFT_PACKAGE -DDEBUG -DSWIFT_MODULE_RESOURCE_BUNDLE_UNAVAILABLE -DXcode -enable-upcoming-feature ExistentialAny -enable-upcoming-feature ImmutableWeakCaptures -enable-upcoming-feature InferIsolatedConformances -enable-upcoming-feature InternalImportsByDefault -enable-upcoming-feature MemberImportVisibility -enable-upcoming-feature NonisolatedNonsendingByDefault -plugin-path /Applications/Xcode-27.0.0-Release.Candidate.app/Contents/Developer/Toolchains/XcodeDefault.xctoolchain/usr/lib/swift/host/plugins/testing -enable-experimental-feature DebugDescriptionMacro -sdk /Applications/Xcode-27.0.0-Release.Candidate.app/Contents/Developer/Platforms/AppleTVOS.platform/Developer/SDKs/AppleTVOS27.0.sdk -target arm64-apple-tvos15.0 -g -module-cache-path /Users/admin/builder/spi-builder-workspace/.derivedData/ModuleCache.noindex -Xfrontend -serialize-debugging-options -profile-coverage-mapping -profile-generate -enable-testing -suppress-warnings -index-store-path /Users/admin/builder/spi-builder-workspace/.derivedData/Index.noindex/DataStore -Xcc -D_LIBCPP_HARDENING_MODE\=_LIBCPP_HARDENING_MODE_DEBUG -swift-version 6 -I /Users/admin/builder/spi-builder-workspace/.derivedData/Build/Products/Debug-appletvos -Isystem /Applications/Xcode-27.0.0-Release.Candidate.app/Contents/Developer/Platforms/AppleTVOS.platform/Developer/usr/lib -F /Users/admin/builder/spi-builder-workspace/.derivedData/Build/Products/Debug-appletvos -F /Applications/Xcode-27.0.0-Release.Candidate.app/Contents/Developer/Platforms/AppleTVOS.platform/Developer/Library/Frameworks -F /Applications/Xcode-27.0.0-Release.Candidate.app/Contents/Developer/Platforms/AppleTVOS.platform/Developer/SDKs/AppleTVOS27.0.sdk/Developer/Library/Frameworks -c -j10 -enable-batch-mode -incremental -Xcc -ivfsstatcache -Xcc /Users/admin/builder/spi-builder-workspace/.derivedData/SDKStatCaches.noindex/appletvos27.0-24J360-e829b21a6f8c9b70876ba0858053c044b32bfd8d43560033f8d89884cdb90028.sdkstatcache -output-file-map /Users/admin/builder/spi-builder-workspace/.derivedData/Build/Intermediates.noindex/swift-issue-reporting.build/Debug-appletvos/IssueReporting-t.build/Objects-normal/arm64/IssueReporting-OutputFileMap.json -save-temps -no-color-diagnostics -explicit-module-build -module-cache-path /Users/admin/builder/spi-builder-workspace/.derivedData/Build/Intermediates.noindex/SwiftExplicitPrecompiledModules -clang-scanner-module-cache-path /Users/admin/builder/spi-builder-workspace/.derivedData/ModuleCache.noindex -sdk-module-cache-path /Users/admin/builder/spi-builder-workspace/.derivedData/SDKExplicitPrecompiledModules -emit-dependencies -emit-module -emit-module-path /Users/admin/builder/spi-builder-workspace/.derivedData/Build/Intermediates.noindex/swift-issue-reporting.build/Debug-appletvos/IssueReporting-t.build/Objects-normal/arm64/IssueReporting.swiftmodule -serialize-diagnostics -dependency-scan-serialize-diagnostics-path /Users/admin/builder/spi-builder-workspace/.derivedData/Build/Intermediates.noindex/swift-issue-reporting.build/Debug-appletvos/IssueReporting-t.build/Objects-normal/arm64/IssueReporting-dependency-scan.dia -user-module-version 2.1.0 -validate-clang-modules-once -clang-build-session-file /Users/admin/builder/spi-builder-workspace/.derivedData/ModuleCache.noindex/Session.modulevalidation -Xcc -fmodules-prune-interval\=86400 -Xcc -fmodules-prune-after\=345600 -package-name swift_issue_reporting -emit-const-values -const-gather-protocols-list /Users/admin/builder/spi-builder-workspace/.derivedData/Build/Intermediates.noindex/swift-issue-reporting.build/Debug-appletvos/IssueReporting-t.build/Objects-normal/arm64/IssueReporting_const_extract_protocols.json -Xcc -I/Users/admin/builder/spi-builder-workspace/.derivedData/Build/Products/Debug-appletvos/include -Xcc -I/Users/admin/builder/spi-builder-workspace/.derivedData/Build/Intermediates.noindex/swift-issue-reporting.build/Debug-appletvos/IssueReporting-t.build/DerivedSources-normal/arm64 -Xcc -I/Users/admin/builder/spi-builder-workspace/.derivedData/Build/Intermediates.noindex/swift-issue-reporting.build/Debug-appletvos/IssueReporting-t.build/DerivedSources/arm64 -Xcc -I/Users/admin/builder/spi-builder-workspace/.derivedData/Build/Intermediates.noindex/swift-issue-reporting.build/Debug-appletvos/IssueReporting-t.build/DerivedSources -Xcc -DSWIFT_PACKAGE -Xcc -DDEBUG\=1 -emit-objc-header -emit-objc-header-path /Users/admin/builder/spi-builder-workspace/.derivedData/Build/Intermediates.noindex/swift-issue-reporting.build/Debug-appletvos/IssueReporting-t.build/Objects-normal/arm64/IssueReporting-Swift.h -working-directory /Users/admin/builder/spi-builder-workspace/.swiftpm/xcode -experimental-emit-module-separately -disable-cmo
Ld /Users/admin/builder/spi-builder-workspace/.derivedData/Build/Products/Debug-appletvos/IssueReporting.o normal (in target 'IssueReporting' from project 'swift-issue-reporting')
cd /Users/admin/builder/spi-builder-workspace/.dependencies/checkouts/swift-issue-reporting
/Applications/Xcode-27.0.0-Release.Candidate.app/Contents/Developer/Toolchains/XcodeDefault.xctoolchain/usr/bin/clang -Xlinker -reproducible -target arm64-apple-tvos15.0 -r -isysroot /Applications/Xcode-27.0.0-Release.Candidate.app/Contents/Developer/Platforms/AppleTVOS.platform/Developer/SDKs/AppleTVOS27.0.sdk -O0 -w -Xlinker -no_warn_duplicate_libraries -F/Users/admin/builder/spi-builder-workspace/.derivedData/Build/Intermediates.noindex/EagerLinkingTBDs/Debug-appletvos -F/Users/admin/builder/spi-builder-workspace/.derivedData/Build/Products/Debug-appletvos -iframework /Applications/Xcode-27.0.0-Release.Candidate.app/Contents/Developer/Platforms/AppleTVOS.platform/Developer/Library/Frameworks -iframework /Applications/Xcode-27.0.0-Release.Candidate.app/Contents/Developer/Platforms/AppleTVOS.platform/Developer/SDKs/AppleTVOS27.0.sdk/Developer/Library/Frameworks -filelist /Users/admin/builder/spi-builder-workspace/.derivedData/Build/Intermediates.noindex/swift-issue-reporting.build/Debug-appletvos/IssueReporting-t.build/Objects-normal/arm64/IssueReporting.LinkFileList -nostdlib -Xlinker -object_path_lto -Xlinker /Users/admin/builder/spi-builder-workspace/.derivedData/Build/Intermediates.noindex/swift-issue-reporting.build/Debug-appletvos/IssueReporting-t.build/Objects-normal/arm64/IssueReporting_lto.o -Xlinker -no_deduplicate -Xlinker -debug_variant -Xlinker -dependency_info -Xlinker /Users/admin/builder/spi-builder-workspace/.derivedData/Build/Intermediates.noindex/swift-issue-reporting.build/Debug-appletvos/IssueReporting-t.build/Objects-normal/arm64/IssueReporting_dependency_info.dat -fobjc-link-runtime -L/Applications/Xcode-27.0.0-Release.Candidate.app/Contents/Developer/Toolchains/XcodeDefault.xctoolchain/usr/lib/swift/appletvos -L/usr/lib/swift -Xlinker -add_ast_path -Xlinker /Users/admin/builder/spi-builder-workspace/.derivedData/Build/Intermediates.noindex/swift-issue-reporting.build/Debug-appletvos/IssueReporting-t.build/Objects-normal/arm64/IssueReporting.swiftmodule -o /Users/admin/builder/spi-builder-workspace/.derivedData/Build/Products/Debug-appletvos/IssueReporting.o
ExtractAppIntentsMetadata (in target 'IssueReporting' from project 'swift-issue-reporting')
cd /Users/admin/builder/spi-builder-workspace/.dependencies/checkouts/swift-issue-reporting
/Applications/Xcode-27.0.0-Release.Candidate.app/Contents/Developer/Toolchains/XcodeDefault.xctoolchain/usr/bin/appintentsmetadataprocessor --toolchain-dir /var/run/com.apple.security.cryptexd/mnt/com.apple.MobileAsset.MetalToolchain-v27.1.266.1.2rhCBH/Metal.xctoolchain --module-name IssueReporting --sdk-root /Applications/Xcode-27.0.0-Release.Candidate.app/Contents/Developer/Platforms/AppleTVOS.platform/Developer/SDKs/AppleTVOS27.0.sdk --xcode-version 27A266a --platform-family tvOS --deployment-target 15.0 --bundle-identifier swift-issue-reporting.IssueReporting --output /Users/admin/builder/spi-builder-workspace/.derivedData/Build/Products/Debug-appletvos/IssueReporting.appintents --target-triple arm64-apple-tvos15.0 --binary-file /Users/admin/builder/spi-builder-workspace/.derivedData/Build/Products/Debug-appletvos/IssueReporting.o --dependency-file /Users/admin/builder/spi-builder-workspace/.derivedData/Build/Intermediates.noindex/swift-issue-reporting.build/Debug-appletvos/IssueReporting-t.build/Objects-normal/arm64/IssueReporting_dependency_info.dat --stringsdata-file /Users/admin/builder/spi-builder-workspace/.derivedData/Build/Intermediates.noindex/swift-issue-reporting.build/Debug-appletvos/IssueReporting-t.build/Objects-normal/arm64/ExtractedAppShortcutsMetadata.stringsdata --source-file-list /Users/admin/builder/spi-builder-workspace/.derivedData/Build/Intermediates.noindex/swift-issue-reporting.build/Debug-appletvos/IssueReporting-t.build/Objects-normal/arm64/IssueReporting.SwiftFileList --metadata-file-list /Users/admin/builder/spi-builder-workspace/.derivedData/Build/Intermediates.noindex/swift-issue-reporting.build/Debug-appletvos/IssueReporting-t.build/IssueReporting.DependencyMetadataFileList --static-metadata-file-list /Users/admin/builder/spi-builder-workspace/.derivedData/Build/Intermediates.noindex/swift-issue-reporting.build/Debug-appletvos/IssueReporting-t.build/IssueReporting.DependencyStaticMetadataFileList --swift-const-vals-list /Users/admin/builder/spi-builder-workspace/.derivedData/Build/Intermediates.noindex/swift-issue-reporting.build/Debug-appletvos/IssueReporting-t.build/Objects-normal/arm64/IssueReporting.SwiftConstValuesFileList --force --compile-time-extraction --deployment-aware-processing --no-app-shortcuts-localization
2026-09-21 09:10:19.533 appintentsmetadataprocessor[1153:6748] Starting appintentsmetadataprocessor export
2026-09-21 09:10:19.600 appintentsmetadataprocessor[1153:6748] Extracted no relevant App Intents symbols, skipping writing output
Ld /Users/admin/builder/spi-builder-workspace/.derivedData/Build/Products/Debug-appletvos/_IssueReporting.o normal (in target '_IssueReporting' from project 'xctest-dynamic-overlay')
cd /Users/admin/builder/spi-builder-workspace/.dependencies/checkouts/xctest-dynamic-overlay
/Applications/Xcode-27.0.0-Release.Candidate.app/Contents/Developer/Toolchains/XcodeDefault.xctoolchain/usr/bin/clang -Xlinker -reproducible -target arm64-apple-tvos15.0 -r -isysroot /Applications/Xcode-27.0.0-Release.Candidate.app/Contents/Developer/Platforms/AppleTVOS.platform/Developer/SDKs/AppleTVOS27.0.sdk -O0 -w -Xlinker -no_warn_duplicate_libraries -F/Users/admin/builder/spi-builder-workspace/.derivedData/Build/Intermediates.noindex/EagerLinkingTBDs/Debug-appletvos -F/Users/admin/builder/spi-builder-workspace/.derivedData/Build/Products/Debug-appletvos/PackageFrameworks -F/Users/admin/builder/spi-builder-workspace/.derivedData/Build/Products/Debug-appletvos -iframework /Applications/Xcode-27.0.0-Release.Candidate.app/Contents/Developer/Platforms/AppleTVOS.platform/Developer/Library/Frameworks -iframework /Applications/Xcode-27.0.0-Release.Candidate.app/Contents/Developer/Platforms/AppleTVOS.platform/Developer/SDKs/AppleTVOS27.0.sdk/Developer/Library/Frameworks -filelist /Users/admin/builder/spi-builder-workspace/.derivedData/Build/Intermediates.noindex/xctest-dynamic-overlay.build/Debug-appletvos/_IssueReporting-t.build/Objects-normal/arm64/_IssueReporting.LinkFileList -nostdlib -Xlinker -object_path_lto -Xlinker /Users/admin/builder/spi-builder-workspace/.derivedData/Build/Intermediates.noindex/xctest-dynamic-overlay.build/Debug-appletvos/_IssueReporting-t.build/Objects-normal/arm64/_IssueReporting_lto.o -Xlinker -no_deduplicate -Xlinker -debug_variant -Xlinker -dependency_info -Xlinker /Users/admin/builder/spi-builder-workspace/.derivedData/Build/Intermediates.noindex/xctest-dynamic-overlay.build/Debug-appletvos/_IssueReporting-t.build/Objects-normal/arm64/_IssueReporting_dependency_info.dat -fobjc-link-runtime -L/Applications/Xcode-27.0.0-Release.Candidate.app/Contents/Developer/Toolchains/XcodeDefault.xctoolchain/usr/lib/swift/appletvos -L/usr/lib/swift -Xlinker -add_ast_path -Xlinker /Users/admin/builder/spi-builder-workspace/.derivedData/Build/Intermediates.noindex/xctest-dynamic-overlay.build/Debug-appletvos/_IssueReporting-t.build/Objects-normal/arm64/_IssueReporting.swiftmodule -o /Users/admin/builder/spi-builder-workspace/.derivedData/Build/Products/Debug-appletvos/_IssueReporting.o
ExtractAppIntentsMetadata (in target '_IssueReporting' from project 'xctest-dynamic-overlay')
cd /Users/admin/builder/spi-builder-workspace/.dependencies/checkouts/xctest-dynamic-overlay
/Applications/Xcode-27.0.0-Release.Candidate.app/Contents/Developer/Toolchains/XcodeDefault.xctoolchain/usr/bin/appintentsmetadataprocessor --toolchain-dir /var/run/com.apple.security.cryptexd/mnt/com.apple.MobileAsset.MetalToolchain-v27.1.266.1.2rhCBH/Metal.xctoolchain --module-name _IssueReporting --sdk-root /Applications/Xcode-27.0.0-Release.Candidate.app/Contents/Developer/Platforms/AppleTVOS.platform/Developer/SDKs/AppleTVOS27.0.sdk --xcode-version 27A266a --platform-family tvOS --deployment-target 15.0 --bundle-identifier xctest-dynamic-overlay.-IssueReporting --output /Users/admin/builder/spi-builder-workspace/.derivedData/Build/Products/Debug-appletvos/_IssueReporting.appintents --target-triple arm64-apple-tvos15.0 --binary-file /Users/admin/builder/spi-builder-workspace/.derivedData/Build/Products/Debug-appletvos/_IssueReporting.o --dependency-file /Users/admin/builder/spi-builder-workspace/.derivedData/Build/Intermediates.noindex/xctest-dynamic-overlay.build/Debug-appletvos/_IssueReporting-t.build/Objects-normal/arm64/_IssueReporting_dependency_info.dat --stringsdata-file /Users/admin/builder/spi-builder-workspace/.derivedData/Build/Intermediates.noindex/xctest-dynamic-overlay.build/Debug-appletvos/_IssueReporting-t.build/Objects-normal/arm64/ExtractedAppShortcutsMetadata.stringsdata --source-file-list /Users/admin/builder/spi-builder-workspace/.derivedData/Build/Intermediates.noindex/xctest-dynamic-overlay.build/Debug-appletvos/_IssueReporting-t.build/Objects-normal/arm64/_IssueReporting.SwiftFileList --metadata-file-list /Users/admin/builder/spi-builder-workspace/.derivedData/Build/Intermediates.noindex/xctest-dynamic-overlay.build/Debug-appletvos/_IssueReporting-t.build/_IssueReporting.DependencyMetadataFileList --static-metadata-file-list /Users/admin/builder/spi-builder-workspace/.derivedData/Build/Intermediates.noindex/xctest-dynamic-overlay.build/Debug-appletvos/_IssueReporting-t.build/_IssueReporting.DependencyStaticMetadataFileList --swift-const-vals-list /Users/admin/builder/spi-builder-workspace/.derivedData/Build/Intermediates.noindex/xctest-dynamic-overlay.build/Debug-appletvos/_IssueReporting-t.build/Objects-normal/arm64/_IssueReporting.SwiftConstValuesFileList --force --compile-time-extraction --deployment-aware-processing --no-app-shortcuts-localization
2026-09-21 09:10:19.639 appintentsmetadataprocessor[1156:6764] Starting appintentsmetadataprocessor export
2026-09-21 09:10:19.700 appintentsmetadataprocessor[1156:6764] Extracted no relevant App Intents symbols, skipping writing output
SwiftExplicitDependencyGeneratePcm arm64 /Users/admin/builder/spi-builder-workspace/.derivedData/SDKExplicitPrecompiledModules/CoreGraphics-D8Y0X4J52BHG7HHUQLTX6SXE1.pcm
SwiftExplicitDependencyGeneratePcm arm64 /Users/admin/builder/spi-builder-workspace/.derivedData/SDKExplicitPrecompiledModules/ShaderGraph-3I59JETUNYL25P384DZ0ZGO43.pcm
SwiftExplicitDependencyGeneratePcm arm64 /Users/admin/builder/spi-builder-workspace/.derivedData/SDKExplicitPrecompiledModules/DeveloperToolsSupport-CJV8SY9BXJUTONPFWMLQEGTXA.pcm
SwiftExplicitDependencyGeneratePcm arm64 /Users/admin/builder/spi-builder-workspace/.derivedData/SDKExplicitPrecompiledModules/DataDetection-9IX0C1MAX33MS6TCZDSNKXEO8.pcm
SwiftExplicitDependencyGeneratePcm arm64 /Users/admin/builder/spi-builder-workspace/.derivedData/SDKExplicitPrecompiledModules/IOSurface-DEQULTJ8SC21O986FDCNTM8FX.pcm
SwiftExplicitDependencyGeneratePcm arm64 /Users/admin/builder/spi-builder-workspace/.derivedData/SDKExplicitPrecompiledModules/UniformTypeIdentifiers-DQ77M7R0D7VCBK0YUO3VHCRB1.pcm
SwiftExplicitDependencyGeneratePcm arm64 /Users/admin/builder/spi-builder-workspace/.derivedData/SDKExplicitPrecompiledModules/_Builtin_tgmath-320K271Z6IM134IWIB7S3LTD.pcm
SwiftExplicitDependencyGeneratePcm arm64 /Users/admin/builder/spi-builder-workspace/.derivedData/SDKExplicitPrecompiledModules/_LocationEssentials-2OY9351FRBO717MIULOKMYA9E.pcm
SwiftExplicitDependencyGeneratePcm arm64 /Users/admin/builder/spi-builder-workspace/.derivedData/SDKExplicitPrecompiledModules/OSLog-1UX1YGRJSIOEO9YC3MNFFD818.pcm
SwiftExplicitDependencyGeneratePcm arm64 /Users/admin/builder/spi-builder-workspace/.derivedData/SDKExplicitPrecompiledModules/CoreMIDI-B30Z2AL3XECIIRY4VF47O5AZP.pcm
SwiftExplicitDependencyGeneratePcm arm64 /Users/admin/builder/spi-builder-workspace/.derivedData/SDKExplicitPrecompiledModules/AVRouting-1D04U5TBLVBV1SGX0SZE8SJLX.pcm
SwiftExplicitDependencyGeneratePcm arm64 /Users/admin/builder/spi-builder-workspace/.derivedData/SDKExplicitPrecompiledModules/CoreTransferable-84B3V3M9DHRIQERK179SSQO5U.pcm
SwiftExplicitDependencyGeneratePcm arm64 /Users/admin/builder/spi-builder-workspace/.derivedData/SDKExplicitPrecompiledModules/UserNotifications-AKH3GC0FQWUK55FNTW4WEMFQE.pcm
SwiftExplicitDependencyGeneratePcm arm64 /Users/admin/builder/spi-builder-workspace/.derivedData/SDKExplicitPrecompiledModules/CoreAudioTypes-3D575H9KXE9GWSK6ZWEWBV9TM.pcm
SwiftExplicitDependencyGeneratePcm arm64 /Users/admin/builder/spi-builder-workspace/.derivedData/SDKExplicitPrecompiledModules/GroupActivities-4W2Z5ISU5A59BXIW44RK5A30I.pcm
SwiftExplicitDependencyGeneratePcm arm64 /Users/admin/builder/spi-builder-workspace/.derivedData/SDKExplicitPrecompiledModules/CoreLocation-6939X9DMB2SA43P0TYB7Z14Z5.pcm
SwiftExplicitDependencyGeneratePcm arm64 /Users/admin/builder/spi-builder-workspace/.derivedData/SDKExplicitPrecompiledModules/Symbols-9TNA7JIKOEYVTYC7A16HCS4Z8.pcm
SwiftExplicitDependencyGeneratePcm arm64 /Users/admin/builder/spi-builder-workspace/.derivedData/SDKExplicitPrecompiledModules/UIUtilities-9NQVCWATNLLVY125LB74695HY.pcm
SwiftExplicitDependencyGeneratePcm arm64 /Users/admin/builder/spi-builder-workspace/.derivedData/SDKExplicitPrecompiledModules/OpenGLES-6Y33D4DDPO1R82EJXT1SIGNPS.pcm
SwiftExplicitDependencyGeneratePcm arm64 /Users/admin/builder/spi-builder-workspace/.derivedData/SDKExplicitPrecompiledModules/_Builtin_intrinsics-AQDFY8KQQX9Z38C6EI15S53EQ.pcm
SwiftExplicitDependencyGeneratePcm arm64 /Users/admin/builder/spi-builder-workspace/.derivedData/SDKExplicitPrecompiledModules/Metal-52GB3RCZ6A2WEZ7RWCXV2WL0N.pcm
SwiftExplicitDependencyGeneratePcm arm64 /Users/admin/builder/spi-builder-workspace/.derivedData/SDKExplicitPrecompiledModules/RealityCoreTextureProcessing-8YM02XEVJ7ECXBMZ9DGZGDG62.pcm
SwiftExplicitDependencyGeneratePcm arm64 /Users/admin/builder/spi-builder-workspace/.derivedData/SDKExplicitPrecompiledModules/CoreText-E0GG8D3D527TJX7D2QEHFQLM2.pcm
SwiftExplicitDependencyGeneratePcm arm64 /Users/admin/builder/spi-builder-workspace/.derivedData/SDKExplicitPrecompiledModules/ImageIO-48DA7ET77Q34HPZP9CPHI9VS4.pcm
SwiftExplicitDependencyGeneratePcm arm64 /Users/admin/builder/spi-builder-workspace/.derivedData/SDKExplicitPrecompiledModules/AudioToolbox-9V31DICOPA27I0F5R9SY4TSML.pcm
SwiftExplicitDependencyGeneratePcm arm64 /Users/admin/builder/spi-builder-workspace/.derivedData/SDKExplicitPrecompiledModules/CoreAudio-46JNU59TK6U76A9ILN06CT9NS.pcm
SwiftExplicitDependencyGeneratePcm arm64 /Users/admin/builder/spi-builder-workspace/.derivedData/SDKExplicitPrecompiledModules/Accessibility-EAPB6A95K5V0S27QNKR6ATG7F.pcm
SwiftExplicitDependencyGeneratePcm arm64 /Users/admin/builder/spi-builder-workspace/.derivedData/SDKExplicitPrecompiledModules/CloudKit-44VT130VGD582GUHMKNMJIDC4.pcm
SwiftExplicitDependencyCompileModuleFromInterface arm64 /Users/admin/builder/spi-builder-workspace/.derivedData/SDKExplicitPrecompiledModules/RealityCoreTextureProcessing-1GE21BG4YLJHC.swiftmodule
SwiftExplicitDependencyGeneratePcm arm64 /Users/admin/builder/spi-builder-workspace/.derivedData/SDKExplicitPrecompiledModules/CoreVideo-5G4VAY32QMJB00PUALI6188LK.pcm
SwiftExplicitDependencyGeneratePcm arm64 /Users/admin/builder/spi-builder-workspace/.derivedData/SDKExplicitPrecompiledModules/simd-D50CDGAQRFNF5E2BA2UWCCHLJ.pcm
SwiftExplicitDependencyGeneratePcm arm64 /Users/admin/builder/spi-builder-workspace/.derivedData/SDKExplicitPrecompiledModules/CoreImage-ATUQ374FIDJPA1DF5BLR644CG.pcm
SwiftExplicitDependencyGeneratePcm arm64 /Users/admin/builder/spi-builder-workspace/.derivedData/SDKExplicitPrecompiledModules/CoreMedia-43BPYBY7ZACBDCUTAJXJFLTBP.pcm
SwiftExplicitDependencyGeneratePcm arm64 /Users/admin/builder/spi-builder-workspace/.derivedData/SDKExplicitPrecompiledModules/QuartzCore-DSNZZA81DYNK4OK1ANRR6HM7G.pcm
SwiftExplicitDependencyGeneratePcm arm64 /Users/admin/builder/spi-builder-workspace/.derivedData/SDKExplicitPrecompiledModules/SwiftUICore-7SJQ9GB90ACGZV5NB09LFJIRX.pcm
SwiftExplicitDependencyGeneratePcm arm64 /Users/admin/builder/spi-builder-workspace/.derivedData/SDKExplicitPrecompiledModules/MediaToolbox-BE3KU6HBZSJI7WDP3WV3ZD4H.pcm
SwiftExplicitDependencyGeneratePcm arm64 /Users/admin/builder/spi-builder-workspace/.derivedData/SDKExplicitPrecompiledModules/AVFAudio-8NW4NDEP5052P5EQPU4CJYSUE.pcm
SwiftExplicitDependencyGeneratePcm arm64 /Users/admin/builder/spi-builder-workspace/.derivedData/SDKExplicitPrecompiledModules/VideoToolbox-6AXV5B7IB0FN5DXUTUG5ITQEA.pcm
SwiftExplicitDependencyGeneratePcm arm64 /Users/admin/builder/spi-builder-workspace/.derivedData/SDKExplicitPrecompiledModules/UIKit-42T2ZGON9LDZUXRIAUKELQ554.pcm
SwiftExplicitDependencyGeneratePcm arm64 /Users/admin/builder/spi-builder-workspace/.derivedData/SDKExplicitPrecompiledModules/Spatial-2KZFBWN278VTZL619Y96SAJC9.pcm
SwiftExplicitDependencyCompileModuleFromInterface arm64 /Users/admin/builder/spi-builder-workspace/.derivedData/SDKExplicitPrecompiledModules/RealityCoreDeformation-1RVFJGAH0ARMM.swiftmodule
SwiftExplicitDependencyCompileModuleFromInterface arm64 /Users/admin/builder/spi-builder-workspace/.derivedData/SDKExplicitPrecompiledModules/ShaderGraph-3IC6XOM3LTGN8.swiftmodule
SwiftExplicitDependencyGeneratePcm arm64 /Users/admin/builder/spi-builder-workspace/.derivedData/SDKExplicitPrecompiledModules/AVFoundation-EIWJ6PBPOZ2W1SBMRDTGJLC8P.pcm
SwiftExplicitDependencyCompileModuleFromInterface arm64 /Users/admin/builder/spi-builder-workspace/.derivedData/SDKExplicitPrecompiledModules/RealityCoreRenderer-1J6NF1KZKOOT2.swiftmodule
SwiftExplicitDependencyGeneratePcm arm64 /Users/admin/builder/spi-builder-workspace/.derivedData/SDKExplicitPrecompiledModules/GameController-85BV0613965JLRGMUHUK2NCZN.pcm
SwiftExplicitDependencyGeneratePcm arm64 /Users/admin/builder/spi-builder-workspace/.derivedData/SDKExplicitPrecompiledModules/MultipeerConnectivity-SSTHXEPZO0CKZ0VJ85I4GH3K.pcm
SwiftEmitModule normal arm64 Emitting\ module\ for\ Voxels (in target 'Voxels' from project 'Voxels')
/Users/admin/builder/spi-builder-workspace/Sources/Voxels/Renderers/MeshBuffer+meshDescriptor.swift:6:34: error: 'MeshDescriptor' is only available in tvOS 26.0 or newer
2 | public import RealityKit
3 |
4 | public extension MeshBuffer {
| `- note: add '@available' attribute to enclosing extension
5 | /// Returns a RealityKit mesh descriptor instance for this buffer, if the buffer data is valid.
6 | func meshDescriptor() -> MeshDescriptor? {
| | `- error: 'MeshDescriptor' is only available in tvOS 26.0 or newer
| `- note: add '@available' attribute to enclosing instance method
7 | if indices.isEmpty || positions.isEmpty || normals.isEmpty { return nil }
8 | var meshDescriptor = MeshDescriptor()
Failed frontend command:
SwiftCompile normal arm64 (in target 'Voxels' from project 'Voxels')
cd /Users/admin/builder/spi-builder-workspace/.swiftpm/xcode
/Applications/Xcode-27.0.0-Release.Candidate.app/Contents/Developer/Toolchains/XcodeDefault.xctoolchain/usr/bin/swift-frontend -frontend -emit-module -experimental-skip-non-inlinable-function-bodies-without-types /Users/admin/builder/spi-builder-workspace/Sources/Voxels/GreedyBlockMesh.swift /Users/admin/builder/spi-builder-workspace/Sources/Voxels/Renderers/BlockMeshRenderer.swift /Users/admin/builder/spi-builder-workspace/Sources/Voxels/Renderers/MarchingCubes.swift /Users/admin/builder/spi-builder-workspace/Sources/Voxels/Renderers/MeshBuffer+meshDescriptor.swift /Users/admin/builder/spi-builder-workspace/Sources/Voxels/Renderers/MeshBuffer.swift /Users/admin/builder/spi-builder-workspace/Sources/Voxels/Renderers/SurfaceNetRenderer+utility.swift /Users/admin/builder/spi-builder-workspace/Sources/Voxels/Renderers/SurfaceNetRenderer.swift /Users/admin/builder/spi-builder-workspace/Sources/Voxels/Renderers/VoxelBlockRenderable.swift /Users/admin/builder/spi-builder-workspace/Sources/Voxels/Renderers/VoxelSurfaceRenderable.swift /Users/admin/builder/spi-builder-workspace/Sources/Voxels/SDF.swift /Users/admin/builder/spi-builder-workspace/Sources/Voxels/SampleMeshData.swift /Users/admin/builder/spi-builder-workspace/Sources/Voxels/StrideIndexable.swift /Users/admin/builder/spi-builder-workspace/Sources/Voxels/Vertex/CompleteVertex+generateMeshDescriptor.swift /Users/admin/builder/spi-builder-workspace/Sources/Voxels/Vertex/CompleteVertex.swift /Users/admin/builder/spi-builder-workspace/Sources/Voxels/Vertex/SIMD2+lerp.swift /Users/admin/builder/spi-builder-workspace/Sources/Voxels/Vertex/Vector.swift /Users/admin/builder/spi-builder-workspace/Sources/Voxels/VoxelAccessError.swift /Users/admin/builder/spi-builder-workspace/Sources/Voxels/VoxelAccessible_VoxelBlockRenderable.swift /Users/admin/builder/spi-builder-workspace/Sources/Voxels/VoxelBounds+Collection.swift /Users/admin/builder/spi-builder-workspace/Sources/Voxels/VoxelBounds+Sequence.swift /Users/admin/builder/spi-builder-workspace/Sources/Voxels/VoxelBounds+slice.swift /Users/admin/builder/spi-builder-workspace/Sources/Voxels/VoxelBounds.swift /Users/admin/builder/spi-builder-workspace/Sources/Voxels/VoxelConstants.swift /Users/admin/builder/spi-builder-workspace/Sources/Voxels/VoxelIndex+neighbors.swift /Users/admin/builder/spi-builder-workspace/Sources/Voxels/VoxelIndex.swift /Users/admin/builder/spi-builder-workspace/Sources/Voxels/VoxelScale.swift /Users/admin/builder/spi-builder-workspace/Sources/Voxels/VoxelStorage/HeightmapConverter.swift /Users/admin/builder/spi-builder-workspace/Sources/Voxels/VoxelStorage/HeightmapError.swift /Users/admin/builder/spi-builder-workspace/Sources/Voxels/VoxelStorage/VoxelAccessible.swift /Users/admin/builder/spi-builder-workspace/Sources/Voxels/VoxelStorage/VoxelArray+Collection.swift /Users/admin/builder/spi-builder-workspace/Sources/Voxels/VoxelStorage/VoxelArray+Sequence.swift /Users/admin/builder/spi-builder-workspace/Sources/Voxels/VoxelStorage/VoxelArray+updating.swift /Users/admin/builder/spi-builder-workspace/Sources/Voxels/VoxelStorage/VoxelArray.swift /Users/admin/builder/spi-builder-workspace/Sources/Voxels/VoxelStorage/VoxelHash+Collection.swift /Users/admin/builder/spi-builder-workspace/Sources/Voxels/VoxelStorage/VoxelHash+Sequence.swift /Users/admin/builder/spi-builder-workspace/Sources/Voxels/VoxelStorage/VoxelHash+dump.swift /Users/admin/builder/spi-builder-workspace/Sources/Voxels/VoxelStorage/VoxelHash+sample.swift /Users/admin/builder/spi-builder-workspace/Sources/Voxels/VoxelStorage/VoxelHash+updating.swift /Users/admin/builder/spi-builder-workspace/Sources/Voxels/VoxelStorage/VoxelHash.swift /Users/admin/builder/spi-builder-workspace/Sources/Voxels/VoxelStorage/VoxelUpdate.swift /Users/admin/builder/spi-builder-workspace/Sources/Voxels/Voxels.swift -target arm64-apple-tvos16.0 -module-can-import-version RealityKit 453.3.1 0 -module-can-import-version simd 25 0 -disable-cross-import-overlay-search -swift-module-cross-import RealityKit /Applications/Xcode-27.0.0-Release.Candidate.app/Contents/Developer/Platforms/AppleTVOS.platform/Developer/SDKs/AppleTVOS27.0.sdk/System/Library/Frameworks/RealityKit.framework/Modules/RealityKit.swiftcrossimport/ComputeGraph.swiftoverlay -swift-module-cross-import RealityKit /Applications/Xcode-27.0.0-Release.Candidate.app/Contents/Developer/Platforms/AppleTVOS.platform/Developer/SDKs/AppleTVOS27.0.sdk/System/Library/Frameworks/RealityKit.framework/Modules/RealityKit.swiftcrossimport/SwiftUI.swiftoverlay -load-resolved-plugin /Applications/Xcode-27.0.0-Release.Candidate.app/Contents/Developer/Platforms/AppleTVOS.platform/Developer/usr/lib/swift/host/plugins/libFoundationMacros.dylib\#/Applications/Xcode-27.0.0-Release.Candidate.app/Contents/Developer/Platforms/AppleTVOS.platform/Developer/usr/bin/swift-plugin-server\#FoundationMacros -load-resolved-plugin /Applications/Xcode-27.0.0-Release.Candidate.app/Contents/Developer/Platforms/AppleTVOS.platform/Developer/usr/lib/swift/host/plugins/libObservationMacros.dylib\#/Applications/Xcode-27.0.0-Release.Candidate.app/Contents/Developer/Platforms/AppleTVOS.platform/Developer/usr/bin/swift-plugin-server\#ObservationMacros -load-resolved-plugin /Applications/Xcode-27.0.0-Release.Candidate.app/Contents/Developer/Platforms/AppleTVOS.platform/Developer/usr/lib/swift/host/plugins/libPreviewsMacros.dylib\#/Applications/Xcode-27.0.0-Release.Candidate.app/Contents/Developer/Platforms/AppleTVOS.platform/Developer/usr/bin/swift-plugin-server\#PreviewsMacros -load-resolved-plugin /Applications/Xcode-27.0.0-Release.Candidate.app/Contents/Developer/Platforms/AppleTVOS.platform/Developer/usr/lib/swift/host/plugins/libSwiftMacros.dylib\#/Applications/Xcode-27.0.0-Release.Candidate.app/Contents/Developer/Platforms/AppleTVOS.platform/Developer/usr/bin/swift-plugin-server\#SwiftMacros -load-resolved-plugin /Applications/Xcode-27.0.0-Release.Candidate.app/Contents/Developer/Platforms/AppleTVOS.platform/Developer/usr/lib/swift/host/plugins/libSwiftUIMacros.dylib\#/Applications/Xcode-27.0.0-Release.Candidate.app/Contents/Developer/Platforms/AppleTVOS.platform/Developer/usr/bin/swift-plugin-server\#SwiftUIMacros -disable-implicit-swift-modules -Xcc -fno-implicit-modules -Xcc -fno-implicit-module-maps -explicit-swift-module-map-file /Users/admin/builder/spi-builder-workspace/.derivedData/Build/Intermediates.noindex/Voxels.build/Debug-appletvos/Voxels-t.build/Objects-normal/arm64/Voxels-dependencies-1.json -Xllvm -aarch64-use-tbi -enable-objc-interop -stack-check -sdk /Applications/Xcode-27.0.0-Release.Candidate.app/Contents/Developer/Platforms/AppleTVOS.platform/Developer/SDKs/AppleTVOS27.0.sdk -I /Users/admin/builder/spi-builder-workspace/.derivedData/Build/Products/Debug-appletvos -Isystem /Applications/Xcode-27.0.0-Release.Candidate.app/Contents/Developer/Platforms/AppleTVOS.platform/Developer/usr/lib -F /Users/admin/builder/spi-builder-workspace/.derivedData/Build/Products/Debug-appletvos/PackageFrameworks -F /Users/admin/builder/spi-builder-workspace/.derivedData/Build/Products/Debug-appletvos -F /Applications/Xcode-27.0.0-Release.Candidate.app/Contents/Developer/Platforms/AppleTVOS.platform/Developer/Library/Frameworks -F /Applications/Xcode-27.0.0-Release.Candidate.app/Contents/Developer/Platforms/AppleTVOS.platform/Developer/SDKs/AppleTVOS27.0.sdk/Developer/Library/Frameworks -module-cache-path /Users/admin/builder/spi-builder-workspace/.derivedData/Build/Intermediates.noindex/SwiftExplicitPrecompiledModules -no-color-diagnostics -Xcc -fno-color-diagnostics -enable-testing -g -debug-info-format\=dwarf -dwarf-version\=4 -profile-generate -profile-coverage-mapping -swift-version 6 -Onone -D SWIFT_PACKAGE -D DEBUG -D SWIFT_MODULE_RESOURCE_BUNDLE_UNAVAILABLE -D Xcode -serialize-debugging-options -enable-upcoming-feature ExistentialAny -enable-experimental-feature AccessLevelOnImport -enable-upcoming-feature InternalImportsByDefault -enable-experimental-feature DebugDescriptionMacro -empty-abi-descriptor -validate-clang-modules-once -clang-build-session-file /Users/admin/builder/spi-builder-workspace/.derivedData/ModuleCache.noindex/Session.modulevalidation -Xcc -working-directory -Xcc /Users/admin/builder/spi-builder-workspace/.swiftpm/xcode -enable-anonymous-context-mangled-names -file-compilation-dir /Users/admin/builder/spi-builder-workspace/.swiftpm/xcode -Xcc -D_LIBCPP_HARDENING_MODE\=_LIBCPP_HARDENING_MODE_DEBUG -Xcc -ivfsstatcache -Xcc /Users/admin/builder/spi-builder-workspace/.derivedData/SDKStatCaches.noindex/appletvos27.0-24J360-e829b21a6f8c9b70876ba0858053c044b32bfd8d43560033f8d89884cdb90028.sdkstatcache -Xcc -fmodules-prune-interval\=86400 -Xcc -fmodules-prune-after\=345600 -Xcc -I/Users/admin/builder/spi-builder-workspace/.derivedData/Build/Products/Debug-appletvos/include -Xcc -I/Users/admin/builder/spi-builder-workspace/.derivedData/Build/Intermediates.noindex/Voxels.build/Debug-appletvos/Voxels-t.build/DerivedSources-normal/arm64 -Xcc -I/Users/admin/builder/spi-builder-workspace/.derivedData/Build/Intermediates.noindex/Voxels.build/Debug-appletvos/Voxels-t.build/DerivedSources/arm64 -Xcc -I/Users/admin/builder/spi-builder-workspace/.derivedData/Build/Intermediates.noindex/Voxels.build/Debug-appletvos/Voxels-t.build/DerivedSources -Xcc -DSWIFT_PACKAGE -Xcc -DDEBUG\=1 -no-auto-bridging-header-chaining -module-name Voxels -const-gather-protocols-file /Users/admin/builder/spi-builder-workspace/.derivedData/Build/Intermediates.noindex/Voxels.build/Debug-appletvos/Voxels-t.build/Objects-normal/arm64/Voxels_const_extract_protocols.json -disable-clang-spi -clang-target arm64-apple-tvos27.0 -target-sdk-version 27.0 -target-sdk-name appletvos27.0 -in-process-plugin-server-path /Applications/Xcode-27.0.0-Release.Candidate.app/Contents/Developer/Toolchains/XcodeDefault.xctoolchain/usr/lib/swift/host/libSwiftInProcPluginServer.dylib -emit-module-doc-path /Users/admin/builder/spi-builder-workspace/.derivedData/Build/Intermediates.noindex/Voxels.build/Debug-appletvos/Voxels-t.build/Objects-normal/arm64/Voxels.swiftdoc -emit-module-source-info-path /Users/admin/builder/spi-builder-workspace/.derivedData/Build/Intermediates.noindex/Voxels.build/Debug-appletvos/Voxels-t.build/Objects-normal/arm64/Voxels.swiftsourceinfo -emit-objc-header-path /Users/admin/builder/spi-builder-workspace/.derivedData/Build/Intermediates.noindex/Voxels.build/Debug-appletvos/Voxels-t.build/Objects-normal/arm64/Voxels-Swift.h -serialize-diagnostics-path /Users/admin/builder/spi-builder-workspace/.derivedData/Build/Intermediates.noindex/Voxels.build/Debug-appletvos/Voxels-t.build/Objects-normal/arm64/Voxels-primary-emit-module.dia -emit-dependencies-path /Users/admin/builder/spi-builder-workspace/.derivedData/Build/Intermediates.noindex/Voxels.build/Debug-appletvos/Voxels-t.build/Objects-normal/arm64/Voxels-primary-emit-module.d -parse-as-library -o /Users/admin/builder/spi-builder-workspace/.derivedData/Build/Intermediates.noindex/Voxels.build/Debug-appletvos/Voxels-t.build/Objects-normal/arm64/Voxels.swiftmodule -emit-abi-descriptor-path /Users/admin/builder/spi-builder-workspace/.derivedData/Build/Intermediates.noindex/Voxels.build/Debug-appletvos/Voxels-t.build/Objects-normal/arm64/Voxels.abi.json
SwiftCompile normal arm64 Compiling\ VoxelHash+updating.swift,\ VoxelHash.swift,\ VoxelUpdate.swift,\ Voxels.swift /Users/admin/builder/spi-builder-workspace/Sources/Voxels/VoxelStorage/VoxelHash+updating.swift /Users/admin/builder/spi-builder-workspace/Sources/Voxels/VoxelStorage/VoxelHash.swift /Users/admin/builder/spi-builder-workspace/Sources/Voxels/VoxelStorage/VoxelUpdate.swift /Users/admin/builder/spi-builder-workspace/Sources/Voxels/Voxels.swift (in target 'Voxels' from project 'Voxels')
SwiftCompile normal arm64 /Users/admin/builder/spi-builder-workspace/Sources/Voxels/VoxelStorage/VoxelHash+updating.swift (in target 'Voxels' from project 'Voxels')
cd /Users/admin/builder/spi-builder-workspace/.swiftpm/xcode
builtin-SwiftPerFileCompile VoxelHash+updating.swift
SwiftCompile normal arm64 /Users/admin/builder/spi-builder-workspace/Sources/Voxels/VoxelStorage/VoxelHash.swift (in target 'Voxels' from project 'Voxels')
cd /Users/admin/builder/spi-builder-workspace/.swiftpm/xcode
builtin-SwiftPerFileCompile VoxelHash.swift
SwiftCompile normal arm64 /Users/admin/builder/spi-builder-workspace/Sources/Voxels/VoxelStorage/VoxelUpdate.swift (in target 'Voxels' from project 'Voxels')
cd /Users/admin/builder/spi-builder-workspace/.swiftpm/xcode
builtin-SwiftPerFileCompile VoxelUpdate.swift
SwiftCompile normal arm64 /Users/admin/builder/spi-builder-workspace/Sources/Voxels/Voxels.swift (in target 'Voxels' from project 'Voxels')
cd /Users/admin/builder/spi-builder-workspace/.swiftpm/xcode
builtin-SwiftPerFileCompile Voxels.swift
SwiftCompile normal arm64 Compiling\ VoxelArray+Collection.swift,\ VoxelArray+Sequence.swift,\ VoxelArray+updating.swift,\ VoxelArray.swift /Users/admin/builder/spi-builder-workspace/Sources/Voxels/VoxelStorage/VoxelArray+Collection.swift /Users/admin/builder/spi-builder-workspace/Sources/Voxels/VoxelStorage/VoxelArray+Sequence.swift /Users/admin/builder/spi-builder-workspace/Sources/Voxels/VoxelStorage/VoxelArray+updating.swift /Users/admin/builder/spi-builder-workspace/Sources/Voxels/VoxelStorage/VoxelArray.swift (in target 'Voxels' from project 'Voxels')
SwiftCompile normal arm64 /Users/admin/builder/spi-builder-workspace/Sources/Voxels/VoxelStorage/VoxelArray+Collection.swift (in target 'Voxels' from project 'Voxels')
cd /Users/admin/builder/spi-builder-workspace/.swiftpm/xcode
builtin-SwiftPerFileCompile VoxelArray+Collection.swift
SwiftCompile normal arm64 /Users/admin/builder/spi-builder-workspace/Sources/Voxels/VoxelStorage/VoxelArray+Sequence.swift (in target 'Voxels' from project 'Voxels')
cd /Users/admin/builder/spi-builder-workspace/.swiftpm/xcode
builtin-SwiftPerFileCompile VoxelArray+Sequence.swift
SwiftCompile normal arm64 /Users/admin/builder/spi-builder-workspace/Sources/Voxels/VoxelStorage/VoxelArray+updating.swift (in target 'Voxels' from project 'Voxels')
cd /Users/admin/builder/spi-builder-workspace/.swiftpm/xcode
builtin-SwiftPerFileCompile VoxelArray+updating.swift
SwiftCompile normal arm64 /Users/admin/builder/spi-builder-workspace/Sources/Voxels/VoxelStorage/VoxelArray.swift (in target 'Voxels' from project 'Voxels')
cd /Users/admin/builder/spi-builder-workspace/.swiftpm/xcode
builtin-SwiftPerFileCompile VoxelArray.swift
SwiftCompile normal arm64 Compiling\ VoxelScale.swift,\ HeightmapConverter.swift,\ HeightmapError.swift,\ VoxelAccessible.swift /Users/admin/builder/spi-builder-workspace/Sources/Voxels/VoxelScale.swift /Users/admin/builder/spi-builder-workspace/Sources/Voxels/VoxelStorage/HeightmapConverter.swift /Users/admin/builder/spi-builder-workspace/Sources/Voxels/VoxelStorage/HeightmapError.swift /Users/admin/builder/spi-builder-workspace/Sources/Voxels/VoxelStorage/VoxelAccessible.swift (in target 'Voxels' from project 'Voxels')
SwiftCompile normal arm64 /Users/admin/builder/spi-builder-workspace/Sources/Voxels/VoxelScale.swift (in target 'Voxels' from project 'Voxels')
cd /Users/admin/builder/spi-builder-workspace/.swiftpm/xcode
builtin-SwiftPerFileCompile VoxelScale.swift
SwiftCompile normal arm64 /Users/admin/builder/spi-builder-workspace/Sources/Voxels/VoxelStorage/HeightmapConverter.swift (in target 'Voxels' from project 'Voxels')
cd /Users/admin/builder/spi-builder-workspace/.swiftpm/xcode
builtin-SwiftPerFileCompile HeightmapConverter.swift
SwiftCompile normal arm64 /Users/admin/builder/spi-builder-workspace/Sources/Voxels/VoxelStorage/HeightmapError.swift (in target 'Voxels' from project 'Voxels')
cd /Users/admin/builder/spi-builder-workspace/.swiftpm/xcode
builtin-SwiftPerFileCompile HeightmapError.swift
SwiftCompile normal arm64 /Users/admin/builder/spi-builder-workspace/Sources/Voxels/VoxelStorage/VoxelAccessible.swift (in target 'Voxels' from project 'Voxels')
cd /Users/admin/builder/spi-builder-workspace/.swiftpm/xcode
builtin-SwiftPerFileCompile VoxelAccessible.swift
SwiftCompile normal arm64 Compiling\ VoxelHash+Collection.swift,\ VoxelHash+Sequence.swift,\ VoxelHash+dump.swift,\ VoxelHash+sample.swift /Users/admin/builder/spi-builder-workspace/Sources/Voxels/VoxelStorage/VoxelHash+Collection.swift /Users/admin/builder/spi-builder-workspace/Sources/Voxels/VoxelStorage/VoxelHash+Sequence.swift /Users/admin/builder/spi-builder-workspace/Sources/Voxels/VoxelStorage/VoxelHash+dump.swift /Users/admin/builder/spi-builder-workspace/Sources/Voxels/VoxelStorage/VoxelHash+sample.swift (in target 'Voxels' from project 'Voxels')
SwiftCompile normal arm64 /Users/admin/builder/spi-builder-workspace/Sources/Voxels/VoxelStorage/VoxelHash+Collection.swift (in target 'Voxels' from project 'Voxels')
cd /Users/admin/builder/spi-builder-workspace/.swiftpm/xcode
builtin-SwiftPerFileCompile VoxelHash+Collection.swift
SwiftCompile normal arm64 /Users/admin/builder/spi-builder-workspace/Sources/Voxels/VoxelStorage/VoxelHash+Sequence.swift (in target 'Voxels' from project 'Voxels')
cd /Users/admin/builder/spi-builder-workspace/.swiftpm/xcode
builtin-SwiftPerFileCompile VoxelHash+Sequence.swift
SwiftCompile normal arm64 /Users/admin/builder/spi-builder-workspace/Sources/Voxels/VoxelStorage/VoxelHash+dump.swift (in target 'Voxels' from project 'Voxels')
cd /Users/admin/builder/spi-builder-workspace/.swiftpm/xcode
builtin-SwiftPerFileCompile VoxelHash+dump.swift
SwiftCompile normal arm64 /Users/admin/builder/spi-builder-workspace/Sources/Voxels/VoxelStorage/VoxelHash+sample.swift (in target 'Voxels' from project 'Voxels')
cd /Users/admin/builder/spi-builder-workspace/.swiftpm/xcode
builtin-SwiftPerFileCompile VoxelHash+sample.swift
SwiftCompile normal arm64 Compiling\ SDF.swift,\ SampleMeshData.swift,\ StrideIndexable.swift,\ CompleteVertex+generateMeshDescriptor.swift /Users/admin/builder/spi-builder-workspace/Sources/Voxels/SDF.swift /Users/admin/builder/spi-builder-workspace/Sources/Voxels/SampleMeshData.swift /Users/admin/builder/spi-builder-workspace/Sources/Voxels/StrideIndexable.swift /Users/admin/builder/spi-builder-workspace/Sources/Voxels/Vertex/CompleteVertex+generateMeshDescriptor.swift (in target 'Voxels' from project 'Voxels')
SwiftCompile normal arm64 /Users/admin/builder/spi-builder-workspace/Sources/Voxels/SDF.swift (in target 'Voxels' from project 'Voxels')
cd /Users/admin/builder/spi-builder-workspace/.swiftpm/xcode
builtin-SwiftPerFileCompile SDF.swift
SwiftCompile normal arm64 /Users/admin/builder/spi-builder-workspace/Sources/Voxels/SampleMeshData.swift (in target 'Voxels' from project 'Voxels')
cd /Users/admin/builder/spi-builder-workspace/.swiftpm/xcode
builtin-SwiftPerFileCompile SampleMeshData.swift
SwiftCompile normal arm64 /Users/admin/builder/spi-builder-workspace/Sources/Voxels/StrideIndexable.swift (in target 'Voxels' from project 'Voxels')
cd /Users/admin/builder/spi-builder-workspace/.swiftpm/xcode
builtin-SwiftPerFileCompile StrideIndexable.swift
SwiftCompile normal arm64 /Users/admin/builder/spi-builder-workspace/Sources/Voxels/Vertex/CompleteVertex+generateMeshDescriptor.swift (in target 'Voxels' from project 'Voxels')
cd /Users/admin/builder/spi-builder-workspace/.swiftpm/xcode
builtin-SwiftPerFileCompile CompleteVertex+generateMeshDescriptor.swift
SwiftCompile normal arm64 Compiling\ CompleteVertex.swift,\ SIMD2+lerp.swift,\ Vector.swift,\ VoxelAccessError.swift /Users/admin/builder/spi-builder-workspace/Sources/Voxels/Vertex/CompleteVertex.swift /Users/admin/builder/spi-builder-workspace/Sources/Voxels/Vertex/SIMD2+lerp.swift /Users/admin/builder/spi-builder-workspace/Sources/Voxels/Vertex/Vector.swift /Users/admin/builder/spi-builder-workspace/Sources/Voxels/VoxelAccessError.swift (in target 'Voxels' from project 'Voxels')
SwiftCompile normal arm64 /Users/admin/builder/spi-builder-workspace/Sources/Voxels/Vertex/CompleteVertex.swift (in target 'Voxels' from project 'Voxels')
cd /Users/admin/builder/spi-builder-workspace/.swiftpm/xcode
builtin-SwiftPerFileCompile CompleteVertex.swift
SwiftCompile normal arm64 /Users/admin/builder/spi-builder-workspace/Sources/Voxels/Vertex/SIMD2+lerp.swift (in target 'Voxels' from project 'Voxels')
cd /Users/admin/builder/spi-builder-workspace/.swiftpm/xcode
builtin-SwiftPerFileCompile SIMD2+lerp.swift
SwiftCompile normal arm64 /Users/admin/builder/spi-builder-workspace/Sources/Voxels/Vertex/Vector.swift (in target 'Voxels' from project 'Voxels')
cd /Users/admin/builder/spi-builder-workspace/.swiftpm/xcode
builtin-SwiftPerFileCompile Vector.swift
SwiftCompile normal arm64 /Users/admin/builder/spi-builder-workspace/Sources/Voxels/VoxelAccessError.swift (in target 'Voxels' from project 'Voxels')
cd /Users/admin/builder/spi-builder-workspace/.swiftpm/xcode
builtin-SwiftPerFileCompile VoxelAccessError.swift
SwiftCompile normal arm64 Compiling\ GreedyBlockMesh.swift,\ BlockMeshRenderer.swift,\ MarchingCubes.swift,\ MeshBuffer+meshDescriptor.swift,\ MeshBuffer.swift /Users/admin/builder/spi-builder-workspace/Sources/Voxels/GreedyBlockMesh.swift /Users/admin/builder/spi-builder-workspace/Sources/Voxels/Renderers/BlockMeshRenderer.swift /Users/admin/builder/spi-builder-workspace/Sources/Voxels/Renderers/MarchingCubes.swift /Users/admin/builder/spi-builder-workspace/Sources/Voxels/Renderers/MeshBuffer+meshDescriptor.swift /Users/admin/builder/spi-builder-workspace/Sources/Voxels/Renderers/MeshBuffer.swift (in target 'Voxels' from project 'Voxels')
SwiftCompile normal arm64 /Users/admin/builder/spi-builder-workspace/Sources/Voxels/GreedyBlockMesh.swift (in target 'Voxels' from project 'Voxels')
cd /Users/admin/builder/spi-builder-workspace/.swiftpm/xcode
builtin-SwiftPerFileCompile GreedyBlockMesh.swift
SwiftCompile normal arm64 /Users/admin/builder/spi-builder-workspace/Sources/Voxels/Renderers/BlockMeshRenderer.swift (in target 'Voxels' from project 'Voxels')
cd /Users/admin/builder/spi-builder-workspace/.swiftpm/xcode
builtin-SwiftPerFileCompile BlockMeshRenderer.swift
SwiftCompile normal arm64 /Users/admin/builder/spi-builder-workspace/Sources/Voxels/Renderers/MarchingCubes.swift (in target 'Voxels' from project 'Voxels')
cd /Users/admin/builder/spi-builder-workspace/.swiftpm/xcode
builtin-SwiftPerFileCompile MarchingCubes.swift
SwiftCompile normal arm64 /Users/admin/builder/spi-builder-workspace/Sources/Voxels/Renderers/MeshBuffer+meshDescriptor.swift (in target 'Voxels' from project 'Voxels')
cd /Users/admin/builder/spi-builder-workspace/.swiftpm/xcode
builtin-SwiftPerFileCompile MeshBuffer+meshDescriptor.swift
SwiftCompile normal arm64 /Users/admin/builder/spi-builder-workspace/Sources/Voxels/Renderers/MeshBuffer.swift (in target 'Voxels' from project 'Voxels')
cd /Users/admin/builder/spi-builder-workspace/.swiftpm/xcode
builtin-SwiftPerFileCompile MeshBuffer.swift
/Users/admin/builder/spi-builder-workspace/Sources/Voxels/Renderers/MeshBuffer+meshDescriptor.swift:6:34: error: 'MeshDescriptor' is only available in tvOS 26.0 or newer
2 | public import RealityKit
3 |
4 | public extension MeshBuffer {
| `- note: add '@available' attribute to enclosing extension
5 | /// Returns a RealityKit mesh descriptor instance for this buffer, if the buffer data is valid.
6 | func meshDescriptor() -> MeshDescriptor? {
| | `- error: 'MeshDescriptor' is only available in tvOS 26.0 or newer
| `- note: add '@available' attribute to enclosing instance method
7 | if indices.isEmpty || positions.isEmpty || normals.isEmpty { return nil }
8 | var meshDescriptor = MeshDescriptor()
/Users/admin/builder/spi-builder-workspace/Sources/Voxels/Renderers/MeshBuffer+meshDescriptor.swift:8:34: error: 'MeshDescriptor' is only available in tvOS 26.0 or newer
2 | public import RealityKit
3 |
4 | public extension MeshBuffer {
| `- note: add '@available' attribute to enclosing extension
5 | /// Returns a RealityKit mesh descriptor instance for this buffer, if the buffer data is valid.
6 | func meshDescriptor() -> MeshDescriptor? {
| `- note: add '@available' attribute to enclosing instance method
7 | if indices.isEmpty || positions.isEmpty || normals.isEmpty { return nil }
8 | var meshDescriptor = MeshDescriptor()
| |- error: 'MeshDescriptor' is only available in tvOS 26.0 or newer
| `- note: add 'if #available' version check
9 | meshDescriptor.primitives = .triangles(indices)
10 | meshDescriptor.positions = MeshBuffers.Positions(positions)
/Users/admin/builder/spi-builder-workspace/Sources/Voxels/Renderers/MeshBuffer+meshDescriptor.swift:10:28: error: 'positions' is only available in tvOS 26.0 or newer
2 | public import RealityKit
3 |
4 | public extension MeshBuffer {
| `- note: add '@available' attribute to enclosing extension
5 | /// Returns a RealityKit mesh descriptor instance for this buffer, if the buffer data is valid.
6 | func meshDescriptor() -> MeshDescriptor? {
| `- note: add '@available' attribute to enclosing instance method
7 | if indices.isEmpty || positions.isEmpty || normals.isEmpty { return nil }
8 | var meshDescriptor = MeshDescriptor()
9 | meshDescriptor.primitives = .triangles(indices)
10 | meshDescriptor.positions = MeshBuffers.Positions(positions)
| |- error: 'positions' is only available in tvOS 26.0 or newer
| `- note: add 'if #available' version check
11 | meshDescriptor.normals = MeshBuffers.Normals(normals)
12 | return meshDescriptor
/Users/admin/builder/spi-builder-workspace/Sources/Voxels/Renderers/MeshBuffer+meshDescriptor.swift:10:40: error: 'MeshBuffers' is only available in tvOS 26.0 or newer
2 | public import RealityKit
3 |
4 | public extension MeshBuffer {
| `- note: add '@available' attribute to enclosing extension
5 | /// Returns a RealityKit mesh descriptor instance for this buffer, if the buffer data is valid.
6 | func meshDescriptor() -> MeshDescriptor? {
| `- note: add '@available' attribute to enclosing instance method
7 | if indices.isEmpty || positions.isEmpty || normals.isEmpty { return nil }
8 | var meshDescriptor = MeshDescriptor()
9 | meshDescriptor.primitives = .triangles(indices)
10 | meshDescriptor.positions = MeshBuffers.Positions(positions)
| |- error: 'MeshBuffers' is only available in tvOS 26.0 or newer
| `- note: add 'if #available' version check
11 | meshDescriptor.normals = MeshBuffers.Normals(normals)
12 | return meshDescriptor
/Users/admin/builder/spi-builder-workspace/Sources/Voxels/Renderers/MeshBuffer+meshDescriptor.swift:10:52: error: 'init(_:)' is only available in tvOS 26.0 or newer
2 | public import RealityKit
3 |
4 | public extension MeshBuffer {
| `- note: add '@available' attribute to enclosing extension
5 | /// Returns a RealityKit mesh descriptor instance for this buffer, if the buffer data is valid.
6 | func meshDescriptor() -> MeshDescriptor? {
| `- note: add '@available' attribute to enclosing instance method
7 | if indices.isEmpty || positions.isEmpty || normals.isEmpty { return nil }
8 | var meshDescriptor = MeshDescriptor()
9 | meshDescriptor.primitives = .triangles(indices)
10 | meshDescriptor.positions = MeshBuffers.Positions(positions)
| |- error: 'init(_:)' is only available in tvOS 26.0 or newer
| `- note: add 'if #available' version check
11 | meshDescriptor.normals = MeshBuffers.Normals(normals)
12 | return meshDescriptor
/Users/admin/builder/spi-builder-workspace/Sources/Voxels/Renderers/MeshBuffer+meshDescriptor.swift:11:28: error: 'normals' is only available in tvOS 26.0 or newer
2 | public import RealityKit
3 |
4 | public extension MeshBuffer {
| `- note: add '@available' attribute to enclosing extension
5 | /// Returns a RealityKit mesh descriptor instance for this buffer, if the buffer data is valid.
6 | func meshDescriptor() -> MeshDescriptor? {
| `- note: add '@available' attribute to enclosing instance method
7 | if indices.isEmpty || positions.isEmpty || normals.isEmpty { return nil }
8 | var meshDescriptor = MeshDescriptor()
9 | meshDescriptor.primitives = .triangles(indices)
10 | meshDescriptor.positions = MeshBuffers.Positions(positions)
11 | meshDescriptor.normals = MeshBuffers.Normals(normals)
| |- error: 'normals' is only available in tvOS 26.0 or newer
| `- note: add 'if #available' version check
12 | return meshDescriptor
13 | }
/Users/admin/builder/spi-builder-workspace/Sources/Voxels/Renderers/MeshBuffer+meshDescriptor.swift:11:38: error: 'MeshBuffers' is only available in tvOS 26.0 or newer
2 | public import RealityKit
3 |
4 | public extension MeshBuffer {
| `- note: add '@available' attribute to enclosing extension
5 | /// Returns a RealityKit mesh descriptor instance for this buffer, if the buffer data is valid.
6 | func meshDescriptor() -> MeshDescriptor? {
| `- note: add '@available' attribute to enclosing instance method
7 | if indices.isEmpty || positions.isEmpty || normals.isEmpty { return nil }
8 | var meshDescriptor = MeshDescriptor()
9 | meshDescriptor.primitives = .triangles(indices)
10 | meshDescriptor.positions = MeshBuffers.Positions(positions)
11 | meshDescriptor.normals = MeshBuffers.Normals(normals)
| |- error: 'MeshBuffers' is only available in tvOS 26.0 or newer
| `- note: add 'if #available' version check
12 | return meshDescriptor
13 | }
SwiftCompile normal arm64 Compiling\ SurfaceNetRenderer+utility.swift,\ SurfaceNetRenderer.swift,\ VoxelBlockRenderable.swift,\ VoxelSurfaceRenderable.swift /Users/admin/builder/spi-builder-workspace/Sources/Voxels/Renderers/SurfaceNetRenderer+utility.swift /Users/admin/builder/spi-builder-workspace/Sources/Voxels/Renderers/SurfaceNetRenderer.swift /Users/admin/builder/spi-builder-workspace/Sources/Voxels/Renderers/VoxelBlockRenderable.swift /Users/admin/builder/spi-builder-workspace/Sources/Voxels/Renderers/VoxelSurfaceRenderable.swift (in target 'Voxels' from project 'Voxels')
SwiftCompile normal arm64 /Users/admin/builder/spi-builder-workspace/Sources/Voxels/Renderers/SurfaceNetRenderer+utility.swift (in target 'Voxels' from project 'Voxels')
cd /Users/admin/builder/spi-builder-workspace/.swiftpm/xcode
builtin-SwiftPerFileCompile SurfaceNetRenderer+utility.swift
SwiftCompile normal arm64 /Users/admin/builder/spi-builder-workspace/Sources/Voxels/Renderers/SurfaceNetRenderer.swift (in target 'Voxels' from project 'Voxels')
cd /Users/admin/builder/spi-builder-workspace/.swiftpm/xcode
builtin-SwiftPerFileCompile SurfaceNetRenderer.swift
SwiftCompile normal arm64 /Users/admin/builder/spi-builder-workspace/Sources/Voxels/Renderers/VoxelBlockRenderable.swift (in target 'Voxels' from project 'Voxels')
cd /Users/admin/builder/spi-builder-workspace/.swiftpm/xcode
builtin-SwiftPerFileCompile VoxelBlockRenderable.swift
SwiftCompile normal arm64 /Users/admin/builder/spi-builder-workspace/Sources/Voxels/Renderers/VoxelSurfaceRenderable.swift (in target 'Voxels' from project 'Voxels')
cd /Users/admin/builder/spi-builder-workspace/.swiftpm/xcode
builtin-SwiftPerFileCompile VoxelSurfaceRenderable.swift
SwiftCompile normal arm64 Compiling\ VoxelAccessible_VoxelBlockRenderable.swift,\ VoxelBounds+Collection.swift,\ VoxelBounds+Sequence.swift,\ VoxelBounds+slice.swift /Users/admin/builder/spi-builder-workspace/Sources/Voxels/VoxelAccessible_VoxelBlockRenderable.swift /Users/admin/builder/spi-builder-workspace/Sources/Voxels/VoxelBounds+Collection.swift /Users/admin/builder/spi-builder-workspace/Sources/Voxels/VoxelBounds+Sequence.swift /Users/admin/builder/spi-builder-workspace/Sources/Voxels/VoxelBounds+slice.swift (in target 'Voxels' from project 'Voxels')
SwiftCompile normal arm64 /Users/admin/builder/spi-builder-workspace/Sources/Voxels/VoxelAccessible_VoxelBlockRenderable.swift (in target 'Voxels' from project 'Voxels')
cd /Users/admin/builder/spi-builder-workspace/.swiftpm/xcode
builtin-SwiftPerFileCompile VoxelAccessible_VoxelBlockRenderable.swift
SwiftCompile normal arm64 /Users/admin/builder/spi-builder-workspace/Sources/Voxels/VoxelBounds+Collection.swift (in target 'Voxels' from project 'Voxels')
cd /Users/admin/builder/spi-builder-workspace/.swiftpm/xcode
builtin-SwiftPerFileCompile VoxelBounds+Collection.swift
SwiftCompile normal arm64 /Users/admin/builder/spi-builder-workspace/Sources/Voxels/VoxelBounds+Sequence.swift (in target 'Voxels' from project 'Voxels')
cd /Users/admin/builder/spi-builder-workspace/.swiftpm/xcode
builtin-SwiftPerFileCompile VoxelBounds+Sequence.swift
SwiftCompile normal arm64 /Users/admin/builder/spi-builder-workspace/Sources/Voxels/VoxelBounds+slice.swift (in target 'Voxels' from project 'Voxels')
cd /Users/admin/builder/spi-builder-workspace/.swiftpm/xcode
builtin-SwiftPerFileCompile VoxelBounds+slice.swift
SwiftCompile normal arm64 Compiling\ VoxelBounds.swift,\ VoxelConstants.swift,\ VoxelIndex+neighbors.swift,\ VoxelIndex.swift /Users/admin/builder/spi-builder-workspace/Sources/Voxels/VoxelBounds.swift /Users/admin/builder/spi-builder-workspace/Sources/Voxels/VoxelConstants.swift /Users/admin/builder/spi-builder-workspace/Sources/Voxels/VoxelIndex+neighbors.swift /Users/admin/builder/spi-builder-workspace/Sources/Voxels/VoxelIndex.swift (in target 'Voxels' from project 'Voxels')
SwiftCompile normal arm64 /Users/admin/builder/spi-builder-workspace/Sources/Voxels/VoxelBounds.swift (in target 'Voxels' from project 'Voxels')
cd /Users/admin/builder/spi-builder-workspace/.swiftpm/xcode
builtin-SwiftPerFileCompile VoxelBounds.swift
SwiftCompile normal arm64 /Users/admin/builder/spi-builder-workspace/Sources/Voxels/VoxelConstants.swift (in target 'Voxels' from project 'Voxels')
cd /Users/admin/builder/spi-builder-workspace/.swiftpm/xcode
builtin-SwiftPerFileCompile VoxelConstants.swift
SwiftCompile normal arm64 /Users/admin/builder/spi-builder-workspace/Sources/Voxels/VoxelIndex+neighbors.swift (in target 'Voxels' from project 'Voxels')
cd /Users/admin/builder/spi-builder-workspace/.swiftpm/xcode
builtin-SwiftPerFileCompile VoxelIndex+neighbors.swift
SwiftCompile normal arm64 /Users/admin/builder/spi-builder-workspace/Sources/Voxels/VoxelIndex.swift (in target 'Voxels' from project 'Voxels')
cd /Users/admin/builder/spi-builder-workspace/.swiftpm/xcode
builtin-SwiftPerFileCompile VoxelIndex.swift
SwiftDriverJobDiscovery normal arm64 Compiling VoxelAccessible_VoxelBlockRenderable.swift, VoxelBounds+Collection.swift, VoxelBounds+Sequence.swift, VoxelBounds+slice.swift (in target 'Voxels' from project 'Voxels')
SwiftDriverJobDiscovery normal arm64 Compiling VoxelHash+updating.swift, VoxelHash.swift, VoxelUpdate.swift, Voxels.swift (in target 'Voxels' from project 'Voxels')
SwiftDriverJobDiscovery normal arm64 Compiling VoxelArray+Collection.swift, VoxelArray+Sequence.swift, VoxelArray+updating.swift, VoxelArray.swift (in target 'Voxels' from project 'Voxels')
SwiftDriverJobDiscovery normal arm64 Compiling VoxelHash+Collection.swift, VoxelHash+Sequence.swift, VoxelHash+dump.swift, VoxelHash+sample.swift (in target 'Voxels' from project 'Voxels')
SwiftDriverJobDiscovery normal arm64 Compiling VoxelScale.swift, HeightmapConverter.swift, HeightmapError.swift, VoxelAccessible.swift (in target 'Voxels' from project 'Voxels')
SwiftDriverJobDiscovery normal arm64 Compiling CompleteVertex.swift, SIMD2+lerp.swift, Vector.swift, VoxelAccessError.swift (in target 'Voxels' from project 'Voxels')
SwiftDriverJobDiscovery normal arm64 Compiling SDF.swift, SampleMeshData.swift, StrideIndexable.swift, CompleteVertex+generateMeshDescriptor.swift (in target 'Voxels' from project 'Voxels')
SwiftDriverJobDiscovery normal arm64 Compiling SurfaceNetRenderer+utility.swift, SurfaceNetRenderer.swift, VoxelBlockRenderable.swift, VoxelSurfaceRenderable.swift (in target 'Voxels' from project 'Voxels')
PruneExplicitPrecompiledModules /Users/admin/builder/spi-builder-workspace/.derivedData/SDKExplicitPrecompiledModules
PruneExplicitPrecompiledModules /Users/admin/builder/spi-builder-workspace/.derivedData/Build/Intermediates.noindex/ExplicitPrecompiledModules
PruneExplicitPrecompiledModules /Users/admin/builder/spi-builder-workspace/.derivedData/Build/Intermediates.noindex/SwiftExplicitPrecompiledModules
2026-09-21 09:10:07.401 xcodebuild[886:5106] [MT] IDERunDestination: Supported platforms for the buildables in the current scheme is empty.
** BUILD FAILED **
The following build commands failed:
SwiftCompile normal arm64 (in target 'Voxels' from project 'Voxels')
SwiftEmitModule normal arm64 Emitting\ module\ for\ Voxels (in target 'Voxels' from project 'Voxels')
Building workspace Voxels with scheme Voxels
(3 failures)
Command line invocation:
/Applications/Xcode-27.0.0-Release.Candidate.app/Contents/Developer/usr/bin/xcodebuild -IDEClonedSourcePackagesDirPathOverride=/Users/admin/builder/spi-builder-workspace/.dependencies -resolvePackageDependencies
Resolve Package Graph
Resolved source packages:
Voxels: /Users/admin/builder/spi-builder-workspace
xctest-dynamic-overlay: https://github.com/pointfreeco/xctest-dynamic-overlay @ 1.13.1
swift-issue-reporting: https://github.com/pointfreeco/swift-issue-reporting @ 2.1.0
SwiftDocCPlugin: https://github.com/apple/swift-docc-plugin @ 1.5.0
Heightmap: https://github.com/heckj/Heightmap @ 0.6.4
SymbolKit: https://github.com/swiftlang/swift-docc-symbolkit @ 1.0.0
resolved source packages: Voxels, xctest-dynamic-overlay, swift-issue-reporting, SwiftDocCPlugin, Heightmap, SymbolKit
2026-09-21 09:10:28.876 xcodebuild[1214:6954] [MT] IDERunDestination: Supported platforms for the buildables in the current scheme is empty.
Running build ...
env DEVELOPER_DIR=/Applications/Xcode-27.0.0-Release.Candidate.app xcrun xcodebuild -IDEClonedSourcePackagesDirPathOverride=$PWD/.dependencies -skipMacroValidation -skipPackagePluginValidation -derivedDataPath $PWD/.derivedData build -scheme Voxels -destination generic/platform=tvOS
Command line invocation:
/Applications/Xcode-27.0.0-Release.Candidate.app/Contents/Developer/usr/bin/xcodebuild -IDEClonedSourcePackagesDirPathOverride=/Users/admin/builder/spi-builder-workspace/.dependencies -skipMacroValidation -skipPackagePluginValidation -derivedDataPath /Users/admin/builder/spi-builder-workspace/.derivedData build -scheme Voxels -destination generic/platform=tvOS
Resolve Package Graph
Resolved source packages:
Voxels: /Users/admin/builder/spi-builder-workspace
xctest-dynamic-overlay: https://github.com/pointfreeco/xctest-dynamic-overlay @ 1.13.1
Heightmap: https://github.com/heckj/Heightmap @ 0.6.4
SwiftDocCPlugin: https://github.com/apple/swift-docc-plugin @ 1.5.0
swift-issue-reporting: https://github.com/pointfreeco/swift-issue-reporting @ 2.1.0
SymbolKit: https://github.com/swiftlang/swift-docc-symbolkit @ 1.0.0
ComputePackagePrebuildTargetDependencyGraph
Prepare packages
CreateBuildRequest
SendProjectDescription
CreateBuildOperation
ComputeTargetDependencyGraph
note: Building targets in dependency order
note: Target dependency graph (8 targets)
Target 'Voxels-product' in project 'Voxels'
➜ Explicit dependency on target 'Voxels' in project 'Voxels'
➜ Explicit dependency on target 'Heightmap-product' in project 'Heightmap'
➜ Explicit dependency on target 'IssueReporting-product' in project 'xctest-dynamic-overlay'
Target 'Voxels' in project 'Voxels'
➜ Explicit dependency on target 'Heightmap-product' in project 'Heightmap'
➜ Explicit dependency on target 'IssueReporting-product' in project 'xctest-dynamic-overlay'
Target 'IssueReporting-product' in project 'xctest-dynamic-overlay'
➜ Explicit dependency on target '_IssueReporting' in project 'xctest-dynamic-overlay'
➜ Explicit dependency on target 'IssueReporting-product' in project 'swift-issue-reporting'
Target '_IssueReporting' in project 'xctest-dynamic-overlay'
➜ Explicit dependency on target 'IssueReporting-product' in project 'swift-issue-reporting'
Target 'IssueReporting-product' in project 'swift-issue-reporting'
➜ Explicit dependency on target 'IssueReporting' in project 'swift-issue-reporting'
Target 'IssueReporting' in project 'swift-issue-reporting' (no dependencies)
Target 'Heightmap-product' in project 'Heightmap'
➜ Explicit dependency on target 'Heightmap' in project 'Heightmap'
Target 'Heightmap' in project 'Heightmap' (no dependencies)
GatherProvisioningInputs
CreateBuildDescription
ClangStatCache /Applications/Xcode-27.0.0-Release.Candidate.app/Contents/Developer/Toolchains/XcodeDefault.xctoolchain/usr/bin/clang-stat-cache /Applications/Xcode-27.0.0-Release.Candidate.app/Contents/Developer/Platforms/AppleTVOS.platform/Developer/SDKs/AppleTVOS27.0.sdk /Users/admin/builder/spi-builder-workspace/.derivedData/SDKStatCaches.noindex/appletvos27.0-24J360-e829b21a6f8c9b70876ba0858053c044b32bfd8d43560033f8d89884cdb90028.sdkstatcache
cd /Users/admin/builder/spi-builder-workspace/.swiftpm/xcode
/Applications/Xcode-27.0.0-Release.Candidate.app/Contents/Developer/Toolchains/XcodeDefault.xctoolchain/usr/bin/clang-stat-cache /Applications/Xcode-27.0.0-Release.Candidate.app/Contents/Developer/Platforms/AppleTVOS.platform/Developer/SDKs/AppleTVOS27.0.sdk -o /Users/admin/builder/spi-builder-workspace/.derivedData/SDKStatCaches.noindex/appletvos27.0-24J360-e829b21a6f8c9b70876ba0858053c044b32bfd8d43560033f8d89884cdb90028.sdkstatcache
SwiftDriver Voxels normal arm64 com.apple.xcode.tools.swift.compiler (in target 'Voxels' from project 'Voxels')
cd /Users/admin/builder/spi-builder-workspace/.swiftpm/xcode
builtin-SwiftDriver -- /Applications/Xcode-27.0.0-Release.Candidate.app/Contents/Developer/Toolchains/XcodeDefault.xctoolchain/usr/bin/swiftc -parse-as-library -module-name Voxels -Onone @/Users/admin/builder/spi-builder-workspace/.derivedData/Build/Intermediates.noindex/Voxels.build/Debug-appletvos/Voxels-t.build/Objects-normal/arm64/Voxels.SwiftFileList -DSWIFT_PACKAGE -DDEBUG -DSWIFT_MODULE_RESOURCE_BUNDLE_UNAVAILABLE -DXcode -enable-upcoming-feature ExistentialAny -enable-experimental-feature AccessLevelOnImport -enable-upcoming-feature InternalImportsByDefault -plugin-path /Applications/Xcode-27.0.0-Release.Candidate.app/Contents/Developer/Toolchains/XcodeDefault.xctoolchain/usr/lib/swift/host/plugins/testing -enable-experimental-feature DebugDescriptionMacro -sdk /Applications/Xcode-27.0.0-Release.Candidate.app/Contents/Developer/Platforms/AppleTVOS.platform/Developer/SDKs/AppleTVOS27.0.sdk -target arm64-apple-tvos16.0 -g -module-cache-path /Users/admin/builder/spi-builder-workspace/.derivedData/ModuleCache.noindex -Xfrontend -serialize-debugging-options -profile-coverage-mapping -profile-generate -enable-testing -index-store-path /Users/admin/builder/spi-builder-workspace/.derivedData/Index.noindex/DataStore -Xcc -D_LIBCPP_HARDENING_MODE\=_LIBCPP_HARDENING_MODE_DEBUG -swift-version 6 -I /Users/admin/builder/spi-builder-workspace/.derivedData/Build/Products/Debug-appletvos -Isystem /Applications/Xcode-27.0.0-Release.Candidate.app/Contents/Developer/Platforms/AppleTVOS.platform/Developer/usr/lib -F /Users/admin/builder/spi-builder-workspace/.derivedData/Build/Products/Debug-appletvos/PackageFrameworks -F /Users/admin/builder/spi-builder-workspace/.derivedData/Build/Products/Debug-appletvos -F /Applications/Xcode-27.0.0-Release.Candidate.app/Contents/Developer/Platforms/AppleTVOS.platform/Developer/Library/Frameworks -F /Applications/Xcode-27.0.0-Release.Candidate.app/Contents/Developer/Platforms/AppleTVOS.platform/Developer/SDKs/AppleTVOS27.0.sdk/Developer/Library/Frameworks -c -j10 -enable-batch-mode -incremental -Xcc -ivfsstatcache -Xcc /Users/admin/builder/spi-builder-workspace/.derivedData/SDKStatCaches.noindex/appletvos27.0-24J360-e829b21a6f8c9b70876ba0858053c044b32bfd8d43560033f8d89884cdb90028.sdkstatcache -output-file-map /Users/admin/builder/spi-builder-workspace/.derivedData/Build/Intermediates.noindex/Voxels.build/Debug-appletvos/Voxels-t.build/Objects-normal/arm64/Voxels-OutputFileMap.json -save-temps -no-color-diagnostics -explicit-module-build -module-cache-path /Users/admin/builder/spi-builder-workspace/.derivedData/Build/Intermediates.noindex/SwiftExplicitPrecompiledModules -clang-scanner-module-cache-path /Users/admin/builder/spi-builder-workspace/.derivedData/ModuleCache.noindex -sdk-module-cache-path /Users/admin/builder/spi-builder-workspace/.derivedData/SDKExplicitPrecompiledModules -emit-dependencies -emit-module -emit-module-path /Users/admin/builder/spi-builder-workspace/.derivedData/Build/Intermediates.noindex/Voxels.build/Debug-appletvos/Voxels-t.build/Objects-normal/arm64/Voxels.swiftmodule -serialize-diagnostics -dependency-scan-serialize-diagnostics-path /Users/admin/builder/spi-builder-workspace/.derivedData/Build/Intermediates.noindex/Voxels.build/Debug-appletvos/Voxels-t.build/Objects-normal/arm64/Voxels-dependency-scan.dia -validate-clang-modules-once -clang-build-session-file /Users/admin/builder/spi-builder-workspace/.derivedData/ModuleCache.noindex/Session.modulevalidation -Xcc -fmodules-prune-interval\=86400 -Xcc -fmodules-prune-after\=345600 -emit-const-values -const-gather-protocols-list /Users/admin/builder/spi-builder-workspace/.derivedData/Build/Intermediates.noindex/Voxels.build/Debug-appletvos/Voxels-t.build/Objects-normal/arm64/Voxels_const_extract_protocols.json -Xcc -I/Users/admin/builder/spi-builder-workspace/.derivedData/Build/Products/Debug-appletvos/include -Xcc -I/Users/admin/builder/spi-builder-workspace/.derivedData/Build/Intermediates.noindex/Voxels.build/Debug-appletvos/Voxels-t.build/DerivedSources-normal/arm64 -Xcc -I/Users/admin/builder/spi-builder-workspace/.derivedData/Build/Intermediates.noindex/Voxels.build/Debug-appletvos/Voxels-t.build/DerivedSources/arm64 -Xcc -I/Users/admin/builder/spi-builder-workspace/.derivedData/Build/Intermediates.noindex/Voxels.build/Debug-appletvos/Voxels-t.build/DerivedSources -Xcc -DSWIFT_PACKAGE -Xcc -DDEBUG\=1 -emit-objc-header -emit-objc-header-path /Users/admin/builder/spi-builder-workspace/.derivedData/Build/Intermediates.noindex/Voxels.build/Debug-appletvos/Voxels-t.build/Objects-normal/arm64/Voxels-Swift.h -working-directory /Users/admin/builder/spi-builder-workspace/.swiftpm/xcode -experimental-emit-module-separately -disable-cmo
SwiftCompile normal arm64 Compiling\ MarchingCubes.swift /Users/admin/builder/spi-builder-workspace/Sources/Voxels/Renderers/MarchingCubes.swift (in target 'Voxels' from project 'Voxels')
SwiftCompile normal arm64 /Users/admin/builder/spi-builder-workspace/Sources/Voxels/Renderers/MarchingCubes.swift (in target 'Voxels' from project 'Voxels')
cd /Users/admin/builder/spi-builder-workspace/.swiftpm/xcode
builtin-SwiftPerFileCompile MarchingCubes.swift
SwiftCompile normal arm64 Compiling\ MeshBuffer+meshDescriptor.swift /Users/admin/builder/spi-builder-workspace/Sources/Voxels/Renderers/MeshBuffer+meshDescriptor.swift (in target 'Voxels' from project 'Voxels')
SwiftCompile normal arm64 /Users/admin/builder/spi-builder-workspace/Sources/Voxels/Renderers/MeshBuffer+meshDescriptor.swift (in target 'Voxels' from project 'Voxels')
cd /Users/admin/builder/spi-builder-workspace/.swiftpm/xcode
builtin-SwiftPerFileCompile MeshBuffer+meshDescriptor.swift
/Users/admin/builder/spi-builder-workspace/Sources/Voxels/Renderers/MeshBuffer+meshDescriptor.swift:6:34: error: 'MeshDescriptor' is only available in tvOS 26.0 or newer
2 | public import RealityKit
3 |
4 | public extension MeshBuffer {
| `- note: add '@available' attribute to enclosing extension
5 | /// Returns a RealityKit mesh descriptor instance for this buffer, if the buffer data is valid.
6 | func meshDescriptor() -> MeshDescriptor? {
| | `- error: 'MeshDescriptor' is only available in tvOS 26.0 or newer
| `- note: add '@available' attribute to enclosing instance method
7 | if indices.isEmpty || positions.isEmpty || normals.isEmpty { return nil }
8 | var meshDescriptor = MeshDescriptor()
/Users/admin/builder/spi-builder-workspace/Sources/Voxels/Renderers/MeshBuffer+meshDescriptor.swift:8:34: error: 'MeshDescriptor' is only available in tvOS 26.0 or newer
2 | public import RealityKit
3 |
4 | public extension MeshBuffer {
| `- note: add '@available' attribute to enclosing extension
5 | /// Returns a RealityKit mesh descriptor instance for this buffer, if the buffer data is valid.
6 | func meshDescriptor() -> MeshDescriptor? {
| `- note: add '@available' attribute to enclosing instance method
7 | if indices.isEmpty || positions.isEmpty || normals.isEmpty { return nil }
8 | var meshDescriptor = MeshDescriptor()
| |- error: 'MeshDescriptor' is only available in tvOS 26.0 or newer
| `- note: add 'if #available' version check
9 | meshDescriptor.primitives = .triangles(indices)
10 | meshDescriptor.positions = MeshBuffers.Positions(positions)
/Users/admin/builder/spi-builder-workspace/Sources/Voxels/Renderers/MeshBuffer+meshDescriptor.swift:10:28: error: 'positions' is only available in tvOS 26.0 or newer
2 | public import RealityKit
3 |
4 | public extension MeshBuffer {
| `- note: add '@available' attribute to enclosing extension
5 | /// Returns a RealityKit mesh descriptor instance for this buffer, if the buffer data is valid.
6 | func meshDescriptor() -> MeshDescriptor? {
| `- note: add '@available' attribute to enclosing instance method
7 | if indices.isEmpty || positions.isEmpty || normals.isEmpty { return nil }
8 | var meshDescriptor = MeshDescriptor()
9 | meshDescriptor.primitives = .triangles(indices)
10 | meshDescriptor.positions = MeshBuffers.Positions(positions)
| |- error: 'positions' is only available in tvOS 26.0 or newer
| `- note: add 'if #available' version check
11 | meshDescriptor.normals = MeshBuffers.Normals(normals)
12 | return meshDescriptor
/Users/admin/builder/spi-builder-workspace/Sources/Voxels/Renderers/MeshBuffer+meshDescriptor.swift:10:40: error: 'MeshBuffers' is only available in tvOS 26.0 or newer
2 | public import RealityKit
3 |
4 | public extension MeshBuffer {
| `- note: add '@available' attribute to enclosing extension
5 | /// Returns a RealityKit mesh descriptor instance for this buffer, if the buffer data is valid.
6 | func meshDescriptor() -> MeshDescriptor? {
| `- note: add '@available' attribute to enclosing instance method
7 | if indices.isEmpty || positions.isEmpty || normals.isEmpty { return nil }
8 | var meshDescriptor = MeshDescriptor()
9 | meshDescriptor.primitives = .triangles(indices)
10 | meshDescriptor.positions = MeshBuffers.Positions(positions)
| |- error: 'MeshBuffers' is only available in tvOS 26.0 or newer
| `- note: add 'if #available' version check
11 | meshDescriptor.normals = MeshBuffers.Normals(normals)
12 | return meshDescriptor
/Users/admin/builder/spi-builder-workspace/Sources/Voxels/Renderers/MeshBuffer+meshDescriptor.swift:10:52: error: 'init(_:)' is only available in tvOS 26.0 or newer
2 | public import RealityKit
3 |
4 | public extension MeshBuffer {
| `- note: add '@available' attribute to enclosing extension
5 | /// Returns a RealityKit mesh descriptor instance for this buffer, if the buffer data is valid.
6 | func meshDescriptor() -> MeshDescriptor? {
| `- note: add '@available' attribute to enclosing instance method
7 | if indices.isEmpty || positions.isEmpty || normals.isEmpty { return nil }
8 | var meshDescriptor = MeshDescriptor()
9 | meshDescriptor.primitives = .triangles(indices)
10 | meshDescriptor.positions = MeshBuffers.Positions(positions)
| |- error: 'init(_:)' is only available in tvOS 26.0 or newer
| `- note: add 'if #available' version check
11 | meshDescriptor.normals = MeshBuffers.Normals(normals)
12 | return meshDescriptor
/Users/admin/builder/spi-builder-workspace/Sources/Voxels/Renderers/MeshBuffer+meshDescriptor.swift:11:28: error: 'normals' is only available in tvOS 26.0 or newer
2 | public import RealityKit
3 |
4 | public extension MeshBuffer {
| `- note: add '@available' attribute to enclosing extension
5 | /// Returns a RealityKit mesh descriptor instance for this buffer, if the buffer data is valid.
6 | func meshDescriptor() -> MeshDescriptor? {
| `- note: add '@available' attribute to enclosing instance method
7 | if indices.isEmpty || positions.isEmpty || normals.isEmpty { return nil }
8 | var meshDescriptor = MeshDescriptor()
9 | meshDescriptor.primitives = .triangles(indices)
10 | meshDescriptor.positions = MeshBuffers.Positions(positions)
11 | meshDescriptor.normals = MeshBuffers.Normals(normals)
| |- error: 'normals' is only available in tvOS 26.0 or newer
| `- note: add 'if #available' version check
12 | return meshDescriptor
13 | }
/Users/admin/builder/spi-builder-workspace/Sources/Voxels/Renderers/MeshBuffer+meshDescriptor.swift:11:38: error: 'MeshBuffers' is only available in tvOS 26.0 or newer
2 | public import RealityKit
3 |
4 | public extension MeshBuffer {
| `- note: add '@available' attribute to enclosing extension
5 | /// Returns a RealityKit mesh descriptor instance for this buffer, if the buffer data is valid.
6 | func meshDescriptor() -> MeshDescriptor? {
| `- note: add '@available' attribute to enclosing instance method
7 | if indices.isEmpty || positions.isEmpty || normals.isEmpty { return nil }
8 | var meshDescriptor = MeshDescriptor()
9 | meshDescriptor.primitives = .triangles(indices)
10 | meshDescriptor.positions = MeshBuffers.Positions(positions)
11 | meshDescriptor.normals = MeshBuffers.Normals(normals)
| |- error: 'MeshBuffers' is only available in tvOS 26.0 or newer
| `- note: add 'if #available' version check
12 | return meshDescriptor
13 | }
SwiftCompile normal arm64 Compiling\ GreedyBlockMesh.swift /Users/admin/builder/spi-builder-workspace/Sources/Voxels/GreedyBlockMesh.swift (in target 'Voxels' from project 'Voxels')
SwiftCompile normal arm64 /Users/admin/builder/spi-builder-workspace/Sources/Voxels/GreedyBlockMesh.swift (in target 'Voxels' from project 'Voxels')
cd /Users/admin/builder/spi-builder-workspace/.swiftpm/xcode
builtin-SwiftPerFileCompile GreedyBlockMesh.swift
SwiftEmitModule normal arm64 Emitting\ module\ for\ Voxels (in target 'Voxels' from project 'Voxels')
/Users/admin/builder/spi-builder-workspace/Sources/Voxels/Renderers/MeshBuffer+meshDescriptor.swift:6:34: error: 'MeshDescriptor' is only available in tvOS 26.0 or newer
2 | public import RealityKit
3 |
4 | public extension MeshBuffer {
| `- note: add '@available' attribute to enclosing extension
5 | /// Returns a RealityKit mesh descriptor instance for this buffer, if the buffer data is valid.
6 | func meshDescriptor() -> MeshDescriptor? {
| | `- error: 'MeshDescriptor' is only available in tvOS 26.0 or newer
| `- note: add '@available' attribute to enclosing instance method
7 | if indices.isEmpty || positions.isEmpty || normals.isEmpty { return nil }
8 | var meshDescriptor = MeshDescriptor()
Failed frontend command:
/Applications/Xcode-27.0.0-Release.Candidate.app/Contents/Developer/Toolchains/XcodeDefault.xctoolchain/usr/bin/swift-frontend -frontend -emit-module -experimental-skip-non-inlinable-function-bodies-without-types /Users/admin/builder/spi-builder-workspace/Sources/Voxels/GreedyBlockMesh.swift /Users/admin/builder/spi-builder-workspace/Sources/Voxels/Renderers/BlockMeshRenderer.swift /Users/admin/builder/spi-builder-workspace/Sources/Voxels/Renderers/MarchingCubes.swift /Users/admin/builder/spi-builder-workspace/Sources/Voxels/Renderers/MeshBuffer+meshDescriptor.swift /Users/admin/builder/spi-builder-workspace/Sources/Voxels/Renderers/MeshBuffer.swift /Users/admin/builder/spi-builder-workspace/Sources/Voxels/Renderers/SurfaceNetRenderer+utility.swift /Users/admin/builder/spi-builder-workspace/Sources/Voxels/Renderers/SurfaceNetRenderer.swift /Users/admin/builder/spi-builder-workspace/Sources/Voxels/Renderers/VoxelBlockRenderable.swift /Users/admin/builder/spi-builder-workspace/Sources/Voxels/Renderers/VoxelSurfaceRenderable.swift /Users/admin/builder/spi-builder-workspace/Sources/Voxels/SDF.swift /Users/admin/builder/spi-builder-workspace/Sources/Voxels/SampleMeshData.swift /Users/admin/builder/spi-builder-workspace/Sources/Voxels/StrideIndexable.swift /Users/admin/builder/spi-builder-workspace/Sources/Voxels/Vertex/CompleteVertex+generateMeshDescriptor.swift /Users/admin/builder/spi-builder-workspace/Sources/Voxels/Vertex/CompleteVertex.swift /Users/admin/builder/spi-builder-workspace/Sources/Voxels/Vertex/SIMD2+lerp.swift /Users/admin/builder/spi-builder-workspace/Sources/Voxels/Vertex/Vector.swift /Users/admin/builder/spi-builder-workspace/Sources/Voxels/VoxelAccessError.swift /Users/admin/builder/spi-builder-workspace/Sources/Voxels/VoxelAccessible_VoxelBlockRenderable.swift /Users/admin/builder/spi-builder-workspace/Sources/Voxels/VoxelBounds+Collection.swift /Users/admin/builder/spi-builder-workspace/Sources/Voxels/VoxelBounds+Sequence.swift /Users/admin/builder/spi-builder-workspace/Sources/Voxels/VoxelBounds+slice.swift /Users/admin/builder/spi-builder-workspace/Sources/Voxels/VoxelBounds.swift /Users/admin/builder/spi-builder-workspace/Sources/Voxels/VoxelConstants.swift /Users/admin/builder/spi-builder-workspace/Sources/Voxels/VoxelIndex+neighbors.swift /Users/admin/builder/spi-builder-workspace/Sources/Voxels/VoxelIndex.swift /Users/admin/builder/spi-builder-workspace/Sources/Voxels/VoxelScale.swift /Users/admin/builder/spi-builder-workspace/Sources/Voxels/VoxelStorage/HeightmapConverter.swift /Users/admin/builder/spi-builder-workspace/Sources/Voxels/VoxelStorage/HeightmapError.swift /Users/admin/builder/spi-builder-workspace/Sources/Voxels/VoxelStorage/VoxelAccessible.swift /Users/admin/builder/spi-builder-workspace/Sources/Voxels/VoxelStorage/VoxelArray+Collection.swift /Users/admin/builder/spi-builder-workspace/Sources/Voxels/VoxelStorage/VoxelArray+Sequence.swift /Users/admin/builder/spi-builder-workspace/Sources/Voxels/VoxelStorage/VoxelArray+updating.swift /Users/admin/builder/spi-builder-workspace/Sources/Voxels/VoxelStorage/VoxelArray.swift /Users/admin/builder/spi-builder-workspace/Sources/Voxels/VoxelStorage/VoxelHash+Collection.swift /Users/admin/builder/spi-builder-workspace/Sources/Voxels/VoxelStorage/VoxelHash+Sequence.swift /Users/admin/builder/spi-builder-workspace/Sources/Voxels/VoxelStorage/VoxelHash+dump.swift /Users/admin/builder/spi-builder-workspace/Sources/Voxels/VoxelStorage/VoxelHash+sample.swift /Users/admin/builder/spi-builder-workspace/Sources/Voxels/VoxelStorage/VoxelHash+updating.swift /Users/admin/builder/spi-builder-workspace/Sources/Voxels/VoxelStorage/VoxelHash.swift /Users/admin/builder/spi-builder-workspace/Sources/Voxels/VoxelStorage/VoxelUpdate.swift /Users/admin/builder/spi-builder-workspace/Sources/Voxels/Voxels.swift -target arm64-apple-tvos16.0 -module-can-import-version RealityKit 453.3.1 0 -module-can-import-version simd 25 0 -disable-cross-import-overlay-search -swift-module-cross-import RealityKit /Applications/Xcode-27.0.0-Release.Candidate.app/Contents/Developer/Platforms/AppleTVOS.platform/Developer/SDKs/AppleTVOS27.0.sdk/System/Library/Frameworks/RealityKit.framework/Modules/RealityKit.swiftcrossimport/ComputeGraph.swiftoverlay -swift-module-cross-import RealityKit /Applications/Xcode-27.0.0-Release.Candidate.app/Contents/Developer/Platforms/AppleTVOS.platform/Developer/SDKs/AppleTVOS27.0.sdk/System/Library/Frameworks/RealityKit.framework/Modules/RealityKit.swiftcrossimport/SwiftUI.swiftoverlay -load-resolved-plugin /Applications/Xcode-27.0.0-Release.Candidate.app/Contents/Developer/Platforms/AppleTVOS.platform/Developer/usr/lib/swift/host/plugins/libFoundationMacros.dylib\#/Applications/Xcode-27.0.0-Release.Candidate.app/Contents/Developer/Platforms/AppleTVOS.platform/Developer/usr/bin/swift-plugin-server\#FoundationMacros -load-resolved-plugin /Applications/Xcode-27.0.0-Release.Candidate.app/Contents/Developer/Platforms/AppleTVOS.platform/Developer/usr/lib/swift/host/plugins/libObservationMacros.dylib\#/Applications/Xcode-27.0.0-Release.Candidate.app/Contents/Developer/Platforms/AppleTVOS.platform/Developer/usr/bin/swift-plugin-server\#ObservationMacros -load-resolved-plugin /Applications/Xcode-27.0.0-Release.Candidate.app/Contents/Developer/Platforms/AppleTVOS.platform/Developer/usr/lib/swift/host/plugins/libPreviewsMacros.dylib\#/Applications/Xcode-27.0.0-Release.Candidate.app/Contents/Developer/Platforms/AppleTVOS.platform/Developer/usr/bin/swift-plugin-server\#PreviewsMacros -load-resolved-plugin /Applications/Xcode-27.0.0-Release.Candidate.app/Contents/Developer/Platforms/AppleTVOS.platform/Developer/usr/lib/swift/host/plugins/libSwiftMacros.dylib\#/Applications/Xcode-27.0.0-Release.Candidate.app/Contents/Developer/Platforms/AppleTVOS.platform/Developer/usr/bin/swift-plugin-server\#SwiftMacros -load-resolved-plugin /Applications/Xcode-27.0.0-Release.Candidate.app/Contents/Developer/Platforms/AppleTVOS.platform/Developer/usr/lib/swift/host/plugins/libSwiftUIMacros.dylib\#/Applications/Xcode-27.0.0-Release.Candidate.app/Contents/Developer/Platforms/AppleTVOS.platform/Developer/usr/bin/swift-plugin-server\#SwiftUIMacros -disable-implicit-swift-modules -Xcc -fno-implicit-modules -Xcc -fno-implicit-module-maps -explicit-swift-module-map-file /Users/admin/builder/spi-builder-workspace/.derivedData/Build/Intermediates.noindex/Voxels.build/Debug-appletvos/Voxels-t.build/Objects-normal/arm64/Voxels-dependencies-1.json -Xllvm -aarch64-use-tbi -enable-objc-interop -stack-check -sdk /Applications/Xcode-27.0.0-Release.Candidate.app/Contents/Developer/Platforms/AppleTVOS.platform/Developer/SDKs/AppleTVOS27.0.sdk -I /Users/admin/builder/spi-builder-workspace/.derivedData/Build/Products/Debug-appletvos -Isystem /Applications/Xcode-27.0.0-Release.Candidate.app/Contents/Developer/Platforms/AppleTVOS.platform/Developer/usr/lib -F /Users/admin/builder/spi-builder-workspace/.derivedData/Build/Products/Debug-appletvos/PackageFrameworks -F /Users/admin/builder/spi-builder-workspace/.derivedData/Build/Products/Debug-appletvos -F /Applications/Xcode-27.0.0-Release.Candidate.app/Contents/Developer/Platforms/AppleTVOS.platform/Developer/Library/Frameworks -F /Applications/Xcode-27.0.0-Release.Candidate.app/Contents/Developer/Platforms/AppleTVOS.platform/Developer/SDKs/AppleTVOS27.0.sdk/Developer/Library/Frameworks -module-cache-path /Users/admin/builder/spi-builder-workspace/.derivedData/Build/Intermediates.noindex/SwiftExplicitPrecompiledModules -no-color-diagnostics -Xcc -fno-color-diagnostics -enable-testing -g -debug-info-format\=dwarf -dwarf-version\=4 -profile-generate -profile-coverage-mapping -swift-version 6 -Onone -D SWIFT_PACKAGE -D DEBUG -D SWIFT_MODULE_RESOURCE_BUNDLE_UNAVAILABLE -D Xcode -serialize-debugging-options -enable-upcoming-feature ExistentialAny -enable-experimental-feature AccessLevelOnImport -enable-upcoming-feature InternalImportsByDefault -enable-experimental-feature DebugDescriptionMacro -empty-abi-descriptor -validate-clang-modules-once -clang-build-session-file /Users/admin/builder/spi-builder-workspace/.derivedData/ModuleCache.noindex/Session.modulevalidation -Xcc -working-directory -Xcc /Users/admin/builder/spi-builder-workspace/.swiftpm/xcode -enable-anonymous-context-mangled-names -file-compilation-dir /Users/admin/builder/spi-builder-workspace/.swiftpm/xcode -Xcc -D_LIBCPP_HARDENING_MODE\=_LIBCPP_HARDENING_MODE_DEBUG -Xcc -ivfsstatcache -Xcc /Users/admin/builder/spi-builder-workspace/.derivedData/SDKStatCaches.noindex/appletvos27.0-24J360-e829b21a6f8c9b70876ba0858053c044b32bfd8d43560033f8d89884cdb90028.sdkstatcache -Xcc -fmodules-prune-interval\=86400 -Xcc -fmodules-prune-after\=345600 -Xcc -I/Users/admin/builder/spi-builder-workspace/.derivedData/Build/Products/Debug-appletvos/include -Xcc -I/Users/admin/builder/spi-builder-workspace/.derivedData/Build/Intermediates.noindex/Voxels.build/Debug-appletvos/Voxels-t.build/DerivedSources-normal/arm64 -Xcc -I/Users/admin/builder/spi-builder-workspace/.derivedData/Build/Intermediates.noindex/Voxels.build/Debug-appletvos/Voxels-t.build/DerivedSources/arm64 -Xcc -I/Users/admin/builder/spi-builder-workspace/.derivedData/Build/Intermediates.noindex/Voxels.build/Debug-appletvos/Voxels-t.build/DerivedSources -Xcc -DSWIFT_PACKAGE -Xcc -DDEBUG\=1 -no-auto-bridging-header-chaining -module-name Voxels -const-gather-protocols-file /Users/admin/builder/spi-builder-workspace/.derivedData/Build/Intermediates.noindex/Voxels.build/Debug-appletvos/Voxels-t.build/Objects-normal/arm64/Voxels_const_extract_protocols.json -disable-clang-spi -clang-target arm64-apple-tvos27.0 -target-sdk-version 27.0 -target-sdk-name appletvos27.0 -in-process-plugin-server-path /Applications/Xcode-27.0.0-Release.Candidate.app/Contents/Developer/Toolchains/XcodeDefault.xctoolchain/usr/lib/swift/host/libSwiftInProcPluginServer.dylib -emit-module-doc-path /Users/admin/builder/spi-builder-workspace/.derivedData/Build/Intermediates.noindex/Voxels.build/Debug-appletvos/Voxels-t.build/Objects-normal/arm64/Voxels.swiftdoc -emit-module-source-info-path /Users/admin/builder/spi-builder-workspace/.derivedData/Build/Intermediates.noindex/Voxels.build/Debug-appletvos/Voxels-t.build/Objects-normal/arm64/Voxels.swiftsourceinfo -emit-objc-header-path /Users/admin/builder/spi-builder-workspace/.derivedData/Build/Intermediates.noindex/Voxels.build/Debug-appletvos/Voxels-t.build/Objects-normal/arm64/Voxels-Swift.h -serialize-diagnostics-path /Users/admin/builder/spi-builder-workspace/.derivedData/Build/Intermediates.noindex/Voxels.build/Debug-appletvos/Voxels-t.build/Objects-normal/arm64/Voxels-primary-emit-module.dia -emit-dependencies-path /Users/admin/builder/spi-builder-workspace/.derivedData/Build/Intermediates.noindex/Voxels.build/Debug-appletvos/Voxels-t.build/Objects-normal/arm64/Voxels-primary-emit-module.d -parse-as-library -o /Users/admin/builder/spi-builder-workspace/.derivedData/Build/Intermediates.noindex/Voxels.build/Debug-appletvos/Voxels-t.build/Objects-normal/arm64/Voxels.swiftmodule -emit-abi-descriptor-path /Users/admin/builder/spi-builder-workspace/.derivedData/Build/Intermediates.noindex/Voxels.build/Debug-appletvos/Voxels-t.build/Objects-normal/arm64/Voxels.abi.json
SwiftCompile normal arm64 (in target 'Voxels' from project 'Voxels')
cd /Users/admin/builder/spi-builder-workspace/.swiftpm/xcode
SwiftCompile normal arm64 Compiling\ VoxelIndex+neighbors.swift /Users/admin/builder/spi-builder-workspace/Sources/Voxels/VoxelIndex+neighbors.swift (in target 'Voxels' from project 'Voxels')
SwiftCompile normal arm64 /Users/admin/builder/spi-builder-workspace/Sources/Voxels/VoxelIndex+neighbors.swift (in target 'Voxels' from project 'Voxels')
cd /Users/admin/builder/spi-builder-workspace/.swiftpm/xcode
builtin-SwiftPerFileCompile VoxelIndex+neighbors.swift
SwiftCompile normal arm64 Compiling\ VoxelIndex.swift /Users/admin/builder/spi-builder-workspace/Sources/Voxels/VoxelIndex.swift (in target 'Voxels' from project 'Voxels')
SwiftCompile normal arm64 /Users/admin/builder/spi-builder-workspace/Sources/Voxels/VoxelIndex.swift (in target 'Voxels' from project 'Voxels')
cd /Users/admin/builder/spi-builder-workspace/.swiftpm/xcode
builtin-SwiftPerFileCompile VoxelIndex.swift
SwiftCompile normal arm64 Compiling\ MeshBuffer.swift /Users/admin/builder/spi-builder-workspace/Sources/Voxels/Renderers/MeshBuffer.swift (in target 'Voxels' from project 'Voxels')
SwiftCompile normal arm64 /Users/admin/builder/spi-builder-workspace/Sources/Voxels/Renderers/MeshBuffer.swift (in target 'Voxels' from project 'Voxels')
cd /Users/admin/builder/spi-builder-workspace/.swiftpm/xcode
builtin-SwiftPerFileCompile MeshBuffer.swift
SwiftCompile normal arm64 Compiling\ VoxelConstants.swift /Users/admin/builder/spi-builder-workspace/Sources/Voxels/VoxelConstants.swift (in target 'Voxels' from project 'Voxels')
SwiftCompile normal arm64 /Users/admin/builder/spi-builder-workspace/Sources/Voxels/VoxelConstants.swift (in target 'Voxels' from project 'Voxels')
cd /Users/admin/builder/spi-builder-workspace/.swiftpm/xcode
builtin-SwiftPerFileCompile VoxelConstants.swift
SwiftCompile normal arm64 Compiling\ BlockMeshRenderer.swift /Users/admin/builder/spi-builder-workspace/Sources/Voxels/Renderers/BlockMeshRenderer.swift (in target 'Voxels' from project 'Voxels')
SwiftCompile normal arm64 /Users/admin/builder/spi-builder-workspace/Sources/Voxels/Renderers/BlockMeshRenderer.swift (in target 'Voxels' from project 'Voxels')
cd /Users/admin/builder/spi-builder-workspace/.swiftpm/xcode
builtin-SwiftPerFileCompile BlockMeshRenderer.swift
SwiftCompile normal arm64 Compiling\ VoxelBounds.swift /Users/admin/builder/spi-builder-workspace/Sources/Voxels/VoxelBounds.swift (in target 'Voxels' from project 'Voxels')
SwiftCompile normal arm64 /Users/admin/builder/spi-builder-workspace/Sources/Voxels/VoxelBounds.swift (in target 'Voxels' from project 'Voxels')
cd /Users/admin/builder/spi-builder-workspace/.swiftpm/xcode
builtin-SwiftPerFileCompile VoxelBounds.swift
SwiftDriverJobDiscovery normal arm64 Compiling GreedyBlockMesh.swift (in target 'Voxels' from project 'Voxels')
SwiftDriverJobDiscovery normal arm64 Compiling VoxelIndex+neighbors.swift (in target 'Voxels' from project 'Voxels')
SwiftDriverJobDiscovery normal arm64 Compiling VoxelIndex.swift (in target 'Voxels' from project 'Voxels')
SwiftDriverJobDiscovery normal arm64 Compiling VoxelConstants.swift (in target 'Voxels' from project 'Voxels')
SwiftCompile normal arm64 Compiling\ VoxelBounds+Collection.swift,\ VoxelBounds+Sequence.swift /Users/admin/builder/spi-builder-workspace/Sources/Voxels/VoxelBounds+Collection.swift /Users/admin/builder/spi-builder-workspace/Sources/Voxels/VoxelBounds+Sequence.swift (in target 'Voxels' from project 'Voxels')
SwiftCompile normal arm64 /Users/admin/builder/spi-builder-workspace/Sources/Voxels/VoxelBounds+Collection.swift (in target 'Voxels' from project 'Voxels')
cd /Users/admin/builder/spi-builder-workspace/.swiftpm/xcode
builtin-SwiftPerFileCompile VoxelBounds+Collection.swift
SwiftCompile normal arm64 /Users/admin/builder/spi-builder-workspace/Sources/Voxels/VoxelBounds+Sequence.swift (in target 'Voxels' from project 'Voxels')
cd /Users/admin/builder/spi-builder-workspace/.swiftpm/xcode
builtin-SwiftPerFileCompile VoxelBounds+Sequence.swift
SwiftCompile normal arm64 Compiling\ VoxelArray.swift,\ VoxelHash+Collection.swift /Users/admin/builder/spi-builder-workspace/Sources/Voxels/VoxelStorage/VoxelArray.swift /Users/admin/builder/spi-builder-workspace/Sources/Voxels/VoxelStorage/VoxelHash+Collection.swift (in target 'Voxels' from project 'Voxels')
SwiftCompile normal arm64 /Users/admin/builder/spi-builder-workspace/Sources/Voxels/VoxelStorage/VoxelArray.swift (in target 'Voxels' from project 'Voxels')
cd /Users/admin/builder/spi-builder-workspace/.swiftpm/xcode
builtin-SwiftPerFileCompile VoxelArray.swift
SwiftCompile normal arm64 /Users/admin/builder/spi-builder-workspace/Sources/Voxels/VoxelStorage/VoxelHash+Collection.swift (in target 'Voxels' from project 'Voxels')
cd /Users/admin/builder/spi-builder-workspace/.swiftpm/xcode
builtin-SwiftPerFileCompile VoxelHash+Collection.swift
SwiftCompile normal arm64 Compiling\ VoxelHash+sample.swift,\ VoxelHash+updating.swift /Users/admin/builder/spi-builder-workspace/Sources/Voxels/VoxelStorage/VoxelHash+sample.swift /Users/admin/builder/spi-builder-workspace/Sources/Voxels/VoxelStorage/VoxelHash+updating.swift (in target 'Voxels' from project 'Voxels')
SwiftCompile normal arm64 /Users/admin/builder/spi-builder-workspace/Sources/Voxels/VoxelStorage/VoxelHash+sample.swift (in target 'Voxels' from project 'Voxels')
cd /Users/admin/builder/spi-builder-workspace/.swiftpm/xcode
builtin-SwiftPerFileCompile VoxelHash+sample.swift
SwiftCompile normal arm64 /Users/admin/builder/spi-builder-workspace/Sources/Voxels/VoxelStorage/VoxelHash+updating.swift (in target 'Voxels' from project 'Voxels')
cd /Users/admin/builder/spi-builder-workspace/.swiftpm/xcode
builtin-SwiftPerFileCompile VoxelHash+updating.swift
SwiftCompile normal arm64 Compiling\ VoxelArray+Sequence.swift,\ VoxelArray+updating.swift /Users/admin/builder/spi-builder-workspace/Sources/Voxels/VoxelStorage/VoxelArray+Sequence.swift /Users/admin/builder/spi-builder-workspace/Sources/Voxels/VoxelStorage/VoxelArray+updating.swift (in target 'Voxels' from project 'Voxels')
SwiftCompile normal arm64 /Users/admin/builder/spi-builder-workspace/Sources/Voxels/VoxelStorage/VoxelArray+Sequence.swift (in target 'Voxels' from project 'Voxels')
cd /Users/admin/builder/spi-builder-workspace/.swiftpm/xcode
builtin-SwiftPerFileCompile VoxelArray+Sequence.swift
SwiftCompile normal arm64 /Users/admin/builder/spi-builder-workspace/Sources/Voxels/VoxelStorage/VoxelArray+updating.swift (in target 'Voxels' from project 'Voxels')
cd /Users/admin/builder/spi-builder-workspace/.swiftpm/xcode
builtin-SwiftPerFileCompile VoxelArray+updating.swift
SwiftCompile normal arm64 Compiling\ SurfaceNetRenderer+utility.swift,\ SurfaceNetRenderer.swift,\ VoxelBlockRenderable.swift /Users/admin/builder/spi-builder-workspace/Sources/Voxels/Renderers/SurfaceNetRenderer+utility.swift /Users/admin/builder/spi-builder-workspace/Sources/Voxels/Renderers/SurfaceNetRenderer.swift /Users/admin/builder/spi-builder-workspace/Sources/Voxels/Renderers/VoxelBlockRenderable.swift (in target 'Voxels' from project 'Voxels')
SwiftCompile normal arm64 /Users/admin/builder/spi-builder-workspace/Sources/Voxels/Renderers/SurfaceNetRenderer+utility.swift (in target 'Voxels' from project 'Voxels')
cd /Users/admin/builder/spi-builder-workspace/.swiftpm/xcode
builtin-SwiftPerFileCompile SurfaceNetRenderer+utility.swift
SwiftCompile normal arm64 /Users/admin/builder/spi-builder-workspace/Sources/Voxels/Renderers/SurfaceNetRenderer.swift (in target 'Voxels' from project 'Voxels')
cd /Users/admin/builder/spi-builder-workspace/.swiftpm/xcode
builtin-SwiftPerFileCompile SurfaceNetRenderer.swift
SwiftCompile normal arm64 /Users/admin/builder/spi-builder-workspace/Sources/Voxels/Renderers/VoxelBlockRenderable.swift (in target 'Voxels' from project 'Voxels')
cd /Users/admin/builder/spi-builder-workspace/.swiftpm/xcode
builtin-SwiftPerFileCompile VoxelBlockRenderable.swift
SwiftDriverJobDiscovery normal arm64 Compiling VoxelBounds.swift (in target 'Voxels' from project 'Voxels')
SwiftCompile normal arm64 Compiling\ VoxelHash+Sequence.swift,\ VoxelHash+dump.swift /Users/admin/builder/spi-builder-workspace/Sources/Voxels/VoxelStorage/VoxelHash+Sequence.swift /Users/admin/builder/spi-builder-workspace/Sources/Voxels/VoxelStorage/VoxelHash+dump.swift (in target 'Voxels' from project 'Voxels')
SwiftCompile normal arm64 /Users/admin/builder/spi-builder-workspace/Sources/Voxels/VoxelStorage/VoxelHash+Sequence.swift (in target 'Voxels' from project 'Voxels')
cd /Users/admin/builder/spi-builder-workspace/.swiftpm/xcode
builtin-SwiftPerFileCompile VoxelHash+Sequence.swift
SwiftCompile normal arm64 /Users/admin/builder/spi-builder-workspace/Sources/Voxels/VoxelStorage/VoxelHash+dump.swift (in target 'Voxels' from project 'Voxels')
cd /Users/admin/builder/spi-builder-workspace/.swiftpm/xcode
builtin-SwiftPerFileCompile VoxelHash+dump.swift
SwiftDriverJobDiscovery normal arm64 Compiling BlockMeshRenderer.swift (in target 'Voxels' from project 'Voxels')
SwiftCompile normal arm64 Compiling\ HeightmapConverter.swift,\ VoxelArray+Collection.swift /Users/admin/builder/spi-builder-workspace/Sources/Voxels/VoxelStorage/HeightmapConverter.swift /Users/admin/builder/spi-builder-workspace/Sources/Voxels/VoxelStorage/VoxelArray+Collection.swift (in target 'Voxels' from project 'Voxels')
SwiftCompile normal arm64 /Users/admin/builder/spi-builder-workspace/Sources/Voxels/VoxelStorage/HeightmapConverter.swift (in target 'Voxels' from project 'Voxels')
cd /Users/admin/builder/spi-builder-workspace/.swiftpm/xcode
builtin-SwiftPerFileCompile HeightmapConverter.swift
SwiftCompile normal arm64 /Users/admin/builder/spi-builder-workspace/Sources/Voxels/VoxelStorage/VoxelArray+Collection.swift (in target 'Voxels' from project 'Voxels')
cd /Users/admin/builder/spi-builder-workspace/.swiftpm/xcode
builtin-SwiftPerFileCompile VoxelArray+Collection.swift
SwiftDriverJobDiscovery normal arm64 Compiling MeshBuffer.swift (in target 'Voxels' from project 'Voxels')
SwiftCompile normal arm64 Compiling\ StrideIndexable.swift /Users/admin/builder/spi-builder-workspace/Sources/Voxels/StrideIndexable.swift (in target 'Voxels' from project 'Voxels')
SwiftCompile normal arm64 /Users/admin/builder/spi-builder-workspace/Sources/Voxels/StrideIndexable.swift (in target 'Voxels' from project 'Voxels')
cd /Users/admin/builder/spi-builder-workspace/.swiftpm/xcode
builtin-SwiftPerFileCompile StrideIndexable.swift
SwiftDriverJobDiscovery normal arm64 Compiling VoxelBounds+Collection.swift, VoxelBounds+Sequence.swift (in target 'Voxels' from project 'Voxels')
SwiftCompile normal arm64 Compiling\ VoxelBounds+slice.swift,\ VoxelScale.swift /Users/admin/builder/spi-builder-workspace/Sources/Voxels/VoxelBounds+slice.swift /Users/admin/builder/spi-builder-workspace/Sources/Voxels/VoxelScale.swift (in target 'Voxels' from project 'Voxels')
SwiftCompile normal arm64 /Users/admin/builder/spi-builder-workspace/Sources/Voxels/VoxelBounds+slice.swift (in target 'Voxels' from project 'Voxels')
cd /Users/admin/builder/spi-builder-workspace/.swiftpm/xcode
builtin-SwiftPerFileCompile VoxelBounds+slice.swift
SwiftCompile normal arm64 /Users/admin/builder/spi-builder-workspace/Sources/Voxels/VoxelScale.swift (in target 'Voxels' from project 'Voxels')
cd /Users/admin/builder/spi-builder-workspace/.swiftpm/xcode
builtin-SwiftPerFileCompile VoxelScale.swift
SwiftDriverJobDiscovery normal arm64 Compiling VoxelArray+Sequence.swift, VoxelArray+updating.swift (in target 'Voxels' from project 'Voxels')
SwiftCompile normal arm64 Compiling\ VoxelAccessible.swift /Users/admin/builder/spi-builder-workspace/Sources/Voxels/VoxelStorage/VoxelAccessible.swift (in target 'Voxels' from project 'Voxels')
SwiftCompile normal arm64 /Users/admin/builder/spi-builder-workspace/Sources/Voxels/VoxelStorage/VoxelAccessible.swift (in target 'Voxels' from project 'Voxels')
cd /Users/admin/builder/spi-builder-workspace/.swiftpm/xcode
builtin-SwiftPerFileCompile VoxelAccessible.swift
SwiftDriverJobDiscovery normal arm64 Compiling VoxelHash+sample.swift, VoxelHash+updating.swift (in target 'Voxels' from project 'Voxels')
SwiftCompile normal arm64 Compiling\ SampleMeshData.swift,\ Vector.swift,\ VoxelAccessible_VoxelBlockRenderable.swift /Users/admin/builder/spi-builder-workspace/Sources/Voxels/SampleMeshData.swift /Users/admin/builder/spi-builder-workspace/Sources/Voxels/Vertex/Vector.swift /Users/admin/builder/spi-builder-workspace/Sources/Voxels/VoxelAccessible_VoxelBlockRenderable.swift (in target 'Voxels' from project 'Voxels')
SwiftCompile normal arm64 /Users/admin/builder/spi-builder-workspace/Sources/Voxels/SampleMeshData.swift (in target 'Voxels' from project 'Voxels')
cd /Users/admin/builder/spi-builder-workspace/.swiftpm/xcode
builtin-SwiftPerFileCompile SampleMeshData.swift
SwiftCompile normal arm64 /Users/admin/builder/spi-builder-workspace/Sources/Voxels/Vertex/Vector.swift (in target 'Voxels' from project 'Voxels')
cd /Users/admin/builder/spi-builder-workspace/.swiftpm/xcode
builtin-SwiftPerFileCompile Vector.swift
SwiftCompile normal arm64 /Users/admin/builder/spi-builder-workspace/Sources/Voxels/VoxelAccessible_VoxelBlockRenderable.swift (in target 'Voxels' from project 'Voxels')
cd /Users/admin/builder/spi-builder-workspace/.swiftpm/xcode
builtin-SwiftPerFileCompile VoxelAccessible_VoxelBlockRenderable.swift
SwiftDriverJobDiscovery normal arm64 Compiling VoxelArray.swift, VoxelHash+Collection.swift (in target 'Voxels' from project 'Voxels')
SwiftCompile normal arm64 Compiling\ VoxelHash.swift,\ VoxelUpdate.swift /Users/admin/builder/spi-builder-workspace/Sources/Voxels/VoxelStorage/VoxelHash.swift /Users/admin/builder/spi-builder-workspace/Sources/Voxels/VoxelStorage/VoxelUpdate.swift (in target 'Voxels' from project 'Voxels')
SwiftCompile normal arm64 /Users/admin/builder/spi-builder-workspace/Sources/Voxels/VoxelStorage/VoxelHash.swift (in target 'Voxels' from project 'Voxels')
cd /Users/admin/builder/spi-builder-workspace/.swiftpm/xcode
builtin-SwiftPerFileCompile VoxelHash.swift
SwiftCompile normal arm64 /Users/admin/builder/spi-builder-workspace/Sources/Voxels/VoxelStorage/VoxelUpdate.swift (in target 'Voxels' from project 'Voxels')
cd /Users/admin/builder/spi-builder-workspace/.swiftpm/xcode
builtin-SwiftPerFileCompile VoxelUpdate.swift
SwiftDriverJobDiscovery normal arm64 Compiling VoxelHash+Sequence.swift, VoxelHash+dump.swift (in target 'Voxels' from project 'Voxels')
SwiftDriverJobDiscovery normal arm64 Compiling StrideIndexable.swift (in target 'Voxels' from project 'Voxels')
SwiftDriverJobDiscovery normal arm64 Compiling VoxelAccessible.swift (in target 'Voxels' from project 'Voxels')
SwiftDriverJobDiscovery normal arm64 Compiling HeightmapConverter.swift, VoxelArray+Collection.swift (in target 'Voxels' from project 'Voxels')
SwiftDriverJobDiscovery normal arm64 Compiling VoxelBounds+slice.swift, VoxelScale.swift (in target 'Voxels' from project 'Voxels')
PruneExplicitPrecompiledModules /Users/admin/builder/spi-builder-workspace/.derivedData/Build/Intermediates.noindex/ExplicitPrecompiledModules
PruneExplicitPrecompiledModules /Users/admin/builder/spi-builder-workspace/.derivedData/Build/Intermediates.noindex/SwiftExplicitPrecompiledModules
PruneExplicitPrecompiledModules /Users/admin/builder/spi-builder-workspace/.derivedData/SDKExplicitPrecompiledModules
2026-09-21 09:10:35.744 xcodebuild[1265:7308] [MT] IDERunDestination: Supported platforms for the buildables in the current scheme is empty.
** BUILD FAILED **
The following build commands failed:
SwiftEmitModule normal arm64 Emitting\ module\ for\ Voxels (in target 'Voxels' from project 'Voxels')
SwiftCompile normal arm64 (in target 'Voxels' from project 'Voxels')
Building workspace Voxels with scheme Voxels
(3 failures)
BUILD FAILURE 6.4 tvOS