The Swift Package Index logo.Swift Package Index

Build Information

Failed to build SwiftletModel, reference 0.25.0 (c75efc), with Swift 6.4 for Linux on 26 Sep 2026 01:52:04 UTC.

Build Command

bash -c docker run --pull=always --rm -v "checkouts-54344844-0":/host -w "$PWD" -e JAVA_HOME="/root/.sdkman/candidates/java/current" -e SPI_BUILD="1" -e SPI_PROCESSING="1" registry.gitlab.com/saguaro1/spi-images:basic-6.4-latest swift build --triple x86_64-unknown-linux-gnu 2>&1

Build Log

========================================
RunAll
========================================
Builder version: 5.1.0
Interrupt handler set up.
========================================
Checkout
========================================
Clone URL: https://github.com/KazaiMazai/SwiftletModel.git
Reference: 0.25.0
Initialized empty Git repository in /host/spi-builder-workspace/.git/
hint: Using 'master' as the name for the initial branch. This default branch name
hint: is subject to change. To configure the initial branch name to use in all
hint: of your new repositories, which will suppress this warning, call:
hint:
hint: 	git config --global init.defaultBranch <name>
hint:
hint: Names commonly chosen instead of 'master' are 'main', 'trunk' and
hint: 'development'. The just-created branch can be renamed via this command:
hint:
hint: 	git branch -m <name>
From https://github.com/KazaiMazai/SwiftletModel
 * tag               0.25.0     -> FETCH_HEAD
HEAD is now at c75efc3 All-entities-count (#140)
Cloned https://github.com/KazaiMazai/SwiftletModel.git
Revision (git rev-parse @):
c75efc3b07fadd42d5bdf816ef8836fe3e6537c4
SPI manifest file found: $PWD/.spi.yml
SUCCESS checkout https://github.com/KazaiMazai/SwiftletModel.git at 0.25.0
========================================
Build
========================================
Selected platform:         linux
Swift version:             6.4
Building package at path:  $PWD
https://github.com/KazaiMazai/SwiftletModel.git
Running build ...
bash -c docker run --pull=always --rm -v "checkouts-54344844-0":/host -w "$PWD" -e JAVA_HOME="/root/.sdkman/candidates/java/current" -e SPI_BUILD="1" -e SPI_PROCESSING="1" registry.gitlab.com/saguaro1/spi-images:basic-6.4-latest swift build --triple x86_64-unknown-linux-gnu 2>&1
basic-6.4-latest: Pulling from saguaro1/spi-images
Digest: sha256:c77fcce225e223ac0fafed844619173fc6de8d62dd560eeb28db3182af6a282b
Status: Image is up to date for registry.gitlab.com/saguaro1/spi-images:basic-6.4-latest
Fetching https://github.com/attaswift/BTree
Fetching https://github.com/swiftlang/swift-syntax
Fetching https://github.com/pointfreeco/swift-snapshot-testing
Fetching https://github.com/apple/swift-collections.git
[1/3353] Fetching btree
Fetched https://github.com/attaswift/BTree (0.57s)
[1/27779] Fetching swift-collections
[27780/107847] Fetching swift-collections, swift-syntax
[38189/124326] Fetching swift-collections, swift-syntax, swift-snapshot-testing
Fetched https://github.com/apple/swift-collections.git (2.40s)
Fetched https://github.com/pointfreeco/swift-snapshot-testing (2.43s)
Fetched https://github.com/swiftlang/swift-syntax (3.05s)
Computing version for https://github.com/attaswift/BTree
Computed https://github.com/attaswift/BTree at 4.1.0 (4.11s)
Computing version for https://github.com/swiftlang/swift-syntax
Computed https://github.com/swiftlang/swift-syntax at 600.0.1 (1.14s)
Computing version for https://github.com/apple/swift-collections.git
Computed https://github.com/apple/swift-collections.git at 1.7.1 (0.30s)
Computing version for https://github.com/pointfreeco/swift-snapshot-testing
Computed https://github.com/pointfreeco/swift-snapshot-testing at 1.19.6 (0.16s)
Fetching https://github.com/pointfreeco/swift-custom-dump
[1/5666] Fetching swift-custom-dump
Fetched https://github.com/pointfreeco/swift-custom-dump (0.49s)
Computing version for https://github.com/pointfreeco/swift-custom-dump
Computed https://github.com/pointfreeco/swift-custom-dump at 1.7.3 (0.67s)
Fetching https://github.com/pointfreeco/swift-issue-reporting
[1/6161] Fetching swift-issue-reporting
Fetched https://github.com/pointfreeco/swift-issue-reporting (0.75s)
Computing version for https://github.com/pointfreeco/swift-issue-reporting
Computed https://github.com/pointfreeco/swift-issue-reporting at 2.1.1 (1.86s)
Creating working copy for https://github.com/pointfreeco/swift-issue-reporting
Working copy of https://github.com/pointfreeco/swift-issue-reporting resolved at 2.1.1
Creating working copy for https://github.com/swiftlang/swift-syntax
Working copy of https://github.com/swiftlang/swift-syntax resolved at 600.0.1
Creating working copy for https://github.com/pointfreeco/swift-snapshot-testing
Working copy of https://github.com/pointfreeco/swift-snapshot-testing resolved at 1.19.6
Creating working copy for https://github.com/attaswift/BTree
Working copy of https://github.com/attaswift/BTree resolved at 4.1.0
Creating working copy for https://github.com/apple/swift-collections.git
Working copy of https://github.com/apple/swift-collections.git resolved at 1.7.1
Creating working copy for https://github.com/pointfreeco/swift-custom-dump
Working copy of https://github.com/pointfreeco/swift-custom-dump resolved at 1.7.3
warning: 'spi-builder-workspace': found 29 file(s) which are unhandled; explicitly declare them as resources or exclude from the target
    /host/spi-builder-workspace/Tests/SwiftletModelTests/CodableTests/__Snapshots__/RelationsEncodingDecodingTests/whenDefaultCoding_EqualExpectedJSON.1.json
    /host/spi-builder-workspace/Tests/SwiftletModelTests/CodableTests/__Snapshots__/RelationsEncodingDecodingTests/whenDefaultCoding_EqualExpectedJSON.2.json
    /host/spi-builder-workspace/Tests/SwiftletModelTests/CodableTests/__Snapshots__/RelationsEncodingDecodingTests/whenDefaultEncodingSlice_EqualExpectedJSON.1.json
    /host/spi-builder-workspace/Tests/SwiftletModelTests/CodableTests/__Snapshots__/RelationsEncodingDecodingTests/whenDefaultEncodingSlice_EqualExpectedJSON.2.json
    /host/spi-builder-workspace/Tests/SwiftletModelTests/CodableTests/__Snapshots__/RelationsEncodingDecodingTests/whenExactCoding_EqualExpectedJSON.1.json
    /host/spi-builder-workspace/Tests/SwiftletModelTests/CodableTests/__Snapshots__/RelationsEncodingDecodingTests/whenExactCoding_EqualExpectedJSON.2.json
    /host/spi-builder-workspace/Tests/SwiftletModelTests/CodableTests/__Snapshots__/RelationsEncodingDecodingTests/whenExactEncodingSlice_EqualExpectedJSON.1.json
    /host/spi-builder-workspace/Tests/SwiftletModelTests/CodableTests/__Snapshots__/RelationsEncodingDecodingTests/whenExactEncodingSlice_EqualExpectedJSON.2.json
    /host/spi-builder-workspace/Tests/SwiftletModelTests/CodableTests/__Snapshots__/RelationsEncodingDecodingTests/whenExplicitCoding_EqualExpectedJSON.1.json
    /host/spi-builder-workspace/Tests/SwiftletModelTests/CodableTests/__Snapshots__/RelationsEncodingDecodingTests/whenExplicitCoding_EqualExpectedJSON.2.json
    /host/spi-builder-workspace/Tests/SwiftletModelTests/CodableTests/__Snapshots__/RelationsEncodingDecodingTests/whenExplicitEncodingSlice_EqualExpectedJSON.1.json
    /host/spi-builder-workspace/Tests/SwiftletModelTests/CodableTests/__Snapshots__/RelationsEncodingDecodingTests/whenExplicitEncodingSlice_EqualExpectedJSON.2.json
    /host/spi-builder-workspace/Tests/SwiftletModelTests/QueriesTests/__Snapshots__/AllNestedModelsQueryTest/whenQueryFullSchemaFragments_IncludesAllEntities.1.json
    /host/spi-builder-workspace/Tests/SwiftletModelTests/QueriesTests/__Snapshots__/AllNestedModelsQueryTest/whenQueryFullSchema_IncludesAllEntities.1.json
    /host/spi-builder-workspace/Tests/SwiftletModelTests/QueriesTests/__Snapshots__/AllNestedModelsQueryTest/whenQuerySchemaLatestRange_IncludesEntitiesUpdatedWithinRange.1.json
    /host/spi-builder-workspace/Tests/SwiftletModelTests/QueriesTests/__Snapshots__/AllNestedModelsQueryTest/whenQuerySchemaOlderRange_IncludesEntitiesUpdatedWithinRange.1.json
    /host/spi-builder-workspace/Tests/SwiftletModelTests/QueriesTests/__Snapshots__/AllNestedModelsQueryTest/whenQueryWithNestedEntitiesAndIds_EqualExpectedJSON.1.json
    /host/spi-builder-workspace/Tests/SwiftletModelTests/QueriesTests/__Snapshots__/AllNestedModelsQueryTest/whenQueryWithNestedEntitiesEntitiesAndIds_EqualExpectedJSON.1.json
    /host/spi-builder-workspace/Tests/SwiftletModelTests/QueriesTests/__Snapshots__/AllNestedModelsQueryTest/whenQueryWithNestedEntities_EqualExpectedJSON.1.json
    /host/spi-builder-workspace/Tests/SwiftletModelTests/QueriesTests/__Snapshots__/AllNestedModelsQueryTest/whenQueryWithNestedFragments_EqualExpectedJSON.1.json
    /host/spi-builder-workspace/Tests/SwiftletModelTests/QueriesTests/__Snapshots__/AllNestedModelsQueryTest/whenQueryWithNestedIds_EqualExpectedJSON.1.json
    /host/spi-builder-workspace/Tests/SwiftletModelTests/QueriesTests/__Snapshots__/NestedModelsQueryTest/whenQueryWithNestedIdsSlice_EqualExpectedJSON.1.json
    /host/spi-builder-workspace/Tests/SwiftletModelTests/QueriesTests/__Snapshots__/NestedModelsQueryTest/whenQueryWithNestedModelId_EqualExpectedJSON.1.json
    /host/spi-builder-workspace/Tests/SwiftletModelTests/QueriesTests/__Snapshots__/NestedModelsQueryTest/whenQueryWithNestedModelIds_EqualExpectedJSON.1.json
    /host/spi-builder-workspace/Tests/SwiftletModelTests/QueriesTests/__Snapshots__/NestedModelsQueryTest/whenQueryWithNestedModel_EqualExpectedJSON.1.json
    /host/spi-builder-workspace/Tests/SwiftletModelTests/QueriesTests/__Snapshots__/NestedModelsQueryTest/whenQueryWithNestedModelsAndFilter_EqualExpectedJSON.1.json
    /host/spi-builder-workspace/Tests/SwiftletModelTests/QueriesTests/__Snapshots__/NestedModelsQueryTest/whenQueryWithNestedModelsAndSort_EqualExpectedJSON.1.json
    /host/spi-builder-workspace/Tests/SwiftletModelTests/QueriesTests/__Snapshots__/NestedModelsQueryTest/whenQueryWithNestedModelsSlice_EqualExpectedJSON.1.json
    /host/spi-builder-workspace/Tests/SwiftletModelTests/QueriesTests/__Snapshots__/NestedModelsQueryTest/whenQueryWithNestedModels_EqualExpectedJSON.1.json
Building for debugging...
[Computing dependencies]
[Pre-planning 1 / 853]
[Planning deferred tasks]
[177 / 363] SwiftSyntax509
[198 / 381] SwiftSyntax
error: SwiftCompile normal x86_64 failed with a nonzero exit code. Command line:     cd /host

[199 / 381] BTree
/host/spi-builder-workspace/.build/checkouts/BTree/Sources/BridgedList.swift:57:78: error: cannot find type 'NSFastEnumerationState' in scope
55 |     }
56 |
57 |     public override func countByEnumerating(with state: UnsafeMutablePointer<NSFastEnumerationState>, objects buffer: AutoreleasingUnsafeMutablePointer<AnyObject?>, count len: Int) -> Int {
   |                                                                              `- error: cannot find type 'NSFastEnumerationState' in scope
58 |         precondition(MemoryLayout<(EmptyKey, Value)>.size == MemoryLayout<Value>.size)
59 |         precondition(MemoryLayout<(EmptyKey, Value)>.stride == MemoryLayout<Value>.stride)
/host/spi-builder-workspace/.build/checkouts/BTree/Sources/BridgedList.swift:57:119: error: cannot find type 'AutoreleasingUnsafeMutablePointer' in scope
55 |     }
56 |
57 |     public override func countByEnumerating(with state: UnsafeMutablePointer<NSFastEnumerationState>, objects buffer: AutoreleasingUnsafeMutablePointer<AnyObject?>, count len: Int) -> Int {
   |                                                                                                                       `- error: cannot find type 'AutoreleasingUnsafeMutablePointer' in scope
58 |         precondition(MemoryLayout<(EmptyKey, Value)>.size == MemoryLayout<Value>.size)
59 |         precondition(MemoryLayout<(EmptyKey, Value)>.stride == MemoryLayout<Value>.stride)
Failed frontend command:
/usr/bin/swift-frontend -frontend -emit-module -experimental-skip-non-inlinable-function-bodies-without-types /host/spi-builder-workspace/.build/checkouts/BTree/Sources/BTree.swift /host/spi-builder-workspace/.build/checkouts/BTree/Sources/BTreeBuilder.swift /host/spi-builder-workspace/.build/checkouts/BTree/Sources/BTreeComparisons.swift /host/spi-builder-workspace/.build/checkouts/BTree/Sources/BTreeCursor.swift /host/spi-builder-workspace/.build/checkouts/BTree/Sources/BTreeIndex.swift /host/spi-builder-workspace/.build/checkouts/BTree/Sources/BTreeIterator.swift /host/spi-builder-workspace/.build/checkouts/BTree/Sources/BTreeMerger.swift /host/spi-builder-workspace/.build/checkouts/BTree/Sources/BTreeNode.swift /host/spi-builder-workspace/.build/checkouts/BTree/Sources/BTreePath.swift /host/spi-builder-workspace/.build/checkouts/BTree/Sources/BridgedList.swift /host/spi-builder-workspace/.build/checkouts/BTree/Sources/Compatibility.swift /host/spi-builder-workspace/.build/checkouts/BTree/Sources/List.swift /host/spi-builder-workspace/.build/checkouts/BTree/Sources/Map.swift /host/spi-builder-workspace/.build/checkouts/BTree/Sources/SortedBag.swift /host/spi-builder-workspace/.build/checkouts/BTree/Sources/SortedSet.swift /host/spi-builder-workspace/.build/checkouts/BTree/Sources/Weak.swift -target x86_64-unknown-linux-gnu -disable-objc-interop -I /host/spi-builder-workspace/.build/out/Products/Debug-linux-x86_64 -module-cache-path /host/spi-builder-workspace/.build/out/ModuleCache.noindex -color-diagnostics -Xcc -fcolor-diagnostics -enable-testing -g -debug-info-format\=dwarf -dwarf-version\=4 -suppress-warnings -swift-version 4 -Onone -D SWIFT_PACKAGE -D DEBUG -D SWIFT_MODULE_RESOURCE_BUNDLE_UNAVAILABLE -D Xcode -serialize-debugging-options -enable-experimental-feature DebugDescriptionMacro -empty-abi-descriptor -external-plugin-path /usr/lib/swift/host/plugins/testing\#/usr/bin/swift-plugin-server -validate-clang-modules-once -clang-build-session-file /host/spi-builder-workspace/.build/out/ModuleCache.noindex/Session.modulevalidation -Xcc -working-directory -Xcc /host -enable-anonymous-context-mangled-names -file-compilation-dir /host -Xcc -fno-omit-frame-pointer -Xcc -D_LIBCPP_HARDENING_MODE\=_LIBCPP_HARDENING_MODE_DEBUG -Xcc -fmodules-prune-interval\=86400 -Xcc -fmodules-prune-after\=345600 -Xcc -I/host/spi-builder-workspace/.build/out/Products/Debug-linux-x86_64/include -Xcc -I/host/spi-builder-workspace/.build/out/Intermediates.noindex/BTree.build/Debug-linux-x86_64/BTree-t.build/DerivedSources-normal/x86_64 -Xcc -I/host/spi-builder-workspace/.build/out/Intermediates.noindex/BTree.build/Debug-linux-x86_64/BTree-t.build/DerivedSources/x86_64 -Xcc -I/host/spi-builder-workspace/.build/out/Intermediates.noindex/BTree.build/Debug-linux-x86_64/BTree-t.build/DerivedSources -Xcc -DSWIFT_PACKAGE -Xcc -DDEBUG\=1 -no-auto-bridging-header-chaining -module-name BTree -const-gather-protocols-file /host/spi-builder-workspace/.build/out/Intermediates.noindex/BTree.build/Debug-linux-x86_64/BTree-t.build/Objects-normal/x86_64/BTree_const_extract_protocols.json -in-process-plugin-server-path /usr/lib/swift/host/libSwiftInProcPluginServer.so -plugin-path /usr/lib/swift/host/plugins -plugin-path /usr/local/lib/swift/host/plugins -emit-module-doc-path /host/spi-builder-workspace/.build/out/Intermediates.noindex/BTree.build/Debug-linux-x86_64/BTree-t.build/Objects-normal/x86_64/Modules/BTree.swiftdoc -emit-module-source-info-path /host/spi-builder-workspace/.build/out/Intermediates.noindex/BTree.build/Debug-linux-x86_64/BTree-t.build/Objects-normal/x86_64/Modules/BTree.swiftsourceinfo -emit-objc-header-path /host/spi-builder-workspace/.build/out/Intermediates.noindex/BTree.build/Debug-linux-x86_64/BTree-t.build/Objects-normal/x86_64/BTree-Swift.h -serialize-diagnostics-path /host/spi-builder-workspace/.build/out/Intermediates.noindex/BTree.build/Debug-linux-x86_64/BTree-t.build/Objects-normal/x86_64/BTree-primary-emit-module.dia -emit-dependencies-path /host/spi-builder-workspace/.build/out/Intermediates.noindex/BTree.build/Debug-linux-x86_64/BTree-t.build/Objects-normal/x86_64/BTree-primary-emit-module.d -parse-as-library -o /host/spi-builder-workspace/.build/out/Intermediates.noindex/BTree.build/Debug-linux-x86_64/BTree-t.build/Objects-normal/x86_64/Modules/BTree.swiftmodule
error: Build failed
BUILD FAILURE 6.4 linux