Build Information
Failed to build InteractiveCapsuleOverlay, reference 1.2.1 (e65786), with Swift 6.4 for tvOS using Xcode 27.0 on 20 Sep 2026 10:07:09 UTC.
Build Command
env DEVELOPER_DIR=/Applications/Xcode-27.0.0-Release.Candidate.app xcrun xcodebuild -IDEClonedSourcePackagesDirPathOverride=$PWD/.dependencies -skipMacroValidation -skipPackagePluginValidation -derivedDataPath $PWD/.derivedData build -scheme InteractiveCapsuleOverlay -destination generic/platform=tvOSBuild Log
cd /Users/admin/builder/spi-builder-workspace/.dependencies/checkouts/Pow
write-file /Users/admin/builder/spi-builder-workspace/.derivedData/Build/Intermediates.noindex/Pow.build/Debug-appletvos/Pow_Pow-b.build/Pow_Pow.DependencyMetadataFileList
WriteAuxiliaryFile /Users/admin/builder/spi-builder-workspace/.derivedData/Build/Intermediates.noindex/Pow.build/Debug-appletvos/Pow-t.build/Pow.modulemap (in target 'Pow' from project 'Pow')
cd /Users/admin/builder/spi-builder-workspace/.dependencies/checkouts/Pow
write-file /Users/admin/builder/spi-builder-workspace/.derivedData/Build/Intermediates.noindex/Pow.build/Debug-appletvos/Pow-t.build/Pow.modulemap
WriteAuxiliaryFile /Users/admin/builder/spi-builder-workspace/.derivedData/Build/Intermediates.noindex/Pow.build/Debug-appletvos/Pow-t.build/Pow.DependencyStaticMetadataFileList (in target 'Pow' from project 'Pow')
cd /Users/admin/builder/spi-builder-workspace/.dependencies/checkouts/Pow
write-file /Users/admin/builder/spi-builder-workspace/.derivedData/Build/Intermediates.noindex/Pow.build/Debug-appletvos/Pow-t.build/Pow.DependencyStaticMetadataFileList
Copy /Users/admin/builder/spi-builder-workspace/.derivedData/Build/Intermediates.noindex/GeneratedModuleMaps-appletvos/Time.modulemap /Users/admin/builder/spi-builder-workspace/.derivedData/Build/Intermediates.noindex/Time.build/Debug-appletvos/Time-t.build/Time.modulemap (in target 'Time' from project 'Time')
cd /Users/admin/builder/spi-builder-workspace/.dependencies/checkouts/time
builtin-copy -exclude .DS_Store -exclude CVS -exclude .svn -exclude .git -exclude .hg -resolve-src-symlinks /Users/admin/builder/spi-builder-workspace/.derivedData/Build/Intermediates.noindex/Time.build/Debug-appletvos/Time-t.build/Time.modulemap /Users/admin/builder/spi-builder-workspace/.derivedData/Build/Intermediates.noindex/GeneratedModuleMaps-appletvos
WriteAuxiliaryFile /Users/admin/builder/spi-builder-workspace/.derivedData/Build/Intermediates.noindex/Pow.build/Debug-appletvos/Pow-t.build/Pow.DependencyMetadataFileList (in target 'Pow' from project 'Pow')
cd /Users/admin/builder/spi-builder-workspace/.dependencies/checkouts/Pow
write-file /Users/admin/builder/spi-builder-workspace/.derivedData/Build/Intermediates.noindex/Pow.build/Debug-appletvos/Pow-t.build/Pow.DependencyMetadataFileList
WriteAuxiliaryFile /Users/admin/builder/spi-builder-workspace/.derivedData/Build/Intermediates.noindex/Pow.build/Debug-appletvos/Pow-t.build/Objects-normal/arm64/Pow_const_extract_protocols.json (in target 'Pow' from project 'Pow')
cd /Users/admin/builder/spi-builder-workspace/.dependencies/checkouts/Pow
write-file /Users/admin/builder/spi-builder-workspace/.derivedData/Build/Intermediates.noindex/Pow.build/Debug-appletvos/Pow-t.build/Objects-normal/arm64/Pow_const_extract_protocols.json
WriteAuxiliaryFile /Users/admin/builder/spi-builder-workspace/.derivedData/Build/Intermediates.noindex/Pow.build/Debug-appletvos/Pow-t.build/Objects-normal/arm64/Pow.SwiftFileList (in target 'Pow' from project 'Pow')
cd /Users/admin/builder/spi-builder-workspace/.dependencies/checkouts/Pow
write-file /Users/admin/builder/spi-builder-workspace/.derivedData/Build/Intermediates.noindex/Pow.build/Debug-appletvos/Pow-t.build/Objects-normal/arm64/Pow.SwiftFileList
WriteAuxiliaryFile /Users/admin/builder/spi-builder-workspace/.derivedData/Build/Intermediates.noindex/Pow.build/Debug-appletvos/Pow-t.build/Objects-normal/arm64/Pow.LinkFileList (in target 'Pow' from project 'Pow')
cd /Users/admin/builder/spi-builder-workspace/.dependencies/checkouts/Pow
write-file /Users/admin/builder/spi-builder-workspace/.derivedData/Build/Intermediates.noindex/Pow.build/Debug-appletvos/Pow-t.build/Objects-normal/arm64/Pow.LinkFileList
WriteAuxiliaryFile /Users/admin/builder/spi-builder-workspace/.derivedData/Build/Intermediates.noindex/Pow.build/Debug-appletvos/Pow-t.build/Objects-normal/arm64/Pow.SwiftConstValuesFileList (in target 'Pow' from project 'Pow')
cd /Users/admin/builder/spi-builder-workspace/.dependencies/checkouts/Pow
write-file /Users/admin/builder/spi-builder-workspace/.derivedData/Build/Intermediates.noindex/Pow.build/Debug-appletvos/Pow-t.build/Objects-normal/arm64/Pow.SwiftConstValuesFileList
WriteAuxiliaryFile /Users/admin/builder/spi-builder-workspace/.derivedData/Build/Intermediates.noindex/Pow.build/Debug-appletvos/Pow-t.build/Objects-normal/arm64/Pow-OutputFileMap.json (in target 'Pow' from project 'Pow')
cd /Users/admin/builder/spi-builder-workspace/.dependencies/checkouts/Pow
write-file /Users/admin/builder/spi-builder-workspace/.derivedData/Build/Intermediates.noindex/Pow.build/Debug-appletvos/Pow-t.build/Objects-normal/arm64/Pow-OutputFileMap.json
WriteAuxiliaryFile /Users/admin/builder/spi-builder-workspace/.derivedData/Build/Intermediates.noindex/Pow.build/Debug-appletvos/Pow-t.build/DerivedSources/resource_bundle_accessor.swift (in target 'Pow' from project 'Pow')
cd /Users/admin/builder/spi-builder-workspace/.dependencies/checkouts/Pow
write-file /Users/admin/builder/spi-builder-workspace/.derivedData/Build/Intermediates.noindex/Pow.build/Debug-appletvos/Pow-t.build/DerivedSources/resource_bundle_accessor.swift
Copy /Users/admin/builder/spi-builder-workspace/.derivedData/Build/Intermediates.noindex/GeneratedModuleMaps-appletvos/Pow.modulemap /Users/admin/builder/spi-builder-workspace/.derivedData/Build/Intermediates.noindex/Pow.build/Debug-appletvos/Pow-t.build/Pow.modulemap (in target 'Pow' from project 'Pow')
cd /Users/admin/builder/spi-builder-workspace/.dependencies/checkouts/Pow
builtin-copy -exclude .DS_Store -exclude CVS -exclude .svn -exclude .git -exclude .hg -resolve-src-symlinks /Users/admin/builder/spi-builder-workspace/.derivedData/Build/Intermediates.noindex/Pow.build/Debug-appletvos/Pow-t.build/Pow.modulemap /Users/admin/builder/spi-builder-workspace/.derivedData/Build/Intermediates.noindex/GeneratedModuleMaps-appletvos
WriteAuxiliaryFile /Users/admin/builder/spi-builder-workspace/.derivedData/Build/Intermediates.noindex/InteractiveCapsuleOverlay.build/Debug-appletvos/InteractiveCapsuleOverlay-t.build/Objects-normal/arm64/InteractiveCapsuleOverlay.SwiftFileList (in target 'InteractiveCapsuleOverlay' from project 'InteractiveCapsuleOverlay')
cd /Users/admin/builder/spi-builder-workspace
write-file /Users/admin/builder/spi-builder-workspace/.derivedData/Build/Intermediates.noindex/InteractiveCapsuleOverlay.build/Debug-appletvos/InteractiveCapsuleOverlay-t.build/Objects-normal/arm64/InteractiveCapsuleOverlay.SwiftFileList
WriteAuxiliaryFile /Users/admin/builder/spi-builder-workspace/.derivedData/Build/Intermediates.noindex/InteractiveCapsuleOverlay.build/Debug-appletvos/InteractiveCapsuleOverlay-t.build/Objects-normal/arm64/InteractiveCapsuleOverlay_const_extract_protocols.json (in target 'InteractiveCapsuleOverlay' from project 'InteractiveCapsuleOverlay')
cd /Users/admin/builder/spi-builder-workspace
write-file /Users/admin/builder/spi-builder-workspace/.derivedData/Build/Intermediates.noindex/InteractiveCapsuleOverlay.build/Debug-appletvos/InteractiveCapsuleOverlay-t.build/Objects-normal/arm64/InteractiveCapsuleOverlay_const_extract_protocols.json
WriteAuxiliaryFile /Users/admin/builder/spi-builder-workspace/.derivedData/Build/Intermediates.noindex/InteractiveCapsuleOverlay.build/Debug-appletvos/InteractiveCapsuleOverlay-t.build/Objects-normal/arm64/InteractiveCapsuleOverlay.SwiftConstValuesFileList (in target 'InteractiveCapsuleOverlay' from project 'InteractiveCapsuleOverlay')
cd /Users/admin/builder/spi-builder-workspace
write-file /Users/admin/builder/spi-builder-workspace/.derivedData/Build/Intermediates.noindex/InteractiveCapsuleOverlay.build/Debug-appletvos/InteractiveCapsuleOverlay-t.build/Objects-normal/arm64/InteractiveCapsuleOverlay.SwiftConstValuesFileList
WriteAuxiliaryFile /Users/admin/builder/spi-builder-workspace/.derivedData/Build/Intermediates.noindex/InteractiveCapsuleOverlay.build/Debug-appletvos/InteractiveCapsuleOverlay-t.build/Objects-normal/arm64/InteractiveCapsuleOverlay.LinkFileList (in target 'InteractiveCapsuleOverlay' from project 'InteractiveCapsuleOverlay')
cd /Users/admin/builder/spi-builder-workspace
write-file /Users/admin/builder/spi-builder-workspace/.derivedData/Build/Intermediates.noindex/InteractiveCapsuleOverlay.build/Debug-appletvos/InteractiveCapsuleOverlay-t.build/Objects-normal/arm64/InteractiveCapsuleOverlay.LinkFileList
WriteAuxiliaryFile /Users/admin/builder/spi-builder-workspace/.derivedData/Build/Intermediates.noindex/InteractiveCapsuleOverlay.build/Debug-appletvos/InteractiveCapsuleOverlay-t.build/Objects-normal/arm64/InteractiveCapsuleOverlay-OutputFileMap.json (in target 'InteractiveCapsuleOverlay' from project 'InteractiveCapsuleOverlay')
cd /Users/admin/builder/spi-builder-workspace
write-file /Users/admin/builder/spi-builder-workspace/.derivedData/Build/Intermediates.noindex/InteractiveCapsuleOverlay.build/Debug-appletvos/InteractiveCapsuleOverlay-t.build/Objects-normal/arm64/InteractiveCapsuleOverlay-OutputFileMap.json
WriteAuxiliaryFile /Users/admin/builder/spi-builder-workspace/.derivedData/Build/Intermediates.noindex/InteractiveCapsuleOverlay.build/Debug-appletvos/InteractiveCapsuleOverlay-t.build/InteractiveCapsuleOverlay.modulemap (in target 'InteractiveCapsuleOverlay' from project 'InteractiveCapsuleOverlay')
cd /Users/admin/builder/spi-builder-workspace
write-file /Users/admin/builder/spi-builder-workspace/.derivedData/Build/Intermediates.noindex/InteractiveCapsuleOverlay.build/Debug-appletvos/InteractiveCapsuleOverlay-t.build/InteractiveCapsuleOverlay.modulemap
WriteAuxiliaryFile /Users/admin/builder/spi-builder-workspace/.derivedData/Build/Intermediates.noindex/InteractiveCapsuleOverlay.build/Debug-appletvos/InteractiveCapsuleOverlay-t.build/InteractiveCapsuleOverlay.DependencyStaticMetadataFileList (in target 'InteractiveCapsuleOverlay' from project 'InteractiveCapsuleOverlay')
cd /Users/admin/builder/spi-builder-workspace
write-file /Users/admin/builder/spi-builder-workspace/.derivedData/Build/Intermediates.noindex/InteractiveCapsuleOverlay.build/Debug-appletvos/InteractiveCapsuleOverlay-t.build/InteractiveCapsuleOverlay.DependencyStaticMetadataFileList
WriteAuxiliaryFile /Users/admin/builder/spi-builder-workspace/.derivedData/Build/Intermediates.noindex/InteractiveCapsuleOverlay.build/Debug-appletvos/InteractiveCapsuleOverlay-t.build/InteractiveCapsuleOverlay.DependencyMetadataFileList (in target 'InteractiveCapsuleOverlay' from project 'InteractiveCapsuleOverlay')
cd /Users/admin/builder/spi-builder-workspace
write-file /Users/admin/builder/spi-builder-workspace/.derivedData/Build/Intermediates.noindex/InteractiveCapsuleOverlay.build/Debug-appletvos/InteractiveCapsuleOverlay-t.build/InteractiveCapsuleOverlay.DependencyMetadataFileList
MkDir /Users/admin/builder/spi-builder-workspace/.derivedData/Build/Products/Debug-appletvos/Pow_Pow.bundle (in target 'Pow_Pow' from project 'Pow')
cd /Users/admin/builder/spi-builder-workspace/.dependencies/checkouts/Pow
/bin/mkdir -p /Users/admin/builder/spi-builder-workspace/.derivedData/Build/Products/Debug-appletvos/Pow_Pow.bundle
Copy /Users/admin/builder/spi-builder-workspace/.derivedData/Build/Intermediates.noindex/GeneratedModuleMaps-appletvos/InteractiveCapsuleOverlay.modulemap /Users/admin/builder/spi-builder-workspace/.derivedData/Build/Intermediates.noindex/InteractiveCapsuleOverlay.build/Debug-appletvos/InteractiveCapsuleOverlay-t.build/InteractiveCapsuleOverlay.modulemap (in target 'InteractiveCapsuleOverlay' from project 'InteractiveCapsuleOverlay')
cd /Users/admin/builder/spi-builder-workspace
builtin-copy -exclude .DS_Store -exclude CVS -exclude .svn -exclude .git -exclude .hg -resolve-src-symlinks /Users/admin/builder/spi-builder-workspace/.derivedData/Build/Intermediates.noindex/InteractiveCapsuleOverlay.build/Debug-appletvos/InteractiveCapsuleOverlay-t.build/InteractiveCapsuleOverlay.modulemap /Users/admin/builder/spi-builder-workspace/.derivedData/Build/Intermediates.noindex/GeneratedModuleMaps-appletvos
MkDir /Users/admin/builder/spi-builder-workspace/.derivedData/Build/Intermediates.noindex/Pow.build/Debug-appletvos/Pow_Pow-b.build/assetcatalog_output/thinned (in target 'Pow_Pow' from project 'Pow')
cd /Users/admin/builder/spi-builder-workspace/.dependencies/checkouts/Pow
/bin/mkdir -p /Users/admin/builder/spi-builder-workspace/.derivedData/Build/Intermediates.noindex/Pow.build/Debug-appletvos/Pow_Pow-b.build/assetcatalog_output/thinned
GenerateAssetSymbols /Users/admin/builder/spi-builder-workspace/.dependencies/checkouts/Pow/Sources/Pow/Assets.xcassets (in target 'Pow' from project 'Pow')
cd /Users/admin/builder/spi-builder-workspace/.dependencies/checkouts/Pow
/Applications/Xcode-27.0.0-Release.Candidate.app/Contents/Developer/usr/bin/actool /Users/admin/builder/spi-builder-workspace/.dependencies/checkouts/Pow/Sources/Pow/Assets.xcassets --compile /Users/admin/builder/spi-builder-workspace/.derivedData/Build/Products/Debug-appletvos --output-format human-readable-text --notices --warnings --export-dependency-info /Users/admin/builder/spi-builder-workspace/.derivedData/Build/Intermediates.noindex/Pow.build/Debug-appletvos/Pow-t.build/assetcatalog_dependencies --output-partial-info-plist /Users/admin/builder/spi-builder-workspace/.derivedData/Build/Intermediates.noindex/Pow.build/Debug-appletvos/Pow-t.build/assetcatalog_generated_info.plist --compress-pngs --enable-on-demand-resources NO --development-region en --leaderboard-identifier-prefix Pow.game-center.leaderboard. --leaderboard-set-identifier-prefix Pow.game-center.leaderboard-set. --target-device tv --minimum-deployment-target 15.0 --platform appletvos --bundle-identifier pow.Pow --generate-swift-asset-symbol-extensions NO --generate-swift-asset-symbols /Users/admin/builder/spi-builder-workspace/.derivedData/Build/Intermediates.noindex/Pow.build/Debug-appletvos/Pow-t.build/DerivedSources/GeneratedAssetSymbols.swift --generate-objc-asset-symbols /Users/admin/builder/spi-builder-workspace/.derivedData/Build/Intermediates.noindex/Pow.build/Debug-appletvos/Pow-t.build/DerivedSources/GeneratedAssetSymbols.h --generate-asset-symbol-index /Users/admin/builder/spi-builder-workspace/.derivedData/Build/Intermediates.noindex/Pow.build/Debug-appletvos/Pow-t.build/DerivedSources/GeneratedAssetSymbols-Index.plist
/* com.apple.actool.compilation-results */
/Users/admin/builder/spi-builder-workspace/.derivedData/Build/Intermediates.noindex/Pow.build/Debug-appletvos/Pow-t.build/DerivedSources/GeneratedAssetSymbols-Index.plist
/Users/admin/builder/spi-builder-workspace/.derivedData/Build/Intermediates.noindex/Pow.build/Debug-appletvos/Pow-t.build/DerivedSources/GeneratedAssetSymbols.h
/Users/admin/builder/spi-builder-workspace/.derivedData/Build/Intermediates.noindex/Pow.build/Debug-appletvos/Pow-t.build/DerivedSources/GeneratedAssetSymbols.swift
MkDir /Users/admin/builder/spi-builder-workspace/.derivedData/Build/Intermediates.noindex/Pow.build/Debug-appletvos/Pow_Pow-b.build/assetcatalog_output/unthinned (in target 'Pow_Pow' from project 'Pow')
cd /Users/admin/builder/spi-builder-workspace/.dependencies/checkouts/Pow
/bin/mkdir -p /Users/admin/builder/spi-builder-workspace/.derivedData/Build/Intermediates.noindex/Pow.build/Debug-appletvos/Pow_Pow-b.build/assetcatalog_output/unthinned
CompileAssetCatalogVariant thinned /Users/admin/builder/spi-builder-workspace/.derivedData/Build/Products/Debug-appletvos/Pow_Pow.bundle /Users/admin/builder/spi-builder-workspace/.dependencies/checkouts/Pow/Sources/Pow/Assets.xcassets (in target 'Pow_Pow' from project 'Pow')
cd /Users/admin/builder/spi-builder-workspace/.dependencies/checkouts/Pow
/Applications/Xcode-27.0.0-Release.Candidate.app/Contents/Developer/usr/bin/actool /Users/admin/builder/spi-builder-workspace/.dependencies/checkouts/Pow/Sources/Pow/Assets.xcassets --compile /Users/admin/builder/spi-builder-workspace/.derivedData/Build/Intermediates.noindex/Pow.build/Debug-appletvos/Pow_Pow-b.build/assetcatalog_output/thinned --output-format human-readable-text --notices --warnings --export-dependency-info /Users/admin/builder/spi-builder-workspace/.derivedData/Build/Intermediates.noindex/Pow.build/Debug-appletvos/Pow_Pow-b.build/assetcatalog_dependencies_thinned --output-partial-info-plist /Users/admin/builder/spi-builder-workspace/.derivedData/Build/Intermediates.noindex/Pow.build/Debug-appletvos/Pow_Pow-b.build/assetcatalog_generated_info.plist_thinned --compress-pngs --enable-on-demand-resources NO --development-region en --leaderboard-identifier-prefix Pow_Pow.game-center.leaderboard. --leaderboard-set-identifier-prefix Pow_Pow.game-center.leaderboard-set. --target-device tv --minimum-deployment-target 15.0 --platform appletvos
/* com.apple.actool.compilation-results */
/Users/admin/builder/spi-builder-workspace/.derivedData/Build/Intermediates.noindex/Pow.build/Debug-appletvos/Pow_Pow-b.build/assetcatalog_generated_info.plist_thinned
/Users/admin/builder/spi-builder-workspace/.derivedData/Build/Intermediates.noindex/Pow.build/Debug-appletvos/Pow_Pow-b.build/assetcatalog_output/thinned/Assets.car
SwiftDriver Pow normal arm64 com.apple.xcode.tools.swift.compiler (in target 'Pow' from project 'Pow')
cd /Users/admin/builder/spi-builder-workspace/.swiftpm/xcode
builtin-SwiftDriver -- /Applications/Xcode-27.0.0-Release.Candidate.app/Contents/Developer/Toolchains/XcodeDefault.xctoolchain/usr/bin/swiftc -parse-as-library -module-name Pow -Onone @/Users/admin/builder/spi-builder-workspace/.derivedData/Build/Intermediates.noindex/Pow.build/Debug-appletvos/Pow-t.build/Objects-normal/arm64/Pow.SwiftFileList -DSWIFT_PACKAGE -DDEBUG -DSWIFT_MODULE_RESOURCE_BUNDLE_AVAILABLE -DXcode -plugin-path /Applications/Xcode-27.0.0-Release.Candidate.app/Contents/Developer/Toolchains/XcodeDefault.xctoolchain/usr/lib/swift/host/plugins/testing -enable-experimental-feature DebugDescriptionMacro -sdk /Applications/Xcode-27.0.0-Release.Candidate.app/Contents/Developer/Platforms/AppleTVOS.platform/Developer/SDKs/AppleTVOS27.0.sdk -target arm64-apple-tvos15.0 -g -module-cache-path /Users/admin/builder/spi-builder-workspace/.derivedData/ModuleCache.noindex -Xfrontend -serialize-debugging-options -profile-coverage-mapping -profile-generate -enable-testing -suppress-warnings -index-store-path /Users/admin/builder/spi-builder-workspace/.derivedData/Index.noindex/DataStore -Xcc -D_LIBCPP_HARDENING_MODE\=_LIBCPP_HARDENING_MODE_DEBUG -swift-version 5 -I /Users/admin/builder/spi-builder-workspace/.derivedData/Build/Products/Debug-appletvos -Isystem /Applications/Xcode-27.0.0-Release.Candidate.app/Contents/Developer/Platforms/AppleTVOS.platform/Developer/usr/lib -F /Users/admin/builder/spi-builder-workspace/.derivedData/Build/Products/Debug-appletvos -F /Applications/Xcode-27.0.0-Release.Candidate.app/Contents/Developer/Platforms/AppleTVOS.platform/Developer/Library/Frameworks -F /Applications/Xcode-27.0.0-Release.Candidate.app/Contents/Developer/Platforms/AppleTVOS.platform/Developer/SDKs/AppleTVOS27.0.sdk/Developer/Library/Frameworks -c -j10 -enable-batch-mode -incremental -Xcc -ivfsstatcache -Xcc /Users/admin/builder/spi-builder-workspace/.derivedData/SDKStatCaches.noindex/appletvos27.0-24J360-e829b21a6f8c9b70876ba0858053c044b32bfd8d43560033f8d89884cdb90028.sdkstatcache -output-file-map /Users/admin/builder/spi-builder-workspace/.derivedData/Build/Intermediates.noindex/Pow.build/Debug-appletvos/Pow-t.build/Objects-normal/arm64/Pow-OutputFileMap.json -save-temps -no-color-diagnostics -explicit-module-build -module-cache-path /Users/admin/builder/spi-builder-workspace/.derivedData/Build/Intermediates.noindex/SwiftExplicitPrecompiledModules -clang-scanner-module-cache-path /Users/admin/builder/spi-builder-workspace/.derivedData/ModuleCache.noindex -sdk-module-cache-path /Users/admin/builder/spi-builder-workspace/.derivedData/SDKExplicitPrecompiledModules -emit-dependencies -emit-module -emit-module-path /Users/admin/builder/spi-builder-workspace/.derivedData/Build/Intermediates.noindex/Pow.build/Debug-appletvos/Pow-t.build/Objects-normal/arm64/Pow.swiftmodule -serialize-diagnostics -dependency-scan-serialize-diagnostics-path /Users/admin/builder/spi-builder-workspace/.derivedData/Build/Intermediates.noindex/Pow.build/Debug-appletvos/Pow-t.build/Objects-normal/arm64/Pow-dependency-scan.dia -validate-clang-modules-once -clang-build-session-file /Users/admin/builder/spi-builder-workspace/.derivedData/ModuleCache.noindex/Session.modulevalidation -Xcc -fmodules-prune-interval\=86400 -Xcc -fmodules-prune-after\=345600 -emit-const-values -const-gather-protocols-list /Users/admin/builder/spi-builder-workspace/.derivedData/Build/Intermediates.noindex/Pow.build/Debug-appletvos/Pow-t.build/Objects-normal/arm64/Pow_const_extract_protocols.json -Xcc -I/Users/admin/builder/spi-builder-workspace/.derivedData/Build/Products/Debug-appletvos/include -Xcc -I/Users/admin/builder/spi-builder-workspace/.derivedData/Build/Intermediates.noindex/Pow.build/Debug-appletvos/Pow-t.build/DerivedSources-normal/arm64 -Xcc -I/Users/admin/builder/spi-builder-workspace/.derivedData/Build/Intermediates.noindex/Pow.build/Debug-appletvos/Pow-t.build/DerivedSources/arm64 -Xcc -I/Users/admin/builder/spi-builder-workspace/.derivedData/Build/Intermediates.noindex/Pow.build/Debug-appletvos/Pow-t.build/DerivedSources -Xcc -DSWIFT_PACKAGE -Xcc -DDEBUG\=1 -emit-objc-header -emit-objc-header-path /Users/admin/builder/spi-builder-workspace/.derivedData/Build/Intermediates.noindex/Pow.build/Debug-appletvos/Pow-t.build/Objects-normal/arm64/Pow-Swift.h -working-directory /Users/admin/builder/spi-builder-workspace/.swiftpm/xcode -experimental-emit-module-separately -disable-cmo
SwiftDriver Time normal arm64 com.apple.xcode.tools.swift.compiler (in target 'Time' from project 'Time')
cd /Users/admin/builder/spi-builder-workspace/.swiftpm/xcode
builtin-SwiftDriver -- /Applications/Xcode-27.0.0-Release.Candidate.app/Contents/Developer/Toolchains/XcodeDefault.xctoolchain/usr/bin/swiftc -parse-as-library -module-name Time -Onone @/Users/admin/builder/spi-builder-workspace/.derivedData/Build/Intermediates.noindex/Time.build/Debug-appletvos/Time-t.build/Objects-normal/arm64/Time.SwiftFileList -DSWIFT_PACKAGE -DDEBUG -DSWIFT_MODULE_RESOURCE_BUNDLE_UNAVAILABLE -DXcode -plugin-path /Applications/Xcode-27.0.0-Release.Candidate.app/Contents/Developer/Toolchains/XcodeDefault.xctoolchain/usr/lib/swift/host/plugins/testing -enable-experimental-feature DebugDescriptionMacro -sdk /Applications/Xcode-27.0.0-Release.Candidate.app/Contents/Developer/Platforms/AppleTVOS.platform/Developer/SDKs/AppleTVOS27.0.sdk -target arm64-apple-tvos16.0 -g -module-cache-path /Users/admin/builder/spi-builder-workspace/.derivedData/ModuleCache.noindex -Xfrontend -serialize-debugging-options -profile-coverage-mapping -profile-generate -enable-testing -suppress-warnings -index-store-path /Users/admin/builder/spi-builder-workspace/.derivedData/Index.noindex/DataStore -Xcc -D_LIBCPP_HARDENING_MODE\=_LIBCPP_HARDENING_MODE_DEBUG -swift-version 5 -I /Users/admin/builder/spi-builder-workspace/.derivedData/Build/Products/Debug-appletvos -Isystem /Applications/Xcode-27.0.0-Release.Candidate.app/Contents/Developer/Platforms/AppleTVOS.platform/Developer/usr/lib -F /Users/admin/builder/spi-builder-workspace/.derivedData/Build/Products/Debug-appletvos -F /Applications/Xcode-27.0.0-Release.Candidate.app/Contents/Developer/Platforms/AppleTVOS.platform/Developer/Library/Frameworks -F /Applications/Xcode-27.0.0-Release.Candidate.app/Contents/Developer/Platforms/AppleTVOS.platform/Developer/SDKs/AppleTVOS27.0.sdk/Developer/Library/Frameworks -c -j10 -enable-batch-mode -incremental -Xcc -ivfsstatcache -Xcc /Users/admin/builder/spi-builder-workspace/.derivedData/SDKStatCaches.noindex/appletvos27.0-24J360-e829b21a6f8c9b70876ba0858053c044b32bfd8d43560033f8d89884cdb90028.sdkstatcache -output-file-map /Users/admin/builder/spi-builder-workspace/.derivedData/Build/Intermediates.noindex/Time.build/Debug-appletvos/Time-t.build/Objects-normal/arm64/Time-OutputFileMap.json -save-temps -no-color-diagnostics -explicit-module-build -module-cache-path /Users/admin/builder/spi-builder-workspace/.derivedData/Build/Intermediates.noindex/SwiftExplicitPrecompiledModules -clang-scanner-module-cache-path /Users/admin/builder/spi-builder-workspace/.derivedData/ModuleCache.noindex -sdk-module-cache-path /Users/admin/builder/spi-builder-workspace/.derivedData/SDKExplicitPrecompiledModules -emit-dependencies -emit-module -emit-module-path /Users/admin/builder/spi-builder-workspace/.derivedData/Build/Intermediates.noindex/Time.build/Debug-appletvos/Time-t.build/Objects-normal/arm64/Time.swiftmodule -serialize-diagnostics -dependency-scan-serialize-diagnostics-path /Users/admin/builder/spi-builder-workspace/.derivedData/Build/Intermediates.noindex/Time.build/Debug-appletvos/Time-t.build/Objects-normal/arm64/Time-dependency-scan.dia -validate-clang-modules-once -clang-build-session-file /Users/admin/builder/spi-builder-workspace/.derivedData/ModuleCache.noindex/Session.modulevalidation -Xcc -fmodules-prune-interval\=86400 -Xcc -fmodules-prune-after\=345600 -emit-const-values -const-gather-protocols-list /Users/admin/builder/spi-builder-workspace/.derivedData/Build/Intermediates.noindex/Time.build/Debug-appletvos/Time-t.build/Objects-normal/arm64/Time_const_extract_protocols.json -Xcc -I/Users/admin/builder/spi-builder-workspace/.derivedData/Build/Products/Debug-appletvos/include -Xcc -I/Users/admin/builder/spi-builder-workspace/.derivedData/Build/Intermediates.noindex/Time.build/Debug-appletvos/Time-t.build/DerivedSources-normal/arm64 -Xcc -I/Users/admin/builder/spi-builder-workspace/.derivedData/Build/Intermediates.noindex/Time.build/Debug-appletvos/Time-t.build/DerivedSources/arm64 -Xcc -I/Users/admin/builder/spi-builder-workspace/.derivedData/Build/Intermediates.noindex/Time.build/Debug-appletvos/Time-t.build/DerivedSources -Xcc -DSWIFT_PACKAGE -Xcc -DDEBUG\=1 -emit-objc-header -emit-objc-header-path /Users/admin/builder/spi-builder-workspace/.derivedData/Build/Intermediates.noindex/Time.build/Debug-appletvos/Time-t.build/Objects-normal/arm64/Time-Swift.h -working-directory /Users/admin/builder/spi-builder-workspace/.swiftpm/xcode -experimental-emit-module-separately -disable-cmo
SwiftExplicitDependencyGeneratePcm arm64 /Users/admin/builder/spi-builder-workspace/.derivedData/SDKExplicitPrecompiledModules/SwiftShims-8N4EXJ4RUJTR8K9OO3CMOH1EP.pcm
SwiftExplicitDependencyGeneratePcm arm64 /Users/admin/builder/spi-builder-workspace/.derivedData/SDKExplicitPrecompiledModules/ptrcheck-2AZ6B5IBYD3RRRTFWN2ONASY3.pcm
SwiftExplicitDependencyGeneratePcm arm64 /Users/admin/builder/spi-builder-workspace/.derivedData/SDKExplicitPrecompiledModules/_Builtin_stdbool-AHRDH5EKLY6D04C5E42F3VCQI.pcm
SwiftExplicitDependencyGeneratePcm arm64 /Users/admin/builder/spi-builder-workspace/.derivedData/SDKExplicitPrecompiledModules/_Builtin_stddef-9ZJZ6FDEZNKTZU8YLPMFT9RAQ.pcm
SwiftExplicitDependencyGeneratePcm arm64 /Users/admin/builder/spi-builder-workspace/.derivedData/SDKExplicitPrecompiledModules/_SwiftConcurrencyShims-BY5PD8KF1L5KF6F4Q69HE3TJ4.pcm
SwiftExplicitDependencyGeneratePcm arm64 /Users/admin/builder/spi-builder-workspace/.derivedData/SDKExplicitPrecompiledModules/ptrauth-8X2KEPL7CTRPS40TUB9APHPK6.pcm
SwiftExplicitDependencyGeneratePcm arm64 /Users/admin/builder/spi-builder-workspace/.derivedData/SDKExplicitPrecompiledModules/_AvailabilityInternal-BV2EDDP0MI5QJDDPEEV4D9D3V.pcm
SwiftExplicitDependencyGeneratePcm arm64 /Users/admin/builder/spi-builder-workspace/.derivedData/SDKExplicitPrecompiledModules/_Builtin_stdarg-BO2OCAUYVAXDRVQWQ8ISKGNUQ.pcm
SwiftExplicitDependencyGeneratePcm arm64 /Users/admin/builder/spi-builder-workspace/.derivedData/SDKExplicitPrecompiledModules/_Builtin_float-8ZJAYZ85YBOAOP52Y9H6IUNP3.pcm
SwiftExplicitDependencyGeneratePcm arm64 /Users/admin/builder/spi-builder-workspace/.derivedData/SDKExplicitPrecompiledModules/_DarwinFoundation1-JOTYMOA1YZCIJ2NON6FQ848O.pcm
SwiftExplicitDependencyGeneratePcm arm64 /Users/admin/builder/spi-builder-workspace/.derivedData/SDKExplicitPrecompiledModules/_DarwinFoundation2-AOGAN1O02NKXRJN5V73AV3V3M.pcm
SwiftExplicitDependencyGeneratePcm arm64 /Users/admin/builder/spi-builder-workspace/.derivedData/SDKExplicitPrecompiledModules/_Builtin_limits-7JU2HP127LIT1X9E2V3D8WZ1.pcm
SwiftExplicitDependencyGeneratePcm arm64 /Users/admin/builder/spi-builder-workspace/.derivedData/SDKExplicitPrecompiledModules/_Builtin_stdint-6NFTB6IBKS143IVPGT1EKB7HO.pcm
SwiftExplicitDependencyGeneratePcm arm64 /Users/admin/builder/spi-builder-workspace/.derivedData/SDKExplicitPrecompiledModules/string_h-6EVHP7A717OUS5DMC78F79HWO.pcm
SwiftExplicitDependencyGeneratePcm arm64 /Users/admin/builder/spi-builder-workspace/.derivedData/SDKExplicitPrecompiledModules/sys_types-8GCAV1YMG5UUGHUID3CA20TCH.pcm
SwiftExplicitDependencyGeneratePcm arm64 /Users/admin/builder/spi-builder-workspace/.derivedData/SDKExplicitPrecompiledModules/_DarwinFoundation3-8SR3855WDFHQPR6G9GHOI2C07.pcm
SwiftExplicitDependencyGeneratePcm arm64 /Users/admin/builder/spi-builder-workspace/.derivedData/SDKExplicitPrecompiledModules/_Builtin_tgmath-7ULT1EUHDHW4OZPSTT33H6QGE.pcm
SwiftExplicitDependencyGeneratePcm arm64 /Users/admin/builder/spi-builder-workspace/.derivedData/SDKExplicitPrecompiledModules/_Builtin_stdint-6NFTB6IBKS143IVPGT1EKB7HO.pcm
SwiftExplicitDependencyGeneratePcm arm64 /Users/admin/builder/spi-builder-workspace/.derivedData/SDKExplicitPrecompiledModules/DeveloperToolsSupport-B1X8RI63V48AJRTH2RK6JAARV.pcm
SwiftExplicitDependencyGeneratePcm arm64 /Users/admin/builder/spi-builder-workspace/.derivedData/SDKExplicitPrecompiledModules/string_h-6EVHP7A717OUS5DMC78F79HWO.pcm
SwiftExplicitDependencyGeneratePcm arm64 /Users/admin/builder/spi-builder-workspace/.derivedData/SDKExplicitPrecompiledModules/sys_types-8GCAV1YMG5UUGHUID3CA20TCH.pcm
LinkAssetCatalog /Users/admin/builder/spi-builder-workspace/.dependencies/checkouts/Pow/Sources/Pow/Assets.xcassets (in target 'Pow_Pow' from project 'Pow')
cd /Users/admin/builder/spi-builder-workspace/.dependencies/checkouts/Pow
builtin-linkAssetCatalog --thinned /Users/admin/builder/spi-builder-workspace/.derivedData/Build/Intermediates.noindex/Pow.build/Debug-appletvos/Pow_Pow-b.build/assetcatalog_output/thinned --thinned-dependencies /Users/admin/builder/spi-builder-workspace/.derivedData/Build/Intermediates.noindex/Pow.build/Debug-appletvos/Pow_Pow-b.build/assetcatalog_dependencies_thinned --thinned-info-plist-content /Users/admin/builder/spi-builder-workspace/.derivedData/Build/Intermediates.noindex/Pow.build/Debug-appletvos/Pow_Pow-b.build/assetcatalog_generated_info.plist_thinned --unthinned /Users/admin/builder/spi-builder-workspace/.derivedData/Build/Intermediates.noindex/Pow.build/Debug-appletvos/Pow_Pow-b.build/assetcatalog_output/unthinned --unthinned-dependencies /Users/admin/builder/spi-builder-workspace/.derivedData/Build/Intermediates.noindex/Pow.build/Debug-appletvos/Pow_Pow-b.build/assetcatalog_dependencies_unthinned --unthinned-info-plist-content /Users/admin/builder/spi-builder-workspace/.derivedData/Build/Intermediates.noindex/Pow.build/Debug-appletvos/Pow_Pow-b.build/assetcatalog_generated_info.plist_unthinned --output /Users/admin/builder/spi-builder-workspace/.derivedData/Build/Products/Debug-appletvos/Pow_Pow.bundle --plist-output /Users/admin/builder/spi-builder-workspace/.derivedData/Build/Intermediates.noindex/Pow.build/Debug-appletvos/Pow_Pow-b.build/assetcatalog_generated_info.plist
note: Emplaced /Users/admin/builder/spi-builder-workspace/.derivedData/Build/Products/Debug-appletvos/Pow_Pow.bundle/Assets.car (in target 'Pow_Pow' from project 'Pow')
ProcessInfoPlistFile /Users/admin/builder/spi-builder-workspace/.derivedData/Build/Products/Debug-appletvos/Pow_Pow.bundle/Info.plist /Users/admin/builder/spi-builder-workspace/.derivedData/Build/Intermediates.noindex/Pow.build/Debug-appletvos/Pow_Pow-b.build/empty-Pow_Pow.plist (in target 'Pow_Pow' from project 'Pow')
cd /Users/admin/builder/spi-builder-workspace/.dependencies/checkouts/Pow
builtin-infoPlistUtility /Users/admin/builder/spi-builder-workspace/.derivedData/Build/Intermediates.noindex/Pow.build/Debug-appletvos/Pow_Pow-b.build/empty-Pow_Pow.plist -producttype com.apple.product-type.bundle -expandbuildsettings -format binary -platform appletvos -additionalcontentfile /Users/admin/builder/spi-builder-workspace/.derivedData/Build/Intermediates.noindex/Pow.build/Debug-appletvos/Pow_Pow-b.build/assetcatalog_generated_info.plist -o /Users/admin/builder/spi-builder-workspace/.derivedData/Build/Products/Debug-appletvos/Pow_Pow.bundle/Info.plist
RegisterExecutionPolicyException /Users/admin/builder/spi-builder-workspace/.derivedData/Build/Products/Debug-appletvos/Pow_Pow.bundle (in target 'Pow_Pow' from project 'Pow')
cd /Users/admin/builder/spi-builder-workspace/.dependencies/checkouts/Pow
builtin-RegisterExecutionPolicyException /Users/admin/builder/spi-builder-workspace/.derivedData/Build/Products/Debug-appletvos/Pow_Pow.bundle
Touch /Users/admin/builder/spi-builder-workspace/.derivedData/Build/Products/Debug-appletvos/Pow_Pow.bundle (in target 'Pow_Pow' from project 'Pow')
cd /Users/admin/builder/spi-builder-workspace/.dependencies/checkouts/Pow
/usr/bin/touch -c /Users/admin/builder/spi-builder-workspace/.derivedData/Build/Products/Debug-appletvos/Pow_Pow.bundle
SwiftExplicitDependencyGeneratePcm arm64 /Users/admin/builder/spi-builder-workspace/.derivedData/SDKExplicitPrecompiledModules/_Builtin_inttypes-6X1IQ3QK9KEVKXOK9Y79EW7J3.pcm
SwiftExplicitDependencyGeneratePcm arm64 /Users/admin/builder/spi-builder-workspace/.derivedData/SDKExplicitPrecompiledModules/_DarwinFoundation3-8SR3855WDFHQPR6G9GHOI2C07.pcm
SwiftExplicitDependencyGeneratePcm arm64 /Users/admin/builder/spi-builder-workspace/.derivedData/SDKExplicitPrecompiledModules/_Builtin_stdatomic-3YXHN678NGYM3NL9POJ2HVEIF.pcm
SwiftExplicitDependencyGeneratePcm arm64 /Users/admin/builder/spi-builder-workspace/.derivedData/SDKExplicitPrecompiledModules/_Builtin_intrinsics-437O2R2NID4WAQVENR63GR82C.pcm
SwiftExplicitDependencyGeneratePcm arm64 /Users/admin/builder/spi-builder-workspace/.derivedData/SDKExplicitPrecompiledModules/Darwin-DBSQAVBBPC3D2OMU5ZI2RXMST.pcm
SwiftExplicitDependencyGeneratePcm arm64 /Users/admin/builder/spi-builder-workspace/.derivedData/SDKExplicitPrecompiledModules/_Builtin_inttypes-6X1IQ3QK9KEVKXOK9Y79EW7J3.pcm
SwiftExplicitDependencyGeneratePcm arm64 /Users/admin/builder/spi-builder-workspace/.derivedData/SDKExplicitPrecompiledModules/Darwin-DBSQAVBBPC3D2OMU5ZI2RXMST.pcm
SwiftExplicitDependencyGeneratePcm arm64 /Users/admin/builder/spi-builder-workspace/.derivedData/SDKExplicitPrecompiledModules/simd-117QUXEUT3Z7UQCUYWV2UA228.pcm
SwiftExplicitDependencyGeneratePcm arm64 /Users/admin/builder/spi-builder-workspace/.derivedData/SDKExplicitPrecompiledModules/ObjectiveC-5250FDCE56N8508OR6XUYDKZM.pcm
SwiftExplicitDependencyGeneratePcm arm64 /Users/admin/builder/spi-builder-workspace/.derivedData/SDKExplicitPrecompiledModules/os_object-E2DGZ0SX0TULQHULZRPO6OKNW.pcm
SwiftExplicitDependencyGeneratePcm arm64 /Users/admin/builder/spi-builder-workspace/.derivedData/SDKExplicitPrecompiledModules/MachO-EH3F5PJCIZG05NO51CEFSZYPW.pcm
SwiftExplicitDependencyGeneratePcm arm64 /Users/admin/builder/spi-builder-workspace/.derivedData/SDKExplicitPrecompiledModules/ObjectiveC-5250FDCE56N8508OR6XUYDKZM.pcm
SwiftExplicitDependencyGeneratePcm arm64 /Users/admin/builder/spi-builder-workspace/.derivedData/SDKExplicitPrecompiledModules/os_workgroup-DBUFF7811DKMX7VPBOJPGGF1U.pcm
SwiftExplicitDependencyGeneratePcm arm64 /Users/admin/builder/spi-builder-workspace/.derivedData/SDKExplicitPrecompiledModules/os_object-E2DGZ0SX0TULQHULZRPO6OKNW.pcm
SwiftExplicitDependencyGeneratePcm arm64 /Users/admin/builder/spi-builder-workspace/.derivedData/SDKExplicitPrecompiledModules/Dispatch-1QL58A0V50C39KVAIC6C38SHL.pcm
SwiftExplicitDependencyGeneratePcm arm64 /Users/admin/builder/spi-builder-workspace/.derivedData/SDKExplicitPrecompiledModules/os_workgroup-DBUFF7811DKMX7VPBOJPGGF1U.pcm
SwiftExplicitDependencyGeneratePcm arm64 /Users/admin/builder/spi-builder-workspace/.derivedData/SDKExplicitPrecompiledModules/CoreFoundation-7TPJ7ENDC4L1A1ESHYI9TXS0D.pcm
SwiftExplicitDependencyGeneratePcm arm64 /Users/admin/builder/spi-builder-workspace/.derivedData/SDKExplicitPrecompiledModules/XPC-6O2DJFT3QUJ7QKTD3SNUB6PCR.pcm
SwiftExplicitDependencyGeneratePcm arm64 /Users/admin/builder/spi-builder-workspace/.derivedData/SDKExplicitPrecompiledModules/Spatial-7U8NLEFXSB8BR7PJQGVMF5A4Q.pcm
SwiftExplicitDependencyGeneratePcm arm64 /Users/admin/builder/spi-builder-workspace/.derivedData/SDKExplicitPrecompiledModules/Dispatch-1QL58A0V50C39KVAIC6C38SHL.pcm
SwiftExplicitDependencyGeneratePcm arm64 /Users/admin/builder/spi-builder-workspace/.derivedData/SDKExplicitPrecompiledModules/CoreFoundation-7TPJ7ENDC4L1A1ESHYI9TXS0D.pcm
SwiftExplicitDependencyGeneratePcm arm64 /Users/admin/builder/spi-builder-workspace/.derivedData/SDKExplicitPrecompiledModules/XPC-6O2DJFT3QUJ7QKTD3SNUB6PCR.pcm
SwiftExplicitDependencyGeneratePcm arm64 /Users/admin/builder/spi-builder-workspace/.derivedData/SDKExplicitPrecompiledModules/Security-8VMXEKVDA3MHUH9AOTP905DID.pcm
SwiftExplicitDependencyGeneratePcm arm64 /Users/admin/builder/spi-builder-workspace/.derivedData/SDKExplicitPrecompiledModules/CFNetwork-2CUR2VK9S3S3WPFXPNXNUWYGN.pcm
SwiftExplicitDependencyGeneratePcm arm64 /Users/admin/builder/spi-builder-workspace/.derivedData/SDKExplicitPrecompiledModules/os-3GJI8H0BNAEZPQPQ1V0VVY3FY.pcm
SwiftExplicitDependencyGeneratePcm arm64 /Users/admin/builder/spi-builder-workspace/.derivedData/SDKExplicitPrecompiledModules/Foundation-BSSIP64DIGUKMAYJOG1WPQ78X.pcm
SwiftExplicitDependencyGeneratePcm arm64 /Users/admin/builder/spi-builder-workspace/.derivedData/SDKExplicitPrecompiledModules/CoreAudioTypes-E7EH96HAL3G83QSWLT7VWYIP4.pcm
SwiftExplicitDependencyGeneratePcm arm64 /Users/admin/builder/spi-builder-workspace/.derivedData/SDKExplicitPrecompiledModules/Security-8VMXEKVDA3MHUH9AOTP905DID.pcm
SwiftExplicitDependencyGeneratePcm arm64 /Users/admin/builder/spi-builder-workspace/.derivedData/SDKExplicitPrecompiledModules/CFNetwork-2CUR2VK9S3S3WPFXPNXNUWYGN.pcm
SwiftExplicitDependencyGeneratePcm arm64 /Users/admin/builder/spi-builder-workspace/.derivedData/SDKExplicitPrecompiledModules/CoreGraphics-CWSP3J98S2658BYCVL6RP99T3.pcm
SwiftExplicitDependencyGeneratePcm arm64 /Users/admin/builder/spi-builder-workspace/.derivedData/SDKExplicitPrecompiledModules/CoreAudio-6IR1XRM0Q9YQZMFW89F3H4V3X.pcm
SwiftExplicitDependencyGeneratePcm arm64 /Users/admin/builder/spi-builder-workspace/.derivedData/SDKExplicitPrecompiledModules/Foundation-BSSIP64DIGUKMAYJOG1WPQ78X.pcm
SwiftExplicitDependencyGeneratePcm arm64 /Users/admin/builder/spi-builder-workspace/.derivedData/SDKExplicitPrecompiledModules/ImageIO-88D4CLEBD4CLWQKT78PZ6H1O8.pcm
SwiftExplicitDependencyGeneratePcm arm64 /Users/admin/builder/spi-builder-workspace/.derivedData/SDKExplicitPrecompiledModules/CoreText-59NY7PABM0I4V978161FOC04A.pcm
SwiftEmitModule normal arm64 Emitting\ module\ for\ Time (in target 'Time' from project 'Time')
SwiftCompile normal arm64 (in target 'Time' from project 'Time')
cd /Users/admin/builder/spi-builder-workspace/.swiftpm/xcode
SwiftCompile normal arm64 Compiling\ Time+Calendar.swift,\ Time+CalendarComponent.swift,\ Time+DateComponents.swift,\ Time+Duration.swift,\ Time+Locale.swift,\ Time+TimeZone.swift /Users/admin/builder/spi-builder-workspace/.dependencies/checkouts/time/Sources/Time/Internals/Time+Calendar.swift /Users/admin/builder/spi-builder-workspace/.dependencies/checkouts/time/Sources/Time/Internals/Time+CalendarComponent.swift /Users/admin/builder/spi-builder-workspace/.dependencies/checkouts/time/Sources/Time/Internals/Time+DateComponents.swift /Users/admin/builder/spi-builder-workspace/.dependencies/checkouts/time/Sources/Time/Internals/Time+Duration.swift /Users/admin/builder/spi-builder-workspace/.dependencies/checkouts/time/Sources/Time/Internals/Time+Locale.swift /Users/admin/builder/spi-builder-workspace/.dependencies/checkouts/time/Sources/Time/Internals/Time+TimeZone.swift (in target 'Time' from project 'Time')
SwiftCompile normal arm64 /Users/admin/builder/spi-builder-workspace/.dependencies/checkouts/time/Sources/Time/Internals/Time+Calendar.swift (in target 'Time' from project 'Time')
cd /Users/admin/builder/spi-builder-workspace/.swiftpm/xcode
builtin-SwiftPerFileCompile Time+Calendar.swift
SwiftCompile normal arm64 /Users/admin/builder/spi-builder-workspace/.dependencies/checkouts/time/Sources/Time/Internals/Time+CalendarComponent.swift (in target 'Time' from project 'Time')
cd /Users/admin/builder/spi-builder-workspace/.swiftpm/xcode
builtin-SwiftPerFileCompile Time+CalendarComponent.swift
SwiftCompile normal arm64 /Users/admin/builder/spi-builder-workspace/.dependencies/checkouts/time/Sources/Time/Internals/Time+DateComponents.swift (in target 'Time' from project 'Time')
cd /Users/admin/builder/spi-builder-workspace/.swiftpm/xcode
builtin-SwiftPerFileCompile Time+DateComponents.swift
SwiftCompile normal arm64 /Users/admin/builder/spi-builder-workspace/.dependencies/checkouts/time/Sources/Time/Internals/Time+Duration.swift (in target 'Time' from project 'Time')
cd /Users/admin/builder/spi-builder-workspace/.swiftpm/xcode
builtin-SwiftPerFileCompile Time+Duration.swift
SwiftCompile normal arm64 /Users/admin/builder/spi-builder-workspace/.dependencies/checkouts/time/Sources/Time/Internals/Time+Locale.swift (in target 'Time' from project 'Time')
cd /Users/admin/builder/spi-builder-workspace/.swiftpm/xcode
builtin-SwiftPerFileCompile Time+Locale.swift
SwiftCompile normal arm64 /Users/admin/builder/spi-builder-workspace/.dependencies/checkouts/time/Sources/Time/Internals/Time+TimeZone.swift (in target 'Time' from project 'Time')
cd /Users/admin/builder/spi-builder-workspace/.swiftpm/xcode
builtin-SwiftPerFileCompile Time+TimeZone.swift
SwiftCompile normal arm64 Compiling\ PartialFormatting-4Units.swift,\ PartialFormatting-Others.swift,\ Fixed+Parsing.swift,\ Assertions.swift,\ DateFormatterCache.swift,\ Fixed+Internal.swift /Users/admin/builder/spi-builder-workspace/.dependencies/checkouts/time/Sources/Time/8-Formatting/PartialFormatting-4Units.swift /Users/admin/builder/spi-builder-workspace/.dependencies/checkouts/time/Sources/Time/8-Formatting/PartialFormatting-Others.swift /Users/admin/builder/spi-builder-workspace/.dependencies/checkouts/time/Sources/Time/9-Parsing/Fixed+Parsing.swift /Users/admin/builder/spi-builder-workspace/.dependencies/checkouts/time/Sources/Time/Internals/Assertions.swift /Users/admin/builder/spi-builder-workspace/.dependencies/checkouts/time/Sources/Time/Internals/DateFormatterCache.swift /Users/admin/builder/spi-builder-workspace/.dependencies/checkouts/time/Sources/Time/Internals/Fixed+Internal.swift (in target 'Time' from project 'Time')
SwiftCompile normal arm64 /Users/admin/builder/spi-builder-workspace/.dependencies/checkouts/time/Sources/Time/8-Formatting/PartialFormatting-4Units.swift (in target 'Time' from project 'Time')
cd /Users/admin/builder/spi-builder-workspace/.swiftpm/xcode
builtin-SwiftPerFileCompile PartialFormatting-4Units.swift
SwiftCompile normal arm64 /Users/admin/builder/spi-builder-workspace/.dependencies/checkouts/time/Sources/Time/8-Formatting/PartialFormatting-Others.swift (in target 'Time' from project 'Time')
cd /Users/admin/builder/spi-builder-workspace/.swiftpm/xcode
builtin-SwiftPerFileCompile PartialFormatting-Others.swift
SwiftCompile normal arm64 /Users/admin/builder/spi-builder-workspace/.dependencies/checkouts/time/Sources/Time/9-Parsing/Fixed+Parsing.swift (in target 'Time' from project 'Time')
cd /Users/admin/builder/spi-builder-workspace/.swiftpm/xcode
builtin-SwiftPerFileCompile Fixed+Parsing.swift
SwiftCompile normal arm64 /Users/admin/builder/spi-builder-workspace/.dependencies/checkouts/time/Sources/Time/Internals/Assertions.swift (in target 'Time' from project 'Time')
cd /Users/admin/builder/spi-builder-workspace/.swiftpm/xcode
builtin-SwiftPerFileCompile Assertions.swift
SwiftCompile normal arm64 /Users/admin/builder/spi-builder-workspace/.dependencies/checkouts/time/Sources/Time/Internals/DateFormatterCache.swift (in target 'Time' from project 'Time')
cd /Users/admin/builder/spi-builder-workspace/.swiftpm/xcode
builtin-SwiftPerFileCompile DateFormatterCache.swift
SwiftCompile normal arm64 /Users/admin/builder/spi-builder-workspace/.dependencies/checkouts/time/Sources/Time/Internals/Fixed+Internal.swift (in target 'Time' from project 'Time')
cd /Users/admin/builder/spi-builder-workspace/.swiftpm/xcode
builtin-SwiftPerFileCompile Fixed+Internal.swift
SwiftCompile normal arm64 Compiling\ Formatting.swift,\ ParsedFormat.swift,\ Region+Equivalence.swift,\ RegionalClock+Internal.swift,\ SimpleCache.swift,\ Snapshot.swift /Users/admin/builder/spi-builder-workspace/.dependencies/checkouts/time/Sources/Time/Internals/Formatting.swift /Users/admin/builder/spi-builder-workspace/.dependencies/checkouts/time/Sources/Time/Internals/ParsedFormat.swift /Users/admin/builder/spi-builder-workspace/.dependencies/checkouts/time/Sources/Time/Internals/Region+Equivalence.swift /Users/admin/builder/spi-builder-workspace/.dependencies/checkouts/time/Sources/Time/Internals/RegionalClock+Internal.swift /Users/admin/builder/spi-builder-workspace/.dependencies/checkouts/time/Sources/Time/Internals/SimpleCache.swift /Users/admin/builder/spi-builder-workspace/.dependencies/checkouts/time/Sources/Time/Internals/Snapshot.swift (in target 'Time' from project 'Time')
SwiftCompile normal arm64 /Users/admin/builder/spi-builder-workspace/.dependencies/checkouts/time/Sources/Time/Internals/Formatting.swift (in target 'Time' from project 'Time')
cd /Users/admin/builder/spi-builder-workspace/.swiftpm/xcode
builtin-SwiftPerFileCompile Formatting.swift
SwiftCompile normal arm64 /Users/admin/builder/spi-builder-workspace/.dependencies/checkouts/time/Sources/Time/Internals/ParsedFormat.swift (in target 'Time' from project 'Time')
cd /Users/admin/builder/spi-builder-workspace/.swiftpm/xcode
builtin-SwiftPerFileCompile ParsedFormat.swift
SwiftCompile normal arm64 /Users/admin/builder/spi-builder-workspace/.dependencies/checkouts/time/Sources/Time/Internals/Region+Equivalence.swift (in target 'Time' from project 'Time')
cd /Users/admin/builder/spi-builder-workspace/.swiftpm/xcode
builtin-SwiftPerFileCompile Region+Equivalence.swift
SwiftCompile normal arm64 /Users/admin/builder/spi-builder-workspace/.dependencies/checkouts/time/Sources/Time/Internals/RegionalClock+Internal.swift (in target 'Time' from project 'Time')
cd /Users/admin/builder/spi-builder-workspace/.swiftpm/xcode
builtin-SwiftPerFileCompile RegionalClock+Internal.swift
SwiftCompile normal arm64 /Users/admin/builder/spi-builder-workspace/.dependencies/checkouts/time/Sources/Time/Internals/SimpleCache.swift (in target 'Time' from project 'Time')
cd /Users/admin/builder/spi-builder-workspace/.swiftpm/xcode
builtin-SwiftPerFileCompile SimpleCache.swift
SwiftCompile normal arm64 /Users/admin/builder/spi-builder-workspace/.dependencies/checkouts/time/Sources/Time/Internals/Snapshot.swift (in target 'Time' from project 'Time')
cd /Users/admin/builder/spi-builder-workspace/.swiftpm/xcode
builtin-SwiftPerFileCompile Snapshot.swift
SwiftCompile normal arm64 Compiling\ Fixed+FormatTemplate.swift,\ FixedFormat.swift,\ FormatTemplates.swift,\ PartialFormatting-1Unit.swift,\ PartialFormatting-2Units.swift,\ PartialFormatting-3Units.swift /Users/admin/builder/spi-builder-workspace/.dependencies/checkouts/time/Sources/Time/8-Formatting/Fixed+FormatTemplate.swift /Users/admin/builder/spi-builder-workspace/.dependencies/checkouts/time/Sources/Time/8-Formatting/FixedFormat.swift /Users/admin/builder/spi-builder-workspace/.dependencies/checkouts/time/Sources/Time/8-Formatting/FormatTemplates.swift /Users/admin/builder/spi-builder-workspace/.dependencies/checkouts/time/Sources/Time/8-Formatting/PartialFormatting-1Unit.swift /Users/admin/builder/spi-builder-workspace/.dependencies/checkouts/time/Sources/Time/8-Formatting/PartialFormatting-2Units.swift /Users/admin/builder/spi-builder-workspace/.dependencies/checkouts/time/Sources/Time/8-Formatting/PartialFormatting-3Units.swift (in target 'Time' from project 'Time')
SwiftCompile normal arm64 /Users/admin/builder/spi-builder-workspace/.dependencies/checkouts/time/Sources/Time/8-Formatting/Fixed+FormatTemplate.swift (in target 'Time' from project 'Time')
cd /Users/admin/builder/spi-builder-workspace/.swiftpm/xcode
builtin-SwiftPerFileCompile Fixed+FormatTemplate.swift
SwiftCompile normal arm64 /Users/admin/builder/spi-builder-workspace/.dependencies/checkouts/time/Sources/Time/8-Formatting/FixedFormat.swift (in target 'Time' from project 'Time')
cd /Users/admin/builder/spi-builder-workspace/.swiftpm/xcode
builtin-SwiftPerFileCompile FixedFormat.swift
SwiftCompile normal arm64 /Users/admin/builder/spi-builder-workspace/.dependencies/checkouts/time/Sources/Time/8-Formatting/FormatTemplates.swift (in target 'Time' from project 'Time')
cd /Users/admin/builder/spi-builder-workspace/.swiftpm/xcode
builtin-SwiftPerFileCompile FormatTemplates.swift
SwiftCompile normal arm64 /Users/admin/builder/spi-builder-workspace/.dependencies/checkouts/time/Sources/Time/8-Formatting/PartialFormatting-1Unit.swift (in target 'Time' from project 'Time')
cd /Users/admin/builder/spi-builder-workspace/.swiftpm/xcode
builtin-SwiftPerFileCompile PartialFormatting-1Unit.swift
SwiftCompile normal arm64 /Users/admin/builder/spi-builder-workspace/.dependencies/checkouts/time/Sources/Time/8-Formatting/PartialFormatting-2Units.swift (in target 'Time' from project 'Time')
cd /Users/admin/builder/spi-builder-workspace/.swiftpm/xcode
builtin-SwiftPerFileCompile PartialFormatting-2Units.swift
SwiftCompile normal arm64 /Users/admin/builder/spi-builder-workspace/.dependencies/checkouts/time/Sources/Time/8-Formatting/PartialFormatting-3Units.swift (in target 'Time' from project 'Time')
cd /Users/admin/builder/spi-builder-workspace/.swiftpm/xcode
builtin-SwiftPerFileCompile PartialFormatting-3Units.swift
SwiftCompile normal arm64 Compiling\ Fixed+Truncation.swift,\ Fixed+Year.swift,\ Fixed.swift,\ Fixed+TimeDifference.swift,\ TimeDifference+Invalid.swift,\ TimeDifference.swift /Users/admin/builder/spi-builder-workspace/.dependencies/checkouts/time/Sources/Time/4-Fixed\ Values/Fixed+Truncation.swift /Users/admin/builder/spi-builder-workspace/.dependencies/checkouts/time/Sources/Time/4-Fixed\ Values/Fixed+Year.swift /Users/admin/builder/spi-builder-workspace/.dependencies/checkouts/time/Sources/Time/4-Fixed\ Values/Fixed.swift /Users/admin/builder/spi-builder-workspace/.dependencies/checkouts/time/Sources/Time/5-Differences/Fixed+TimeDifference.swift /Users/admin/builder/spi-builder-workspace/.dependencies/checkouts/time/Sources/Time/5-Differences/TimeDifference+Invalid.swift /Users/admin/builder/spi-builder-workspace/.dependencies/checkouts/time/Sources/Time/5-Differences/TimeDifference.swift (in target 'Time' from project 'Time')
SwiftCompile normal arm64 /Users/admin/builder/spi-builder-workspace/.dependencies/checkouts/time/Sources/Time/4-Fixed\ Values/Fixed+Truncation.swift (in target 'Time' from project 'Time')
cd /Users/admin/builder/spi-builder-workspace/.swiftpm/xcode
builtin-SwiftPerFileCompile Fixed+Truncation.swift
SwiftCompile normal arm64 /Users/admin/builder/spi-builder-workspace/.dependencies/checkouts/time/Sources/Time/4-Fixed\ Values/Fixed+Year.swift (in target 'Time' from project 'Time')
cd /Users/admin/builder/spi-builder-workspace/.swiftpm/xcode
builtin-SwiftPerFileCompile Fixed+Year.swift
SwiftCompile normal arm64 /Users/admin/builder/spi-builder-workspace/.dependencies/checkouts/time/Sources/Time/4-Fixed\ Values/Fixed.swift (in target 'Time' from project 'Time')
cd /Users/admin/builder/spi-builder-workspace/.swiftpm/xcode
builtin-SwiftPerFileCompile Fixed.swift
SwiftCompile normal arm64 /Users/admin/builder/spi-builder-workspace/.dependencies/checkouts/time/Sources/Time/5-Differences/Fixed+TimeDifference.swift (in target 'Time' from project 'Time')
cd /Users/admin/builder/spi-builder-workspace/.swiftpm/xcode
builtin-SwiftPerFileCompile Fixed+TimeDifference.swift
SwiftCompile normal arm64 /Users/admin/builder/spi-builder-workspace/.dependencies/checkouts/time/Sources/Time/5-Differences/TimeDifference+Invalid.swift (in target 'Time' from project 'Time')
cd /Users/admin/builder/spi-builder-workspace/.swiftpm/xcode
builtin-SwiftPerFileCompile TimeDifference+Invalid.swift
SwiftCompile normal arm64 /Users/admin/builder/spi-builder-workspace/.dependencies/checkouts/time/Sources/Time/5-Differences/TimeDifference.swift (in target 'Time' from project 'Time')
cd /Users/admin/builder/spi-builder-workspace/.swiftpm/xcode
builtin-SwiftPerFileCompile TimeDifference.swift
SwiftCompile normal arm64 Compiling\ Fixed+SafeAdjustment.swift,\ Fixed+UnsafeAdjustment.swift,\ Fixed+BoundaryAlignedSequence.swift,\ Fixed+Sequence.swift,\ Fixed+FormatRaw.swift,\ Fixed+FormatStyle.swift /Users/admin/builder/spi-builder-workspace/.dependencies/checkouts/time/Sources/Time/6-Adjustments/Fixed+SafeAdjustment.swift /Users/admin/builder/spi-builder-workspace/.dependencies/checkouts/time/Sources/Time/6-Adjustments/Fixed+UnsafeAdjustment.swift /Users/admin/builder/spi-builder-workspace/.dependencies/checkouts/time/Sources/Time/7-Sequences/Fixed+BoundaryAlignedSequence.swift /Users/admin/builder/spi-builder-workspace/.dependencies/checkouts/time/Sources/Time/7-Sequences/Fixed+Sequence.swift /Users/admin/builder/spi-builder-workspace/.dependencies/checkouts/time/Sources/Time/8-Formatting/Fixed+FormatRaw.swift /Users/admin/builder/spi-builder-workspace/.dependencies/checkouts/time/Sources/Time/8-Formatting/Fixed+FormatStyle.swift (in target 'Time' from project 'Time')
SwiftCompile normal arm64 /Users/admin/builder/spi-builder-workspace/.dependencies/checkouts/time/Sources/Time/6-Adjustments/Fixed+SafeAdjustment.swift (in target 'Time' from project 'Time')
cd /Users/admin/builder/spi-builder-workspace/.swiftpm/xcode
builtin-SwiftPerFileCompile Fixed+SafeAdjustment.swift
SwiftCompile normal arm64 /Users/admin/builder/spi-builder-workspace/.dependencies/checkouts/time/Sources/Time/6-Adjustments/Fixed+UnsafeAdjustment.swift (in target 'Time' from project 'Time')
cd /Users/admin/builder/spi-builder-workspace/.swiftpm/xcode
builtin-SwiftPerFileCompile Fixed+UnsafeAdjustment.swift
SwiftCompile normal arm64 /Users/admin/builder/spi-builder-workspace/.dependencies/checkouts/time/Sources/Time/7-Sequences/Fixed+BoundaryAlignedSequence.swift (in target 'Time' from project 'Time')
cd /Users/admin/builder/spi-builder-workspace/.swiftpm/xcode
builtin-SwiftPerFileCompile Fixed+BoundaryAlignedSequence.swift
SwiftCompile normal arm64 /Users/admin/builder/spi-builder-workspace/.dependencies/checkouts/time/Sources/Time/7-Sequences/Fixed+Sequence.swift (in target 'Time' from project 'Time')
cd /Users/admin/builder/spi-builder-workspace/.swiftpm/xcode
builtin-SwiftPerFileCompile Fixed+Sequence.swift
SwiftCompile normal arm64 /Users/admin/builder/spi-builder-workspace/.dependencies/checkouts/time/Sources/Time/8-Formatting/Fixed+FormatRaw.swift (in target 'Time' from project 'Time')
cd /Users/admin/builder/spi-builder-workspace/.swiftpm/xcode
builtin-SwiftPerFileCompile Fixed+FormatRaw.swift
SwiftCompile normal arm64 /Users/admin/builder/spi-builder-workspace/.dependencies/checkouts/time/Sources/Time/8-Formatting/Fixed+FormatStyle.swift (in target 'Time' from project 'Time')
cd /Users/admin/builder/spi-builder-workspace/.swiftpm/xcode
builtin-SwiftPerFileCompile Fixed+FormatStyle.swift
SwiftCompile normal arm64 Compiling\ Region.swift,\ TimeError.swift,\ Units.swift,\ Clocks.swift,\ RegionalClock+CurrentValues.swift,\ RegionalClock+Implementations.swift /Users/admin/builder/spi-builder-workspace/.dependencies/checkouts/time/Sources/Time/2-Core\ Calendar/Region.swift /Users/admin/builder/spi-builder-workspace/.dependencies/checkouts/time/Sources/Time/2-Core\ Calendar/TimeError.swift /Users/admin/builder/spi-builder-workspace/.dependencies/checkouts/time/Sources/Time/2-Core\ Calendar/Units.swift /Users/admin/builder/spi-builder-workspace/.dependencies/checkouts/time/Sources/Time/3-RegionalClock/Clocks.swift /Users/admin/builder/spi-builder-workspace/.dependencies/checkouts/time/Sources/Time/3-RegionalClock/RegionalClock+CurrentValues.swift /Users/admin/builder/spi-builder-workspace/.dependencies/checkouts/time/Sources/Time/3-RegionalClock/RegionalClock+Implementations.swift (in target 'Time' from project 'Time')
SwiftCompile normal arm64 /Users/admin/builder/spi-builder-workspace/.dependencies/checkouts/time/Sources/Time/2-Core\ Calendar/Region.swift (in target 'Time' from project 'Time')
cd /Users/admin/builder/spi-builder-workspace/.swiftpm/xcode
builtin-SwiftPerFileCompile Region.swift
SwiftCompile normal arm64 /Users/admin/builder/spi-builder-workspace/.dependencies/checkouts/time/Sources/Time/2-Core\ Calendar/TimeError.swift (in target 'Time' from project 'Time')
cd /Users/admin/builder/spi-builder-workspace/.swiftpm/xcode
builtin-SwiftPerFileCompile TimeError.swift
SwiftCompile normal arm64 /Users/admin/builder/spi-builder-workspace/.dependencies/checkouts/time/Sources/Time/2-Core\ Calendar/Units.swift (in target 'Time' from project 'Time')
cd /Users/admin/builder/spi-builder-workspace/.swiftpm/xcode
builtin-SwiftPerFileCompile Units.swift
SwiftCompile normal arm64 /Users/admin/builder/spi-builder-workspace/.dependencies/checkouts/time/Sources/Time/3-RegionalClock/Clocks.swift (in target 'Time' from project 'Time')
cd /Users/admin/builder/spi-builder-workspace/.swiftpm/xcode
builtin-SwiftPerFileCompile Clocks.swift
SwiftCompile normal arm64 /Users/admin/builder/spi-builder-workspace/.dependencies/checkouts/time/Sources/Time/3-RegionalClock/RegionalClock+CurrentValues.swift (in target 'Time' from project 'Time')
cd /Users/admin/builder/spi-builder-workspace/.swiftpm/xcode
builtin-SwiftPerFileCompile RegionalClock+CurrentValues.swift
SwiftCompile normal arm64 /Users/admin/builder/spi-builder-workspace/.dependencies/checkouts/time/Sources/Time/3-RegionalClock/RegionalClock+Implementations.swift (in target 'Time' from project 'Time')
cd /Users/admin/builder/spi-builder-workspace/.swiftpm/xcode
builtin-SwiftPerFileCompile RegionalClock+Implementations.swift
SwiftCompile normal arm64 Compiling\ Fixed+Equatable.swift,\ Fixed+Era.swift,\ Fixed+Hour.swift,\ Fixed+Initializers.swift,\ Fixed+Minute.swift,\ Fixed+Month.swift /Users/admin/builder/spi-builder-workspace/.dependencies/checkouts/time/Sources/Time/4-Fixed\ Values/Fixed+Equatable.swift /Users/admin/builder/spi-builder-workspace/.dependencies/checkouts/time/Sources/Time/4-Fixed\ Values/Fixed+Era.swift /Users/admin/builder/spi-builder-workspace/.dependencies/checkouts/time/Sources/Time/4-Fixed\ Values/Fixed+Hour.swift /Users/admin/builder/spi-builder-workspace/.dependencies/checkouts/time/Sources/Time/4-Fixed\ Values/Fixed+Initializers.swift /Users/admin/builder/spi-builder-workspace/.dependencies/checkouts/time/Sources/Time/4-Fixed\ Values/Fixed+Minute.swift /Users/admin/builder/spi-builder-workspace/.dependencies/checkouts/time/Sources/Time/4-Fixed\ Values/Fixed+Month.swift (in target 'Time' from project 'Time')
SwiftCompile normal arm64 /Users/admin/builder/spi-builder-workspace/.dependencies/checkouts/time/Sources/Time/4-Fixed\ Values/Fixed+Equatable.swift (in target 'Time' from project 'Time')
cd /Users/admin/builder/spi-builder-workspace/.swiftpm/xcode
builtin-SwiftPerFileCompile Fixed+Equatable.swift
SwiftCompile normal arm64 /Users/admin/builder/spi-builder-workspace/.dependencies/checkouts/time/Sources/Time/4-Fixed\ Values/Fixed+Era.swift (in target 'Time' from project 'Time')
cd /Users/admin/builder/spi-builder-workspace/.swiftpm/xcode
builtin-SwiftPerFileCompile Fixed+Era.swift
SwiftCompile normal arm64 /Users/admin/builder/spi-builder-workspace/.dependencies/checkouts/time/Sources/Time/4-Fixed\ Values/Fixed+Hour.swift (in target 'Time' from project 'Time')
cd /Users/admin/builder/spi-builder-workspace/.swiftpm/xcode
builtin-SwiftPerFileCompile Fixed+Hour.swift
SwiftCompile normal arm64 /Users/admin/builder/spi-builder-workspace/.dependencies/checkouts/time/Sources/Time/4-Fixed\ Values/Fixed+Initializers.swift (in target 'Time' from project 'Time')
cd /Users/admin/builder/spi-builder-workspace/.swiftpm/xcode
builtin-SwiftPerFileCompile Fixed+Initializers.swift
SwiftCompile normal arm64 /Users/admin/builder/spi-builder-workspace/.dependencies/checkouts/time/Sources/Time/4-Fixed\ Values/Fixed+Minute.swift (in target 'Time' from project 'Time')
cd /Users/admin/builder/spi-builder-workspace/.swiftpm/xcode
builtin-SwiftPerFileCompile Fixed+Minute.swift
SwiftCompile normal arm64 /Users/admin/builder/spi-builder-workspace/.dependencies/checkouts/time/Sources/Time/4-Fixed\ Values/Fixed+Month.swift (in target 'Time' from project 'Time')
cd /Users/admin/builder/spi-builder-workspace/.swiftpm/xcode
builtin-SwiftPerFileCompile Fixed+Month.swift
SwiftCompile normal arm64 Compiling\ Epoch.swift,\ Instant.swift,\ SISeconds.swift,\ Relations+Fixed.swift,\ Relations+Ranges.swift,\ Relations.swift,\ Fixed+Rounding.swift /Users/admin/builder/spi-builder-workspace/.dependencies/checkouts/time/Sources/Time/1-Core\ Types/Epoch.swift /Users/admin/builder/spi-builder-workspace/.dependencies/checkouts/time/Sources/Time/1-Core\ Types/Instant.swift /Users/admin/builder/spi-builder-workspace/.dependencies/checkouts/time/Sources/Time/1-Core\ Types/SISeconds.swift /Users/admin/builder/spi-builder-workspace/.dependencies/checkouts/time/Sources/Time/10-Relations/Relations+Fixed.swift /Users/admin/builder/spi-builder-workspace/.dependencies/checkouts/time/Sources/Time/10-Relations/Relations+Ranges.swift /Users/admin/builder/spi-builder-workspace/.dependencies/checkouts/time/Sources/Time/10-Relations/Relations.swift /Users/admin/builder/spi-builder-workspace/.dependencies/checkouts/time/Sources/Time/11-Rounding/Fixed+Rounding.swift (in target 'Time' from project 'Time')
SwiftCompile normal arm64 /Users/admin/builder/spi-builder-workspace/.dependencies/checkouts/time/Sources/Time/1-Core\ Types/Epoch.swift (in target 'Time' from project 'Time')
cd /Users/admin/builder/spi-builder-workspace/.swiftpm/xcode
builtin-SwiftPerFileCompile Epoch.swift
SwiftCompile normal arm64 /Users/admin/builder/spi-builder-workspace/.dependencies/checkouts/time/Sources/Time/1-Core\ Types/Instant.swift (in target 'Time' from project 'Time')
cd /Users/admin/builder/spi-builder-workspace/.swiftpm/xcode
builtin-SwiftPerFileCompile Instant.swift
SwiftCompile normal arm64 /Users/admin/builder/spi-builder-workspace/.dependencies/checkouts/time/Sources/Time/1-Core\ Types/SISeconds.swift (in target 'Time' from project 'Time')
cd /Users/admin/builder/spi-builder-workspace/.swiftpm/xcode
builtin-SwiftPerFileCompile SISeconds.swift
SwiftCompile normal arm64 /Users/admin/builder/spi-builder-workspace/.dependencies/checkouts/time/Sources/Time/10-Relations/Relations+Fixed.swift (in target 'Time' from project 'Time')
cd /Users/admin/builder/spi-builder-workspace/.swiftpm/xcode
builtin-SwiftPerFileCompile Relations+Fixed.swift
SwiftCompile normal arm64 /Users/admin/builder/spi-builder-workspace/.dependencies/checkouts/time/Sources/Time/10-Relations/Relations+Ranges.swift (in target 'Time' from project 'Time')
cd /Users/admin/builder/spi-builder-workspace/.swiftpm/xcode
builtin-SwiftPerFileCompile Relations+Ranges.swift
SwiftCompile normal arm64 /Users/admin/builder/spi-builder-workspace/.dependencies/checkouts/time/Sources/Time/10-Relations/Relations.swift (in target 'Time' from project 'Time')
cd /Users/admin/builder/spi-builder-workspace/.swiftpm/xcode
builtin-SwiftPerFileCompile Relations.swift
SwiftCompile normal arm64 /Users/admin/builder/spi-builder-workspace/.dependencies/checkouts/time/Sources/Time/11-Rounding/Fixed+Rounding.swift (in target 'Time' from project 'Time')
cd /Users/admin/builder/spi-builder-workspace/.swiftpm/xcode
builtin-SwiftPerFileCompile Fixed+Rounding.swift
SwiftExplicitDependencyGeneratePcm arm64 /Users/admin/builder/spi-builder-workspace/.derivedData/SDKExplicitPrecompiledModules/UserNotifications-E9ZW5TH066WIJWH9080RC5NG4.pcm
SwiftDriverJobDiscovery normal arm64 Emitting module for Time (in target 'Time' from project 'Time')
SwiftDriver\ Compilation\ Requirements Time normal arm64 com.apple.xcode.tools.swift.compiler (in target 'Time' from project 'Time')
cd /Users/admin/builder/spi-builder-workspace/.swiftpm/xcode
builtin-Swift-Compilation-Requirements -- /Applications/Xcode-27.0.0-Release.Candidate.app/Contents/Developer/Toolchains/XcodeDefault.xctoolchain/usr/bin/swiftc -parse-as-library -module-name Time -Onone @/Users/admin/builder/spi-builder-workspace/.derivedData/Build/Intermediates.noindex/Time.build/Debug-appletvos/Time-t.build/Objects-normal/arm64/Time.SwiftFileList -DSWIFT_PACKAGE -DDEBUG -DSWIFT_MODULE_RESOURCE_BUNDLE_UNAVAILABLE -DXcode -plugin-path /Applications/Xcode-27.0.0-Release.Candidate.app/Contents/Developer/Toolchains/XcodeDefault.xctoolchain/usr/lib/swift/host/plugins/testing -enable-experimental-feature DebugDescriptionMacro -sdk /Applications/Xcode-27.0.0-Release.Candidate.app/Contents/Developer/Platforms/AppleTVOS.platform/Developer/SDKs/AppleTVOS27.0.sdk -target arm64-apple-tvos16.0 -g -module-cache-path /Users/admin/builder/spi-builder-workspace/.derivedData/ModuleCache.noindex -Xfrontend -serialize-debugging-options -profile-coverage-mapping -profile-generate -enable-testing -suppress-warnings -index-store-path /Users/admin/builder/spi-builder-workspace/.derivedData/Index.noindex/DataStore -Xcc -D_LIBCPP_HARDENING_MODE\=_LIBCPP_HARDENING_MODE_DEBUG -swift-version 5 -I /Users/admin/builder/spi-builder-workspace/.derivedData/Build/Products/Debug-appletvos -Isystem /Applications/Xcode-27.0.0-Release.Candidate.app/Contents/Developer/Platforms/AppleTVOS.platform/Developer/usr/lib -F /Users/admin/builder/spi-builder-workspace/.derivedData/Build/Products/Debug-appletvos -F /Applications/Xcode-27.0.0-Release.Candidate.app/Contents/Developer/Platforms/AppleTVOS.platform/Developer/Library/Frameworks -F /Applications/Xcode-27.0.0-Release.Candidate.app/Contents/Developer/Platforms/AppleTVOS.platform/Developer/SDKs/AppleTVOS27.0.sdk/Developer/Library/Frameworks -c -j10 -enable-batch-mode -incremental -Xcc -ivfsstatcache -Xcc /Users/admin/builder/spi-builder-workspace/.derivedData/SDKStatCaches.noindex/appletvos27.0-24J360-e829b21a6f8c9b70876ba0858053c044b32bfd8d43560033f8d89884cdb90028.sdkstatcache -output-file-map /Users/admin/builder/spi-builder-workspace/.derivedData/Build/Intermediates.noindex/Time.build/Debug-appletvos/Time-t.build/Objects-normal/arm64/Time-OutputFileMap.json -save-temps -no-color-diagnostics -explicit-module-build -module-cache-path /Users/admin/builder/spi-builder-workspace/.derivedData/Build/Intermediates.noindex/SwiftExplicitPrecompiledModules -clang-scanner-module-cache-path /Users/admin/builder/spi-builder-workspace/.derivedData/ModuleCache.noindex -sdk-module-cache-path /Users/admin/builder/spi-builder-workspace/.derivedData/SDKExplicitPrecompiledModules -emit-dependencies -emit-module -emit-module-path /Users/admin/builder/spi-builder-workspace/.derivedData/Build/Intermediates.noindex/Time.build/Debug-appletvos/Time-t.build/Objects-normal/arm64/Time.swiftmodule -serialize-diagnostics -dependency-scan-serialize-diagnostics-path /Users/admin/builder/spi-builder-workspace/.derivedData/Build/Intermediates.noindex/Time.build/Debug-appletvos/Time-t.build/Objects-normal/arm64/Time-dependency-scan.dia -validate-clang-modules-once -clang-build-session-file /Users/admin/builder/spi-builder-workspace/.derivedData/ModuleCache.noindex/Session.modulevalidation -Xcc -fmodules-prune-interval\=86400 -Xcc -fmodules-prune-after\=345600 -emit-const-values -const-gather-protocols-list /Users/admin/builder/spi-builder-workspace/.derivedData/Build/Intermediates.noindex/Time.build/Debug-appletvos/Time-t.build/Objects-normal/arm64/Time_const_extract_protocols.json -Xcc -I/Users/admin/builder/spi-builder-workspace/.derivedData/Build/Products/Debug-appletvos/include -Xcc -I/Users/admin/builder/spi-builder-workspace/.derivedData/Build/Intermediates.noindex/Time.build/Debug-appletvos/Time-t.build/DerivedSources-normal/arm64 -Xcc -I/Users/admin/builder/spi-builder-workspace/.derivedData/Build/Intermediates.noindex/Time.build/Debug-appletvos/Time-t.build/DerivedSources/arm64 -Xcc -I/Users/admin/builder/spi-builder-workspace/.derivedData/Build/Intermediates.noindex/Time.build/Debug-appletvos/Time-t.build/DerivedSources -Xcc -DSWIFT_PACKAGE -Xcc -DDEBUG\=1 -emit-objc-header -emit-objc-header-path /Users/admin/builder/spi-builder-workspace/.derivedData/Build/Intermediates.noindex/Time.build/Debug-appletvos/Time-t.build/Objects-normal/arm64/Time-Swift.h -working-directory /Users/admin/builder/spi-builder-workspace/.swiftpm/xcode -experimental-emit-module-separately -disable-cmo
SwiftExplicitDependencyGeneratePcm arm64 /Users/admin/builder/spi-builder-workspace/.derivedData/SDKExplicitPrecompiledModules/IOSurface-38FJ1CKX9FV2RD97O64Z7QB17.pcm
SwiftMergeGeneratedHeaders /Users/admin/builder/spi-builder-workspace/.derivedData/Build/Intermediates.noindex/GeneratedModuleMaps-appletvos/Time-Swift.h /Users/admin/builder/spi-builder-workspace/.derivedData/Build/Intermediates.noindex/Time.build/Debug-appletvos/Time-t.build/Objects-normal/arm64/Time-Swift.h (in target 'Time' from project 'Time')
cd /Users/admin/builder/spi-builder-workspace/.dependencies/checkouts/time
builtin-swiftHeaderTool -arch arm64 /Users/admin/builder/spi-builder-workspace/.derivedData/Build/Intermediates.noindex/Time.build/Debug-appletvos/Time-t.build/Objects-normal/arm64/Time-Swift.h -o /Users/admin/builder/spi-builder-workspace/.derivedData/Build/Intermediates.noindex/GeneratedModuleMaps-appletvos/Time-Swift.h
Copy /Users/admin/builder/spi-builder-workspace/.derivedData/Build/Products/Debug-appletvos/Time.swiftmodule/arm64-apple-tvos.swiftmodule /Users/admin/builder/spi-builder-workspace/.derivedData/Build/Intermediates.noindex/Time.build/Debug-appletvos/Time-t.build/Objects-normal/arm64/Time.swiftmodule (in target 'Time' from project 'Time')
cd /Users/admin/builder/spi-builder-workspace/.dependencies/checkouts/time
builtin-copy -exclude .DS_Store -exclude CVS -exclude .svn -exclude .git -exclude .hg -resolve-src-symlinks -rename /Users/admin/builder/spi-builder-workspace/.derivedData/Build/Intermediates.noindex/Time.build/Debug-appletvos/Time-t.build/Objects-normal/arm64/Time.swiftmodule /Users/admin/builder/spi-builder-workspace/.derivedData/Build/Products/Debug-appletvos/Time.swiftmodule/arm64-apple-tvos.swiftmodule
Copy /Users/admin/builder/spi-builder-workspace/.derivedData/Build/Products/Debug-appletvos/Time.swiftmodule/arm64-apple-tvos.swiftdoc /Users/admin/builder/spi-builder-workspace/.derivedData/Build/Intermediates.noindex/Time.build/Debug-appletvos/Time-t.build/Objects-normal/arm64/Time.swiftdoc (in target 'Time' from project 'Time')
cd /Users/admin/builder/spi-builder-workspace/.dependencies/checkouts/time
builtin-copy -exclude .DS_Store -exclude CVS -exclude .svn -exclude .git -exclude .hg -resolve-src-symlinks -rename /Users/admin/builder/spi-builder-workspace/.derivedData/Build/Intermediates.noindex/Time.build/Debug-appletvos/Time-t.build/Objects-normal/arm64/Time.swiftdoc /Users/admin/builder/spi-builder-workspace/.derivedData/Build/Products/Debug-appletvos/Time.swiftmodule/arm64-apple-tvos.swiftdoc
Copy /Users/admin/builder/spi-builder-workspace/.derivedData/Build/Products/Debug-appletvos/Time.swiftmodule/arm64-apple-tvos.abi.json /Users/admin/builder/spi-builder-workspace/.derivedData/Build/Intermediates.noindex/Time.build/Debug-appletvos/Time-t.build/Objects-normal/arm64/Time.abi.json (in target 'Time' from project 'Time')
cd /Users/admin/builder/spi-builder-workspace/.dependencies/checkouts/time
builtin-copy -exclude .DS_Store -exclude CVS -exclude .svn -exclude .git -exclude .hg -resolve-src-symlinks -rename /Users/admin/builder/spi-builder-workspace/.derivedData/Build/Intermediates.noindex/Time.build/Debug-appletvos/Time-t.build/Objects-normal/arm64/Time.abi.json /Users/admin/builder/spi-builder-workspace/.derivedData/Build/Products/Debug-appletvos/Time.swiftmodule/arm64-apple-tvos.abi.json
Copy /Users/admin/builder/spi-builder-workspace/.derivedData/Build/Products/Debug-appletvos/Time.swiftmodule/Project/arm64-apple-tvos.swiftsourceinfo /Users/admin/builder/spi-builder-workspace/.derivedData/Build/Intermediates.noindex/Time.build/Debug-appletvos/Time-t.build/Objects-normal/arm64/Time.swiftsourceinfo (in target 'Time' from project 'Time')
cd /Users/admin/builder/spi-builder-workspace/.dependencies/checkouts/time
builtin-copy -exclude .DS_Store -exclude CVS -exclude .svn -exclude .git -exclude .hg -resolve-src-symlinks -rename /Users/admin/builder/spi-builder-workspace/.derivedData/Build/Intermediates.noindex/Time.build/Debug-appletvos/Time-t.build/Objects-normal/arm64/Time.swiftsourceinfo /Users/admin/builder/spi-builder-workspace/.derivedData/Build/Products/Debug-appletvos/Time.swiftmodule/Project/arm64-apple-tvos.swiftsourceinfo
SwiftExplicitDependencyGeneratePcm arm64 /Users/admin/builder/spi-builder-workspace/.derivedData/SDKExplicitPrecompiledModules/Symbols-B5AU9VM9Y7NU79RLMH13Z4IFM.pcm
SwiftExplicitDependencyGeneratePcm arm64 /Users/admin/builder/spi-builder-workspace/.derivedData/SDKExplicitPrecompiledModules/CoreMIDI-23HL6T8YUJM8DF3NKDJAU0CM7.pcm
SwiftExplicitDependencyGeneratePcm arm64 /Users/admin/builder/spi-builder-workspace/.derivedData/SDKExplicitPrecompiledModules/OpenGLES-4NY99CNDU9WUNUYEIXSS1QFGE.pcm
SwiftExplicitDependencyGeneratePcm arm64 /Users/admin/builder/spi-builder-workspace/.derivedData/SDKExplicitPrecompiledModules/AudioToolbox-BFZSY3NS10U8E5FG2JHTQ7SO8.pcm
SwiftExplicitDependencyGeneratePcm arm64 /Users/admin/builder/spi-builder-workspace/.derivedData/SDKExplicitPrecompiledModules/DataDetection-37JIYZ2GWDA1L166PP1D9JKAF.pcm
SwiftExplicitDependencyGeneratePcm arm64 /Users/admin/builder/spi-builder-workspace/.derivedData/SDKExplicitPrecompiledModules/Accessibility-B6BODGZ4MQQTY0PBC4SHRP009.pcm
SwiftExplicitDependencyGeneratePcm arm64 /Users/admin/builder/spi-builder-workspace/.derivedData/SDKExplicitPrecompiledModules/UniformTypeIdentifiers-95CC8U42ZA9STP5K6GP9ZVJS5.pcm
SwiftExplicitDependencyGeneratePcm arm64 /Users/admin/builder/spi-builder-workspace/.derivedData/SDKExplicitPrecompiledModules/AVRouting-53KTSRU06N7KHZMUFWVUAHAVC.pcm
SwiftExplicitDependencyGeneratePcm arm64 /Users/admin/builder/spi-builder-workspace/.derivedData/SDKExplicitPrecompiledModules/_LocationEssentials-ETSJ65FELPWR8WH8G49R1DF2E.pcm
SwiftExplicitDependencyGeneratePcm arm64 /Users/admin/builder/spi-builder-workspace/.derivedData/SDKExplicitPrecompiledModules/CoreData-DYMPHH3PH8AX9I1FHA4VFJ675.pcm
SwiftExplicitDependencyGeneratePcm arm64 /Users/admin/builder/spi-builder-workspace/.derivedData/SDKExplicitPrecompiledModules/Metal-2KYBS7IML1SD788M91YV7Q0CC.pcm
SwiftExplicitDependencyGeneratePcm arm64 /Users/admin/builder/spi-builder-workspace/.derivedData/SDKExplicitPrecompiledModules/OSLog-7OT6HHTMY0ZFEQJ095LJZ6NLC.pcm
SwiftExplicitDependencyGeneratePcm arm64 /Users/admin/builder/spi-builder-workspace/.derivedData/SDKExplicitPrecompiledModules/CoreVideo-DPU0PB5X0XLSVA2ETRGI6FJBM.pcm
SwiftExplicitDependencyGeneratePcm arm64 /Users/admin/builder/spi-builder-workspace/.derivedData/SDKExplicitPrecompiledModules/CoreTransferable-7V4O8DATEQ9F7SDNTCW8YWLG3.pcm
SwiftExplicitDependencyGeneratePcm arm64 /Users/admin/builder/spi-builder-workspace/.derivedData/SDKExplicitPrecompiledModules/CoreImage-7S2AFJ8EIY3DUFYLEAX1JR1QV.pcm
SwiftDriverJobDiscovery normal arm64 Compiling Fixed+Equatable.swift, Fixed+Era.swift, Fixed+Hour.swift, Fixed+Initializers.swift, Fixed+Minute.swift, Fixed+Month.swift (in target 'Time' from project 'Time')
SwiftExplicitDependencyGeneratePcm arm64 /Users/admin/builder/spi-builder-workspace/.derivedData/SDKExplicitPrecompiledModules/CoreMedia-4OUKVT03LV547KZJDPPJRJ4F8.pcm
SwiftExplicitDependencyGeneratePcm arm64 /Users/admin/builder/spi-builder-workspace/.derivedData/SDKExplicitPrecompiledModules/QuartzCore-DJSYAWKXFGVSAK5CQMOB3JSR.pcm
SwiftExplicitDependencyGeneratePcm arm64 /Users/admin/builder/spi-builder-workspace/.derivedData/SDKExplicitPrecompiledModules/UIUtilities-6ZFJ1AK4H8IBGEBMYQBWGBYLK.pcm
SwiftDriverJobDiscovery normal arm64 Compiling Formatting.swift, ParsedFormat.swift, Region+Equivalence.swift, RegionalClock+Internal.swift, SimpleCache.swift, Snapshot.swift (in target 'Time' from project 'Time')
SwiftExplicitDependencyGeneratePcm arm64 /Users/admin/builder/spi-builder-workspace/.derivedData/SDKExplicitPrecompiledModules/CoreLocation-YVXXAOMVX0JH2KO1XTTKTY51.pcm
SwiftCompile normal arm64 Compiling\ RegionalClock+Strikes.swift,\ RegionalClock.swift,\ Fixed+Codable.swift,\ Fixed+Components.swift,\ Fixed+Conversion.swift,\ Fixed+Day.swift /Users/admin/builder/spi-builder-workspace/.dependencies/checkouts/time/Sources/Time/3-RegionalClock/RegionalClock+Strikes.swift /Users/admin/builder/spi-builder-workspace/.dependencies/checkouts/time/Sources/Time/3-RegionalClock/RegionalClock.swift /Users/admin/builder/spi-builder-workspace/.dependencies/checkouts/time/Sources/Time/4-Fixed\ Values/Fixed+Codable.swift /Users/admin/builder/spi-builder-workspace/.dependencies/checkouts/time/Sources/Time/4-Fixed\ Values/Fixed+Components.swift /Users/admin/builder/spi-builder-workspace/.dependencies/checkouts/time/Sources/Time/4-Fixed\ Values/Fixed+Conversion.swift /Users/admin/builder/spi-builder-workspace/.dependencies/checkouts/time/Sources/Time/4-Fixed\ Values/Fixed+Day.swift (in target 'Time' from project 'Time')
SwiftCompile normal arm64 /Users/admin/builder/spi-builder-workspace/.dependencies/checkouts/time/Sources/Time/3-RegionalClock/RegionalClock+Strikes.swift (in target 'Time' from project 'Time')
cd /Users/admin/builder/spi-builder-workspace/.swiftpm/xcode
builtin-SwiftPerFileCompile RegionalClock+Strikes.swift
SwiftCompile normal arm64 /Users/admin/builder/spi-builder-workspace/.dependencies/checkouts/time/Sources/Time/3-RegionalClock/RegionalClock.swift (in target 'Time' from project 'Time')
cd /Users/admin/builder/spi-builder-workspace/.swiftpm/xcode
builtin-SwiftPerFileCompile RegionalClock.swift
SwiftCompile normal arm64 /Users/admin/builder/spi-builder-workspace/.dependencies/checkouts/time/Sources/Time/4-Fixed\ Values/Fixed+Codable.swift (in target 'Time' from project 'Time')
cd /Users/admin/builder/spi-builder-workspace/.swiftpm/xcode
builtin-SwiftPerFileCompile Fixed+Codable.swift
SwiftCompile normal arm64 /Users/admin/builder/spi-builder-workspace/.dependencies/checkouts/time/Sources/Time/4-Fixed\ Values/Fixed+Components.swift (in target 'Time' from project 'Time')
cd /Users/admin/builder/spi-builder-workspace/.swiftpm/xcode
builtin-SwiftPerFileCompile Fixed+Components.swift
SwiftCompile normal arm64 /Users/admin/builder/spi-builder-workspace/.dependencies/checkouts/time/Sources/Time/4-Fixed\ Values/Fixed+Conversion.swift (in target 'Time' from project 'Time')
cd /Users/admin/builder/spi-builder-workspace/.swiftpm/xcode
builtin-SwiftPerFileCompile Fixed+Conversion.swift
SwiftCompile normal arm64 /Users/admin/builder/spi-builder-workspace/.dependencies/checkouts/time/Sources/Time/4-Fixed\ Values/Fixed+Day.swift (in target 'Time' from project 'Time')
cd /Users/admin/builder/spi-builder-workspace/.swiftpm/xcode
builtin-SwiftPerFileCompile Fixed+Day.swift
SwiftDriverJobDiscovery normal arm64 Compiling Fixed+FormatTemplate.swift, FixedFormat.swift, FormatTemplates.swift, PartialFormatting-1Unit.swift, PartialFormatting-2Units.swift, PartialFormatting-3Units.swift (in target 'Time' from project 'Time')
SwiftDriverJobDiscovery normal arm64 Compiling Fixed+Truncation.swift, Fixed+Year.swift, Fixed.swift, Fixed+TimeDifference.swift, TimeDifference+Invalid.swift, TimeDifference.swift (in target 'Time' from project 'Time')
SwiftDriverJobDiscovery normal arm64 Compiling Fixed+SafeAdjustment.swift, Fixed+UnsafeAdjustment.swift, Fixed+BoundaryAlignedSequence.swift, Fixed+Sequence.swift, Fixed+FormatRaw.swift, Fixed+FormatStyle.swift (in target 'Time' from project 'Time')
SwiftDriverJobDiscovery normal arm64 Compiling PartialFormatting-4Units.swift, PartialFormatting-Others.swift, Fixed+Parsing.swift, Assertions.swift, DateFormatterCache.swift, Fixed+Internal.swift (in target 'Time' from project 'Time')
SwiftDriverJobDiscovery normal arm64 Compiling Epoch.swift, Instant.swift, SISeconds.swift, Relations+Fixed.swift, Relations+Ranges.swift, Relations.swift, Fixed+Rounding.swift (in target 'Time' from project 'Time')
SwiftDriverJobDiscovery normal arm64 Compiling Region.swift, TimeError.swift, Units.swift, Clocks.swift, RegionalClock+CurrentValues.swift, RegionalClock+Implementations.swift (in target 'Time' from project 'Time')
SwiftDriverJobDiscovery normal arm64 Compiling Time+Calendar.swift, Time+CalendarComponent.swift, Time+DateComponents.swift, Time+Duration.swift, Time+Locale.swift, Time+TimeZone.swift (in target 'Time' from project 'Time')
SwiftExplicitDependencyGeneratePcm arm64 /Users/admin/builder/spi-builder-workspace/.derivedData/SDKExplicitPrecompiledModules/SwiftUICore-543QU5V2NHKUFCYFJDKUJ7NYG.pcm
SwiftExplicitDependencyGeneratePcm arm64 /Users/admin/builder/spi-builder-workspace/.derivedData/SDKExplicitPrecompiledModules/UIKit-1TKWN7VC2X6N3ITMRVA2G0EB2.pcm
SwiftExplicitDependencyGeneratePcm arm64 /Users/admin/builder/spi-builder-workspace/.derivedData/SDKExplicitPrecompiledModules/VideoToolbox-9D68N9ZVOUSE0ZFYNU39RYT33.pcm
SwiftExplicitDependencyGeneratePcm arm64 /Users/admin/builder/spi-builder-workspace/.derivedData/SDKExplicitPrecompiledModules/MediaToolbox-4OQJAKJ1UOGLVUHH8TJFAFUX8.pcm
SwiftExplicitDependencyGeneratePcm arm64 /Users/admin/builder/spi-builder-workspace/.derivedData/SDKExplicitPrecompiledModules/AVFAudio-I2OUXVW3JAJP9H9YYQSK67OC.pcm
SwiftExplicitDependencyGeneratePcm arm64 /Users/admin/builder/spi-builder-workspace/.derivedData/SDKExplicitPrecompiledModules/AVFoundation-4DKPNMYIKC5WBJ7VZILY1MMIU.pcm
SwiftDriverJobDiscovery normal arm64 Compiling RegionalClock+Strikes.swift, RegionalClock.swift, Fixed+Codable.swift, Fixed+Components.swift, Fixed+Conversion.swift, Fixed+Day.swift (in target 'Time' from project 'Time')
SwiftDriver\ Compilation Time normal arm64 com.apple.xcode.tools.swift.compiler (in target 'Time' from project 'Time')
cd /Users/admin/builder/spi-builder-workspace/.swiftpm/xcode
builtin-Swift-Compilation -- /Applications/Xcode-27.0.0-Release.Candidate.app/Contents/Developer/Toolchains/XcodeDefault.xctoolchain/usr/bin/swiftc -parse-as-library -module-name Time -Onone @/Users/admin/builder/spi-builder-workspace/.derivedData/Build/Intermediates.noindex/Time.build/Debug-appletvos/Time-t.build/Objects-normal/arm64/Time.SwiftFileList -DSWIFT_PACKAGE -DDEBUG -DSWIFT_MODULE_RESOURCE_BUNDLE_UNAVAILABLE -DXcode -plugin-path /Applications/Xcode-27.0.0-Release.Candidate.app/Contents/Developer/Toolchains/XcodeDefault.xctoolchain/usr/lib/swift/host/plugins/testing -enable-experimental-feature DebugDescriptionMacro -sdk /Applications/Xcode-27.0.0-Release.Candidate.app/Contents/Developer/Platforms/AppleTVOS.platform/Developer/SDKs/AppleTVOS27.0.sdk -target arm64-apple-tvos16.0 -g -module-cache-path /Users/admin/builder/spi-builder-workspace/.derivedData/ModuleCache.noindex -Xfrontend -serialize-debugging-options -profile-coverage-mapping -profile-generate -enable-testing -suppress-warnings -index-store-path /Users/admin/builder/spi-builder-workspace/.derivedData/Index.noindex/DataStore -Xcc -D_LIBCPP_HARDENING_MODE\=_LIBCPP_HARDENING_MODE_DEBUG -swift-version 5 -I /Users/admin/builder/spi-builder-workspace/.derivedData/Build/Products/Debug-appletvos -Isystem /Applications/Xcode-27.0.0-Release.Candidate.app/Contents/Developer/Platforms/AppleTVOS.platform/Developer/usr/lib -F /Users/admin/builder/spi-builder-workspace/.derivedData/Build/Products/Debug-appletvos -F /Applications/Xcode-27.0.0-Release.Candidate.app/Contents/Developer/Platforms/AppleTVOS.platform/Developer/Library/Frameworks -F /Applications/Xcode-27.0.0-Release.Candidate.app/Contents/Developer/Platforms/AppleTVOS.platform/Developer/SDKs/AppleTVOS27.0.sdk/Developer/Library/Frameworks -c -j10 -enable-batch-mode -incremental -Xcc -ivfsstatcache -Xcc /Users/admin/builder/spi-builder-workspace/.derivedData/SDKStatCaches.noindex/appletvos27.0-24J360-e829b21a6f8c9b70876ba0858053c044b32bfd8d43560033f8d89884cdb90028.sdkstatcache -output-file-map /Users/admin/builder/spi-builder-workspace/.derivedData/Build/Intermediates.noindex/Time.build/Debug-appletvos/Time-t.build/Objects-normal/arm64/Time-OutputFileMap.json -save-temps -no-color-diagnostics -explicit-module-build -module-cache-path /Users/admin/builder/spi-builder-workspace/.derivedData/Build/Intermediates.noindex/SwiftExplicitPrecompiledModules -clang-scanner-module-cache-path /Users/admin/builder/spi-builder-workspace/.derivedData/ModuleCache.noindex -sdk-module-cache-path /Users/admin/builder/spi-builder-workspace/.derivedData/SDKExplicitPrecompiledModules -emit-dependencies -emit-module -emit-module-path /Users/admin/builder/spi-builder-workspace/.derivedData/Build/Intermediates.noindex/Time.build/Debug-appletvos/Time-t.build/Objects-normal/arm64/Time.swiftmodule -serialize-diagnostics -dependency-scan-serialize-diagnostics-path /Users/admin/builder/spi-builder-workspace/.derivedData/Build/Intermediates.noindex/Time.build/Debug-appletvos/Time-t.build/Objects-normal/arm64/Time-dependency-scan.dia -validate-clang-modules-once -clang-build-session-file /Users/admin/builder/spi-builder-workspace/.derivedData/ModuleCache.noindex/Session.modulevalidation -Xcc -fmodules-prune-interval\=86400 -Xcc -fmodules-prune-after\=345600 -emit-const-values -const-gather-protocols-list /Users/admin/builder/spi-builder-workspace/.derivedData/Build/Intermediates.noindex/Time.build/Debug-appletvos/Time-t.build/Objects-normal/arm64/Time_const_extract_protocols.json -Xcc -I/Users/admin/builder/spi-builder-workspace/.derivedData/Build/Products/Debug-appletvos/include -Xcc -I/Users/admin/builder/spi-builder-workspace/.derivedData/Build/Intermediates.noindex/Time.build/Debug-appletvos/Time-t.build/DerivedSources-normal/arm64 -Xcc -I/Users/admin/builder/spi-builder-workspace/.derivedData/Build/Intermediates.noindex/Time.build/Debug-appletvos/Time-t.build/DerivedSources/arm64 -Xcc -I/Users/admin/builder/spi-builder-workspace/.derivedData/Build/Intermediates.noindex/Time.build/Debug-appletvos/Time-t.build/DerivedSources -Xcc -DSWIFT_PACKAGE -Xcc -DDEBUG\=1 -emit-objc-header -emit-objc-header-path /Users/admin/builder/spi-builder-workspace/.derivedData/Build/Intermediates.noindex/Time.build/Debug-appletvos/Time-t.build/Objects-normal/arm64/Time-Swift.h -working-directory /Users/admin/builder/spi-builder-workspace/.swiftpm/xcode -experimental-emit-module-separately -disable-cmo
Ld /Users/admin/builder/spi-builder-workspace/.derivedData/Build/Products/Debug-appletvos/Time.o normal (in target 'Time' from project 'Time')
cd /Users/admin/builder/spi-builder-workspace/.dependencies/checkouts/time
/Applications/Xcode-27.0.0-Release.Candidate.app/Contents/Developer/Toolchains/XcodeDefault.xctoolchain/usr/bin/clang -Xlinker -reproducible -target arm64-apple-tvos16.0 -r -isysroot /Applications/Xcode-27.0.0-Release.Candidate.app/Contents/Developer/Platforms/AppleTVOS.platform/Developer/SDKs/AppleTVOS27.0.sdk -O0 -w -Xlinker -no_warn_duplicate_libraries -F/Users/admin/builder/spi-builder-workspace/.derivedData/Build/Intermediates.noindex/EagerLinkingTBDs/Debug-appletvos -F/Users/admin/builder/spi-builder-workspace/.derivedData/Build/Products/Debug-appletvos -iframework /Applications/Xcode-27.0.0-Release.Candidate.app/Contents/Developer/Platforms/AppleTVOS.platform/Developer/Library/Frameworks -iframework /Applications/Xcode-27.0.0-Release.Candidate.app/Contents/Developer/Platforms/AppleTVOS.platform/Developer/SDKs/AppleTVOS27.0.sdk/Developer/Library/Frameworks -filelist /Users/admin/builder/spi-builder-workspace/.derivedData/Build/Intermediates.noindex/Time.build/Debug-appletvos/Time-t.build/Objects-normal/arm64/Time.LinkFileList -nostdlib -Xlinker -object_path_lto -Xlinker /Users/admin/builder/spi-builder-workspace/.derivedData/Build/Intermediates.noindex/Time.build/Debug-appletvos/Time-t.build/Objects-normal/arm64/Time_lto.o -Xlinker -no_deduplicate -Xlinker -debug_variant -Xlinker -dependency_info -Xlinker /Users/admin/builder/spi-builder-workspace/.derivedData/Build/Intermediates.noindex/Time.build/Debug-appletvos/Time-t.build/Objects-normal/arm64/Time_dependency_info.dat -fobjc-link-runtime -L/Applications/Xcode-27.0.0-Release.Candidate.app/Contents/Developer/Toolchains/XcodeDefault.xctoolchain/usr/lib/swift/appletvos -L/usr/lib/swift -Xlinker -add_ast_path -Xlinker /Users/admin/builder/spi-builder-workspace/.derivedData/Build/Intermediates.noindex/Time.build/Debug-appletvos/Time-t.build/Objects-normal/arm64/Time.swiftmodule -o /Users/admin/builder/spi-builder-workspace/.derivedData/Build/Products/Debug-appletvos/Time.o
ExtractAppIntentsMetadata (in target 'Time' from project 'Time')
cd /Users/admin/builder/spi-builder-workspace/.dependencies/checkouts/time
/Applications/Xcode-27.0.0-Release.Candidate.app/Contents/Developer/Toolchains/XcodeDefault.xctoolchain/usr/bin/appintentsmetadataprocessor --toolchain-dir /var/run/com.apple.security.cryptexd/mnt/com.apple.MobileAsset.MetalToolchain-v27.1.266.1.hMdqaE/Metal.xctoolchain --module-name Time --sdk-root /Applications/Xcode-27.0.0-Release.Candidate.app/Contents/Developer/Platforms/AppleTVOS.platform/Developer/SDKs/AppleTVOS27.0.sdk --xcode-version 27A266a --platform-family tvOS --deployment-target 16.0 --bundle-identifier time.Time --output /Users/admin/builder/spi-builder-workspace/.derivedData/Build/Products/Debug-appletvos/Time.appintents --target-triple arm64-apple-tvos16.0 --binary-file /Users/admin/builder/spi-builder-workspace/.derivedData/Build/Products/Debug-appletvos/Time.o --dependency-file /Users/admin/builder/spi-builder-workspace/.derivedData/Build/Intermediates.noindex/Time.build/Debug-appletvos/Time-t.build/Objects-normal/arm64/Time_dependency_info.dat --stringsdata-file /Users/admin/builder/spi-builder-workspace/.derivedData/Build/Intermediates.noindex/Time.build/Debug-appletvos/Time-t.build/Objects-normal/arm64/ExtractedAppShortcutsMetadata.stringsdata --source-file-list /Users/admin/builder/spi-builder-workspace/.derivedData/Build/Intermediates.noindex/Time.build/Debug-appletvos/Time-t.build/Objects-normal/arm64/Time.SwiftFileList --metadata-file-list /Users/admin/builder/spi-builder-workspace/.derivedData/Build/Intermediates.noindex/Time.build/Debug-appletvos/Time-t.build/Time.DependencyMetadataFileList --static-metadata-file-list /Users/admin/builder/spi-builder-workspace/.derivedData/Build/Intermediates.noindex/Time.build/Debug-appletvos/Time-t.build/Time.DependencyStaticMetadataFileList --swift-const-vals-list /Users/admin/builder/spi-builder-workspace/.derivedData/Build/Intermediates.noindex/Time.build/Debug-appletvos/Time-t.build/Objects-normal/arm64/Time.SwiftConstValuesFileList --force --compile-time-extraction --deployment-aware-processing --no-app-shortcuts-localization
2026-09-20 06:07:00.903 appintentsmetadataprocessor[862:5071] Starting appintentsmetadataprocessor export
2026-09-20 06:07:01.005 appintentsmetadataprocessor[862:5071] Extracted no relevant App Intents symbols, skipping writing output
SwiftExplicitDependencyGeneratePcm arm64 /Users/admin/builder/spi-builder-workspace/.derivedData/SDKExplicitPrecompiledModules/SwiftUI-7BV1YDT6IZWW6B8OC6ENV0Y0F.pcm
SwiftEmitModule normal arm64 Emitting\ module\ for\ Pow (in target 'Pow' from project 'Pow')
SwiftCompile normal arm64 (in target 'Pow' from project 'Pow')
cd /Users/admin/builder/spi-builder-workspace/.swiftpm/xcode
SwiftCompile normal arm64 Compiling\ Pop.swift,\ Skid.swift,\ Swoosh.swift,\ Vanish.swift,\ Wipe.swift,\ GeneratedAssetSymbols.swift /Users/admin/builder/spi-builder-workspace/.dependencies/checkouts/Pow/Sources/Pow/Transitions/Pop.swift /Users/admin/builder/spi-builder-workspace/.dependencies/checkouts/Pow/Sources/Pow/Transitions/Skid.swift /Users/admin/builder/spi-builder-workspace/.dependencies/checkouts/Pow/Sources/Pow/Transitions/Swoosh.swift /Users/admin/builder/spi-builder-workspace/.dependencies/checkouts/Pow/Sources/Pow/Transitions/Vanish.swift /Users/admin/builder/spi-builder-workspace/.dependencies/checkouts/Pow/Sources/Pow/Transitions/Wipe.swift /Users/admin/builder/spi-builder-workspace/.derivedData/Build/Intermediates.noindex/Pow.build/Debug-appletvos/Pow-t.build/DerivedSources/GeneratedAssetSymbols.swift (in target 'Pow' from project 'Pow')
SwiftCompile normal arm64 /Users/admin/builder/spi-builder-workspace/.dependencies/checkouts/Pow/Sources/Pow/Transitions/Pop.swift (in target 'Pow' from project 'Pow')
cd /Users/admin/builder/spi-builder-workspace/.swiftpm/xcode
builtin-SwiftPerFileCompile Pop.swift
SwiftCompile normal arm64 /Users/admin/builder/spi-builder-workspace/.dependencies/checkouts/Pow/Sources/Pow/Transitions/Skid.swift (in target 'Pow' from project 'Pow')
cd /Users/admin/builder/spi-builder-workspace/.swiftpm/xcode
builtin-SwiftPerFileCompile Skid.swift
SwiftCompile normal arm64 /Users/admin/builder/spi-builder-workspace/.dependencies/checkouts/Pow/Sources/Pow/Transitions/Swoosh.swift (in target 'Pow' from project 'Pow')
cd /Users/admin/builder/spi-builder-workspace/.swiftpm/xcode
builtin-SwiftPerFileCompile Swoosh.swift
SwiftCompile normal arm64 /Users/admin/builder/spi-builder-workspace/.dependencies/checkouts/Pow/Sources/Pow/Transitions/Vanish.swift (in target 'Pow' from project 'Pow')
cd /Users/admin/builder/spi-builder-workspace/.swiftpm/xcode
builtin-SwiftPerFileCompile Vanish.swift
SwiftCompile normal arm64 /Users/admin/builder/spi-builder-workspace/.dependencies/checkouts/Pow/Sources/Pow/Transitions/Wipe.swift (in target 'Pow' from project 'Pow')
cd /Users/admin/builder/spi-builder-workspace/.swiftpm/xcode
builtin-SwiftPerFileCompile Wipe.swift
SwiftCompile normal arm64 /Users/admin/builder/spi-builder-workspace/.derivedData/Build/Intermediates.noindex/Pow.build/Debug-appletvos/Pow-t.build/DerivedSources/GeneratedAssetSymbols.swift (in target 'Pow' from project 'Pow')
cd /Users/admin/builder/spi-builder-workspace/.swiftpm/xcode
builtin-SwiftPerFileCompile GeneratedAssetSymbols.swift
SwiftCompile normal arm64 Compiling\ OnChangeEffect.swift,\ ParticleLayer.swift,\ ProgressableAnimation.swift,\ Scaled.swift,\ SecondOrderDynamics.swift,\ SeededRandomNumberGenerator.swift /Users/admin/builder/spi-builder-workspace/.dependencies/checkouts/Pow/Sources/Pow/Infrastructure/OnChangeEffect.swift /Users/admin/builder/spi-builder-workspace/.dependencies/checkouts/Pow/Sources/Pow/Infrastructure/ParticleLayer.swift /Users/admin/builder/spi-builder-workspace/.dependencies/checkouts/Pow/Sources/Pow/Infrastructure/ProgressableAnimation.swift /Users/admin/builder/spi-builder-workspace/.dependencies/checkouts/Pow/Sources/Pow/Infrastructure/Scaled.swift /Users/admin/builder/spi-builder-workspace/.dependencies/checkouts/Pow/Sources/Pow/Infrastructure/SecondOrderDynamics.swift /Users/admin/builder/spi-builder-workspace/.dependencies/checkouts/Pow/Sources/Pow/Infrastructure/SeededRandomNumberGenerator.swift (in target 'Pow' from project 'Pow')
SwiftCompile normal arm64 /Users/admin/builder/spi-builder-workspace/.dependencies/checkouts/Pow/Sources/Pow/Infrastructure/OnChangeEffect.swift (in target 'Pow' from project 'Pow')
cd /Users/admin/builder/spi-builder-workspace/.swiftpm/xcode
builtin-SwiftPerFileCompile OnChangeEffect.swift
SwiftCompile normal arm64 /Users/admin/builder/spi-builder-workspace/.dependencies/checkouts/Pow/Sources/Pow/Infrastructure/ParticleLayer.swift (in target 'Pow' from project 'Pow')
cd /Users/admin/builder/spi-builder-workspace/.swiftpm/xcode
builtin-SwiftPerFileCompile ParticleLayer.swift
SwiftCompile normal arm64 /Users/admin/builder/spi-builder-workspace/.dependencies/checkouts/Pow/Sources/Pow/Infrastructure/ProgressableAnimation.swift (in target 'Pow' from project 'Pow')
cd /Users/admin/builder/spi-builder-workspace/.swiftpm/xcode
builtin-SwiftPerFileCompile ProgressableAnimation.swift
SwiftCompile normal arm64 /Users/admin/builder/spi-builder-workspace/.dependencies/checkouts/Pow/Sources/Pow/Infrastructure/Scaled.swift (in target 'Pow' from project 'Pow')
cd /Users/admin/builder/spi-builder-workspace/.swiftpm/xcode
builtin-SwiftPerFileCompile Scaled.swift
SwiftCompile normal arm64 /Users/admin/builder/spi-builder-workspace/.dependencies/checkouts/Pow/Sources/Pow/Infrastructure/SecondOrderDynamics.swift (in target 'Pow' from project 'Pow')
cd /Users/admin/builder/spi-builder-workspace/.swiftpm/xcode
builtin-SwiftPerFileCompile SecondOrderDynamics.swift
SwiftCompile normal arm64 /Users/admin/builder/spi-builder-workspace/.dependencies/checkouts/Pow/Sources/Pow/Infrastructure/SeededRandomNumberGenerator.swift (in target 'Pow' from project 'Pow')
cd /Users/admin/builder/spi-builder-workspace/.swiftpm/xcode
builtin-SwiftPerFileCompile SeededRandomNumberGenerator.swift
SwiftCompile normal arm64 Compiling\ Simulative.swift,\ Spring.swift,\ TRS.swift,\ Transform3DEffect.swift,\ ViewRepresentable.swift,\ WhileEffect.swift /Users/admin/builder/spi-builder-workspace/.dependencies/checkouts/Pow/Sources/Pow/Infrastructure/Simulative.swift /Users/admin/builder/spi-builder-workspace/.dependencies/checkouts/Pow/Sources/Pow/Infrastructure/Spring.swift /Users/admin/builder/spi-builder-workspace/.dependencies/checkouts/Pow/Sources/Pow/Infrastructure/TRS.swift /Users/admin/builder/spi-builder-workspace/.dependencies/checkouts/Pow/Sources/Pow/Infrastructure/Transform3DEffect.swift /Users/admin/builder/spi-builder-workspace/.dependencies/checkouts/Pow/Sources/Pow/Infrastructure/ViewRepresentable.swift /Users/admin/builder/spi-builder-workspace/.dependencies/checkouts/Pow/Sources/Pow/Infrastructure/WhileEffect.swift (in target 'Pow' from project 'Pow')
SwiftCompile normal arm64 /Users/admin/builder/spi-builder-workspace/.dependencies/checkouts/Pow/Sources/Pow/Infrastructure/Simulative.swift (in target 'Pow' from project 'Pow')
cd /Users/admin/builder/spi-builder-workspace/.swiftpm/xcode
builtin-SwiftPerFileCompile Simulative.swift
SwiftCompile normal arm64 /Users/admin/builder/spi-builder-workspace/.dependencies/checkouts/Pow/Sources/Pow/Infrastructure/Spring.swift (in target 'Pow' from project 'Pow')
cd /Users/admin/builder/spi-builder-workspace/.swiftpm/xcode
builtin-SwiftPerFileCompile Spring.swift
SwiftCompile normal arm64 /Users/admin/builder/spi-builder-workspace/.dependencies/checkouts/Pow/Sources/Pow/Infrastructure/TRS.swift (in target 'Pow' from project 'Pow')
cd /Users/admin/builder/spi-builder-workspace/.swiftpm/xcode
builtin-SwiftPerFileCompile TRS.swift
SwiftCompile normal arm64 /Users/admin/builder/spi-builder-workspace/.dependencies/checkouts/Pow/Sources/Pow/Infrastructure/Transform3DEffect.swift (in target 'Pow' from project 'Pow')
cd /Users/admin/builder/spi-builder-workspace/.swiftpm/xcode
builtin-SwiftPerFileCompile Transform3DEffect.swift
SwiftCompile normal arm64 /Users/admin/builder/spi-builder-workspace/.dependencies/checkouts/Pow/Sources/Pow/Infrastructure/ViewRepresentable.swift (in target 'Pow' from project 'Pow')
cd /Users/admin/builder/spi-builder-workspace/.swiftpm/xcode
builtin-SwiftPerFileCompile ViewRepresentable.swift
SwiftCompile normal arm64 /Users/admin/builder/spi-builder-workspace/.dependencies/checkouts/Pow/Sources/Pow/Infrastructure/WhileEffect.swift (in target 'Pow' from project 'Pow')
cd /Users/admin/builder/spi-builder-workspace/.swiftpm/xcode
builtin-SwiftPerFileCompile WhileEffect.swift
SwiftCompile normal arm64 Compiling\ AnyChangeEffect.swift,\ AnyContinuousEffect.swift,\ AnyViewModifier.swift,\ Haptics.swift,\ MathUtilities.swift,\ Namespace.swift /Users/admin/builder/spi-builder-workspace/.dependencies/checkouts/Pow/Sources/Pow/Infrastructure/AnyChangeEffect.swift /Users/admin/builder/spi-builder-workspace/.dependencies/checkouts/Pow/Sources/Pow/Infrastructure/AnyContinuousEffect.swift /Users/admin/builder/spi-builder-workspace/.dependencies/checkouts/Pow/Sources/Pow/Infrastructure/AnyViewModifier.swift /Users/admin/builder/spi-builder-workspace/.dependencies/checkouts/Pow/Sources/Pow/Infrastructure/Haptics.swift /Users/admin/builder/spi-builder-workspace/.dependencies/checkouts/Pow/Sources/Pow/Infrastructure/MathUtilities.swift /Users/admin/builder/spi-builder-workspace/.dependencies/checkouts/Pow/Sources/Pow/Infrastructure/Namespace.swift (in target 'Pow' from project 'Pow')
SwiftCompile normal arm64 /Users/admin/builder/spi-builder-workspace/.dependencies/checkouts/Pow/Sources/Pow/Infrastructure/AnyChangeEffect.swift (in target 'Pow' from project 'Pow')
cd /Users/admin/builder/spi-builder-workspace/.swiftpm/xcode
builtin-SwiftPerFileCompile AnyChangeEffect.swift
SwiftCompile normal arm64 /Users/admin/builder/spi-builder-workspace/.dependencies/checkouts/Pow/Sources/Pow/Infrastructure/AnyContinuousEffect.swift (in target 'Pow' from project 'Pow')
cd /Users/admin/builder/spi-builder-workspace/.swiftpm/xcode
builtin-SwiftPerFileCompile AnyContinuousEffect.swift
SwiftCompile normal arm64 /Users/admin/builder/spi-builder-workspace/.dependencies/checkouts/Pow/Sources/Pow/Infrastructure/AnyViewModifier.swift (in target 'Pow' from project 'Pow')
cd /Users/admin/builder/spi-builder-workspace/.swiftpm/xcode
builtin-SwiftPerFileCompile AnyViewModifier.swift
SwiftCompile normal arm64 /Users/admin/builder/spi-builder-workspace/.dependencies/checkouts/Pow/Sources/Pow/Infrastructure/Haptics.swift (in target 'Pow' from project 'Pow')
cd /Users/admin/builder/spi-builder-workspace/.swiftpm/xcode
builtin-SwiftPerFileCompile Haptics.swift
SwiftCompile normal arm64 /Users/admin/builder/spi-builder-workspace/.dependencies/checkouts/Pow/Sources/Pow/Infrastructure/MathUtilities.swift (in target 'Pow' from project 'Pow')
cd /Users/admin/builder/spi-builder-workspace/.swiftpm/xcode
builtin-SwiftPerFileCompile MathUtilities.swift
SwiftCompile normal arm64 /Users/admin/builder/spi-builder-workspace/.dependencies/checkouts/Pow/Sources/Pow/Infrastructure/Namespace.swift (in target 'Pow' from project 'Pow')
cd /Users/admin/builder/spi-builder-workspace/.swiftpm/xcode
builtin-SwiftPerFileCompile Namespace.swift
SwiftCompile normal arm64 Compiling\ ProjectionTransform+Utilities.swift,\ UnitPoint+CircularCoordinates.swift,\ ViewModifier+DefaultAnimation.swift,\ simd+Utilities.swift,\ AngleControl.swift,\ AnyAnimatableViewModifier.swift /Users/admin/builder/spi-builder-workspace/.dependencies/checkouts/Pow/Sources/Pow/Extensions/ProjectionTransform+Utilities.swift /Users/admin/builder/spi-builder-workspace/.dependencies/checkouts/Pow/Sources/Pow/Extensions/UnitPoint+CircularCoordinates.swift /Users/admin/builder/spi-builder-workspace/.dependencies/checkouts/Pow/Sources/Pow/Extensions/ViewModifier+DefaultAnimation.swift /Users/admin/builder/spi-builder-workspace/.dependencies/checkouts/Pow/Sources/Pow/Extensions/simd+Utilities.swift /Users/admin/builder/spi-builder-workspace/.dependencies/checkouts/Pow/Sources/Pow/Infrastructure/AngleControl.swift /Users/admin/builder/spi-builder-workspace/.dependencies/checkouts/Pow/Sources/Pow/Infrastructure/AnyAnimatableViewModifier.swift (in target 'Pow' from project 'Pow')
SwiftCompile normal arm64 /Users/admin/builder/spi-builder-workspace/.dependencies/checkouts/Pow/Sources/Pow/Extensions/ProjectionTransform+Utilities.swift (in target 'Pow' from project 'Pow')
cd /Users/admin/builder/spi-builder-workspace/.swiftpm/xcode
builtin-SwiftPerFileCompile ProjectionTransform+Utilities.swift
SwiftCompile normal arm64 /Users/admin/builder/spi-builder-workspace/.dependencies/checkouts/Pow/Sources/Pow/Extensions/UnitPoint+CircularCoordinates.swift (in target 'Pow' from project 'Pow')
cd /Users/admin/builder/spi-builder-workspace/.swiftpm/xcode
builtin-SwiftPerFileCompile UnitPoint+CircularCoordinates.swift
SwiftCompile normal arm64 /Users/admin/builder/spi-builder-workspace/.dependencies/checkouts/Pow/Sources/Pow/Extensions/ViewModifier+DefaultAnimation.swift (in target 'Pow' from project 'Pow')
cd /Users/admin/builder/spi-builder-workspace/.swiftpm/xcode
builtin-SwiftPerFileCompile ViewModifier+DefaultAnimation.swift
SwiftCompile normal arm64 /Users/admin/builder/spi-builder-workspace/.dependencies/checkouts/Pow/Sources/Pow/Extensions/simd+Utilities.swift (in target 'Pow' from project 'Pow')
cd /Users/admin/builder/spi-builder-workspace/.swiftpm/xcode
builtin-SwiftPerFileCompile simd+Utilities.swift
SwiftCompile normal arm64 /Users/admin/builder/spi-builder-workspace/.dependencies/checkouts/Pow/Sources/Pow/Infrastructure/AngleControl.swift (in target 'Pow' from project 'Pow')
cd /Users/admin/builder/spi-builder-workspace/.swiftpm/xcode
builtin-SwiftPerFileCompile AngleControl.swift
SwiftCompile normal arm64 /Users/admin/builder/spi-builder-workspace/.dependencies/checkouts/Pow/Sources/Pow/Infrastructure/AnyAnimatableViewModifier.swift (in target 'Pow' from project 'Pow')
cd /Users/admin/builder/spi-builder-workspace/.swiftpm/xcode
builtin-SwiftPerFileCompile AnyAnimatableViewModifier.swift
SwiftCompile normal arm64 Compiling\ Flicker.swift,\ Flip.swift,\ Glare.swift,\ Iris.swift,\ Move.swift,\ Poof.swift /Users/admin/builder/spi-builder-workspace/.dependencies/checkouts/Pow/Sources/Pow/Transitions/Flicker.swift /Users/admin/builder/spi-builder-workspace/.dependencies/checkouts/Pow/Sources/Pow/Transitions/Flip.swift /Users/admin/builder/spi-builder-workspace/.dependencies/checkouts/Pow/Sources/Pow/Transitions/Glare.swift /Users/admin/builder/spi-builder-workspace/.dependencies/checkouts/Pow/Sources/Pow/Transitions/Iris.swift /Users/admin/builder/spi-builder-workspace/.dependencies/checkouts/Pow/Sources/Pow/Transitions/Move.swift /Users/admin/builder/spi-builder-workspace/.dependencies/checkouts/Pow/Sources/Pow/Transitions/Poof.swift (in target 'Pow' from project 'Pow')
SwiftCompile normal arm64 /Users/admin/builder/spi-builder-workspace/.dependencies/checkouts/Pow/Sources/Pow/Transitions/Flicker.swift (in target 'Pow' from project 'Pow')
cd /Users/admin/builder/spi-builder-workspace/.swiftpm/xcode
builtin-SwiftPerFileCompile Flicker.swift
SwiftCompile normal arm64 /Users/admin/builder/spi-builder-workspace/.dependencies/checkouts/Pow/Sources/Pow/Transitions/Flip.swift (in target 'Pow' from project 'Pow')
cd /Users/admin/builder/spi-builder-workspace/.swiftpm/xcode
builtin-SwiftPerFileCompile Flip.swift
SwiftCompile normal arm64 /Users/admin/builder/spi-builder-workspace/.dependencies/checkouts/Pow/Sources/Pow/Transitions/Glare.swift (in target 'Pow' from project 'Pow')
cd /Users/admin/builder/spi-builder-workspace/.swiftpm/xcode
builtin-SwiftPerFileCompile Glare.swift
SwiftCompile normal arm64 /Users/admin/builder/spi-builder-workspace/.dependencies/checkouts/Pow/Sources/Pow/Transitions/Iris.swift (in target 'Pow' from project 'Pow')
cd /Users/admin/builder/spi-builder-workspace/.swiftpm/xcode
builtin-SwiftPerFileCompile Iris.swift
SwiftCompile normal arm64 /Users/admin/builder/spi-builder-workspace/.dependencies/checkouts/Pow/Sources/Pow/Transitions/Move.swift (in target 'Pow' from project 'Pow')
cd /Users/admin/builder/spi-builder-workspace/.swiftpm/xcode
builtin-SwiftPerFileCompile Move.swift
SwiftCompile normal arm64 /Users/admin/builder/spi-builder-workspace/.dependencies/checkouts/Pow/Sources/Pow/Transitions/Poof.swift (in target 'Pow' from project 'Pow')
cd /Users/admin/builder/spi-builder-workspace/.swiftpm/xcode
builtin-SwiftPerFileCompile Poof.swift
SwiftCompile normal arm64 Compiling\ Anvil.swift,\ Blinds.swift,\ Blur.swift,\ Boing.swift,\ Clock.swift,\ FilmExposure.swift /Users/admin/builder/spi-builder-workspace/.dependencies/checkouts/Pow/Sources/Pow/Transitions/Anvil.swift /Users/admin/builder/spi-builder-workspace/.dependencies/checkouts/Pow/Sources/Pow/Transitions/Blinds.swift /Users/admin/builder/spi-builder-workspace/.dependencies/checkouts/Pow/Sources/Pow/Transitions/Blur.swift /Users/admin/builder/spi-builder-workspace/.dependencies/checkouts/Pow/Sources/Pow/Transitions/Boing.swift /Users/admin/builder/spi-builder-workspace/.dependencies/checkouts/Pow/Sources/Pow/Transitions/Clock.swift /Users/admin/builder/spi-builder-workspace/.dependencies/checkouts/Pow/Sources/Pow/Transitions/FilmExposure.swift (in target 'Pow' from project 'Pow')
SwiftCompile normal arm64 /Users/admin/builder/spi-builder-workspace/.dependencies/checkouts/Pow/Sources/Pow/Transitions/Anvil.swift (in target 'Pow' from project 'Pow')
cd /Users/admin/builder/spi-builder-workspace/.swiftpm/xcode
builtin-SwiftPerFileCompile Anvil.swift
SwiftCompile normal arm64 /Users/admin/builder/spi-builder-workspace/.dependencies/checkouts/Pow/Sources/Pow/Transitions/Blinds.swift (in target 'Pow' from project 'Pow')
cd /Users/admin/builder/spi-builder-workspace/.swiftpm/xcode
builtin-SwiftPerFileCompile Blinds.swift
SwiftCompile normal arm64 /Users/admin/builder/spi-builder-workspace/.dependencies/checkouts/Pow/Sources/Pow/Transitions/Blur.swift (in target 'Pow' from project 'Pow')
cd /Users/admin/builder/spi-builder-workspace/.swiftpm/xcode
builtin-SwiftPerFileCompile Blur.swift
SwiftCompile normal arm64 /Users/admin/builder/spi-builder-workspace/.dependencies/checkouts/Pow/Sources/Pow/Transitions/Boing.swift (in target 'Pow' from project 'Pow')
cd /Users/admin/builder/spi-builder-workspace/.swiftpm/xcode
builtin-SwiftPerFileCompile Boing.swift
SwiftCompile normal arm64 /Users/admin/builder/spi-builder-workspace/.dependencies/checkouts/Pow/Sources/Pow/Transitions/Clock.swift (in target 'Pow' from project 'Pow')
cd /Users/admin/builder/spi-builder-workspace/.swiftpm/xcode
builtin-SwiftPerFileCompile Clock.swift
SwiftCompile normal arm64 /Users/admin/builder/spi-builder-workspace/.dependencies/checkouts/Pow/Sources/Pow/Transitions/FilmExposure.swift (in target 'Pow' from project 'Pow')
cd /Users/admin/builder/spi-builder-workspace/.swiftpm/xcode
builtin-SwiftPerFileCompile FilmExposure.swift
SwiftCompile normal arm64 Compiling\ WiggleEffect.swift,\ Animation+TimingCurves.swift,\ CGAffineTransform+Shear.swift,\ CGPoint+Utilities.swift,\ CGRect+Utilities.swift,\ CGSize+Utilities.swift,\ Duration+TimeInterval.swift /Users/admin/builder/spi-builder-workspace/.dependencies/checkouts/Pow/Sources/Pow/Effects/WiggleEffect.swift /Users/admin/builder/spi-builder-workspace/.dependencies/checkouts/Pow/Sources/Pow/Extensions/Animation+TimingCurves.swift /Users/admin/builder/spi-builder-workspace/.dependencies/checkouts/Pow/Sources/Pow/Extensions/CGAffineTransform+Shear.swift /Users/admin/builder/spi-builder-workspace/.dependencies/checkouts/Pow/Sources/Pow/Extensions/CGPoint+Utilities.swift /Users/admin/builder/spi-builder-workspace/.dependencies/checkouts/Pow/Sources/Pow/Extensions/CGRect+Utilities.swift /Users/admin/builder/spi-builder-workspace/.dependencies/checkouts/Pow/Sources/Pow/Extensions/CGSize+Utilities.swift /Users/admin/builder/spi-builder-workspace/.dependencies/checkouts/Pow/Sources/Pow/Extensions/Duration+TimeInterval.swift (in target 'Pow' from project 'Pow')
SwiftCompile normal arm64 /Users/admin/builder/spi-builder-workspace/.dependencies/checkouts/Pow/Sources/Pow/Effects/WiggleEffect.swift (in target 'Pow' from project 'Pow')
cd /Users/admin/builder/spi-builder-workspace/.swiftpm/xcode
builtin-SwiftPerFileCompile WiggleEffect.swift
SwiftCompile normal arm64 /Users/admin/builder/spi-builder-workspace/.dependencies/checkouts/Pow/Sources/Pow/Extensions/Animation+TimingCurves.swift (in target 'Pow' from project 'Pow')
cd /Users/admin/builder/spi-builder-workspace/.swiftpm/xcode
builtin-SwiftPerFileCompile Animation+TimingCurves.swift
SwiftCompile normal arm64 /Users/admin/builder/spi-builder-workspace/.dependencies/checkouts/Pow/Sources/Pow/Extensions/CGAffineTransform+Shear.swift (in target 'Pow' from project 'Pow')
cd /Users/admin/builder/spi-builder-workspace/.swiftpm/xcode
builtin-SwiftPerFileCompile CGAffineTransform+Shear.swift
SwiftCompile normal arm64 /Users/admin/builder/spi-builder-workspace/.dependencies/checkouts/Pow/Sources/Pow/Extensions/CGPoint+Utilities.swift (in target 'Pow' from project 'Pow')
cd /Users/admin/builder/spi-builder-workspace/.swiftpm/xcode
builtin-SwiftPerFileCompile CGPoint+Utilities.swift
SwiftCompile normal arm64 /Users/admin/builder/spi-builder-workspace/.dependencies/checkouts/Pow/Sources/Pow/Extensions/CGRect+Utilities.swift (in target 'Pow' from project 'Pow')
cd /Users/admin/builder/spi-builder-workspace/.swiftpm/xcode
builtin-SwiftPerFileCompile CGRect+Utilities.swift
SwiftCompile normal arm64 /Users/admin/builder/spi-builder-workspace/.dependencies/checkouts/Pow/Sources/Pow/Extensions/CGSize+Utilities.swift (in target 'Pow' from project 'Pow')
cd /Users/admin/builder/spi-builder-workspace/.swiftpm/xcode
builtin-SwiftPerFileCompile CGSize+Utilities.swift
SwiftCompile normal arm64 /Users/admin/builder/spi-builder-workspace/.dependencies/checkouts/Pow/Sources/Pow/Extensions/Duration+TimeInterval.swift (in target 'Pow' from project 'Pow')
cd /Users/admin/builder/spi-builder-workspace/.swiftpm/xcode
builtin-SwiftPerFileCompile Duration+TimeInterval.swift
SwiftCompile normal arm64 Compiling\ RisingParticleEffect.swift,\ ShakeEffect.swift,\ ShineEffect.swift,\ SmokeEffect.swift,\ SoundEffect.swift,\ SpinEffect.swift,\ SprayEffect.swift /Users/admin/builder/spi-builder-workspace/.dependencies/checkouts/Pow/Sources/Pow/Effects/RisingParticleEffect.swift /Users/admin/builder/spi-builder-workspace/.dependencies/checkouts/Pow/Sources/Pow/Effects/ShakeEffect.swift /Users/admin/builder/spi-builder-workspace/.dependencies/checkouts/Pow/Sources/Pow/Effects/ShineEffect.swift /Users/admin/builder/spi-builder-workspace/.dependencies/checkouts/Pow/Sources/Pow/Effects/SmokeEffect.swift /Users/admin/builder/spi-builder-workspace/.dependencies/checkouts/Pow/Sources/Pow/Effects/SoundEffect.swift /Users/admin/builder/spi-builder-workspace/.dependencies/checkouts/Pow/Sources/Pow/Effects/SpinEffect.swift /Users/admin/builder/spi-builder-workspace/.dependencies/checkouts/Pow/Sources/Pow/Effects/SprayEffect.swift (in target 'Pow' from project 'Pow')
SwiftCompile normal arm64 /Users/admin/builder/spi-builder-workspace/.dependencies/checkouts/Pow/Sources/Pow/Effects/RisingParticleEffect.swift (in target 'Pow' from project 'Pow')
cd /Users/admin/builder/spi-builder-workspace/.swiftpm/xcode
builtin-SwiftPerFileCompile RisingParticleEffect.swift
SwiftCompile normal arm64 /Users/admin/builder/spi-builder-workspace/.dependencies/checkouts/Pow/Sources/Pow/Effects/ShakeEffect.swift (in target 'Pow' from project 'Pow')
cd /Users/admin/builder/spi-builder-workspace/.swiftpm/xcode
builtin-SwiftPerFileCompile ShakeEffect.swift
SwiftCompile normal arm64 /Users/admin/builder/spi-builder-workspace/.dependencies/checkouts/Pow/Sources/Pow/Effects/ShineEffect.swift (in target 'Pow' from project 'Pow')
cd /Users/admin/builder/spi-builder-workspace/.swiftpm/xcode
builtin-SwiftPerFileCompile ShineEffect.swift
SwiftCompile normal arm64 /Users/admin/builder/spi-builder-workspace/.dependencies/checkouts/Pow/Sources/Pow/Effects/SmokeEffect.swift (in target 'Pow' from project 'Pow')
cd /Users/admin/builder/spi-builder-workspace/.swiftpm/xcode
builtin-SwiftPerFileCompile SmokeEffect.swift
SwiftCompile normal arm64 /Users/admin/builder/spi-builder-workspace/.dependencies/checkouts/Pow/Sources/Pow/Effects/SoundEffect.swift (in target 'Pow' from project 'Pow')
cd /Users/admin/builder/spi-builder-workspace/.swiftpm/xcode
builtin-SwiftPerFileCompile SoundEffect.swift
SwiftCompile normal arm64 /Users/admin/builder/spi-builder-workspace/.dependencies/checkouts/Pow/Sources/Pow/Effects/SpinEffect.swift (in target 'Pow' from project 'Pow')
cd /Users/admin/builder/spi-builder-workspace/.swiftpm/xcode
builtin-SwiftPerFileCompile SpinEffect.swift
SwiftCompile normal arm64 /Users/admin/builder/spi-builder-workspace/.dependencies/checkouts/Pow/Sources/Pow/Effects/SprayEffect.swift (in target 'Pow' from project 'Pow')
cd /Users/admin/builder/spi-builder-workspace/.swiftpm/xcode
builtin-SwiftPerFileCompile SprayEffect.swift
SwiftCompile normal arm64 Compiling\ resource_bundle_accessor.swift,\ GlowEffect.swift,\ HapticFeedbackEffect.swift,\ JumpEffect.swift,\ PingEffect.swift,\ PulseEffect.swift,\ PushDownEffect.swift /Users/admin/builder/spi-builder-workspace/.derivedData/Build/Intermediates.noindex/Pow.build/Debug-appletvos/Pow-t.build/DerivedSources/resource_bundle_accessor.swift /Users/admin/builder/spi-builder-workspace/.dependencies/checkouts/Pow/Sources/Pow/Effects/GlowEffect.swift /Users/admin/builder/spi-builder-workspace/.dependencies/checkouts/Pow/Sources/Pow/Effects/HapticFeedbackEffect.swift /Users/admin/builder/spi-builder-workspace/.dependencies/checkouts/Pow/Sources/Pow/Effects/JumpEffect.swift /Users/admin/builder/spi-builder-workspace/.dependencies/checkouts/Pow/Sources/Pow/Effects/PingEffect.swift /Users/admin/builder/spi-builder-workspace/.dependencies/checkouts/Pow/Sources/Pow/Effects/PulseEffect.swift /Users/admin/builder/spi-builder-workspace/.dependencies/checkouts/Pow/Sources/Pow/Effects/PushDownEffect.swift (in target 'Pow' from project 'Pow')
SwiftCompile normal arm64 /Users/admin/builder/spi-builder-workspace/.derivedData/Build/Intermediates.noindex/Pow.build/Debug-appletvos/Pow-t.build/DerivedSources/resource_bundle_accessor.swift (in target 'Pow' from project 'Pow')
cd /Users/admin/builder/spi-builder-workspace/.swiftpm/xcode
builtin-SwiftPerFileCompile resource_bundle_accessor.swift
SwiftCompile normal arm64 /Users/admin/builder/spi-builder-workspace/.dependencies/checkouts/Pow/Sources/Pow/Effects/GlowEffect.swift (in target 'Pow' from project 'Pow')
cd /Users/admin/builder/spi-builder-workspace/.swiftpm/xcode
builtin-SwiftPerFileCompile GlowEffect.swift
SwiftCompile normal arm64 /Users/admin/builder/spi-builder-workspace/.dependencies/checkouts/Pow/Sources/Pow/Effects/HapticFeedbackEffect.swift (in target 'Pow' from project 'Pow')
cd /Users/admin/builder/spi-builder-workspace/.swiftpm/xcode
builtin-SwiftPerFileCompile HapticFeedbackEffect.swift
SwiftCompile normal arm64 /Users/admin/builder/spi-builder-workspace/.dependencies/checkouts/Pow/Sources/Pow/Effects/JumpEffect.swift (in target 'Pow' from project 'Pow')
cd /Users/admin/builder/spi-builder-workspace/.swiftpm/xcode
builtin-SwiftPerFileCompile JumpEffect.swift
SwiftCompile normal arm64 /Users/admin/builder/spi-builder-workspace/.dependencies/checkouts/Pow/Sources/Pow/Effects/PingEffect.swift (in target 'Pow' from project 'Pow')
cd /Users/admin/builder/spi-builder-workspace/.swiftpm/xcode
builtin-SwiftPerFileCompile PingEffect.swift
SwiftCompile normal arm64 /Users/admin/builder/spi-builder-workspace/.dependencies/checkouts/Pow/Sources/Pow/Effects/PulseEffect.swift (in target 'Pow' from project 'Pow')
cd /Users/admin/builder/spi-builder-workspace/.swiftpm/xcode
builtin-SwiftPerFileCompile PulseEffect.swift
SwiftCompile normal arm64 /Users/admin/builder/spi-builder-workspace/.dependencies/checkouts/Pow/Sources/Pow/Effects/PushDownEffect.swift (in target 'Pow' from project 'Pow')
cd /Users/admin/builder/spi-builder-workspace/.swiftpm/xcode
builtin-SwiftPerFileCompile PushDownEffect.swift
SwiftDriverJobDiscovery normal arm64 Emitting module for Pow (in target 'Pow' from project 'Pow')
SwiftDriver\ Compilation\ Requirements Pow normal arm64 com.apple.xcode.tools.swift.compiler (in target 'Pow' from project 'Pow')
cd /Users/admin/builder/spi-builder-workspace/.swiftpm/xcode
builtin-Swift-Compilation-Requirements -- /Applications/Xcode-27.0.0-Release.Candidate.app/Contents/Developer/Toolchains/XcodeDefault.xctoolchain/usr/bin/swiftc -parse-as-library -module-name Pow -Onone @/Users/admin/builder/spi-builder-workspace/.derivedData/Build/Intermediates.noindex/Pow.build/Debug-appletvos/Pow-t.build/Objects-normal/arm64/Pow.SwiftFileList -DSWIFT_PACKAGE -DDEBUG -DSWIFT_MODULE_RESOURCE_BUNDLE_AVAILABLE -DXcode -plugin-path /Applications/Xcode-27.0.0-Release.Candidate.app/Contents/Developer/Toolchains/XcodeDefault.xctoolchain/usr/lib/swift/host/plugins/testing -enable-experimental-feature DebugDescriptionMacro -sdk /Applications/Xcode-27.0.0-Release.Candidate.app/Contents/Developer/Platforms/AppleTVOS.platform/Developer/SDKs/AppleTVOS27.0.sdk -target arm64-apple-tvos15.0 -g -module-cache-path /Users/admin/builder/spi-builder-workspace/.derivedData/ModuleCache.noindex -Xfrontend -serialize-debugging-options -profile-coverage-mapping -profile-generate -enable-testing -suppress-warnings -index-store-path /Users/admin/builder/spi-builder-workspace/.derivedData/Index.noindex/DataStore -Xcc -D_LIBCPP_HARDENING_MODE\=_LIBCPP_HARDENING_MODE_DEBUG -swift-version 5 -I /Users/admin/builder/spi-builder-workspace/.derivedData/Build/Products/Debug-appletvos -Isystem /Applications/Xcode-27.0.0-Release.Candidate.app/Contents/Developer/Platforms/AppleTVOS.platform/Developer/usr/lib -F /Users/admin/builder/spi-builder-workspace/.derivedData/Build/Products/Debug-appletvos -F /Applications/Xcode-27.0.0-Release.Candidate.app/Contents/Developer/Platforms/AppleTVOS.platform/Developer/Library/Frameworks -F /Applications/Xcode-27.0.0-Release.Candidate.app/Contents/Developer/Platforms/AppleTVOS.platform/Developer/SDKs/AppleTVOS27.0.sdk/Developer/Library/Frameworks -c -j10 -enable-batch-mode -incremental -Xcc -ivfsstatcache -Xcc /Users/admin/builder/spi-builder-workspace/.derivedData/SDKStatCaches.noindex/appletvos27.0-24J360-e829b21a6f8c9b70876ba0858053c044b32bfd8d43560033f8d89884cdb90028.sdkstatcache -output-file-map /Users/admin/builder/spi-builder-workspace/.derivedData/Build/Intermediates.noindex/Pow.build/Debug-appletvos/Pow-t.build/Objects-normal/arm64/Pow-OutputFileMap.json -save-temps -no-color-diagnostics -explicit-module-build -module-cache-path /Users/admin/builder/spi-builder-workspace/.derivedData/Build/Intermediates.noindex/SwiftExplicitPrecompiledModules -clang-scanner-module-cache-path /Users/admin/builder/spi-builder-workspace/.derivedData/ModuleCache.noindex -sdk-module-cache-path /Users/admin/builder/spi-builder-workspace/.derivedData/SDKExplicitPrecompiledModules -emit-dependencies -emit-module -emit-module-path /Users/admin/builder/spi-builder-workspace/.derivedData/Build/Intermediates.noindex/Pow.build/Debug-appletvos/Pow-t.build/Objects-normal/arm64/Pow.swiftmodule -serialize-diagnostics -dependency-scan-serialize-diagnostics-path /Users/admin/builder/spi-builder-workspace/.derivedData/Build/Intermediates.noindex/Pow.build/Debug-appletvos/Pow-t.build/Objects-normal/arm64/Pow-dependency-scan.dia -validate-clang-modules-once -clang-build-session-file /Users/admin/builder/spi-builder-workspace/.derivedData/ModuleCache.noindex/Session.modulevalidation -Xcc -fmodules-prune-interval\=86400 -Xcc -fmodules-prune-after\=345600 -emit-const-values -const-gather-protocols-list /Users/admin/builder/spi-builder-workspace/.derivedData/Build/Intermediates.noindex/Pow.build/Debug-appletvos/Pow-t.build/Objects-normal/arm64/Pow_const_extract_protocols.json -Xcc -I/Users/admin/builder/spi-builder-workspace/.derivedData/Build/Products/Debug-appletvos/include -Xcc -I/Users/admin/builder/spi-builder-workspace/.derivedData/Build/Intermediates.noindex/Pow.build/Debug-appletvos/Pow-t.build/DerivedSources-normal/arm64 -Xcc -I/Users/admin/builder/spi-builder-workspace/.derivedData/Build/Intermediates.noindex/Pow.build/Debug-appletvos/Pow-t.build/DerivedSources/arm64 -Xcc -I/Users/admin/builder/spi-builder-workspace/.derivedData/Build/Intermediates.noindex/Pow.build/Debug-appletvos/Pow-t.build/DerivedSources -Xcc -DSWIFT_PACKAGE -Xcc -DDEBUG\=1 -emit-objc-header -emit-objc-header-path /Users/admin/builder/spi-builder-workspace/.derivedData/Build/Intermediates.noindex/Pow.build/Debug-appletvos/Pow-t.build/Objects-normal/arm64/Pow-Swift.h -working-directory /Users/admin/builder/spi-builder-workspace/.swiftpm/xcode -experimental-emit-module-separately -disable-cmo
SwiftDriverJobDiscovery normal arm64 Compiling ProjectionTransform+Utilities.swift, UnitPoint+CircularCoordinates.swift, ViewModifier+DefaultAnimation.swift, simd+Utilities.swift, AngleControl.swift, AnyAnimatableViewModifier.swift (in target 'Pow' from project 'Pow')
SwiftDriverJobDiscovery normal arm64 Compiling Simulative.swift, Spring.swift, TRS.swift, Transform3DEffect.swift, ViewRepresentable.swift, WhileEffect.swift (in target 'Pow' from project 'Pow')
SwiftDriverJobDiscovery normal arm64 Compiling OnChangeEffect.swift, ParticleLayer.swift, ProgressableAnimation.swift, Scaled.swift, SecondOrderDynamics.swift, SeededRandomNumberGenerator.swift (in target 'Pow' from project 'Pow')
SwiftDriverJobDiscovery normal arm64 Compiling Flicker.swift, Flip.swift, Glare.swift, Iris.swift, Move.swift, Poof.swift (in target 'Pow' from project 'Pow')
SwiftDriverJobDiscovery normal arm64 Compiling Pop.swift, Skid.swift, Swoosh.swift, Vanish.swift, Wipe.swift, GeneratedAssetSymbols.swift (in target 'Pow' from project 'Pow')
SwiftDriverJobDiscovery normal arm64 Compiling WiggleEffect.swift, Animation+TimingCurves.swift, CGAffineTransform+Shear.swift, CGPoint+Utilities.swift, CGRect+Utilities.swift, CGSize+Utilities.swift, Duration+TimeInterval.swift (in target 'Pow' from project 'Pow')
SwiftMergeGeneratedHeaders /Users/admin/builder/spi-builder-workspace/.derivedData/Build/Intermediates.noindex/GeneratedModuleMaps-appletvos/Pow-Swift.h /Users/admin/builder/spi-builder-workspace/.derivedData/Build/Intermediates.noindex/Pow.build/Debug-appletvos/Pow-t.build/Objects-normal/arm64/Pow-Swift.h (in target 'Pow' from project 'Pow')
cd /Users/admin/builder/spi-builder-workspace/.dependencies/checkouts/Pow
builtin-swiftHeaderTool -arch arm64 /Users/admin/builder/spi-builder-workspace/.derivedData/Build/Intermediates.noindex/Pow.build/Debug-appletvos/Pow-t.build/Objects-normal/arm64/Pow-Swift.h -o /Users/admin/builder/spi-builder-workspace/.derivedData/Build/Intermediates.noindex/GeneratedModuleMaps-appletvos/Pow-Swift.h
SwiftDriverJobDiscovery normal arm64 Compiling Anvil.swift, Blinds.swift, Blur.swift, Boing.swift, Clock.swift, FilmExposure.swift (in target 'Pow' from project 'Pow')
SwiftDriverJobDiscovery normal arm64 Compiling resource_bundle_accessor.swift, GlowEffect.swift, HapticFeedbackEffect.swift, JumpEffect.swift, PingEffect.swift, PulseEffect.swift, PushDownEffect.swift (in target 'Pow' from project 'Pow')
SwiftDriverJobDiscovery normal arm64 Compiling RisingParticleEffect.swift, ShakeEffect.swift, ShineEffect.swift, SmokeEffect.swift, SoundEffect.swift, SpinEffect.swift, SprayEffect.swift (in target 'Pow' from project 'Pow')
Copy /Users/admin/builder/spi-builder-workspace/.derivedData/Build/Products/Debug-appletvos/Pow.swiftmodule/arm64-apple-tvos.swiftdoc /Users/admin/builder/spi-builder-workspace/.derivedData/Build/Intermediates.noindex/Pow.build/Debug-appletvos/Pow-t.build/Objects-normal/arm64/Pow.swiftdoc (in target 'Pow' from project 'Pow')
cd /Users/admin/builder/spi-builder-workspace/.dependencies/checkouts/Pow
builtin-copy -exclude .DS_Store -exclude CVS -exclude .svn -exclude .git -exclude .hg -resolve-src-symlinks -rename /Users/admin/builder/spi-builder-workspace/.derivedData/Build/Intermediates.noindex/Pow.build/Debug-appletvos/Pow-t.build/Objects-normal/arm64/Pow.swiftdoc /Users/admin/builder/spi-builder-workspace/.derivedData/Build/Products/Debug-appletvos/Pow.swiftmodule/arm64-apple-tvos.swiftdoc
Copy /Users/admin/builder/spi-builder-workspace/.derivedData/Build/Products/Debug-appletvos/Pow.swiftmodule/arm64-apple-tvos.abi.json /Users/admin/builder/spi-builder-workspace/.derivedData/Build/Intermediates.noindex/Pow.build/Debug-appletvos/Pow-t.build/Objects-normal/arm64/Pow.abi.json (in target 'Pow' from project 'Pow')
cd /Users/admin/builder/spi-builder-workspace/.dependencies/checkouts/Pow
builtin-copy -exclude .DS_Store -exclude CVS -exclude .svn -exclude .git -exclude .hg -resolve-src-symlinks -rename /Users/admin/builder/spi-builder-workspace/.derivedData/Build/Intermediates.noindex/Pow.build/Debug-appletvos/Pow-t.build/Objects-normal/arm64/Pow.abi.json /Users/admin/builder/spi-builder-workspace/.derivedData/Build/Products/Debug-appletvos/Pow.swiftmodule/arm64-apple-tvos.abi.json
Copy /Users/admin/builder/spi-builder-workspace/.derivedData/Build/Products/Debug-appletvos/Pow.swiftmodule/arm64-apple-tvos.swiftmodule /Users/admin/builder/spi-builder-workspace/.derivedData/Build/Intermediates.noindex/Pow.build/Debug-appletvos/Pow-t.build/Objects-normal/arm64/Pow.swiftmodule (in target 'Pow' from project 'Pow')
cd /Users/admin/builder/spi-builder-workspace/.dependencies/checkouts/Pow
builtin-copy -exclude .DS_Store -exclude CVS -exclude .svn -exclude .git -exclude .hg -resolve-src-symlinks -rename /Users/admin/builder/spi-builder-workspace/.derivedData/Build/Intermediates.noindex/Pow.build/Debug-appletvos/Pow-t.build/Objects-normal/arm64/Pow.swiftmodule /Users/admin/builder/spi-builder-workspace/.derivedData/Build/Products/Debug-appletvos/Pow.swiftmodule/arm64-apple-tvos.swiftmodule
Copy /Users/admin/builder/spi-builder-workspace/.derivedData/Build/Products/Debug-appletvos/Pow.swiftmodule/Project/arm64-apple-tvos.swiftsourceinfo /Users/admin/builder/spi-builder-workspace/.derivedData/Build/Intermediates.noindex/Pow.build/Debug-appletvos/Pow-t.build/Objects-normal/arm64/Pow.swiftsourceinfo (in target 'Pow' from project 'Pow')
cd /Users/admin/builder/spi-builder-workspace/.dependencies/checkouts/Pow
builtin-copy -exclude .DS_Store -exclude CVS -exclude .svn -exclude .git -exclude .hg -resolve-src-symlinks -rename /Users/admin/builder/spi-builder-workspace/.derivedData/Build/Intermediates.noindex/Pow.build/Debug-appletvos/Pow-t.build/Objects-normal/arm64/Pow.swiftsourceinfo /Users/admin/builder/spi-builder-workspace/.derivedData/Build/Products/Debug-appletvos/Pow.swiftmodule/Project/arm64-apple-tvos.swiftsourceinfo
SwiftDriver InteractiveCapsuleOverlay normal arm64 com.apple.xcode.tools.swift.compiler (in target 'InteractiveCapsuleOverlay' from project 'InteractiveCapsuleOverlay')
cd /Users/admin/builder/spi-builder-workspace/.swiftpm/xcode
builtin-SwiftDriver -- /Applications/Xcode-27.0.0-Release.Candidate.app/Contents/Developer/Toolchains/XcodeDefault.xctoolchain/usr/bin/swiftc -parse-as-library -module-name InteractiveCapsuleOverlay -Onone @/Users/admin/builder/spi-builder-workspace/.derivedData/Build/Intermediates.noindex/InteractiveCapsuleOverlay.build/Debug-appletvos/InteractiveCapsuleOverlay-t.build/Objects-normal/arm64/InteractiveCapsuleOverlay.SwiftFileList -DSWIFT_PACKAGE -DDEBUG -DSWIFT_MODULE_RESOURCE_BUNDLE_UNAVAILABLE -DXcode -plugin-path /Applications/Xcode-27.0.0-Release.Candidate.app/Contents/Developer/Toolchains/XcodeDefault.xctoolchain/usr/lib/swift/host/plugins/testing -enable-experimental-feature DebugDescriptionMacro -sdk /Applications/Xcode-27.0.0-Release.Candidate.app/Contents/Developer/Platforms/AppleTVOS.platform/Developer/SDKs/AppleTVOS27.0.sdk -target arm64-apple-tvos17.0 -g -module-cache-path /Users/admin/builder/spi-builder-workspace/.derivedData/ModuleCache.noindex -Xfrontend -serialize-debugging-options -profile-coverage-mapping -profile-generate -enable-testing -index-store-path /Users/admin/builder/spi-builder-workspace/.derivedData/Index.noindex/DataStore -Xcc -D_LIBCPP_HARDENING_MODE\=_LIBCPP_HARDENING_MODE_DEBUG -swift-version 5 -I /Users/admin/builder/spi-builder-workspace/.derivedData/Build/Products/Debug-appletvos -Isystem /Applications/Xcode-27.0.0-Release.Candidate.app/Contents/Developer/Platforms/AppleTVOS.platform/Developer/usr/lib -F /Users/admin/builder/spi-builder-workspace/.derivedData/Build/Products/Debug-appletvos/PackageFrameworks -F /Users/admin/builder/spi-builder-workspace/.derivedData/Build/Products/Debug-appletvos -F /Applications/Xcode-27.0.0-Release.Candidate.app/Contents/Developer/Platforms/AppleTVOS.platform/Developer/Library/Frameworks -F /Applications/Xcode-27.0.0-Release.Candidate.app/Contents/Developer/Platforms/AppleTVOS.platform/Developer/SDKs/AppleTVOS27.0.sdk/Developer/Library/Frameworks -c -j10 -enable-batch-mode -incremental -Xcc -ivfsstatcache -Xcc /Users/admin/builder/spi-builder-workspace/.derivedData/SDKStatCaches.noindex/appletvos27.0-24J360-e829b21a6f8c9b70876ba0858053c044b32bfd8d43560033f8d89884cdb90028.sdkstatcache -output-file-map /Users/admin/builder/spi-builder-workspace/.derivedData/Build/Intermediates.noindex/InteractiveCapsuleOverlay.build/Debug-appletvos/InteractiveCapsuleOverlay-t.build/Objects-normal/arm64/InteractiveCapsuleOverlay-OutputFileMap.json -save-temps -no-color-diagnostics -explicit-module-build -module-cache-path /Users/admin/builder/spi-builder-workspace/.derivedData/Build/Intermediates.noindex/SwiftExplicitPrecompiledModules -clang-scanner-module-cache-path /Users/admin/builder/spi-builder-workspace/.derivedData/ModuleCache.noindex -sdk-module-cache-path /Users/admin/builder/spi-builder-workspace/.derivedData/SDKExplicitPrecompiledModules -emit-dependencies -emit-module -emit-module-path /Users/admin/builder/spi-builder-workspace/.derivedData/Build/Intermediates.noindex/InteractiveCapsuleOverlay.build/Debug-appletvos/InteractiveCapsuleOverlay-t.build/Objects-normal/arm64/InteractiveCapsuleOverlay.swiftmodule -serialize-diagnostics -dependency-scan-serialize-diagnostics-path /Users/admin/builder/spi-builder-workspace/.derivedData/Build/Intermediates.noindex/InteractiveCapsuleOverlay.build/Debug-appletvos/InteractiveCapsuleOverlay-t.build/Objects-normal/arm64/InteractiveCapsuleOverlay-dependency-scan.dia -validate-clang-modules-once -clang-build-session-file /Users/admin/builder/spi-builder-workspace/.derivedData/ModuleCache.noindex/Session.modulevalidation -Xcc -fmodules-prune-interval\=86400 -Xcc -fmodules-prune-after\=345600 -package-name spi_builder_workspace -emit-const-values -const-gather-protocols-list /Users/admin/builder/spi-builder-workspace/.derivedData/Build/Intermediates.noindex/InteractiveCapsuleOverlay.build/Debug-appletvos/InteractiveCapsuleOverlay-t.build/Objects-normal/arm64/InteractiveCapsuleOverlay_const_extract_protocols.json -Xcc -I/Users/admin/builder/spi-builder-workspace/.derivedData/Build/Products/Debug-appletvos/include -Xcc -I/Users/admin/builder/spi-builder-workspace/.derivedData/Build/Intermediates.noindex/InteractiveCapsuleOverlay.build/Debug-appletvos/InteractiveCapsuleOverlay-t.build/DerivedSources-normal/arm64 -Xcc -I/Users/admin/builder/spi-builder-workspace/.derivedData/Build/Intermediates.noindex/InteractiveCapsuleOverlay.build/Debug-appletvos/InteractiveCapsuleOverlay-t.build/DerivedSources/arm64 -Xcc -I/Users/admin/builder/spi-builder-workspace/.derivedData/Build/Intermediates.noindex/InteractiveCapsuleOverlay.build/Debug-appletvos/InteractiveCapsuleOverlay-t.build/DerivedSources -Xcc -DSWIFT_PACKAGE -Xcc -DDEBUG\=1 -emit-objc-header -emit-objc-header-path /Users/admin/builder/spi-builder-workspace/.derivedData/Build/Intermediates.noindex/InteractiveCapsuleOverlay.build/Debug-appletvos/InteractiveCapsuleOverlay-t.build/Objects-normal/arm64/InteractiveCapsuleOverlay-Swift.h -working-directory /Users/admin/builder/spi-builder-workspace/.swiftpm/xcode -experimental-emit-module-separately -disable-cmo
SwiftDriverJobDiscovery normal arm64 Compiling AnyChangeEffect.swift, AnyContinuousEffect.swift, AnyViewModifier.swift, Haptics.swift, MathUtilities.swift, Namespace.swift (in target 'Pow' from project 'Pow')
SwiftDriver\ Compilation Pow normal arm64 com.apple.xcode.tools.swift.compiler (in target 'Pow' from project 'Pow')
cd /Users/admin/builder/spi-builder-workspace/.swiftpm/xcode
builtin-Swift-Compilation -- /Applications/Xcode-27.0.0-Release.Candidate.app/Contents/Developer/Toolchains/XcodeDefault.xctoolchain/usr/bin/swiftc -parse-as-library -module-name Pow -Onone @/Users/admin/builder/spi-builder-workspace/.derivedData/Build/Intermediates.noindex/Pow.build/Debug-appletvos/Pow-t.build/Objects-normal/arm64/Pow.SwiftFileList -DSWIFT_PACKAGE -DDEBUG -DSWIFT_MODULE_RESOURCE_BUNDLE_AVAILABLE -DXcode -plugin-path /Applications/Xcode-27.0.0-Release.Candidate.app/Contents/Developer/Toolchains/XcodeDefault.xctoolchain/usr/lib/swift/host/plugins/testing -enable-experimental-feature DebugDescriptionMacro -sdk /Applications/Xcode-27.0.0-Release.Candidate.app/Contents/Developer/Platforms/AppleTVOS.platform/Developer/SDKs/AppleTVOS27.0.sdk -target arm64-apple-tvos15.0 -g -module-cache-path /Users/admin/builder/spi-builder-workspace/.derivedData/ModuleCache.noindex -Xfrontend -serialize-debugging-options -profile-coverage-mapping -profile-generate -enable-testing -suppress-warnings -index-store-path /Users/admin/builder/spi-builder-workspace/.derivedData/Index.noindex/DataStore -Xcc -D_LIBCPP_HARDENING_MODE\=_LIBCPP_HARDENING_MODE_DEBUG -swift-version 5 -I /Users/admin/builder/spi-builder-workspace/.derivedData/Build/Products/Debug-appletvos -Isystem /Applications/Xcode-27.0.0-Release.Candidate.app/Contents/Developer/Platforms/AppleTVOS.platform/Developer/usr/lib -F /Users/admin/builder/spi-builder-workspace/.derivedData/Build/Products/Debug-appletvos -F /Applications/Xcode-27.0.0-Release.Candidate.app/Contents/Developer/Platforms/AppleTVOS.platform/Developer/Library/Frameworks -F /Applications/Xcode-27.0.0-Release.Candidate.app/Contents/Developer/Platforms/AppleTVOS.platform/Developer/SDKs/AppleTVOS27.0.sdk/Developer/Library/Frameworks -c -j10 -enable-batch-mode -incremental -Xcc -ivfsstatcache -Xcc /Users/admin/builder/spi-builder-workspace/.derivedData/SDKStatCaches.noindex/appletvos27.0-24J360-e829b21a6f8c9b70876ba0858053c044b32bfd8d43560033f8d89884cdb90028.sdkstatcache -output-file-map /Users/admin/builder/spi-builder-workspace/.derivedData/Build/Intermediates.noindex/Pow.build/Debug-appletvos/Pow-t.build/Objects-normal/arm64/Pow-OutputFileMap.json -save-temps -no-color-diagnostics -explicit-module-build -module-cache-path /Users/admin/builder/spi-builder-workspace/.derivedData/Build/Intermediates.noindex/SwiftExplicitPrecompiledModules -clang-scanner-module-cache-path /Users/admin/builder/spi-builder-workspace/.derivedData/ModuleCache.noindex -sdk-module-cache-path /Users/admin/builder/spi-builder-workspace/.derivedData/SDKExplicitPrecompiledModules -emit-dependencies -emit-module -emit-module-path /Users/admin/builder/spi-builder-workspace/.derivedData/Build/Intermediates.noindex/Pow.build/Debug-appletvos/Pow-t.build/Objects-normal/arm64/Pow.swiftmodule -serialize-diagnostics -dependency-scan-serialize-diagnostics-path /Users/admin/builder/spi-builder-workspace/.derivedData/Build/Intermediates.noindex/Pow.build/Debug-appletvos/Pow-t.build/Objects-normal/arm64/Pow-dependency-scan.dia -validate-clang-modules-once -clang-build-session-file /Users/admin/builder/spi-builder-workspace/.derivedData/ModuleCache.noindex/Session.modulevalidation -Xcc -fmodules-prune-interval\=86400 -Xcc -fmodules-prune-after\=345600 -emit-const-values -const-gather-protocols-list /Users/admin/builder/spi-builder-workspace/.derivedData/Build/Intermediates.noindex/Pow.build/Debug-appletvos/Pow-t.build/Objects-normal/arm64/Pow_const_extract_protocols.json -Xcc -I/Users/admin/builder/spi-builder-workspace/.derivedData/Build/Products/Debug-appletvos/include -Xcc -I/Users/admin/builder/spi-builder-workspace/.derivedData/Build/Intermediates.noindex/Pow.build/Debug-appletvos/Pow-t.build/DerivedSources-normal/arm64 -Xcc -I/Users/admin/builder/spi-builder-workspace/.derivedData/Build/Intermediates.noindex/Pow.build/Debug-appletvos/Pow-t.build/DerivedSources/arm64 -Xcc -I/Users/admin/builder/spi-builder-workspace/.derivedData/Build/Intermediates.noindex/Pow.build/Debug-appletvos/Pow-t.build/DerivedSources -Xcc -DSWIFT_PACKAGE -Xcc -DDEBUG\=1 -emit-objc-header -emit-objc-header-path /Users/admin/builder/spi-builder-workspace/.derivedData/Build/Intermediates.noindex/Pow.build/Debug-appletvos/Pow-t.build/Objects-normal/arm64/Pow-Swift.h -working-directory /Users/admin/builder/spi-builder-workspace/.swiftpm/xcode -experimental-emit-module-separately -disable-cmo
Ld /Users/admin/builder/spi-builder-workspace/.derivedData/Build/Products/Debug-appletvos/Pow.o normal (in target 'Pow' from project 'Pow')
cd /Users/admin/builder/spi-builder-workspace/.dependencies/checkouts/Pow
/Applications/Xcode-27.0.0-Release.Candidate.app/Contents/Developer/Toolchains/XcodeDefault.xctoolchain/usr/bin/clang -Xlinker -reproducible -target arm64-apple-tvos15.0 -r -isysroot /Applications/Xcode-27.0.0-Release.Candidate.app/Contents/Developer/Platforms/AppleTVOS.platform/Developer/SDKs/AppleTVOS27.0.sdk -O0 -w -Xlinker -no_warn_duplicate_libraries -F/Users/admin/builder/spi-builder-workspace/.derivedData/Build/Intermediates.noindex/EagerLinkingTBDs/Debug-appletvos -F/Users/admin/builder/spi-builder-workspace/.derivedData/Build/Products/Debug-appletvos -iframework /Applications/Xcode-27.0.0-Release.Candidate.app/Contents/Developer/Platforms/AppleTVOS.platform/Developer/Library/Frameworks -iframework /Applications/Xcode-27.0.0-Release.Candidate.app/Contents/Developer/Platforms/AppleTVOS.platform/Developer/SDKs/AppleTVOS27.0.sdk/Developer/Library/Frameworks -filelist /Users/admin/builder/spi-builder-workspace/.derivedData/Build/Intermediates.noindex/Pow.build/Debug-appletvos/Pow-t.build/Objects-normal/arm64/Pow.LinkFileList -nostdlib -Xlinker -object_path_lto -Xlinker /Users/admin/builder/spi-builder-workspace/.derivedData/Build/Intermediates.noindex/Pow.build/Debug-appletvos/Pow-t.build/Objects-normal/arm64/Pow_lto.o -Xlinker -no_deduplicate -Xlinker -debug_variant -Xlinker -dependency_info -Xlinker /Users/admin/builder/spi-builder-workspace/.derivedData/Build/Intermediates.noindex/Pow.build/Debug-appletvos/Pow-t.build/Objects-normal/arm64/Pow_dependency_info.dat -fobjc-link-runtime -L/Applications/Xcode-27.0.0-Release.Candidate.app/Contents/Developer/Toolchains/XcodeDefault.xctoolchain/usr/lib/swift/appletvos -L/usr/lib/swift -Xlinker -add_ast_path -Xlinker /Users/admin/builder/spi-builder-workspace/.derivedData/Build/Intermediates.noindex/Pow.build/Debug-appletvos/Pow-t.build/Objects-normal/arm64/Pow.swiftmodule -o /Users/admin/builder/spi-builder-workspace/.derivedData/Build/Products/Debug-appletvos/Pow.o
ExtractAppIntentsMetadata (in target 'Pow' from project 'Pow')
cd /Users/admin/builder/spi-builder-workspace/.dependencies/checkouts/Pow
/Applications/Xcode-27.0.0-Release.Candidate.app/Contents/Developer/Toolchains/XcodeDefault.xctoolchain/usr/bin/appintentsmetadataprocessor --toolchain-dir /var/run/com.apple.security.cryptexd/mnt/com.apple.MobileAsset.MetalToolchain-v27.1.266.1.hMdqaE/Metal.xctoolchain --module-name Pow --sdk-root /Applications/Xcode-27.0.0-Release.Candidate.app/Contents/Developer/Platforms/AppleTVOS.platform/Developer/SDKs/AppleTVOS27.0.sdk --xcode-version 27A266a --platform-family tvOS --deployment-target 15.0 --bundle-identifier pow.Pow --output /Users/admin/builder/spi-builder-workspace/.derivedData/Build/Products/Debug-appletvos/Pow.appintents --target-triple arm64-apple-tvos15.0 --binary-file /Users/admin/builder/spi-builder-workspace/.derivedData/Build/Products/Debug-appletvos/Pow.o --dependency-file /Users/admin/builder/spi-builder-workspace/.derivedData/Build/Intermediates.noindex/Pow.build/Debug-appletvos/Pow-t.build/Objects-normal/arm64/Pow_dependency_info.dat --stringsdata-file /Users/admin/builder/spi-builder-workspace/.derivedData/Build/Intermediates.noindex/Pow.build/Debug-appletvos/Pow-t.build/Objects-normal/arm64/ExtractedAppShortcutsMetadata.stringsdata --source-file-list /Users/admin/builder/spi-builder-workspace/.derivedData/Build/Intermediates.noindex/Pow.build/Debug-appletvos/Pow-t.build/Objects-normal/arm64/Pow.SwiftFileList --metadata-file-list /Users/admin/builder/spi-builder-workspace/.derivedData/Build/Intermediates.noindex/Pow.build/Debug-appletvos/Pow-t.build/Pow.DependencyMetadataFileList --static-metadata-file-list /Users/admin/builder/spi-builder-workspace/.derivedData/Build/Intermediates.noindex/Pow.build/Debug-appletvos/Pow-t.build/Pow.DependencyStaticMetadataFileList --swift-const-vals-list /Users/admin/builder/spi-builder-workspace/.derivedData/Build/Intermediates.noindex/Pow.build/Debug-appletvos/Pow-t.build/Objects-normal/arm64/Pow.SwiftConstValuesFileList --force --compile-time-extraction --deployment-aware-processing --no-app-shortcuts-localization
2026-09-20 06:07:04.126 appintentsmetadataprocessor[883:5241] Starting appintentsmetadataprocessor export
2026-09-20 06:07:04.191 appintentsmetadataprocessor[883:5241] Extracted no relevant App Intents symbols, skipping writing output
SwiftCompile normal arm64 Compiling\ PushDownButton.swift,\ ShowOverlayAction.swift /Users/admin/builder/spi-builder-workspace/Sources/InteractiveCapsuleOverlay/PushDownButton.swift /Users/admin/builder/spi-builder-workspace/Sources/InteractiveCapsuleOverlay/ShowOverlayAction.swift (in target 'InteractiveCapsuleOverlay' from project 'InteractiveCapsuleOverlay')
SwiftCompile normal arm64 /Users/admin/builder/spi-builder-workspace/Sources/InteractiveCapsuleOverlay/PushDownButton.swift (in target 'InteractiveCapsuleOverlay' from project 'InteractiveCapsuleOverlay')
cd /Users/admin/builder/spi-builder-workspace/.swiftpm/xcode
builtin-SwiftPerFileCompile PushDownButton.swift
SwiftCompile normal arm64 /Users/admin/builder/spi-builder-workspace/Sources/InteractiveCapsuleOverlay/ShowOverlayAction.swift (in target 'InteractiveCapsuleOverlay' from project 'InteractiveCapsuleOverlay')
cd /Users/admin/builder/spi-builder-workspace/.swiftpm/xcode
builtin-SwiftPerFileCompile ShowOverlayAction.swift
SwiftCompile normal arm64 Compiling\ ShowsInteractiveCapsuleOverlay.swift /Users/admin/builder/spi-builder-workspace/Sources/InteractiveCapsuleOverlay/ShowsInteractiveCapsuleOverlay.swift (in target 'InteractiveCapsuleOverlay' from project 'InteractiveCapsuleOverlay')
SwiftCompile normal arm64 /Users/admin/builder/spi-builder-workspace/Sources/InteractiveCapsuleOverlay/ShowsInteractiveCapsuleOverlay.swift (in target 'InteractiveCapsuleOverlay' from project 'InteractiveCapsuleOverlay')
cd /Users/admin/builder/spi-builder-workspace/.swiftpm/xcode
builtin-SwiftPerFileCompile ShowsInteractiveCapsuleOverlay.swift
SwiftCompile normal arm64 Compiling\ SwipeDismissible.swift /Users/admin/builder/spi-builder-workspace/Sources/InteractiveCapsuleOverlay/View\ Modifiers/SwipeDismissible.swift (in target 'InteractiveCapsuleOverlay' from project 'InteractiveCapsuleOverlay')
/Users/admin/builder/spi-builder-workspace/Sources/InteractiveCapsuleOverlay/View Modifiers/SwipeDismissible.swift:31:9: error: 'DragGesture' is unavailable in tvOS
29 |
30 | var dragGesture: some Gesture {
31 | DragGesture()
| `- error: 'DragGesture' is unavailable in tvOS
32 | .onChanged { gesture in
33 | var translationHeight = gesture.translation.height
SwiftUI.DragGesture:3:42: note: 'DragGesture' has been explicitly marked unavailable here
1 | @available(iOS 13.0, macOS 10.15, watchOS 6.0, *)
2 | @available(tvOS, unavailable)
3 | @MainActor @preconcurrency public struct DragGesture : Gesture, ~Sendable {
| `- note: 'DragGesture' has been explicitly marked unavailable here
4 | public struct Value : Equatable, Sendable {
5 | public var time: Date
/Users/admin/builder/spi-builder-workspace/Sources/InteractiveCapsuleOverlay/View Modifiers/SwipeDismissible.swift:31:9: error: 'init(minimumDistance:coordinateSpace:)' is unavailable in tvOS
29 |
30 | var dragGesture: some Gesture {
31 | DragGesture()
| `- error: 'init(minimumDistance:coordinateSpace:)' is unavailable in tvOS
32 | .onChanged { gesture in
33 | var translationHeight = gesture.translation.height
SwiftUI.DragGesture.init:4:37: note: 'init(minimumDistance:coordinateSpace:)' has been explicitly marked unavailable here
2 | @available(iOS 17.0, macOS 14.0, watchOS 10.0, *)
3 | @available(tvOS, unavailable)
4 | @MainActor @preconcurrency public init(minimumDistance: CGFloat = 10, coordinateSpace: some CoordinateSpaceProtocol = .local)}
| `- note: 'init(minimumDistance:coordinateSpace:)' has been explicitly marked unavailable here
5 |
/Users/admin/builder/spi-builder-workspace/Sources/InteractiveCapsuleOverlay/View Modifiers/SwipeDismissible.swift:33:21: warning: variable 'translationHeight' was never mutated; consider changing to 'let' constant [#VariableNeverMutated]
31 | DragGesture()
32 | .onChanged { gesture in
33 | var translationHeight = gesture.translation.height
| `- warning: variable 'translationHeight' was never mutated; consider changing to 'let' constant [#VariableNeverMutated]
34 |
35 | switch swipeDismissibleEdge {
[#VariableNeverMutated]: <https://docs.swift.org/compiler/documentation/diagnostics/variable-never-mutated>
Failed frontend command:
/Applications/Xcode-27.0.0-Release.Candidate.app/Contents/Developer/Toolchains/XcodeDefault.xctoolchain/usr/bin/swift-frontend -frontend -c /Users/admin/builder/spi-builder-workspace/Sources/InteractiveCapsuleOverlay/CapsuleOverlayConfiguration.swift /Users/admin/builder/spi-builder-workspace/Sources/InteractiveCapsuleOverlay/InteractiveCapsuleOverlay.swift /Users/admin/builder/spi-builder-workspace/Sources/InteractiveCapsuleOverlay/PushDownButton.swift /Users/admin/builder/spi-builder-workspace/Sources/InteractiveCapsuleOverlay/ShowOverlayAction.swift /Users/admin/builder/spi-builder-workspace/Sources/InteractiveCapsuleOverlay/ShowsInteractiveCapsuleOverlay.swift /Users/admin/builder/spi-builder-workspace/Sources/InteractiveCapsuleOverlay/View\ Modifiers/FractionalOutline.swift -primary-file /Users/admin/builder/spi-builder-workspace/Sources/InteractiveCapsuleOverlay/View\ Modifiers/SwipeDismissible.swift /Users/admin/builder/spi-builder-workspace/Sources/InteractiveCapsuleOverlay/WindowedOverlay/PassthroughWindow.swift /Users/admin/builder/spi-builder-workspace/Sources/InteractiveCapsuleOverlay/WindowedOverlay/WeakState.swift /Users/admin/builder/spi-builder-workspace/Sources/InteractiveCapsuleOverlay/WindowedOverlay/WindowOverlayViewController.swift /Users/admin/builder/spi-builder-workspace/Sources/InteractiveCapsuleOverlay/WindowedOverlay/WindowReaderView.swift /Users/admin/builder/spi-builder-workspace/Sources/InteractiveCapsuleOverlay/WindowedOverlay/WindowedOverlay.swift -emit-dependencies-path /Users/admin/builder/spi-builder-workspace/.derivedData/Build/Intermediates.noindex/InteractiveCapsuleOverlay.build/Debug-appletvos/InteractiveCapsuleOverlay-t.build/Objects-normal/arm64/SwipeDismissible.d -emit-const-values-path /Users/admin/builder/spi-builder-workspace/.derivedData/Build/Intermediates.noindex/InteractiveCapsuleOverlay.build/Debug-appletvos/InteractiveCapsuleOverlay-t.build/Objects-normal/arm64/SwipeDismissible.swiftconstvalues -emit-reference-dependencies-path /Users/admin/builder/spi-builder-workspace/.derivedData/Build/Intermediates.noindex/InteractiveCapsuleOverlay.build/Debug-appletvos/InteractiveCapsuleOverlay-t.build/Objects-normal/arm64/SwipeDismissible.swiftdeps -serialize-diagnostics-path /Users/admin/builder/spi-builder-workspace/.derivedData/Build/Intermediates.noindex/InteractiveCapsuleOverlay.build/Debug-appletvos/InteractiveCapsuleOverlay-t.build/Objects-normal/arm64/SwipeDismissible.dia -target arm64-apple-tvos17.0 -disable-cross-import-overlay-search -load-resolved-plugin /Applications/Xcode-27.0.0-Release.Candidate.app/Contents/Developer/Platforms/AppleTVOS.platform/Developer/usr/lib/swift/host/plugins/libFoundationMacros.dylib\#/Applications/Xcode-27.0.0-Release.Candidate.app/Contents/Developer/Platforms/AppleTVOS.platform/Developer/usr/bin/swift-plugin-server\#FoundationMacros -load-resolved-plugin /Applications/Xcode-27.0.0-Release.Candidate.app/Contents/Developer/Platforms/AppleTVOS.platform/Developer/usr/lib/swift/host/plugins/libObservationMacros.dylib\#/Applications/Xcode-27.0.0-Release.Candidate.app/Contents/Developer/Platforms/AppleTVOS.platform/Developer/usr/bin/swift-plugin-server\#ObservationMacros -load-resolved-plugin /Applications/Xcode-27.0.0-Release.Candidate.app/Contents/Developer/Platforms/AppleTVOS.platform/Developer/usr/lib/swift/host/plugins/libPreviewsMacros.dylib\#/Applications/Xcode-27.0.0-Release.Candidate.app/Contents/Developer/Platforms/AppleTVOS.platform/Developer/usr/bin/swift-plugin-server\#PreviewsMacros -load-resolved-plugin /Applications/Xcode-27.0.0-Release.Candidate.app/Contents/Developer/Platforms/AppleTVOS.platform/Developer/usr/lib/swift/host/plugins/libSwiftMacros.dylib\#/Applications/Xcode-27.0.0-Release.Candidate.app/Contents/Developer/Platforms/AppleTVOS.platform/Developer/usr/bin/swift-plugin-server\#SwiftMacros -load-resolved-plugin /Applications/Xcode-27.0.0-Release.Candidate.app/Contents/Developer/Platforms/AppleTVOS.platform/Developer/usr/lib/swift/host/plugins/libSwiftUIMacros.dylib\#/Applications/Xcode-27.0.0-Release.Candidate.app/Contents/Developer/Platforms/AppleTVOS.platform/Developer/usr/bin/swift-plugin-server\#SwiftUIMacros -disable-implicit-swift-modules -Xcc -fno-implicit-modules -Xcc -fno-implicit-module-maps -explicit-swift-module-map-file /Users/admin/builder/spi-builder-workspace/.derivedData/Build/Intermediates.noindex/InteractiveCapsuleOverlay.build/Debug-appletvos/InteractiveCapsuleOverlay-t.build/Objects-normal/arm64/InteractiveCapsuleOverlay-dependencies-1.json -Xllvm -aarch64-use-tbi -enable-objc-interop -stack-check -sdk /Applications/Xcode-27.0.0-Release.Candidate.app/Contents/Developer/Platforms/AppleTVOS.platform/Developer/SDKs/AppleTVOS27.0.sdk -I /Users/admin/builder/spi-builder-workspace/.derivedData/Build/Products/Debug-appletvos -Isystem /Applications/Xcode-27.0.0-Release.Candidate.app/Contents/Developer/Platforms/AppleTVOS.platform/Developer/usr/lib -F /Users/admin/builder/spi-builder-workspace/.derivedData/Build/Products/Debug-appletvos/PackageFrameworks -F /Users/admin/builder/spi-builder-workspace/.derivedData/Build/Products/Debug-appletvos -F /Applications/Xcode-27.0.0-Release.Candidate.app/Contents/Developer/Platforms/AppleTVOS.platform/Developer/Library/Frameworks -F /Applications/Xcode-27.0.0-Release.Candidate.app/Contents/Developer/Platforms/AppleTVOS.platform/Developer/SDKs/AppleTVOS27.0.sdk/Developer/Library/Frameworks -module-cache-path /Users/admin/builder/spi-builder-workspace/.derivedData/Build/Intermediates.noindex/SwiftExplicitPrecompiledModules -no-color-diagnostics -Xcc -fno-color-diagnostics -enable-testing -g -debug-info-format\=dwarf -dwarf-version\=4 -profile-generate -profile-coverage-mapping -swift-version 5 -Onone -D SWIFT_PACKAGE -D DEBUG -D SWIFT_MODULE_RESOURCE_BUNDLE_UNAVAILABLE -D Xcode -serialize-debugging-options -enable-experimental-feature DebugDescriptionMacro -empty-abi-descriptor -validate-clang-modules-once -clang-build-session-file /Users/admin/builder/spi-builder-workspace/.derivedData/ModuleCache.noindex/Session.modulevalidation -Xcc -working-directory -Xcc /Users/admin/builder/spi-builder-workspace/.swiftpm/xcode -enable-anonymous-context-mangled-names -file-compilation-dir /Users/admin/builder/spi-builder-workspace/.swiftpm/xcode -Xcc -D_LIBCPP_HARDENING_MODE\=_LIBCPP_HARDENING_MODE_DEBUG -Xcc -ivfsstatcache -Xcc /Users/admin/builder/spi-builder-workspace/.derivedData/SDKStatCaches.noindex/appletvos27.0-24J360-e829b21a6f8c9b70876ba0858053c044b32bfd8d43560033f8d89884cdb90028.sdkstatcache -Xcc -fmodules-prune-interval\=86400 -Xcc -fmodules-prune-after\=345600 -Xcc -I/Users/admin/builder/spi-builder-workspace/.derivedData/Build/Products/Debug-appletvos/include -Xcc -I/Users/admin/builder/spi-builder-workspace/.derivedData/Build/Intermediates.noindex/InteractiveCapsuleOverlay.build/Debug-appletvos/InteractiveCapsuleOverlay-t.build/DerivedSources-normal/arm64 -Xcc -I/Users/admin/builder/spi-builder-workspace/.derivedData/Build/Intermediates.noindex/InteractiveCapsuleOverlay.build/Debug-appletvos/InteractiveCapsuleOverlay-t.build/DerivedSources/arm64 -Xcc -I/Users/admin/builder/spi-builder-workspace/.derivedData/Build/Intermediates.noindex/InteractiveCapsuleOverlay.build/Debug-appletvos/InteractiveCapsuleOverlay-t.build/DerivedSources -Xcc -DSWIFT_PACKAGE -Xcc -DDEBUG\=1 -no-auto-bridging-header-chaining -module-name InteractiveCapsuleOverlay -package-name spi_builder_workspace -const-gather-protocols-file /Users/admin/builder/spi-builder-workspace/.derivedData/Build/Intermediates.noindex/InteractiveCapsuleOverlay.build/Debug-appletvos/InteractiveCapsuleOverlay-t.build/Objects-normal/arm64/InteractiveCapsuleOverlay_const_extract_protocols.json -disable-clang-spi -clang-target arm64-apple-tvos27.0 -target-sdk-version 27.0 -target-sdk-name appletvos27.0 -in-process-plugin-server-path /Applications/Xcode-27.0.0-Release.Candidate.app/Contents/Developer/Toolchains/XcodeDefault.xctoolchain/usr/lib/swift/host/libSwiftInProcPluginServer.dylib -parse-as-library -o /Users/admin/builder/spi-builder-workspace/.derivedData/Build/Intermediates.noindex/InteractiveCapsuleOverlay.build/Debug-appletvos/InteractiveCapsuleOverlay-t.build/Objects-normal/arm64/SwipeDismissible.o -debug-module-path /Users/admin/builder/spi-builder-workspace/.derivedData/Build/Intermediates.noindex/InteractiveCapsuleOverlay.build/Debug-appletvos/InteractiveCapsuleOverlay-t.build/Objects-normal/arm64/InteractiveCapsuleOverlay.swiftmodule -index-unit-output-path /InteractiveCapsuleOverlay.build/Debug-appletvos/InteractiveCapsuleOverlay-t.build/Objects-normal/arm64/SwipeDismissible.o -index-store-path /Users/admin/builder/spi-builder-workspace/.derivedData/Index.noindex/DataStore -index-system-modules
SwiftCompile normal arm64 /Users/admin/builder/spi-builder-workspace/Sources/InteractiveCapsuleOverlay/View\ Modifiers/SwipeDismissible.swift (in target 'InteractiveCapsuleOverlay' from project 'InteractiveCapsuleOverlay')
cd /Users/admin/builder/spi-builder-workspace/.swiftpm/xcode
builtin-SwiftPerFileCompile SwipeDismissible.swift
SwiftCompile normal arm64 Compiling\ WeakState.swift /Users/admin/builder/spi-builder-workspace/Sources/InteractiveCapsuleOverlay/WindowedOverlay/WeakState.swift (in target 'InteractiveCapsuleOverlay' from project 'InteractiveCapsuleOverlay')
SwiftCompile normal arm64 /Users/admin/builder/spi-builder-workspace/Sources/InteractiveCapsuleOverlay/WindowedOverlay/WeakState.swift (in target 'InteractiveCapsuleOverlay' from project 'InteractiveCapsuleOverlay')
cd /Users/admin/builder/spi-builder-workspace/.swiftpm/xcode
builtin-SwiftPerFileCompile WeakState.swift
SwiftCompile normal arm64 Compiling\ WindowReaderView.swift /Users/admin/builder/spi-builder-workspace/Sources/InteractiveCapsuleOverlay/WindowedOverlay/WindowReaderView.swift (in target 'InteractiveCapsuleOverlay' from project 'InteractiveCapsuleOverlay')
SwiftCompile normal arm64 /Users/admin/builder/spi-builder-workspace/Sources/InteractiveCapsuleOverlay/WindowedOverlay/WindowReaderView.swift (in target 'InteractiveCapsuleOverlay' from project 'InteractiveCapsuleOverlay')
cd /Users/admin/builder/spi-builder-workspace/.swiftpm/xcode
builtin-SwiftPerFileCompile WindowReaderView.swift
SwiftCompile normal arm64 Compiling\ PassthroughWindow.swift /Users/admin/builder/spi-builder-workspace/Sources/InteractiveCapsuleOverlay/WindowedOverlay/PassthroughWindow.swift (in target 'InteractiveCapsuleOverlay' from project 'InteractiveCapsuleOverlay')
SwiftCompile normal arm64 /Users/admin/builder/spi-builder-workspace/Sources/InteractiveCapsuleOverlay/WindowedOverlay/PassthroughWindow.swift (in target 'InteractiveCapsuleOverlay' from project 'InteractiveCapsuleOverlay')
cd /Users/admin/builder/spi-builder-workspace/.swiftpm/xcode
builtin-SwiftPerFileCompile PassthroughWindow.swift
SwiftEmitModule normal arm64 Emitting\ module\ for\ InteractiveCapsuleOverlay (in target 'InteractiveCapsuleOverlay' from project 'InteractiveCapsuleOverlay')
SwiftCompile normal arm64 (in target 'InteractiveCapsuleOverlay' from project 'InteractiveCapsuleOverlay')
cd /Users/admin/builder/spi-builder-workspace/.swiftpm/xcode
SwiftCompile normal arm64 Compiling\ WindowOverlayViewController.swift /Users/admin/builder/spi-builder-workspace/Sources/InteractiveCapsuleOverlay/WindowedOverlay/WindowOverlayViewController.swift (in target 'InteractiveCapsuleOverlay' from project 'InteractiveCapsuleOverlay')
SwiftCompile normal arm64 /Users/admin/builder/spi-builder-workspace/Sources/InteractiveCapsuleOverlay/WindowedOverlay/WindowOverlayViewController.swift (in target 'InteractiveCapsuleOverlay' from project 'InteractiveCapsuleOverlay')
cd /Users/admin/builder/spi-builder-workspace/.swiftpm/xcode
builtin-SwiftPerFileCompile WindowOverlayViewController.swift
SwiftCompile normal arm64 Compiling\ WindowedOverlay.swift /Users/admin/builder/spi-builder-workspace/Sources/InteractiveCapsuleOverlay/WindowedOverlay/WindowedOverlay.swift (in target 'InteractiveCapsuleOverlay' from project 'InteractiveCapsuleOverlay')
SwiftCompile normal arm64 /Users/admin/builder/spi-builder-workspace/Sources/InteractiveCapsuleOverlay/WindowedOverlay/WindowedOverlay.swift (in target 'InteractiveCapsuleOverlay' from project 'InteractiveCapsuleOverlay')
cd /Users/admin/builder/spi-builder-workspace/.swiftpm/xcode
builtin-SwiftPerFileCompile WindowedOverlay.swift
SwiftCompile normal arm64 Compiling\ CapsuleOverlayConfiguration.swift,\ InteractiveCapsuleOverlay.swift /Users/admin/builder/spi-builder-workspace/Sources/InteractiveCapsuleOverlay/CapsuleOverlayConfiguration.swift /Users/admin/builder/spi-builder-workspace/Sources/InteractiveCapsuleOverlay/InteractiveCapsuleOverlay.swift (in target 'InteractiveCapsuleOverlay' from project 'InteractiveCapsuleOverlay')
SwiftCompile normal arm64 /Users/admin/builder/spi-builder-workspace/Sources/InteractiveCapsuleOverlay/CapsuleOverlayConfiguration.swift (in target 'InteractiveCapsuleOverlay' from project 'InteractiveCapsuleOverlay')
cd /Users/admin/builder/spi-builder-workspace/.swiftpm/xcode
builtin-SwiftPerFileCompile CapsuleOverlayConfiguration.swift
SwiftCompile normal arm64 /Users/admin/builder/spi-builder-workspace/Sources/InteractiveCapsuleOverlay/InteractiveCapsuleOverlay.swift (in target 'InteractiveCapsuleOverlay' from project 'InteractiveCapsuleOverlay')
cd /Users/admin/builder/spi-builder-workspace/.swiftpm/xcode
builtin-SwiftPerFileCompile InteractiveCapsuleOverlay.swift
SwiftCompile normal arm64 Compiling\ FractionalOutline.swift /Users/admin/builder/spi-builder-workspace/Sources/InteractiveCapsuleOverlay/View\ Modifiers/FractionalOutline.swift (in target 'InteractiveCapsuleOverlay' from project 'InteractiveCapsuleOverlay')
SwiftCompile normal arm64 /Users/admin/builder/spi-builder-workspace/Sources/InteractiveCapsuleOverlay/View\ Modifiers/FractionalOutline.swift (in target 'InteractiveCapsuleOverlay' from project 'InteractiveCapsuleOverlay')
cd /Users/admin/builder/spi-builder-workspace/.swiftpm/xcode
builtin-SwiftPerFileCompile FractionalOutline.swift
SwiftDriverJobDiscovery normal arm64 Compiling WeakState.swift (in target 'InteractiveCapsuleOverlay' from project 'InteractiveCapsuleOverlay')
SwiftDriverJobDiscovery normal arm64 Compiling PushDownButton.swift, ShowOverlayAction.swift (in target 'InteractiveCapsuleOverlay' from project 'InteractiveCapsuleOverlay')
SwiftDriverJobDiscovery normal arm64 Compiling WindowOverlayViewController.swift (in target 'InteractiveCapsuleOverlay' from project 'InteractiveCapsuleOverlay')
SwiftDriverJobDiscovery normal arm64 Compiling WindowReaderView.swift (in target 'InteractiveCapsuleOverlay' from project 'InteractiveCapsuleOverlay')
SwiftDriverJobDiscovery normal arm64 Compiling PassthroughWindow.swift (in target 'InteractiveCapsuleOverlay' from project 'InteractiveCapsuleOverlay')
SwiftDriverJobDiscovery normal arm64 Compiling WindowedOverlay.swift (in target 'InteractiveCapsuleOverlay' from project 'InteractiveCapsuleOverlay')
PruneExplicitPrecompiledModules /Users/admin/builder/spi-builder-workspace/.derivedData/Build/Intermediates.noindex/ExplicitPrecompiledModules
PruneExplicitPrecompiledModules /Users/admin/builder/spi-builder-workspace/.derivedData/Build/Intermediates.noindex/SwiftExplicitPrecompiledModules
PruneExplicitPrecompiledModules /Users/admin/builder/spi-builder-workspace/.derivedData/SDKExplicitPrecompiledModules
2026-09-20 06:06:52.457 xcodebuild[728:4419] [MT] IDERunDestination: Supported platforms for the buildables in the current scheme is empty.
** BUILD FAILED **
The following build commands failed:
SwiftCompile normal arm64 Compiling\ SwipeDismissible.swift /Users/admin/builder/spi-builder-workspace/Sources/InteractiveCapsuleOverlay/View\ Modifiers/SwipeDismissible.swift (in target 'InteractiveCapsuleOverlay' from project 'InteractiveCapsuleOverlay')
SwiftCompile normal arm64 /Users/admin/builder/spi-builder-workspace/Sources/InteractiveCapsuleOverlay/View\ Modifiers/SwipeDismissible.swift (in target 'InteractiveCapsuleOverlay' from project 'InteractiveCapsuleOverlay')
Building workspace InteractiveCapsuleOverlay with scheme InteractiveCapsuleOverlay
(3 failures)
Command line invocation:
/Applications/Xcode-27.0.0-Release.Candidate.app/Contents/Developer/usr/bin/xcodebuild -IDEClonedSourcePackagesDirPathOverride=/Users/admin/builder/spi-builder-workspace/.dependencies -resolvePackageDependencies
Resolve Package Graph
Resolved source packages:
InteractiveCapsuleOverlay: /Users/admin/builder/spi-builder-workspace
Pow: https://github.com/EmergeTools/Pow @ 1.0.6
Time: https://github.com/davedelong/time @ 1.0.3
resolved source packages: InteractiveCapsuleOverlay, Pow, Time
2026-09-20 06:07:05.731 xcodebuild[899:5342] [MT] IDERunDestination: Supported platforms for the buildables in the current scheme is empty.
{
"dependencies" : [
{
"identity" : "pow",
"requirement" : {
"range" : [
{
"lower_bound" : "1.0.0",
"upper_bound" : "2.0.0"
}
]
},
"type" : "sourceControl",
"url" : "https://github.com/EmergeTools/Pow"
},
{
"identity" : "time",
"requirement" : {
"range" : [
{
"lower_bound" : "1.0.0",
"upper_bound" : "2.0.0"
}
]
},
"type" : "sourceControl",
"url" : "https://github.com/davedelong/time"
}
],
"manifest_display_name" : "InteractiveCapsuleOverlay",
"name" : "InteractiveCapsuleOverlay",
"path" : "/Users/admin/builder/spi-builder-workspace",
"platforms" : [
{
"name" : "ios",
"version" : "17.0"
}
],
"products" : [
{
"name" : "InteractiveCapsuleOverlay",
"targets" : [
"InteractiveCapsuleOverlay"
],
"type" : {
"library" : [
"automatic"
]
}
}
],
"targets" : [
{
"c99name" : "InteractiveCapsuleOverlayTests",
"module_type" : "SwiftTarget",
"name" : "InteractiveCapsuleOverlayTests",
"path" : "Tests",
"sources" : [
"InteractiveCapsuleOverlay/Tests.swift"
],
"target_dependencies" : [
"InteractiveCapsuleOverlay"
],
"type" : "test"
},
{
"c99name" : "InteractiveCapsuleOverlay",
"module_type" : "SwiftTarget",
"name" : "InteractiveCapsuleOverlay",
"path" : "Sources/InteractiveCapsuleOverlay",
"product_dependencies" : [
"Time",
"Pow"
],
"product_memberships" : [
"InteractiveCapsuleOverlay"
],
"sources" : [
"CapsuleOverlayConfiguration.swift",
"InteractiveCapsuleOverlay.swift",
"PushDownButton.swift",
"ShowOverlayAction.swift",
"ShowsInteractiveCapsuleOverlay.swift",
"View Modifiers/FractionalOutline.swift",
"View Modifiers/SwipeDismissible.swift",
"WindowedOverlay/PassthroughWindow.swift",
"WindowedOverlay/WeakState.swift",
"WindowedOverlay/WindowOverlayViewController.swift",
"WindowedOverlay/WindowReaderView.swift",
"WindowedOverlay/WindowedOverlay.swift"
],
"type" : "library"
}
],
"tools_version" : "5.9"
}
{
"workspace" : {
"name" : "InteractiveCapsuleOverlay",
"schemes" : [
"InteractiveCapsuleOverlay"
]
}
}
2026-09-20 06:07:07.077 xcodebuild[907:5406] [MT] IDERunDestination: Supported platforms for the buildables in the current scheme is empty.
Running build ...
env DEVELOPER_DIR=/Applications/Xcode-27.0.0-Release.Candidate.app xcrun xcodebuild -IDEClonedSourcePackagesDirPathOverride=$PWD/.dependencies -skipMacroValidation -skipPackagePluginValidation -derivedDataPath $PWD/.derivedData build -scheme InteractiveCapsuleOverlay -destination generic/platform=tvOS
Command line invocation:
/Applications/Xcode-27.0.0-Release.Candidate.app/Contents/Developer/usr/bin/xcodebuild -IDEClonedSourcePackagesDirPathOverride=/Users/admin/builder/spi-builder-workspace/.dependencies -skipMacroValidation -skipPackagePluginValidation -derivedDataPath /Users/admin/builder/spi-builder-workspace/.derivedData build -scheme InteractiveCapsuleOverlay -destination generic/platform=tvOS
Resolve Package Graph
Resolved source packages:
InteractiveCapsuleOverlay: /Users/admin/builder/spi-builder-workspace
Pow: https://github.com/EmergeTools/Pow @ 1.0.6
Time: https://github.com/davedelong/time @ 1.0.3
ComputePackagePrebuildTargetDependencyGraph
Prepare packages
CreateBuildRequest
SendProjectDescription
CreateBuildOperation
ComputeTargetDependencyGraph
note: Building targets in dependency order
note: Target dependency graph (7 targets)
Target 'InteractiveCapsuleOverlay-product' in project 'InteractiveCapsuleOverlay'
➜ Explicit dependency on target 'InteractiveCapsuleOverlay' in project 'InteractiveCapsuleOverlay'
➜ Explicit dependency on target 'Time-product' in project 'Time'
➜ Explicit dependency on target 'Pow-product' in project 'Pow'
Target 'InteractiveCapsuleOverlay' in project 'InteractiveCapsuleOverlay'
➜ Explicit dependency on target 'Time-product' in project 'Time'
➜ Explicit dependency on target 'Pow-product' in project 'Pow'
Target 'Pow-product' in project 'Pow'
➜ Explicit dependency on target 'Pow' in project 'Pow'
➜ Explicit dependency on target 'Pow_Pow' in project 'Pow'
Target 'Pow' in project 'Pow'
➜ Explicit dependency on target 'Pow_Pow' in project 'Pow'
Target 'Pow_Pow' in project 'Pow' (no dependencies)
Target 'Time-product' in project 'Time'
➜ Explicit dependency on target 'Time' in project 'Time'
Target 'Time' in project 'Time' (no dependencies)
GatherProvisioningInputs
CreateBuildDescription
ClangStatCache /Applications/Xcode-27.0.0-Release.Candidate.app/Contents/Developer/Toolchains/XcodeDefault.xctoolchain/usr/bin/clang-stat-cache /Applications/Xcode-27.0.0-Release.Candidate.app/Contents/Developer/Platforms/AppleTVOS.platform/Developer/SDKs/AppleTVOS27.0.sdk /Users/admin/builder/spi-builder-workspace/.derivedData/SDKStatCaches.noindex/appletvos27.0-24J360-e829b21a6f8c9b70876ba0858053c044b32bfd8d43560033f8d89884cdb90028.sdkstatcache
cd /Users/admin/builder/spi-builder-workspace/.swiftpm/xcode
/Applications/Xcode-27.0.0-Release.Candidate.app/Contents/Developer/Toolchains/XcodeDefault.xctoolchain/usr/bin/clang-stat-cache /Applications/Xcode-27.0.0-Release.Candidate.app/Contents/Developer/Platforms/AppleTVOS.platform/Developer/SDKs/AppleTVOS27.0.sdk -o /Users/admin/builder/spi-builder-workspace/.derivedData/SDKStatCaches.noindex/appletvos27.0-24J360-e829b21a6f8c9b70876ba0858053c044b32bfd8d43560033f8d89884cdb90028.sdkstatcache
SwiftDriver InteractiveCapsuleOverlay normal arm64 com.apple.xcode.tools.swift.compiler (in target 'InteractiveCapsuleOverlay' from project 'InteractiveCapsuleOverlay')
cd /Users/admin/builder/spi-builder-workspace/.swiftpm/xcode
builtin-SwiftDriver -- /Applications/Xcode-27.0.0-Release.Candidate.app/Contents/Developer/Toolchains/XcodeDefault.xctoolchain/usr/bin/swiftc -parse-as-library -module-name InteractiveCapsuleOverlay -Onone @/Users/admin/builder/spi-builder-workspace/.derivedData/Build/Intermediates.noindex/InteractiveCapsuleOverlay.build/Debug-appletvos/InteractiveCapsuleOverlay-t.build/Objects-normal/arm64/InteractiveCapsuleOverlay.SwiftFileList -DSWIFT_PACKAGE -DDEBUG -DSWIFT_MODULE_RESOURCE_BUNDLE_UNAVAILABLE -DXcode -plugin-path /Applications/Xcode-27.0.0-Release.Candidate.app/Contents/Developer/Toolchains/XcodeDefault.xctoolchain/usr/lib/swift/host/plugins/testing -enable-experimental-feature DebugDescriptionMacro -sdk /Applications/Xcode-27.0.0-Release.Candidate.app/Contents/Developer/Platforms/AppleTVOS.platform/Developer/SDKs/AppleTVOS27.0.sdk -target arm64-apple-tvos17.0 -g -module-cache-path /Users/admin/builder/spi-builder-workspace/.derivedData/ModuleCache.noindex -Xfrontend -serialize-debugging-options -profile-coverage-mapping -profile-generate -enable-testing -index-store-path /Users/admin/builder/spi-builder-workspace/.derivedData/Index.noindex/DataStore -Xcc -D_LIBCPP_HARDENING_MODE\=_LIBCPP_HARDENING_MODE_DEBUG -swift-version 5 -I /Users/admin/builder/spi-builder-workspace/.derivedData/Build/Products/Debug-appletvos -Isystem /Applications/Xcode-27.0.0-Release.Candidate.app/Contents/Developer/Platforms/AppleTVOS.platform/Developer/usr/lib -F /Users/admin/builder/spi-builder-workspace/.derivedData/Build/Products/Debug-appletvos/PackageFrameworks -F /Users/admin/builder/spi-builder-workspace/.derivedData/Build/Products/Debug-appletvos -F /Applications/Xcode-27.0.0-Release.Candidate.app/Contents/Developer/Platforms/AppleTVOS.platform/Developer/Library/Frameworks -F /Applications/Xcode-27.0.0-Release.Candidate.app/Contents/Developer/Platforms/AppleTVOS.platform/Developer/SDKs/AppleTVOS27.0.sdk/Developer/Library/Frameworks -c -j10 -enable-batch-mode -incremental -Xcc -ivfsstatcache -Xcc /Users/admin/builder/spi-builder-workspace/.derivedData/SDKStatCaches.noindex/appletvos27.0-24J360-e829b21a6f8c9b70876ba0858053c044b32bfd8d43560033f8d89884cdb90028.sdkstatcache -output-file-map /Users/admin/builder/spi-builder-workspace/.derivedData/Build/Intermediates.noindex/InteractiveCapsuleOverlay.build/Debug-appletvos/InteractiveCapsuleOverlay-t.build/Objects-normal/arm64/InteractiveCapsuleOverlay-OutputFileMap.json -save-temps -no-color-diagnostics -explicit-module-build -module-cache-path /Users/admin/builder/spi-builder-workspace/.derivedData/Build/Intermediates.noindex/SwiftExplicitPrecompiledModules -clang-scanner-module-cache-path /Users/admin/builder/spi-builder-workspace/.derivedData/ModuleCache.noindex -sdk-module-cache-path /Users/admin/builder/spi-builder-workspace/.derivedData/SDKExplicitPrecompiledModules -emit-dependencies -emit-module -emit-module-path /Users/admin/builder/spi-builder-workspace/.derivedData/Build/Intermediates.noindex/InteractiveCapsuleOverlay.build/Debug-appletvos/InteractiveCapsuleOverlay-t.build/Objects-normal/arm64/InteractiveCapsuleOverlay.swiftmodule -serialize-diagnostics -dependency-scan-serialize-diagnostics-path /Users/admin/builder/spi-builder-workspace/.derivedData/Build/Intermediates.noindex/InteractiveCapsuleOverlay.build/Debug-appletvos/InteractiveCapsuleOverlay-t.build/Objects-normal/arm64/InteractiveCapsuleOverlay-dependency-scan.dia -validate-clang-modules-once -clang-build-session-file /Users/admin/builder/spi-builder-workspace/.derivedData/ModuleCache.noindex/Session.modulevalidation -Xcc -fmodules-prune-interval\=86400 -Xcc -fmodules-prune-after\=345600 -package-name spi_builder_workspace -emit-const-values -const-gather-protocols-list /Users/admin/builder/spi-builder-workspace/.derivedData/Build/Intermediates.noindex/InteractiveCapsuleOverlay.build/Debug-appletvos/InteractiveCapsuleOverlay-t.build/Objects-normal/arm64/InteractiveCapsuleOverlay_const_extract_protocols.json -Xcc -I/Users/admin/builder/spi-builder-workspace/.derivedData/Build/Products/Debug-appletvos/include -Xcc -I/Users/admin/builder/spi-builder-workspace/.derivedData/Build/Intermediates.noindex/InteractiveCapsuleOverlay.build/Debug-appletvos/InteractiveCapsuleOverlay-t.build/DerivedSources-normal/arm64 -Xcc -I/Users/admin/builder/spi-builder-workspace/.derivedData/Build/Intermediates.noindex/InteractiveCapsuleOverlay.build/Debug-appletvos/InteractiveCapsuleOverlay-t.build/DerivedSources/arm64 -Xcc -I/Users/admin/builder/spi-builder-workspace/.derivedData/Build/Intermediates.noindex/InteractiveCapsuleOverlay.build/Debug-appletvos/InteractiveCapsuleOverlay-t.build/DerivedSources -Xcc -DSWIFT_PACKAGE -Xcc -DDEBUG\=1 -emit-objc-header -emit-objc-header-path /Users/admin/builder/spi-builder-workspace/.derivedData/Build/Intermediates.noindex/InteractiveCapsuleOverlay.build/Debug-appletvos/InteractiveCapsuleOverlay-t.build/Objects-normal/arm64/InteractiveCapsuleOverlay-Swift.h -working-directory /Users/admin/builder/spi-builder-workspace/.swiftpm/xcode -experimental-emit-module-separately -disable-cmo
SwiftCompile normal arm64 Compiling\ ShowsInteractiveCapsuleOverlay.swift /Users/admin/builder/spi-builder-workspace/Sources/InteractiveCapsuleOverlay/ShowsInteractiveCapsuleOverlay.swift (in target 'InteractiveCapsuleOverlay' from project 'InteractiveCapsuleOverlay')
SwiftCompile normal arm64 /Users/admin/builder/spi-builder-workspace/Sources/InteractiveCapsuleOverlay/ShowsInteractiveCapsuleOverlay.swift (in target 'InteractiveCapsuleOverlay' from project 'InteractiveCapsuleOverlay')
cd /Users/admin/builder/spi-builder-workspace/.swiftpm/xcode
builtin-SwiftPerFileCompile ShowsInteractiveCapsuleOverlay.swift
SwiftCompile normal arm64 Compiling\ InteractiveCapsuleOverlay.swift /Users/admin/builder/spi-builder-workspace/Sources/InteractiveCapsuleOverlay/InteractiveCapsuleOverlay.swift (in target 'InteractiveCapsuleOverlay' from project 'InteractiveCapsuleOverlay')
SwiftCompile normal arm64 /Users/admin/builder/spi-builder-workspace/Sources/InteractiveCapsuleOverlay/InteractiveCapsuleOverlay.swift (in target 'InteractiveCapsuleOverlay' from project 'InteractiveCapsuleOverlay')
cd /Users/admin/builder/spi-builder-workspace/.swiftpm/xcode
builtin-SwiftPerFileCompile InteractiveCapsuleOverlay.swift
/Users/admin/builder/spi-builder-workspace/Sources/InteractiveCapsuleOverlay/InteractiveCapsuleOverlay.swift:42:30: warning: immutable value 'yOffset' was never used; consider replacing with '_' or removing it [#NoUsage]
40 | case .top:
41 | return .top
42 | case .bottom(let yOffset):
| `- warning: immutable value 'yOffset' was never used; consider replacing with '_' or removing it [#NoUsage]
43 | return .bottom
44 | }
/Users/admin/builder/spi-builder-workspace/Sources/InteractiveCapsuleOverlay/InteractiveCapsuleOverlay.swift:51:27: warning: immutable value 'yOffset' was never used; consider replacing with '_' or removing it [#NoUsage]
49 | guard let currentConfig else { return .bottom }
50 | switch currentConfig.presentationMode {
51 | case .top(let yOffset):
| `- warning: immutable value 'yOffset' was never used; consider replacing with '_' or removing it [#NoUsage]
52 | return .top
53 | case .bottom(let yOffset):
SwiftCompile normal arm64 Compiling\ CapsuleOverlayConfiguration.swift /Users/admin/builder/spi-builder-workspace/Sources/InteractiveCapsuleOverlay/CapsuleOverlayConfiguration.swift (in target 'InteractiveCapsuleOverlay' from project 'InteractiveCapsuleOverlay')
SwiftCompile normal arm64 /Users/admin/builder/spi-builder-workspace/Sources/InteractiveCapsuleOverlay/CapsuleOverlayConfiguration.swift (in target 'InteractiveCapsuleOverlay' from project 'InteractiveCapsuleOverlay')
cd /Users/admin/builder/spi-builder-workspace/.swiftpm/xcode
builtin-SwiftPerFileCompile CapsuleOverlayConfiguration.swift
SwiftCompile normal arm64 Compiling\ FractionalOutline.swift /Users/admin/builder/spi-builder-workspace/Sources/InteractiveCapsuleOverlay/View\ Modifiers/FractionalOutline.swift (in target 'InteractiveCapsuleOverlay' from project 'InteractiveCapsuleOverlay')
SwiftCompile normal arm64 /Users/admin/builder/spi-builder-workspace/Sources/InteractiveCapsuleOverlay/View\ Modifiers/FractionalOutline.swift (in target 'InteractiveCapsuleOverlay' from project 'InteractiveCapsuleOverlay')
cd /Users/admin/builder/spi-builder-workspace/.swiftpm/xcode
builtin-SwiftPerFileCompile FractionalOutline.swift
SwiftEmitModule normal arm64 Emitting\ module\ for\ InteractiveCapsuleOverlay (in target 'InteractiveCapsuleOverlay' from project 'InteractiveCapsuleOverlay')
SwiftCompile normal arm64 (in target 'InteractiveCapsuleOverlay' from project 'InteractiveCapsuleOverlay')
cd /Users/admin/builder/spi-builder-workspace/.swiftpm/xcode
SwiftCompile normal arm64 Compiling\ SwipeDismissible.swift /Users/admin/builder/spi-builder-workspace/Sources/InteractiveCapsuleOverlay/View\ Modifiers/SwipeDismissible.swift (in target 'InteractiveCapsuleOverlay' from project 'InteractiveCapsuleOverlay')
/Users/admin/builder/spi-builder-workspace/Sources/InteractiveCapsuleOverlay/View Modifiers/SwipeDismissible.swift:31:9: error: 'DragGesture' is unavailable in tvOS
29 |
30 | var dragGesture: some Gesture {
31 | DragGesture()
| `- error: 'DragGesture' is unavailable in tvOS
32 | .onChanged { gesture in
33 | var translationHeight = gesture.translation.height
SwiftUI.DragGesture:3:42: note: 'DragGesture' has been explicitly marked unavailable here
1 | @available(iOS 13.0, macOS 10.15, watchOS 6.0, *)
2 | @available(tvOS, unavailable)
3 | @MainActor @preconcurrency public struct DragGesture : Gesture, ~Sendable {
| `- note: 'DragGesture' has been explicitly marked unavailable here
4 | public struct Value : Equatable, Sendable {
5 | public var time: Date
/Users/admin/builder/spi-builder-workspace/Sources/InteractiveCapsuleOverlay/View Modifiers/SwipeDismissible.swift:31:9: error: 'init(minimumDistance:coordinateSpace:)' is unavailable in tvOS
29 |
30 | var dragGesture: some Gesture {
31 | DragGesture()
| `- error: 'init(minimumDistance:coordinateSpace:)' is unavailable in tvOS
32 | .onChanged { gesture in
33 | var translationHeight = gesture.translation.height
SwiftUI.DragGesture.init:4:37: note: 'init(minimumDistance:coordinateSpace:)' has been explicitly marked unavailable here
2 | @available(iOS 17.0, macOS 14.0, watchOS 10.0, *)
3 | @available(tvOS, unavailable)
4 | @MainActor @preconcurrency public init(minimumDistance: CGFloat = 10, coordinateSpace: some CoordinateSpaceProtocol = .local)}
| `- note: 'init(minimumDistance:coordinateSpace:)' has been explicitly marked unavailable here
5 |
/Users/admin/builder/spi-builder-workspace/Sources/InteractiveCapsuleOverlay/View Modifiers/SwipeDismissible.swift:33:21: warning: variable 'translationHeight' was never mutated; consider changing to 'let' constant [#VariableNeverMutated]
31 | DragGesture()
32 | .onChanged { gesture in
33 | var translationHeight = gesture.translation.height
| `- warning: variable 'translationHeight' was never mutated; consider changing to 'let' constant [#VariableNeverMutated]
34 |
35 | switch swipeDismissibleEdge {
[#VariableNeverMutated]: <https://docs.swift.org/compiler/documentation/diagnostics/variable-never-mutated>
Failed frontend command:
/Applications/Xcode-27.0.0-Release.Candidate.app/Contents/Developer/Toolchains/XcodeDefault.xctoolchain/usr/bin/swift-frontend -frontend -c /Users/admin/builder/spi-builder-workspace/Sources/InteractiveCapsuleOverlay/CapsuleOverlayConfiguration.swift /Users/admin/builder/spi-builder-workspace/Sources/InteractiveCapsuleOverlay/InteractiveCapsuleOverlay.swift /Users/admin/builder/spi-builder-workspace/Sources/InteractiveCapsuleOverlay/PushDownButton.swift /Users/admin/builder/spi-builder-workspace/Sources/InteractiveCapsuleOverlay/ShowOverlayAction.swift /Users/admin/builder/spi-builder-workspace/Sources/InteractiveCapsuleOverlay/ShowsInteractiveCapsuleOverlay.swift /Users/admin/builder/spi-builder-workspace/Sources/InteractiveCapsuleOverlay/View\ Modifiers/FractionalOutline.swift -primary-file /Users/admin/builder/spi-builder-workspace/Sources/InteractiveCapsuleOverlay/View\ Modifiers/SwipeDismissible.swift /Users/admin/builder/spi-builder-workspace/Sources/InteractiveCapsuleOverlay/WindowedOverlay/PassthroughWindow.swift /Users/admin/builder/spi-builder-workspace/Sources/InteractiveCapsuleOverlay/WindowedOverlay/WeakState.swift /Users/admin/builder/spi-builder-workspace/Sources/InteractiveCapsuleOverlay/WindowedOverlay/WindowOverlayViewController.swift /Users/admin/builder/spi-builder-workspace/Sources/InteractiveCapsuleOverlay/WindowedOverlay/WindowReaderView.swift /Users/admin/builder/spi-builder-workspace/Sources/InteractiveCapsuleOverlay/WindowedOverlay/WindowedOverlay.swift -emit-dependencies-path /Users/admin/builder/spi-builder-workspace/.derivedData/Build/Intermediates.noindex/InteractiveCapsuleOverlay.build/Debug-appletvos/InteractiveCapsuleOverlay-t.build/Objects-normal/arm64/SwipeDismissible.d -emit-const-values-path /Users/admin/builder/spi-builder-workspace/.derivedData/Build/Intermediates.noindex/InteractiveCapsuleOverlay.build/Debug-appletvos/InteractiveCapsuleOverlay-t.build/Objects-normal/arm64/SwipeDismissible.swiftconstvalues -emit-reference-dependencies-path /Users/admin/builder/spi-builder-workspace/.derivedData/Build/Intermediates.noindex/InteractiveCapsuleOverlay.build/Debug-appletvos/InteractiveCapsuleOverlay-t.build/Objects-normal/arm64/SwipeDismissible.swiftdeps -serialize-diagnostics-path /Users/admin/builder/spi-builder-workspace/.derivedData/Build/Intermediates.noindex/InteractiveCapsuleOverlay.build/Debug-appletvos/InteractiveCapsuleOverlay-t.build/Objects-normal/arm64/SwipeDismissible.dia -target arm64-apple-tvos17.0 -disable-cross-import-overlay-search -load-resolved-plugin /Applications/Xcode-27.0.0-Release.Candidate.app/Contents/Developer/Platforms/AppleTVOS.platform/Developer/usr/lib/swift/host/plugins/libFoundationMacros.dylib\#/Applications/Xcode-27.0.0-Release.Candidate.app/Contents/Developer/Platforms/AppleTVOS.platform/Developer/usr/bin/swift-plugin-server\#FoundationMacros -load-resolved-plugin /Applications/Xcode-27.0.0-Release.Candidate.app/Contents/Developer/Platforms/AppleTVOS.platform/Developer/usr/lib/swift/host/plugins/libObservationMacros.dylib\#/Applications/Xcode-27.0.0-Release.Candidate.app/Contents/Developer/Platforms/AppleTVOS.platform/Developer/usr/bin/swift-plugin-server\#ObservationMacros -load-resolved-plugin /Applications/Xcode-27.0.0-Release.Candidate.app/Contents/Developer/Platforms/AppleTVOS.platform/Developer/usr/lib/swift/host/plugins/libPreviewsMacros.dylib\#/Applications/Xcode-27.0.0-Release.Candidate.app/Contents/Developer/Platforms/AppleTVOS.platform/Developer/usr/bin/swift-plugin-server\#PreviewsMacros -load-resolved-plugin /Applications/Xcode-27.0.0-Release.Candidate.app/Contents/Developer/Platforms/AppleTVOS.platform/Developer/usr/lib/swift/host/plugins/libSwiftMacros.dylib\#/Applications/Xcode-27.0.0-Release.Candidate.app/Contents/Developer/Platforms/AppleTVOS.platform/Developer/usr/bin/swift-plugin-server\#SwiftMacros -load-resolved-plugin /Applications/Xcode-27.0.0-Release.Candidate.app/Contents/Developer/Platforms/AppleTVOS.platform/Developer/usr/lib/swift/host/plugins/libSwiftUIMacros.dylib\#/Applications/Xcode-27.0.0-Release.Candidate.app/Contents/Developer/Platforms/AppleTVOS.platform/Developer/usr/bin/swift-plugin-server\#SwiftUIMacros -disable-implicit-swift-modules -Xcc -fno-implicit-modules -Xcc -fno-implicit-module-maps -explicit-swift-module-map-file /Users/admin/builder/spi-builder-workspace/.derivedData/Build/Intermediates.noindex/InteractiveCapsuleOverlay.build/Debug-appletvos/InteractiveCapsuleOverlay-t.build/Objects-normal/arm64/InteractiveCapsuleOverlay-dependencies-1.json -Xllvm -aarch64-use-tbi -enable-objc-interop -stack-check -sdk /Applications/Xcode-27.0.0-Release.Candidate.app/Contents/Developer/Platforms/AppleTVOS.platform/Developer/SDKs/AppleTVOS27.0.sdk -I /Users/admin/builder/spi-builder-workspace/.derivedData/Build/Products/Debug-appletvos -Isystem /Applications/Xcode-27.0.0-Release.Candidate.app/Contents/Developer/Platforms/AppleTVOS.platform/Developer/usr/lib -F /Users/admin/builder/spi-builder-workspace/.derivedData/Build/Products/Debug-appletvos/PackageFrameworks -F /Users/admin/builder/spi-builder-workspace/.derivedData/Build/Products/Debug-appletvos -F /Applications/Xcode-27.0.0-Release.Candidate.app/Contents/Developer/Platforms/AppleTVOS.platform/Developer/Library/Frameworks -F /Applications/Xcode-27.0.0-Release.Candidate.app/Contents/Developer/Platforms/AppleTVOS.platform/Developer/SDKs/AppleTVOS27.0.sdk/Developer/Library/Frameworks -module-cache-path /Users/admin/builder/spi-builder-workspace/.derivedData/Build/Intermediates.noindex/SwiftExplicitPrecompiledModules -no-color-diagnostics -Xcc -fno-color-diagnostics -enable-testing -g -debug-info-format\=dwarf -dwarf-version\=4 -profile-generate -profile-coverage-mapping -swift-version 5 -Onone -D SWIFT_PACKAGE -D DEBUG -D SWIFT_MODULE_RESOURCE_BUNDLE_UNAVAILABLE -D Xcode -serialize-debugging-options -enable-experimental-feature DebugDescriptionMacro -empty-abi-descriptor -validate-clang-modules-once -clang-build-session-file /Users/admin/builder/spi-builder-workspace/.derivedData/ModuleCache.noindex/Session.modulevalidation -Xcc -working-directory -Xcc /Users/admin/builder/spi-builder-workspace/.swiftpm/xcode -enable-anonymous-context-mangled-names -file-compilation-dir /Users/admin/builder/spi-builder-workspace/.swiftpm/xcode -Xcc -D_LIBCPP_HARDENING_MODE\=_LIBCPP_HARDENING_MODE_DEBUG -Xcc -ivfsstatcache -Xcc /Users/admin/builder/spi-builder-workspace/.derivedData/SDKStatCaches.noindex/appletvos27.0-24J360-e829b21a6f8c9b70876ba0858053c044b32bfd8d43560033f8d89884cdb90028.sdkstatcache -Xcc -fmodules-prune-interval\=86400 -Xcc -fmodules-prune-after\=345600 -Xcc -I/Users/admin/builder/spi-builder-workspace/.derivedData/Build/Products/Debug-appletvos/include -Xcc -I/Users/admin/builder/spi-builder-workspace/.derivedData/Build/Intermediates.noindex/InteractiveCapsuleOverlay.build/Debug-appletvos/InteractiveCapsuleOverlay-t.build/DerivedSources-normal/arm64 -Xcc -I/Users/admin/builder/spi-builder-workspace/.derivedData/Build/Intermediates.noindex/InteractiveCapsuleOverlay.build/Debug-appletvos/InteractiveCapsuleOverlay-t.build/DerivedSources/arm64 -Xcc -I/Users/admin/builder/spi-builder-workspace/.derivedData/Build/Intermediates.noindex/InteractiveCapsuleOverlay.build/Debug-appletvos/InteractiveCapsuleOverlay-t.build/DerivedSources -Xcc -DSWIFT_PACKAGE -Xcc -DDEBUG\=1 -no-auto-bridging-header-chaining -module-name InteractiveCapsuleOverlay -package-name spi_builder_workspace -const-gather-protocols-file /Users/admin/builder/spi-builder-workspace/.derivedData/Build/Intermediates.noindex/InteractiveCapsuleOverlay.build/Debug-appletvos/InteractiveCapsuleOverlay-t.build/Objects-normal/arm64/InteractiveCapsuleOverlay_const_extract_protocols.json -disable-clang-spi -clang-target arm64-apple-tvos27.0 -target-sdk-version 27.0 -target-sdk-name appletvos27.0 -in-process-plugin-server-path /Applications/Xcode-27.0.0-Release.Candidate.app/Contents/Developer/Toolchains/XcodeDefault.xctoolchain/usr/lib/swift/host/libSwiftInProcPluginServer.dylib -parse-as-library -o /Users/admin/builder/spi-builder-workspace/.derivedData/Build/Intermediates.noindex/InteractiveCapsuleOverlay.build/Debug-appletvos/InteractiveCapsuleOverlay-t.build/Objects-normal/arm64/SwipeDismissible.o -debug-module-path /Users/admin/builder/spi-builder-workspace/.derivedData/Build/Intermediates.noindex/InteractiveCapsuleOverlay.build/Debug-appletvos/InteractiveCapsuleOverlay-t.build/Objects-normal/arm64/InteractiveCapsuleOverlay.swiftmodule -index-unit-output-path /InteractiveCapsuleOverlay.build/Debug-appletvos/InteractiveCapsuleOverlay-t.build/Objects-normal/arm64/SwipeDismissible.o -index-store-path /Users/admin/builder/spi-builder-workspace/.derivedData/Index.noindex/DataStore -index-system-modules
SwiftCompile normal arm64 /Users/admin/builder/spi-builder-workspace/Sources/InteractiveCapsuleOverlay/View\ Modifiers/SwipeDismissible.swift (in target 'InteractiveCapsuleOverlay' from project 'InteractiveCapsuleOverlay')
cd /Users/admin/builder/spi-builder-workspace/.swiftpm/xcode
builtin-SwiftPerFileCompile SwipeDismissible.swift
SwiftDriverJobDiscovery normal arm64 Compiling FractionalOutline.swift (in target 'InteractiveCapsuleOverlay' from project 'InteractiveCapsuleOverlay')
SwiftCompile normal arm64 Compiling\ WindowOverlayViewController.swift /Users/admin/builder/spi-builder-workspace/Sources/InteractiveCapsuleOverlay/WindowedOverlay/WindowOverlayViewController.swift (in target 'InteractiveCapsuleOverlay' from project 'InteractiveCapsuleOverlay')
SwiftCompile normal arm64 /Users/admin/builder/spi-builder-workspace/Sources/InteractiveCapsuleOverlay/WindowedOverlay/WindowOverlayViewController.swift (in target 'InteractiveCapsuleOverlay' from project 'InteractiveCapsuleOverlay')
cd /Users/admin/builder/spi-builder-workspace/.swiftpm/xcode
builtin-SwiftPerFileCompile WindowOverlayViewController.swift
SwiftCompile normal arm64 Compiling\ PushDownButton.swift /Users/admin/builder/spi-builder-workspace/Sources/InteractiveCapsuleOverlay/PushDownButton.swift (in target 'InteractiveCapsuleOverlay' from project 'InteractiveCapsuleOverlay')
SwiftCompile normal arm64 /Users/admin/builder/spi-builder-workspace/Sources/InteractiveCapsuleOverlay/PushDownButton.swift (in target 'InteractiveCapsuleOverlay' from project 'InteractiveCapsuleOverlay')
cd /Users/admin/builder/spi-builder-workspace/.swiftpm/xcode
builtin-SwiftPerFileCompile PushDownButton.swift
SwiftCompile normal arm64 Compiling\ WindowedOverlay.swift /Users/admin/builder/spi-builder-workspace/Sources/InteractiveCapsuleOverlay/WindowedOverlay/WindowedOverlay.swift (in target 'InteractiveCapsuleOverlay' from project 'InteractiveCapsuleOverlay')
SwiftCompile normal arm64 /Users/admin/builder/spi-builder-workspace/Sources/InteractiveCapsuleOverlay/WindowedOverlay/WindowedOverlay.swift (in target 'InteractiveCapsuleOverlay' from project 'InteractiveCapsuleOverlay')
cd /Users/admin/builder/spi-builder-workspace/.swiftpm/xcode
builtin-SwiftPerFileCompile WindowedOverlay.swift
SwiftDriverJobDiscovery normal arm64 Compiling CapsuleOverlayConfiguration.swift (in target 'InteractiveCapsuleOverlay' from project 'InteractiveCapsuleOverlay')
SwiftCompile normal arm64 Compiling\ WindowReaderView.swift /Users/admin/builder/spi-builder-workspace/Sources/InteractiveCapsuleOverlay/WindowedOverlay/WindowReaderView.swift (in target 'InteractiveCapsuleOverlay' from project 'InteractiveCapsuleOverlay')
SwiftCompile normal arm64 /Users/admin/builder/spi-builder-workspace/Sources/InteractiveCapsuleOverlay/WindowedOverlay/WindowReaderView.swift (in target 'InteractiveCapsuleOverlay' from project 'InteractiveCapsuleOverlay')
cd /Users/admin/builder/spi-builder-workspace/.swiftpm/xcode
builtin-SwiftPerFileCompile WindowReaderView.swift
SwiftCompile normal arm64 Compiling\ ShowOverlayAction.swift /Users/admin/builder/spi-builder-workspace/Sources/InteractiveCapsuleOverlay/ShowOverlayAction.swift (in target 'InteractiveCapsuleOverlay' from project 'InteractiveCapsuleOverlay')
SwiftCompile normal arm64 /Users/admin/builder/spi-builder-workspace/Sources/InteractiveCapsuleOverlay/ShowOverlayAction.swift (in target 'InteractiveCapsuleOverlay' from project 'InteractiveCapsuleOverlay')
cd /Users/admin/builder/spi-builder-workspace/.swiftpm/xcode
builtin-SwiftPerFileCompile ShowOverlayAction.swift
SwiftCompile normal arm64 Compiling\ PassthroughWindow.swift /Users/admin/builder/spi-builder-workspace/Sources/InteractiveCapsuleOverlay/WindowedOverlay/PassthroughWindow.swift (in target 'InteractiveCapsuleOverlay' from project 'InteractiveCapsuleOverlay')
SwiftCompile normal arm64 /Users/admin/builder/spi-builder-workspace/Sources/InteractiveCapsuleOverlay/WindowedOverlay/PassthroughWindow.swift (in target 'InteractiveCapsuleOverlay' from project 'InteractiveCapsuleOverlay')
cd /Users/admin/builder/spi-builder-workspace/.swiftpm/xcode
builtin-SwiftPerFileCompile PassthroughWindow.swift
PruneExplicitPrecompiledModules /Users/admin/builder/spi-builder-workspace/.derivedData/Build/Intermediates.noindex/ExplicitPrecompiledModules
PruneExplicitPrecompiledModules /Users/admin/builder/spi-builder-workspace/.derivedData/Build/Intermediates.noindex/SwiftExplicitPrecompiledModules
PruneExplicitPrecompiledModules /Users/admin/builder/spi-builder-workspace/.derivedData/SDKExplicitPrecompiledModules
2026-09-20 06:07:08.122 xcodebuild[908:5431] [MT] IDERunDestination: Supported platforms for the buildables in the current scheme is empty.
** BUILD FAILED **
The following build commands failed:
SwiftCompile normal arm64 Compiling\ SwipeDismissible.swift /Users/admin/builder/spi-builder-workspace/Sources/InteractiveCapsuleOverlay/View\ Modifiers/SwipeDismissible.swift (in target 'InteractiveCapsuleOverlay' from project 'InteractiveCapsuleOverlay')
SwiftCompile normal arm64 /Users/admin/builder/spi-builder-workspace/Sources/InteractiveCapsuleOverlay/View\ Modifiers/SwipeDismissible.swift (in target 'InteractiveCapsuleOverlay' from project 'InteractiveCapsuleOverlay')
Building workspace InteractiveCapsuleOverlay with scheme InteractiveCapsuleOverlay
(3 failures)
BUILD FAILURE 6.4 tvOS