Build Information
Failed to build Reach5Facebook, reference master (1b3517), with Swift 6.3 for Wasm on 25 Aug 2026 22:31:03 UTC.
Build Command
bash -c docker run --pull=always --rm -v "checkouts-54344843-0":/host -w "$PWD" -e JAVA_HOME="/root/.sdkman/candidates/java/current" -e SPI_BUILD="1" -e SPI_PROCESSING="1" registry.gitlab.com/saguaro1/spi-images:wasm-6.3-latest swift build --swift-sdk swift-6.3.2-RELEASE_wasm 2>&1Build Log
========================================
RunAll
========================================
Builder version: 5.0.2
Interrupt handler set up.
========================================
Checkout
========================================
Clone URL: https://github.com/ReachFive/reachfive-ios-facebook.git
Reference: master
Initialized empty Git repository in /host/spi-builder-workspace/.git/
hint: Using 'master' as the name for the initial branch. This default branch name
hint: is subject to change. To configure the initial branch name to use in all
hint: of your new repositories, which will suppress this warning, call:
hint:
hint: git config --global init.defaultBranch <name>
hint:
hint: Names commonly chosen instead of 'master' are 'main', 'trunk' and
hint: 'development'. The just-created branch can be renamed via this command:
hint:
hint: git branch -m <name>
From https://github.com/ReachFive/reachfive-ios-facebook
* branch master -> FETCH_HEAD
* [new branch] master -> origin/master
HEAD is now at 1b35176 Support de la configuration de Fast App Switch (#19)
Cloned https://github.com/ReachFive/reachfive-ios-facebook.git
Revision (git rev-parse @):
1b35176bae567d52212984f5bfdcca38ffa751b5
SUCCESS checkout https://github.com/ReachFive/reachfive-ios-facebook.git at master
========================================
Build
========================================
Selected platform: wasm
Swift version: 6.3
Building package at path: $PWD
https://github.com/ReachFive/reachfive-ios-facebook.git
Running build ...
bash -c docker run --pull=always --rm -v "checkouts-54344843-0":/host -w "$PWD" -e JAVA_HOME="/root/.sdkman/candidates/java/current" -e SPI_BUILD="1" -e SPI_PROCESSING="1" registry.gitlab.com/saguaro1/spi-images:wasm-6.3-latest swift build --swift-sdk swift-6.3.2-RELEASE_wasm 2>&1
wasm-6.3-latest: Pulling from saguaro1/spi-images
Digest: sha256:e92e38b97676c18adb57b57429ddfb766786102cb50cb918e0d9e8055d05b35d
Status: Image is up to date for registry.gitlab.com/saguaro1/spi-images:wasm-6.3-latest
Fetching https://github.com/ReachFive/reachfive-ios.git
Fetching https://github.com/facebook/facebook-ios-sdk.git
[1/11527] Fetching reachfive-ios
[11528/107178] Fetching reachfive-ios, facebook-ios-sdk
Fetched https://github.com/ReachFive/reachfive-ios.git from cache (4.78s)
Fetched https://github.com/facebook/facebook-ios-sdk.git from cache (4.88s)
Computing version for https://github.com/facebook/facebook-ios-sdk.git
Computed https://github.com/facebook/facebook-ios-sdk.git at 18.1.0 (5.79s)
Computing version for https://github.com/ReachFive/reachfive-ios.git
Computed https://github.com/ReachFive/reachfive-ios.git at 11.0.0 (0.18s)
Creating working copy for https://github.com/facebook/facebook-ios-sdk.git
Working copy of https://github.com/facebook/facebook-ios-sdk.git resolved at 18.1.0
Creating working copy for https://github.com/ReachFive/reachfive-ios.git
Working copy of https://github.com/ReachFive/reachfive-ios.git resolved at 11.0.0
Downloading binary artifact https://github.com/facebook/facebook-ios-sdk/releases/download/v18.1.0/FBSDKCoreKit_Basics-Dynamic_XCFramework.zip
Downloading binary artifact https://github.com/facebook/facebook-ios-sdk/releases/download/v18.1.0/FBSDKCoreKit-Dynamic_XCFramework.zip
Downloading binary artifact https://github.com/facebook/facebook-ios-sdk/releases/download/v18.1.0/FBAEMKit-Dynamic_XCFramework.zip
Downloading binary artifact https://github.com/facebook/facebook-ios-sdk/releases/download/v18.1.0/FBSDKLoginKit-Dynamic_XCFramework.zip
Downloading binary artifact https://github.com/facebook/facebook-ios-sdk/releases/download/v18.1.0/FBSDKShareKit-Dynamic_XCFramework.zip
Downloading binary artifact https://github.com/facebook/facebook-ios-sdk/releases/download/v18.1.0/FBSDKGamingServicesKit-Dynamic_XCFramework.zip
[16375/798537] Downloading https://github.com/facebook/facebook-ios-sdk/releases/download/v18.1.0/FBSDKCoreKit_Basics-Dynamic_XCFramework.zip
[38029/4455229] Downloading https://github.com/facebook/facebook-ios-sdk/releases/download/v18.1.0/FBSDKCoreKit_Basics-Dynamic_XCFramework.zip, https://github.com/facebook/facebook-ios-sdk/releases/download/v18.1.0/FBAEMKit-Dynamic_XCFramework.zip
[90560/12056217] Downloading https://github.com/facebook/facebook-ios-sdk/releases/download/v18.1.0/FBSDKCoreKit_Basics-Dynamic_XCFramework.zip, https://github.com/facebook/facebook-ios-sdk/releases/download/v18.1.0/FBAEMKit-Dynamic_XCFramework.zip, https://github.com/facebook/facebook-ios-sdk/releases/download/v18.1.0/FBSDKShareKit-Dynamic_XCFramework.zip
[114308/22777252] Downloading https://github.com/facebook/facebook-ios-sdk/releases/download/v18.1.0/FBSDKCoreKit_Basics-Dynamic_XCFramework.zip, https://github.com/facebook/facebook-ios-sdk/releases/download/v18.1.0/FBAEMKit-Dynamic_XCFramework.zip, https://github.com/facebook/facebook-ios-sdk/releases/download/v18.1.0/FBSDKShareKit-Dynamic_XCFramework.zip, https://github.com/facebook/facebook-ios-sdk/releases/download/v18.1.0/FBSDKLoginKit-Dynamic_XCFramework.zip
[123199/32629172] Downloading https://github.com/facebook/facebook-ios-sdk/releases/download/v18.1.0/FBSDKCoreKit_Basics-Dynamic_XCFramework.zip, https://github.com/facebook/facebook-ios-sdk/releases/download/v18.1.0/FBAEMKit-Dynamic_XCFramework.zip, https://github.com/facebook/facebook-ios-sdk/releases/download/v18.1.0/FBSDKShareKit-Dynamic_XCFramework.zip, https://github.com/facebook/facebook-ios-sdk/releases/download/v18.1.0/FBSDKLoginKit-Dynamic_XCFramework.zip, https://github.com/facebook/facebook-ios-sdk/releases/download/v18.1.0/FBSDKGamingServicesKit-Dynamic_XCFramework.zip
[329907/58874277] Downloading https://github.com/facebook/facebook-ios-sdk/releases/download/v18.1.0/FBSDKCoreKit_Basics-Dynamic_XCFramework.zip, https://github.com/facebook/facebook-ios-sdk/releases/download/v18.1.0/FBAEMKit-Dynamic_XCFramework.zip, https://github.com/facebook/facebook-ios-sdk/releases/download/v18.1.0/FBSDKShareKit-Dynamic_XCFramework.zip, https://github.com/facebook/facebook-ios-sdk/releases/download/v18.1.0/FBSDKLoginKit-Dynamic_XCFramework.zip, https://github.com/facebook/facebook-ios-sdk/releases/download/v18.1.0/FBSDKGamingServicesKit-Dynamic_XCFramework.zip, https://github.com/facebook/facebook-ios-sdk/releases/download/v18.1.0/FBSDKCoreKit-Dynamic_XCFramework.zip
Downloaded https://github.com/facebook/facebook-ios-sdk/releases/download/v18.1.0/FBSDKCoreKit_Basics-Dynamic_XCFramework.zip (0.60s)
[3084893/58075740] Downloading https://github.com/facebook/facebook-ios-sdk/releases/download/v18.1.0/FBAEMKit-Dynamic_XCFramework.zip, https://github.com/facebook/facebook-ios-sdk/releases/download/v18.1.0/FBSDKShareKit-Dynamic_XCFramework.zip, https://github.com/facebook/facebook-ios-sdk/releases/download/v18.1.0/FBSDKLoginKit-Dynamic_XCFramework.zip, https://github.com/facebook/facebook-ios-sdk/releases/download/v18.1.0/FBSDKGamingServicesKit-Dynamic_XCFramework.zip, https://github.com/facebook/facebook-ios-sdk/releases/download/v18.1.0/FBSDKCoreKit-Dynamic_XCFramework.zip
Downloaded https://github.com/facebook/facebook-ios-sdk/releases/download/v18.1.0/FBAEMKit-Dynamic_XCFramework.zip (1.01s)
[46267155/54419048] Downloading https://github.com/facebook/facebook-ios-sdk/releases/download/v18.1.0/FBSDKShareKit-Dynamic_XCFramework.zip, https://github.com/facebook/facebook-ios-sdk/releases/download/v18.1.0/FBSDKLoginKit-Dynamic_XCFramework.zip, https://github.com/facebook/facebook-ios-sdk/releases/download/v18.1.0/FBSDKGamingServicesKit-Dynamic_XCFramework.zip, https://github.com/facebook/facebook-ios-sdk/releases/download/v18.1.0/FBSDKCoreKit-Dynamic_XCFramework.zip
Downloaded https://github.com/facebook/facebook-ios-sdk/releases/download/v18.1.0/FBSDKShareKit-Dynamic_XCFramework.zip (1.38s)
Downloaded https://github.com/facebook/facebook-ios-sdk/releases/download/v18.1.0/FBSDKGamingServicesKit-Dynamic_XCFramework.zip (1.43s)
Downloaded https://github.com/facebook/facebook-ios-sdk/releases/download/v18.1.0/FBSDKLoginKit-Dynamic_XCFramework.zip (1.45s)
Downloaded https://github.com/facebook/facebook-ios-sdk/releases/download/v18.1.0/FBSDKCoreKit-Dynamic_XCFramework.zip (2.48s)
Building for debugging...
[0/11] Copying PrivacyInfo.xcprivacy
[5/11] Write sources
[10/11] Write swift-version-24593BA9C3E375BF.txt
error: emit-module command failed with exit code 1 (use -v to see invocation)
[12/106] Emitting module Reach5
/host/spi-builder-workspace/.build/checkouts/reachfive-ios/Sources/Core/Classes/CredentialManager.swift:1:8: error: no such module 'AuthenticationServices'
1 | import AuthenticationServices
| `- error: no such module 'AuthenticationServices'
2 | import Foundation
3 |
[13/118] Compiling Reach5 DataRequest.swift
/host/spi-builder-workspace/.build/checkouts/reachfive-ios/Sources/Core/Classes/CredentialManager.swift:1:8: error: no such module 'AuthenticationServices'
1 | import AuthenticationServices
| `- error: no such module 'AuthenticationServices'
2 | import Foundation
3 |
[14/118] Compiling Reach5 DictionaryEncodable.swift
/host/spi-builder-workspace/.build/checkouts/reachfive-ios/Sources/Core/Classes/CredentialManager.swift:1:8: error: no such module 'AuthenticationServices'
1 | import AuthenticationServices
| `- error: no such module 'AuthenticationServices'
2 | import Foundation
3 |
[15/118] Compiling Reach5 Logger.swift
/host/spi-builder-workspace/.build/checkouts/reachfive-ios/Sources/Core/Classes/CredentialManager.swift:1:8: error: no such module 'AuthenticationServices'
1 | import AuthenticationServices
| `- error: no such module 'AuthenticationServices'
2 | import Foundation
3 |
[16/118] Compiling Reach5 NetworkClient.swift
/host/spi-builder-workspace/.build/checkouts/reachfive-ios/Sources/Core/Classes/CredentialManager.swift:1:8: error: no such module 'AuthenticationServices'
1 | import AuthenticationServices
| `- error: no such module 'AuthenticationServices'
2 | import Foundation
3 |
[17/118] Compiling Reach5 Pkce.swift
/host/spi-builder-workspace/.build/checkouts/reachfive-ios/Sources/Core/Classes/CredentialManager.swift:1:8: error: no such module 'AuthenticationServices'
1 | import AuthenticationServices
| `- error: no such module 'AuthenticationServices'
2 | import Foundation
3 |
[18/118] Compiling Reach5 Storage.swift
/host/spi-builder-workspace/.build/checkouts/reachfive-ios/Sources/Core/Classes/CredentialManager.swift:1:8: error: no such module 'AuthenticationServices'
1 | import AuthenticationServices
| `- error: no such module 'AuthenticationServices'
2 | import Foundation
3 |
[19/118] Compiling Reach5 StringUtils.swift
/host/spi-builder-workspace/.build/checkouts/reachfive-ios/Sources/Core/Classes/CredentialManager.swift:1:8: error: no such module 'AuthenticationServices'
1 | import AuthenticationServices
| `- error: no such module 'AuthenticationServices'
2 | import Foundation
3 |
[20/118] Compiling Reach5 URL+Normalization.swift
/host/spi-builder-workspace/.build/checkouts/reachfive-ios/Sources/Core/Classes/CredentialManager.swift:1:8: error: no such module 'AuthenticationServices'
1 | import AuthenticationServices
| `- error: no such module 'AuthenticationServices'
2 | import Foundation
3 |
[21/118] Compiling Reach5 URL+WebAuth.swift
/host/spi-builder-workspace/.build/checkouts/reachfive-ios/Sources/Core/Classes/CredentialManager.swift:1:8: error: no such module 'AuthenticationServices'
1 | import AuthenticationServices
| `- error: no such module 'AuthenticationServices'
2 | import Foundation
3 |
[22/118] Compiling Reach5 WebAuthentication.swift
/host/spi-builder-workspace/.build/checkouts/reachfive-ios/Sources/Core/Classes/CredentialManager.swift:1:8: error: no such module 'AuthenticationServices'
1 | import AuthenticationServices
| `- error: no such module 'AuthenticationServices'
2 | import Foundation
3 |
[23/118] Compiling Reach5 WebSessionMode.swift
/host/spi-builder-workspace/.build/checkouts/reachfive-ios/Sources/Core/Classes/CredentialManager.swift:1:8: error: no such module 'AuthenticationServices'
1 | import AuthenticationServices
| `- error: no such module 'AuthenticationServices'
2 | import Foundation
3 |
[24/118] Compiling Reach5 resource_bundle_accessor.swift
/host/spi-builder-workspace/.build/checkouts/reachfive-ios/Sources/Core/Classes/CredentialManager.swift:1:8: error: no such module 'AuthenticationServices'
1 | import AuthenticationServices
| `- error: no such module 'AuthenticationServices'
2 | import Foundation
3 |
[25/118] Compiling FacebookAEM Exports.swift
[26/118] Emitting module FacebookAEM
[27/118] Compiling FacebookAEM resource_bundle_accessor.swift
[28/119] Compiling Reach5 UpdatePhoneNumberRequest.swift
/host/spi-builder-workspace/.build/checkouts/reachfive-ios/Sources/Core/Classes/CredentialManager.swift:1:8: error: no such module 'AuthenticationServices'
1 | import AuthenticationServices
| `- error: no such module 'AuthenticationServices'
2 | import Foundation
3 |
[29/119] Compiling Reach5 VerifyAuthCodeRequest.swift
/host/spi-builder-workspace/.build/checkouts/reachfive-ios/Sources/Core/Classes/CredentialManager.swift:1:8: error: no such module 'AuthenticationServices'
1 | import AuthenticationServices
| `- error: no such module 'AuthenticationServices'
2 | import Foundation
3 |
[30/119] Compiling Reach5 VerifyEmailRequest.swift
/host/spi-builder-workspace/.build/checkouts/reachfive-ios/Sources/Core/Classes/CredentialManager.swift:1:8: error: no such module 'AuthenticationServices'
1 | import AuthenticationServices
| `- error: no such module 'AuthenticationServices'
2 | import Foundation
3 |
[31/119] Compiling Reach5 VerifyPhoneNumberRequest.swift
/host/spi-builder-workspace/.build/checkouts/reachfive-ios/Sources/Core/Classes/CredentialManager.swift:1:8: error: no such module 'AuthenticationServices'
1 | import AuthenticationServices
| `- error: no such module 'AuthenticationServices'
2 | import Foundation
3 |
[32/119] Compiling Reach5 WebSessionLogoutRequest.swift
/host/spi-builder-workspace/.build/checkouts/reachfive-ios/Sources/Core/Classes/CredentialManager.swift:1:8: error: no such module 'AuthenticationServices'
1 | import AuthenticationServices
| `- error: no such module 'AuthenticationServices'
2 | import Foundation
3 |
[33/119] Compiling Reach5 WebviewLoginRequest.swift
/host/spi-builder-workspace/.build/checkouts/reachfive-ios/Sources/Core/Classes/CredentialManager.swift:1:8: error: no such module 'AuthenticationServices'
1 | import AuthenticationServices
| `- error: no such module 'AuthenticationServices'
2 | import Foundation
3 |
[34/119] Compiling Reach5 AuthenticationPublicKeyCredential.swift
/host/spi-builder-workspace/.build/checkouts/reachfive-ios/Sources/Core/Classes/CredentialManager.swift:1:8: error: no such module 'AuthenticationServices'
1 | import AuthenticationServices
| `- error: no such module 'AuthenticationServices'
2 | import Foundation
3 |
[35/119] Compiling Reach5 NativeLoginRequest.swift
/host/spi-builder-workspace/.build/checkouts/reachfive-ios/Sources/Core/Classes/CredentialManager.swift:1:8: error: no such module 'AuthenticationServices'
1 | import AuthenticationServices
| `- error: no such module 'AuthenticationServices'
2 | import Foundation
3 |
[36/119] Compiling Reach5 NewPasskeyRequest.swift
/host/spi-builder-workspace/.build/checkouts/reachfive-ios/Sources/Core/Classes/CredentialManager.swift:1:8: error: no such module 'AuthenticationServices'
1 | import AuthenticationServices
| `- error: no such module 'AuthenticationServices'
2 | import Foundation
3 |
[37/119] Compiling Reach5 PasskeySignupRequest.swift
/host/spi-builder-workspace/.build/checkouts/reachfive-ios/Sources/Core/Classes/CredentialManager.swift:1:8: error: no such module 'AuthenticationServices'
1 | import AuthenticationServices
| `- error: no such module 'AuthenticationServices'
2 | import Foundation
3 |
[38/119] Compiling Reach5 ProfilePasskeySignupRequest.swift
/host/spi-builder-workspace/.build/checkouts/reachfive-ios/Sources/Core/Classes/CredentialManager.swift:1:8: error: no such module 'AuthenticationServices'
1 | import AuthenticationServices
| `- error: no such module 'AuthenticationServices'
2 | import Foundation
3 |
[39/119] Compiling Reach5 R5AuthenticatorAssertionResponse.swift
/host/spi-builder-workspace/.build/checkouts/reachfive-ios/Sources/Core/Classes/CredentialManager.swift:1:8: error: no such module 'AuthenticationServices'
1 | import AuthenticationServices
| `- error: no such module 'AuthenticationServices'
2 | import Foundation
3 |
[40/119] Compiling Reach5 R5AuthenticatorAttestationResponse.swift
/host/spi-builder-workspace/.build/checkouts/reachfive-ios/Sources/Core/Classes/CredentialManager.swift:1:8: error: no such module 'AuthenticationServices'
1 | import AuthenticationServices
| `- error: no such module 'AuthenticationServices'
2 | import Foundation
3 |
[42/119] Compiling Reach5 R5PublicKeyCredentialRequestOptions.swift
/host/spi-builder-workspace/.build/checkouts/reachfive-ios/Sources/Core/Classes/CredentialManager.swift:1:8: error: no such module 'AuthenticationServices'
1 | import AuthenticationServices
| `- error: no such module 'AuthenticationServices'
2 | import Foundation
3 |
[43/119] Compiling Reach5 RegistrationPublicKeyCredential.swift
/host/spi-builder-workspace/.build/checkouts/reachfive-ios/Sources/Core/Classes/CredentialManager.swift:1:8: error: no such module 'AuthenticationServices'
1 | import AuthenticationServices
| `- error: no such module 'AuthenticationServices'
2 | import Foundation
3 |
[44/119] Compiling Reach5 RegistrationRequest.swift
/host/spi-builder-workspace/.build/checkouts/reachfive-ios/Sources/Core/Classes/CredentialManager.swift:1:8: error: no such module 'AuthenticationServices'
1 | import AuthenticationServices
| `- error: no such module 'AuthenticationServices'
2 | import Foundation
3 |
[45/119] Compiling Reach5 ResetOptions.swift
/host/spi-builder-workspace/.build/checkouts/reachfive-ios/Sources/Core/Classes/CredentialManager.swift:1:8: error: no such module 'AuthenticationServices'
1 | import AuthenticationServices
| `- error: no such module 'AuthenticationServices'
2 | import Foundation
3 |
[46/119] Compiling Reach5 ResetPasskeyRequest.swift
/host/spi-builder-workspace/.build/checkouts/reachfive-ios/Sources/Core/Classes/CredentialManager.swift:1:8: error: no such module 'AuthenticationServices'
1 | import AuthenticationServices
| `- error: no such module 'AuthenticationServices'
2 | import Foundation
3 |
[47/119] Compiling Reach5 ResetPublicKeyCredential.swift
/host/spi-builder-workspace/.build/checkouts/reachfive-ios/Sources/Core/Classes/CredentialManager.swift:1:8: error: no such module 'AuthenticationServices'
1 | import AuthenticationServices
| `- error: no such module 'AuthenticationServices'
2 | import Foundation
3 |
[48/119] Compiling Reach5 SignupOptions.swift
/host/spi-builder-workspace/.build/checkouts/reachfive-ios/Sources/Core/Classes/CredentialManager.swift:1:8: error: no such module 'AuthenticationServices'
1 | import AuthenticationServices
| `- error: no such module 'AuthenticationServices'
2 | import Foundation
3 |
[49/119] Compiling Reach5 WebAuthnLoginRequest.swift
/host/spi-builder-workspace/.build/checkouts/reachfive-ios/Sources/Core/Classes/CredentialManager.swift:1:8: error: no such module 'AuthenticationServices'
1 | import AuthenticationServices
| `- error: no such module 'AuthenticationServices'
2 | import Foundation
3 |
[50/119] Compiling Reach5 WebauthnSignupCredential.swift
/host/spi-builder-workspace/.build/checkouts/reachfive-ios/Sources/Core/Classes/CredentialManager.swift:1:8: error: no such module 'AuthenticationServices'
1 | import AuthenticationServices
| `- error: no such module 'AuthenticationServices'
2 | import Foundation
3 |
[51/119] Compiling Reach5 TknMfa.swift
/host/spi-builder-workspace/.build/checkouts/reachfive-ios/Sources/Core/Classes/CredentialManager.swift:1:8: error: no such module 'AuthenticationServices'
1 | import AuthenticationServices
| `- error: no such module 'AuthenticationServices'
2 | import Foundation
3 |
[52/119] Compiling Reach5 VerifyEmailResponse.swift
/host/spi-builder-workspace/.build/checkouts/reachfive-ios/Sources/Core/Classes/CredentialManager.swift:1:8: error: no such module 'AuthenticationServices'
1 | import AuthenticationServices
| `- error: no such module 'AuthenticationServices'
2 | import Foundation
3 |
[53/119] Compiling Reach5 TrustedDevice.swift
/host/spi-builder-workspace/.build/checkouts/reachfive-ios/Sources/Core/Classes/CredentialManager.swift:1:8: error: no such module 'AuthenticationServices'
1 | import AuthenticationServices
| `- error: no such module 'AuthenticationServices'
2 | import Foundation
3 |
[54/119] Compiling Reach5 AuthenticationOptions.swift
/host/spi-builder-workspace/.build/checkouts/reachfive-ios/Sources/Core/Classes/CredentialManager.swift:1:8: error: no such module 'AuthenticationServices'
1 | import AuthenticationServices
| `- error: no such module 'AuthenticationServices'
2 | import Foundation
3 |
[55/123] Compiling FacebookCore resource_bundle_accessor.swift
/host/spi-builder-workspace/.build/checkouts/facebook-ios-sdk/Sources/FacebookCore/Imports.swift:9:8: error: no such module 'Accelerate'
7 | */
8 |
9 | import Accelerate
| `- error: no such module 'Accelerate'
10 |
error: emit-module command failed with exit code 1 (use -v to see invocation)
[56/123] Emitting module FacebookCore
/host/spi-builder-workspace/.build/checkouts/facebook-ios-sdk/Sources/FacebookCore/Imports.swift:9:8: error: no such module 'Accelerate'
7 | */
8 |
9 | import Accelerate
| `- error: no such module 'Accelerate'
10 |
[57/123] Compiling FacebookCore Exports.swift
/host/spi-builder-workspace/.build/checkouts/facebook-ios-sdk/Sources/FacebookCore/Imports.swift:9:8: error: no such module 'Accelerate'
7 | */
8 |
9 | import Accelerate
| `- error: no such module 'Accelerate'
10 |
[58/123] Compiling FacebookCore Imports.swift
/host/spi-builder-workspace/.build/checkouts/facebook-ios-sdk/Sources/FacebookCore/Imports.swift:9:8: error: no such module 'Accelerate'
7 | */
8 |
9 | import Accelerate
| `- error: no such module 'Accelerate'
10 |
BUILD FAILURE 6.3 wasm