The Swift Package Index logo.Swift Package Index

Build Information

Failed to build APIManager, reference main (c8b6b4), with Swift 6.4 for Wasm on 15 Sep 2026 22:41:22 UTC.

Build Command

bash -c docker run --pull=always --rm -v "checkouts-54344843-1":/host -w "$PWD" -e JAVA_HOME="/root/.sdkman/candidates/java/current" -e SPI_BUILD="1" -e SPI_PROCESSING="1" registry.gitlab.com/saguaro1/spi-images:wasm-6.4-latest swift build --swift-sdk swift-6.4.x-DEVELOPMENT-SNAPSHOT-2026-09-04-a_wasm 2>&1

Build Log

========================================
RunAll
========================================
Builder version: 5.1.0
Interrupt handler set up.
========================================
Checkout
========================================
Clone URL: https://github.com/rauhul/api-manager.git
Reference: main
Initialized empty Git repository in /host/spi-builder-workspace/.git/
hint: Using 'master' as the name for the initial branch. This default branch name
hint: is subject to change. To configure the initial branch name to use in all
hint: of your new repositories, which will suppress this warning, call:
hint:
hint: 	git config --global init.defaultBranch <name>
hint:
hint: Names commonly chosen instead of 'master' are 'main', 'trunk' and
hint: 'development'. The just-created branch can be renamed via this command:
hint:
hint: 	git branch -m <name>
From https://github.com/rauhul/api-manager
 * branch            main       -> FETCH_HEAD
 * [new branch]      main       -> origin/main
HEAD is now at c8b6b42 Migrate to swift 5.0+, remove Cocopods for SPM
Cloned https://github.com/rauhul/api-manager.git
Revision (git rev-parse @):
c8b6b426a4172cf1cd4568601cf36b6437d65ae8
SUCCESS checkout https://github.com/rauhul/api-manager.git at main
========================================
Build
========================================
Selected platform:         wasm
Swift version:             6.4
Building package at path:  $PWD
https://github.com/rauhul/api-manager.git
Running build ...
bash -c docker run --pull=always --rm -v "checkouts-54344843-1":/host -w "$PWD" -e JAVA_HOME="/root/.sdkman/candidates/java/current" -e SPI_BUILD="1" -e SPI_PROCESSING="1" registry.gitlab.com/saguaro1/spi-images:wasm-6.4-latest swift build --swift-sdk swift-6.4.x-DEVELOPMENT-SNAPSHOT-2026-09-04-a_wasm 2>&1
wasm-6.4-latest: Pulling from saguaro1/spi-images
Digest: sha256:4328fdb43c680d205c1d6761b1e3267aa38277eefdda9ddfb17b6a0f1a77857a
Status: Image is up to date for registry.gitlab.com/saguaro1/spi-images:wasm-6.4-latest
Building for debugging...
[Planning deferred tasks]
error: SwiftCompile normal wasm32 failed with a nonzero exit code. Command line:     cd /host

/host/spi-builder-workspace/Sources/APIManager/APIRequest.swift:11:18: error: cannot find type 'OperationQueue' in scope
  9 | import Foundation
 10 |
 11 | public extension OperationQueue {
    |                  `- error: cannot find type 'OperationQueue' in scope
 12 |     /// Default `OperationQueue` for running requests. Other queues can be used
 13 |     /// via `APIRequest.launch(on:)`.
/host/spi-builder-workspace/Sources/APIManager/APIRequest.swift:46:51: error: cannot find type 'Operation' in scope
 44 | /// - note: `APIRequest`s should be created through a class that conforms to
 45 | /// `APIService`.
 46 | open class APIRequest<ReturnType: APIReturnable>: Operation {
    |                                                   `- error: cannot find type 'Operation' in scope
 47 |
 48 |     // MARK: - Types & Aliases
/host/spi-builder-workspace/Sources/APIManager/APIRequest.swift:54:30: error: cannot find 'DispatchQueue' in scope
 52 |     // MARK: - Implemenation Properties
 53 |     /// DispatchQueue used to serialize access to `state`.
 54 |     private let stateQueue = DispatchQueue(label: "com.rauhul.APIManager.stateQueue", attributes: .concurrent)
    |                              `- error: cannot find 'DispatchQueue' in scope
 55 |     /// Tracks state of the request; backs `state` property.
 56 |     private var _state: APIRequestState = .ready
/host/spi-builder-workspace/Sources/APIManager/APIRequest.swift:58:6: error: Objective-C interoperability is disabled
 56 |     private var _state: APIRequestState = .ready
 57 |     /// Objective-C visible setter and getter for `_state`.
 58 |     @objc private dynamic var state: APIRequestState {
    |      `- error: Objective-C interoperability is disabled
 59 |         get { return stateQueue.sync { _state } }
 60 |         set { stateQueue.sync(flags: .barrier) { _state = newValue } }
/host/spi-builder-workspace/Sources/APIManager/APIRequest.swift:63:31: error: property does not override any property from its superclass
 61 |     }
 62 |     /// A Boolean value indicating whether the request can be performed now.
 63 |     open         override var isReady: Bool { return state == .ready && super.isReady }
    |                               `- error: property does not override any property from its superclass
 64 |     /// A Boolean value indicating whether the request is currently executing.
 65 |     public final override var isExecuting: Bool { return state == .executing }
/host/spi-builder-workspace/Sources/APIManager/APIRequest.swift:65:31: error: property does not override any property from its superclass
 63 |     open         override var isReady: Bool { return state == .ready && super.isReady }
 64 |     /// A Boolean value indicating whether the request is currently executing.
 65 |     public final override var isExecuting: Bool { return state == .executing }
    |                               `- error: property does not override any property from its superclass
 66 |     /// A Boolean value indicating whether the request has finished executing.
 67 |     public final override var isFinished: Bool { return state == .finished }
/host/spi-builder-workspace/Sources/APIManager/APIRequest.swift:67:31: error: property does not override any property from its superclass
 65 |     public final override var isExecuting: Bool { return state == .executing }
 66 |     /// A Boolean value indicating whether the request has finished executing.
 67 |     public final override var isFinished: Bool { return state == .finished }
    |                               `- error: property does not override any property from its superclass
 68 |     /// A Boolean value indicating the request executes asynchronously.
 69 |     public final override var isAsynchronous: Bool { return true }
/host/spi-builder-workspace/Sources/APIManager/APIRequest.swift:69:31: error: property does not override any property from its superclass
 67 |     public final override var isFinished: Bool { return state == .finished }
 68 |     /// A Boolean value indicating the request executes asynchronously.
 69 |     public final override var isAsynchronous: Bool { return true }
    |                               `- error: property does not override any property from its superclass
 70 |     /// The `URLSessionDataTask` backing the request.
 71 |     private var dataTask: URLSessionDataTask?
/host/spi-builder-workspace/Sources/APIManager/APIRequest.swift:71:27: error: 'URLSessionDataTask' is unavailable: This type has moved to the FoundationNetworking module. Import that module to use it.
 69 |     public final override var isAsynchronous: Bool { return true }
 70 |     /// The `URLSessionDataTask` backing the request.
 71 |     private var dataTask: URLSessionDataTask?
    |                           `- error: 'URLSessionDataTask' is unavailable: This type has moved to the FoundationNetworking module. Import that module to use it.
 72 |
 73 |     // MARK: - Request Properties
Foundation.URLSessionDataTask:2:18: note: 'URLSessionDataTask' has been explicitly marked unavailable here
1 | @available(*, unavailable, message: "This type has moved to the FoundationNetworking module. Import that module to use it.")
2 | public typealias URLSessionDataTask = AnyObject
  |                  `- note: 'URLSessionDataTask' has been explicitly marked unavailable here
/host/spi-builder-workspace/Sources/APIManager/APIRequest.swift:93:6: error: Objective-C interoperability is disabled
 91 |     // MARK: - Private API
 92 |     /// Registers the dependent keys for `isReady`.
 93 |     @objc private dynamic class func keyPathsForValuesAffectingIsReady() -> Set<String> { return [#keyPath(state)] }
    |      `- error: Objective-C interoperability is disabled
 94 |     /// Registers the dependent keys for `isExecuting`.
 95 |     @objc private dynamic class func keyPathsForValuesAffectingIsExecuting() -> Set<String> { return [#keyPath(state)] }
/host/spi-builder-workspace/Sources/APIManager/APIRequest.swift:95:6: error: Objective-C interoperability is disabled
 93 |     @objc private dynamic class func keyPathsForValuesAffectingIsReady() -> Set<String> { return [#keyPath(state)] }
 94 |     /// Registers the dependent keys for `isExecuting`.
 95 |     @objc private dynamic class func keyPathsForValuesAffectingIsExecuting() -> Set<String> { return [#keyPath(state)] }
    |      `- error: Objective-C interoperability is disabled
 96 |     /// Registers the dependent keys for `isFinished`.
 97 |     @objc private dynamic class func keyPathsForValuesAffectingIsFinished() -> Set<String> { return [#keyPath(state)] }
/host/spi-builder-workspace/Sources/APIManager/APIRequest.swift:97:6: error: Objective-C interoperability is disabled
 95 |     @objc private dynamic class func keyPathsForValuesAffectingIsExecuting() -> Set<String> { return [#keyPath(state)] }
 96 |     /// Registers the dependent keys for `isFinished`.
 97 |     @objc private dynamic class func keyPathsForValuesAffectingIsFinished() -> Set<String> { return [#keyPath(state)] }
    |      `- error: Objective-C interoperability is disabled
 98 |
 99 |     /// Creates a `URLRequest` representing the request.
/host/spi-builder-workspace/Sources/APIManager/APIRequest.swift:100:45: error: cannot find type 'URLRequest' in scope
 98 |
 99 |     /// Creates a `URLRequest` representing the request.
100 |     private func formURLRequest() throws -> URLRequest {
    |                                             `- error: cannot find type 'URLRequest' in scope
101 |         let parameters = Dictionary(service.parameters, self.parameters, authorization?.parametersFor(request: self))
102 |         let body = Dictionary(service.body, self.body, authorization?.bodyFor(request: self))
/host/spi-builder-workspace/Sources/APIManager/APIRequest.swift:129:60: error: 'URLResponse' is unavailable: This type has moved to the FoundationNetworking module. Import that module to use it.
127 |
128 |     /// The completion handler for the `URLSessionDataTask` backing the request.
129 |     private func urlRequestCallback(data: Data?, response: URLResponse?, error: Error?) {
    |                                                            `- error: 'URLResponse' is unavailable: This type has moved to the FoundationNetworking module. Import that module to use it.
130 |         if let error = error {
131 |             if (error as NSError).code == NSURLErrorCancelled {
Foundation.URLResponse:2:18: note: 'URLResponse' has been explicitly marked unavailable here
1 | @available(*, unavailable, message: "This type has moved to the FoundationNetworking module. Import that module to use it.")
2 | public typealias URLResponse = AnyObject
  |                  `- note: 'URLResponse' has been explicitly marked unavailable here
/host/spi-builder-workspace/Sources/APIManager/APIRequest.swift:151:32: error: method does not override any method from its superclass
149 |     /// `OperationQueue`. Instead, use `launch()`, `launch(on:)`, or add this
150 |     /// object to an `OperationQueue` to begin the request.
151 |     public final override func start() {
    |                                `- error: method does not override any method from its superclass
152 |         if isCancelled {
153 |             completion?(.failure(APIRequestError.cancelled))
/host/spi-builder-workspace/Sources/APIManager/APIRequest.swift:217:32: error: cannot find type 'OperationQueue' in scope
215 |     /// - returns: `self` for method chaining as needed.
216 |     @discardableResult
217 |     open func launch(on queue: OperationQueue = .defaultAPIRequestQueue) -> APIRequest {
    |                                `- error: cannot find type 'OperationQueue' in scope
218 |         queue.addOperation(self)
219 |         return self
/host/spi-builder-workspace/Sources/APIManager/APIRequest.swift:223:24: error: method does not override any method from its superclass
221 |
222 |     /// Cancels an in-flight request.
223 |     open override func cancel() {
    |                        `- error: method does not override any method from its superclass
224 |         dataTask?.cancel()
225 |         super.cancel()
Failed frontend command:
/usr/bin/swift-frontend -frontend -emit-module -experimental-skip-non-inlinable-function-bodies-without-types /host/spi-builder-workspace/Sources/APIManager/APIAuthorization.swift /host/spi-builder-workspace/Sources/APIManager/APIRequest.swift /host/spi-builder-workspace/Sources/APIManager/APIReturnable.swift /host/spi-builder-workspace/Sources/APIManager/APIService.swift /host/spi-builder-workspace/Sources/APIManager/Dictionary.swift /host/spi-builder-workspace/Sources/APIManager/HTTP.swift -target wasm32-unknown-wasip1 -disable-objc-interop -sdk /root/.swiftpm/swift-sdks/swift-6.4.x-DEVELOPMENT-SNAPSHOT-2026-09-04-a_wasm.artifactbundle/swift-6.4.x-DEVELOPMENT-SNAPSHOT-2026-09-04-a_wasm/wasm32-unknown-wasip1/WASI.sdk -sysroot /root/.swiftpm/swift-sdks/swift-6.4.x-DEVELOPMENT-SNAPSHOT-2026-09-04-a_wasm.artifactbundle/swift-6.4.x-DEVELOPMENT-SNAPSHOT-2026-09-04-a_wasm/wasm32-unknown-wasip1/WASI.sdk -I /host/spi-builder-workspace/.build/out/Products/Debug-webassembly-wasm32 -module-cache-path /host/spi-builder-workspace/.build/out/ModuleCache.noindex -color-diagnostics -Xcc -fcolor-diagnostics -enable-testing -g -debug-info-format\=dwarf -dwarf-version\=4 -swift-version 5 -Onone -D SWIFT_PACKAGE -D DEBUG -D SWIFT_MODULE_RESOURCE_BUNDLE_UNAVAILABLE -D Xcode -serialize-debugging-options -enable-experimental-feature DebugDescriptionMacro -empty-abi-descriptor -external-plugin-path /usr/lib/swift/host/plugins/testing\#/usr/bin/swift-plugin-server -validate-clang-modules-once -clang-build-session-file /host/spi-builder-workspace/.build/out/ModuleCache.noindex/Session.modulevalidation -Xcc -working-directory -Xcc /host -resource-dir /root/.swiftpm/swift-sdks/swift-6.4.x-DEVELOPMENT-SNAPSHOT-2026-09-04-a_wasm.artifactbundle/swift-6.4.x-DEVELOPMENT-SNAPSHOT-2026-09-04-a_wasm/wasm32-unknown-wasip1/swift.xctoolchain/usr/lib/swift_static -use-static-resource-dir -enable-anonymous-context-mangled-names -file-compilation-dir /host -Xcc -resource-dir -Xcc /root/.swiftpm/swift-sdks/swift-6.4.x-DEVELOPMENT-SNAPSHOT-2026-09-04-a_wasm.artifactbundle/swift-6.4.x-DEVELOPMENT-SNAPSHOT-2026-09-04-a_wasm/wasm32-unknown-wasip1/swift.xctoolchain/usr/lib/swift_static/clang -Xcc -D_LIBCPP_HARDENING_MODE\=_LIBCPP_HARDENING_MODE_DEBUG -Xcc -fmodules-prune-interval\=86400 -Xcc -fmodules-prune-after\=345600 -Xcc -I/host/spi-builder-workspace/.build/out/Products/Debug-webassembly-wasm32/include -Xcc -I/host/spi-builder-workspace/.build/out/Intermediates.noindex/APIManager.build/Debug-webassembly-wasm32/APIManager-t.build/DerivedSources-normal/wasm32 -Xcc -I/host/spi-builder-workspace/.build/out/Intermediates.noindex/APIManager.build/Debug-webassembly-wasm32/APIManager-t.build/DerivedSources/wasm32 -Xcc -I/host/spi-builder-workspace/.build/out/Intermediates.noindex/APIManager.build/Debug-webassembly-wasm32/APIManager-t.build/DerivedSources -Xcc -DSWIFT_PACKAGE -Xcc -DDEBUG\=1 -no-auto-bridging-header-chaining -module-name APIManager -const-gather-protocols-file /host/spi-builder-workspace/.build/out/Intermediates.noindex/APIManager.build/Debug-webassembly-wasm32/APIManager-t.build/Objects-normal/wasm32/APIManager_const_extract_protocols.json -in-process-plugin-server-path /usr/lib/swift/host/libSwiftInProcPluginServer.so -plugin-path /usr/lib/swift/host/plugins -plugin-path /usr/local/lib/swift/host/plugins -emit-module-doc-path /host/spi-builder-workspace/.build/out/Intermediates.noindex/APIManager.build/Debug-webassembly-wasm32/APIManager-t.build/Objects-normal/wasm32/Modules/APIManager.swiftdoc -emit-module-source-info-path /host/spi-builder-workspace/.build/out/Intermediates.noindex/APIManager.build/Debug-webassembly-wasm32/APIManager-t.build/Objects-normal/wasm32/Modules/APIManager.swiftsourceinfo -emit-objc-header-path /host/spi-builder-workspace/.build/out/Intermediates.noindex/APIManager.build/Debug-webassembly-wasm32/APIManager-t.build/Objects-normal/wasm32/APIManager-Swift.h -serialize-diagnostics-path /host/spi-builder-workspace/.build/out/Intermediates.noindex/APIManager.build/Debug-webassembly-wasm32/APIManager-t.build/Objects-normal/wasm32/APIManager-primary-emit-module.dia -emit-dependencies-path /host/spi-builder-workspace/.build/out/Intermediates.noindex/APIManager.build/Debug-webassembly-wasm32/APIManager-t.build/Objects-normal/wasm32/APIManager-primary-emit-module.d -parse-as-library -o /host/spi-builder-workspace/.build/out/Intermediates.noindex/APIManager.build/Debug-webassembly-wasm32/APIManager-t.build/Objects-normal/wasm32/Modules/APIManager.swiftmodule
error: Build failed
BUILD FAILURE 6.4 wasm