The Swift Package Index logo.Swift Package Index

Build Information

Failed to build SwiftlySearch, reference v1.2.5 (a71844), with Swift 6.4 for macOS (SPM) on 17 Sep 2026 17:46:55 UTC.

Build Command

env DEVELOPER_DIR=/Applications/Xcode-27.0.0-Release.Candidate.app xcrun swift build --arch arm64

Build Log

========================================
RunAll
========================================
Builder version: 5.1.0
Interrupt handler set up.
========================================
Checkout
========================================
Clone URL: https://github.com/thislooksfun/SwiftlySearch.git
Reference: v1.2.5
Initialized empty Git repository in /Users/admin/builder/spi-builder-workspace/.git/
From https://github.com/thislooksfun/SwiftlySearch
 * tag               v1.2.5     -> FETCH_HEAD
HEAD is now at a718441 chore: mark package as deprecated
Cloned https://github.com/thislooksfun/SwiftlySearch.git
Revision (git rev-parse @):
a7184413250a91f012d5d26eed874b5b2fdaeaac
SUCCESS checkout https://github.com/thislooksfun/SwiftlySearch.git at v1.2.5
========================================
Build
========================================
Selected platform:         macosSpm
Swift version:             6.4
Building package at path:  $PWD
https://github.com/thislooksfun/SwiftlySearch.git
Running build ...
env DEVELOPER_DIR=/Applications/Xcode-27.0.0-Release.Candidate.app xcrun swift build --arch arm64
Building for debugging...
[Planning deferred tasks]
[19 / 28]
[20 / 29] SwiftlySearch
[30 / 97]
[33 / 97]
[41 / 97]
[43 / 97]
[44 / 97]
[49 / 97]
[52 / 97]
[55 / 97]
[61 / 97]
[64 / 97]
[66 / 97]
[67 / 97]
[77 / 97]
[79 / 97]
[80 / 97]
[83 / 97]
[85 / 97]
[88 / 97] SwiftlySearch
error: SwiftCompile normal arm64 failed with a nonzero exit code. Command line:     cd /Users/admin/builder

/Users/admin/builder/spi-builder-workspace/Sources/SwiftlySearch/SwiftlySearch.swift:57:40: error: cannot find type 'Context' in scope
 55 |     }
 56 |
 57 |     func makeUIViewController(context: Context) -> SearchBarWrapperController {
    |                                        `- error: cannot find type 'Context' in scope
 58 |         return SearchBarWrapperController()
 59 |     }
/Users/admin/builder/spi-builder-workspace/Sources/SwiftlySearch/SwiftlySearch.swift:61:84: error: cannot find type 'Context' in scope
 59 |     }
 60 |
 61 |     func updateUIViewController(_ controller: SearchBarWrapperController, context: Context) {
    |                                                                                    `- error: cannot find type 'Context' in scope
 62 |         controller.searchController = context.coordinator.searchController
 63 |         controller.hidesSearchBarWhenScrolling = hidesSearchBarWhenScrolling
/Users/admin/builder/spi-builder-workspace/Sources/SwiftlySearch/SwiftlySearch.swift:77:34: error: cannot find type 'UISearchResultsUpdating' in scope
 75 |     }
 76 |
 77 |     class Coordinator: NSObject, UISearchResultsUpdating, UISearchBarDelegate {
    |                                  `- error: cannot find type 'UISearchResultsUpdating' in scope
 78 |         @Binding
 79 |         var text: String
/Users/admin/builder/spi-builder-workspace/Sources/SwiftlySearch/SwiftlySearch.swift:77:59: error: cannot find type 'UISearchBarDelegate' in scope
 75 |     }
 76 |
 77 |     class Coordinator: NSObject, UISearchResultsUpdating, UISearchBarDelegate {
    |                                                           `- error: cannot find type 'UISearchBarDelegate' in scope
 78 |         @Binding
 79 |         var text: String
/Users/admin/builder/spi-builder-workspace/Sources/SwiftlySearch/SwiftlySearch.swift:82:31: error: cannot find type 'UISearchController' in scope
 80 |         var cancelClicked: () -> Void
 81 |         var searchClicked: () -> Void
 82 |         let searchController: UISearchController
    |                               `- error: cannot find type 'UISearchController' in scope
 83 |
 84 |         private var updatedText: String
/Users/admin/builder/spi-builder-workspace/Sources/SwiftlySearch/SwiftlySearch.swift:115:56: error: cannot find type 'UISearchController' in scope
113 |
114 |         // MARK: - UISearchResultsUpdating
115 |         func updateSearchResults(for searchController: UISearchController) {
    |                                                        `- error: cannot find type 'UISearchController' in scope
116 |             guard let text = searchController.searchBar.text else { return }
117 |             // Make sure the text has actually changed (workaround for #10).
/Users/admin/builder/spi-builder-workspace/Sources/SwiftlySearch/SwiftlySearch.swift:128:56: error: cannot find type 'UISearchBar' in scope
126 |
127 |         // MARK: - UISearchBarDelegate
128 |         func searchBarCancelButtonClicked(_ searchBar: UISearchBar) {
    |                                                        `- error: cannot find type 'UISearchBar' in scope
129 |             self.cancelClicked()
130 |         }
/Users/admin/builder/spi-builder-workspace/Sources/SwiftlySearch/SwiftlySearch.swift:131:56: error: cannot find type 'UISearchBar' in scope
129 |             self.cancelClicked()
130 |         }
131 |         func searchBarSearchButtonClicked(_ searchBar: UISearchBar) {
    |                                                        `- error: cannot find type 'UISearchBar' in scope
132 |             self.searchClicked()
133 |         }
/Users/admin/builder/spi-builder-workspace/Sources/SwiftlySearch/SwiftlySearch.swift:136:39: error: cannot find type 'UIViewController' in scope
134 |     }
135 |
136 |     class SearchBarWrapperController: UIViewController {
    |                                       `- error: cannot find type 'UIViewController' in scope
137 |         var text: String? {
138 |             didSet {
/Users/admin/builder/spi-builder-workspace/Sources/SwiftlySearch/SwiftlySearch.swift:139:22: error: value of type 'SearchBar<ResultContent>.SearchBarWrapperController' has no member 'parent'
137 |         var text: String? {
138 |             didSet {
139 |                 self.parent?.navigationItem.searchController?.searchBar.text = text
    |                      `- error: value of type 'SearchBar<ResultContent>.SearchBarWrapperController' has no member 'parent'
140 |             }
141 |         }
/Users/admin/builder/spi-builder-workspace/Sources/SwiftlySearch/SwiftlySearch.swift:143:31: error: cannot find type 'UISearchController' in scope
141 |         }
142 |
143 |         var searchController: UISearchController? {
    |                               `- error: cannot find type 'UISearchController' in scope
144 |             didSet {
145 |                 self.parent?.navigationItem.searchController = searchController
/Users/admin/builder/spi-builder-workspace/Sources/SwiftlySearch/SwiftlySearch.swift:145:22: error: value of type 'SearchBar<ResultContent>.SearchBarWrapperController' has no member 'parent'
143 |         var searchController: UISearchController? {
144 |             didSet {
145 |                 self.parent?.navigationItem.searchController = searchController
    |                      `- error: value of type 'SearchBar<ResultContent>.SearchBarWrapperController' has no member 'parent'
146 |             }
147 |         }
/Users/admin/builder/spi-builder-workspace/Sources/SwiftlySearch/SwiftlySearch.swift:151:22: error: value of type 'SearchBar<ResultContent>.SearchBarWrapperController' has no member 'parent'
149 |         var hidesSearchBarWhenScrolling: Bool = true {
150 |             didSet {
151 |                 self.parent?.navigationItem.hidesSearchBarWhenScrolling = hidesSearchBarWhenScrolling
    |                      `- error: value of type 'SearchBar<ResultContent>.SearchBarWrapperController' has no member 'parent'
152 |             }
153 |         }
/Users/admin/builder/spi-builder-workspace/Sources/SwiftlySearch/SwiftlySearch.swift:155:23: error: method does not override any method from its superclass
153 |         }
154 |
155 |         override func viewWillAppear(_ animated: Bool) {
    |                       `- error: method does not override any method from its superclass
156 |             setup()
157 |         }
/Users/admin/builder/spi-builder-workspace/Sources/SwiftlySearch/SwiftlySearch.swift:158:23: error: method does not override any method from its superclass
156 |             setup()
157 |         }
158 |         override func viewDidAppear(_ animated: Bool) {
    |                       `- error: method does not override any method from its superclass
159 |             setup()
160 |         }
/Users/admin/builder/spi-builder-workspace/Sources/SwiftlySearch/SwiftlySearch.swift:37:40: error: cannot find type 'UIViewControllerRepresentable' in scope
 35 | }
 36 |
 37 | struct SearchBar<ResultContent: View>: UIViewControllerRepresentable {
    |                                        `- error: cannot find type 'UIViewControllerRepresentable' in scope
 38 |     @Binding
 39 |     var text: String
Failed frontend command:
/Applications/Xcode-27.0.0-Release.Candidate.app/Contents/Developer/Toolchains/XcodeDefault.xctoolchain/usr/bin/swift-frontend -frontend -emit-module -experimental-skip-non-inlinable-function-bodies-without-types /Users/admin/builder/spi-builder-workspace/Sources/SwiftlySearch/SwiftlySearch.swift -target arm64-apple-macos12.0 -disable-cross-import-overlay-search -load-resolved-plugin /Applications/Xcode-27.0.0-Release.Candidate.app/Contents/Developer/Platforms/MacOSX.platform/Developer/usr/lib/swift/host/plugins/libFoundationMacros.dylib\#/Applications/Xcode-27.0.0-Release.Candidate.app/Contents/Developer/Platforms/MacOSX.platform/Developer/usr/bin/swift-plugin-server\#FoundationMacros -load-resolved-plugin /Applications/Xcode-27.0.0-Release.Candidate.app/Contents/Developer/Platforms/MacOSX.platform/Developer/usr/lib/swift/host/plugins/libObservationMacros.dylib\#/Applications/Xcode-27.0.0-Release.Candidate.app/Contents/Developer/Platforms/MacOSX.platform/Developer/usr/bin/swift-plugin-server\#ObservationMacros -load-resolved-plugin /Applications/Xcode-27.0.0-Release.Candidate.app/Contents/Developer/Platforms/MacOSX.platform/Developer/usr/lib/swift/host/plugins/libPreviewsMacros.dylib\#/Applications/Xcode-27.0.0-Release.Candidate.app/Contents/Developer/Platforms/MacOSX.platform/Developer/usr/bin/swift-plugin-server\#PreviewsMacros -load-resolved-plugin /Applications/Xcode-27.0.0-Release.Candidate.app/Contents/Developer/Platforms/MacOSX.platform/Developer/usr/lib/swift/host/plugins/libSwiftMacros.dylib\#/Applications/Xcode-27.0.0-Release.Candidate.app/Contents/Developer/Platforms/MacOSX.platform/Developer/usr/bin/swift-plugin-server\#SwiftMacros -load-resolved-plugin /Applications/Xcode-27.0.0-Release.Candidate.app/Contents/Developer/Platforms/MacOSX.platform/Developer/usr/lib/swift/host/plugins/libSwiftUIMacros.dylib\#/Applications/Xcode-27.0.0-Release.Candidate.app/Contents/Developer/Platforms/MacOSX.platform/Developer/usr/bin/swift-plugin-server\#SwiftUIMacros -disable-implicit-swift-modules -Xcc -fno-implicit-modules -Xcc -fno-implicit-module-maps -explicit-swift-module-map-file /Users/admin/builder/spi-builder-workspace/.build/out/Intermediates.noindex/SwiftlySearch.build/Debug/SwiftlySearch-t.build/Objects-normal/arm64/SwiftlySearch-dependencies-1.json -Xllvm -aarch64-use-tbi -enable-objc-interop -stack-check -sdk /Applications/Xcode-27.0.0-Release.Candidate.app/Contents/Developer/Platforms/MacOSX.platform/Developer/SDKs/MacOSX27.0.sdk -I /Users/admin/builder/spi-builder-workspace/.build/out/Products/Debug -Isystem /Applications/Xcode-27.0.0-Release.Candidate.app/Contents/Developer/Platforms/MacOSX.platform/Developer/usr/lib -F /Users/admin/builder/spi-builder-workspace/.build/out/Products/Debug -F /Applications/Xcode-27.0.0-Release.Candidate.app/Contents/Developer/Platforms/MacOSX.platform/Developer/Library/Frameworks -module-cache-path /Users/admin/builder/spi-builder-workspace/.build/out/Intermediates.noindex/SwiftExplicitPrecompiledModules -color-diagnostics -Xcc -fcolor-diagnostics -enable-testing -g -debug-info-format\=dwarf -dwarf-version\=4 -swift-version 5 -Onone -D SWIFT_PACKAGE -D DEBUG -D SWIFT_MODULE_RESOURCE_BUNDLE_UNAVAILABLE -D Xcode -serialize-debugging-options -enable-experimental-feature DebugDescriptionMacro -empty-abi-descriptor -validate-clang-modules-once -clang-build-session-file /Users/admin/builder/spi-builder-workspace/.build/out/ModuleCache.noindex/Session.modulevalidation -Xcc -working-directory -Xcc /Users/admin/builder -enable-anonymous-context-mangled-names -file-compilation-dir /Users/admin/builder -Xcc -D_LIBCPP_HARDENING_MODE\=_LIBCPP_HARDENING_MODE_DEBUG -Xcc -ivfsstatcache -Xcc /Users/admin/builder/spi-builder-workspace/.build/out/SDKStatCaches.noindex/macosx27.0-26A425-80c5bbf1d171475443272936d42f90a36a22442a12e9d48fe1a705f55a1adfc4.sdkstatcache -Xcc -fmodules-prune-interval\=86400 -Xcc -fmodules-prune-after\=345600 -Xcc -I/Users/admin/builder/spi-builder-workspace/.build/out/Products/Debug/include -Xcc -I/Users/admin/builder/spi-builder-workspace/.build/out/Intermediates.noindex/SwiftlySearch.build/Debug/SwiftlySearch-t.build/DerivedSources-normal/arm64 -Xcc -I/Users/admin/builder/spi-builder-workspace/.build/out/Intermediates.noindex/SwiftlySearch.build/Debug/SwiftlySearch-t.build/DerivedSources/arm64 -Xcc -I/Users/admin/builder/spi-builder-workspace/.build/out/Intermediates.noindex/SwiftlySearch.build/Debug/SwiftlySearch-t.build/DerivedSources -Xcc -DSWIFT_PACKAGE -Xcc -DDEBUG\=1 -no-auto-bridging-header-chaining -module-name SwiftlySearch -const-gather-protocols-file /Users/admin/builder/spi-builder-workspace/.build/out/Intermediates.noindex/SwiftlySearch.build/Debug/SwiftlySearch-t.build/Objects-normal/arm64/SwiftlySearch_const_extract_protocols.json -disable-clang-spi -clang-target arm64-apple-macos27.0 -target-sdk-version 27.0 -target-sdk-name macosx27.0 -in-process-plugin-server-path /Applications/Xcode-27.0.0-Release.Candidate.app/Contents/Developer/Toolchains/XcodeDefault.xctoolchain/usr/lib/swift/host/libSwiftInProcPluginServer.dylib -emit-module-doc-path /Users/admin/builder/spi-builder-workspace/.build/out/Intermediates.noindex/SwiftlySearch.build/Debug/SwiftlySearch-t.build/Objects-normal/arm64/SwiftlySearch.swiftdoc -emit-module-source-info-path /Users/admin/builder/spi-builder-workspace/.build/out/Intermediates.noindex/SwiftlySearch.build/Debug/SwiftlySearch-t.build/Objects-normal/arm64/SwiftlySearch.swiftsourceinfo -emit-objc-header-path /Users/admin/builder/spi-builder-workspace/.build/out/Intermediates.noindex/SwiftlySearch.build/Debug/SwiftlySearch-t.build/Objects-normal/arm64/SwiftlySearch-Swift.h -serialize-diagnostics-path /Users/admin/builder/spi-builder-workspace/.build/out/Intermediates.noindex/SwiftlySearch.build/Debug/SwiftlySearch-t.build/Objects-normal/arm64/SwiftlySearch-primary-emit-module.dia -emit-dependencies-path /Users/admin/builder/spi-builder-workspace/.build/out/Intermediates.noindex/SwiftlySearch.build/Debug/SwiftlySearch-t.build/Objects-normal/arm64/SwiftlySearch-primary-emit-module.d -parse-as-library -o /Users/admin/builder/spi-builder-workspace/.build/out/Intermediates.noindex/SwiftlySearch.build/Debug/SwiftlySearch-t.build/Objects-normal/arm64/SwiftlySearch.swiftmodule -emit-abi-descriptor-path /Users/admin/builder/spi-builder-workspace/.build/out/Intermediates.noindex/SwiftlySearch.build/Debug/SwiftlySearch-t.build/Objects-normal/arm64/SwiftlySearch.abi.json
error: Build failed
BUILD FAILURE 6.4 macosSpm