The Swift Package Index logo.Swift Package Index

Build Information

Failed to build swift-log-SwiftyBeaver, reference v0.2.0 (675c2d), with Swift 6.4 for Android on 21 Sep 2026 06:20:08 UTC.

Build Command

bash -c docker run --pull=always --rm -v "checkouts-54344845-0":/host -w "$PWD" -e JAVA_HOME="/root/.sdkman/candidates/java/current" -e SPI_BUILD="1" -e SPI_PROCESSING="1" registry.gitlab.com/saguaro1/spi-images:android-6.4-latest swift build --swift-sdk aarch64-unknown-linux-android28 2>&1

Build Log

========================================
RunAll
========================================
Builder version: 5.1.0
Interrupt handler set up.
========================================
Checkout
========================================
Clone URL: https://github.com/ShivaHuang/swift-log-SwiftyBeaver.git
Reference: v0.2.0
Initialized empty Git repository in /host/spi-builder-workspace/.git/
hint: Using 'master' as the name for the initial branch. This default branch name
hint: is subject to change. To configure the initial branch name to use in all
hint: of your new repositories, which will suppress this warning, call:
hint:
hint: 	git config --global init.defaultBranch <name>
hint:
hint: Names commonly chosen instead of 'master' are 'main', 'trunk' and
hint: 'development'. The just-created branch can be renamed via this command:
hint:
hint: 	git branch -m <name>
From https://github.com/ShivaHuang/swift-log-SwiftyBeaver
 * tag               v0.2.0     -> FETCH_HEAD
HEAD is now at 675c2d4 Misc: Upgrade Dependencies
Cloned https://github.com/ShivaHuang/swift-log-SwiftyBeaver.git
Revision (git rev-parse @):
675c2d46fe0d68771af00d4657bceb83b5727c6a
SUCCESS checkout https://github.com/ShivaHuang/swift-log-SwiftyBeaver.git at v0.2.0
========================================
Build
========================================
Selected platform:         android
Swift version:             6.4
Building package at path:  $PWD
https://github.com/ShivaHuang/swift-log-SwiftyBeaver.git
Running build ...
bash -c docker run --pull=always --rm -v "checkouts-54344845-0":/host -w "$PWD" -e JAVA_HOME="/root/.sdkman/candidates/java/current" -e SPI_BUILD="1" -e SPI_PROCESSING="1" registry.gitlab.com/saguaro1/spi-images:android-6.4-latest swift build --swift-sdk aarch64-unknown-linux-android28 2>&1
android-6.4-latest: Pulling from saguaro1/spi-images
Digest: sha256:abadcff584c273feba50641b454858d377ba30b35ea7287a94f45ebd8afd0ea0
Status: Image is up to date for registry.gitlab.com/saguaro1/spi-images:android-6.4-latest
Fetching https://github.com/SwiftyBeaver/SwiftyBeaver.git
Fetching https://github.com/apple/swift-log.git
[1/4084] Fetching swiftybeaver
[1349/12180] Fetching swiftybeaver, swift-log
Fetched https://github.com/apple/swift-log.git (0.56s)
Fetched https://github.com/SwiftyBeaver/SwiftyBeaver.git (0.56s)
Computing version for https://github.com/SwiftyBeaver/SwiftyBeaver.git
Computed https://github.com/SwiftyBeaver/SwiftyBeaver.git at 2.1.1 (0.76s)
Computing version for https://github.com/apple/swift-log.git
Computed https://github.com/apple/swift-log.git at 1.15.1 (0.21s)
Creating working copy for https://github.com/SwiftyBeaver/SwiftyBeaver.git
Working copy of https://github.com/SwiftyBeaver/SwiftyBeaver.git resolved at 2.1.1
Creating working copy for https://github.com/apple/swift-log.git
Working copy of https://github.com/apple/swift-log.git resolved at 1.15.1
Building for debugging...
[Pre-planning 1 / 126]
[41 / 72] SwiftyBeaver
[52 / 72] SwiftyBeaver-product
[56 / 72] SwiftyBeaver
[58 / 72] SwiftyBeaver
[59 / 72] Logging
error: SwiftCompile normal aarch64 /host/spi-builder-workspace/.build/checkouts/SwiftyBeaver/Sources/SwiftyBeaver.swift failed with a nonzero exit code. Command line:     cd /host
    builtin-SwiftPerFileCompile SwiftyBeaver.swift
/host/spi-builder-workspace/.build/checkouts/SwiftyBeaver/Sources/SwiftyBeaver.swift:87:28: error: cannot find '__dispatch_queue_get_label' in scope
 85 |                 return ""
 86 |             } else {
 87 |                 let name = __dispatch_queue_get_label(nil)
    |                            `- error: cannot find '__dispatch_queue_get_label' in scope
 88 |                 return String(cString: name, encoding: .utf8) ?? Thread.current.description
 89 |             }
Failed frontend command:
/root/.local/share/swiftly/toolchains/6.4.x-snapshot-2026-09-04/usr/bin/swift-frontend -frontend -c /host/spi-builder-workspace/.build/checkouts/SwiftyBeaver/Sources/Base64.swift /host/spi-builder-workspace/.build/checkouts/SwiftyBeaver/Sources/BaseDestination.swift /host/spi-builder-workspace/.build/checkouts/SwiftyBeaver/Sources/ConsoleDestination.swift /host/spi-builder-workspace/.build/checkouts/SwiftyBeaver/Sources/Extensions.swift /host/spi-builder-workspace/.build/checkouts/SwiftyBeaver/Sources/FileDestination.swift /host/spi-builder-workspace/.build/checkouts/SwiftyBeaver/Sources/Filter.swift /host/spi-builder-workspace/.build/checkouts/SwiftyBeaver/Sources/FilterValidator.swift /host/spi-builder-workspace/.build/checkouts/SwiftyBeaver/Sources/GoogleCloudDestination.swift -primary-file /host/spi-builder-workspace/.build/checkouts/SwiftyBeaver/Sources/SwiftyBeaver.swift -emit-dependencies-path /host/spi-builder-workspace/.build/out/Intermediates.noindex/SwiftyBeaver.build/Debug-android-aarch64/SwiftyBeaver-t.build/Objects-normal/aarch64/SwiftyBeaver.d -emit-const-values-path /host/spi-builder-workspace/.build/out/Intermediates.noindex/SwiftyBeaver.build/Debug-android-aarch64/SwiftyBeaver-t.build/Objects-normal/aarch64/SwiftyBeaver.swiftconstvalues -emit-reference-dependencies-path /host/spi-builder-workspace/.build/out/Intermediates.noindex/SwiftyBeaver.build/Debug-android-aarch64/SwiftyBeaver-t.build/Objects-normal/aarch64/SwiftyBeaver.swiftdeps -serialize-diagnostics-path /host/spi-builder-workspace/.build/out/Intermediates.noindex/SwiftyBeaver.build/Debug-android-aarch64/SwiftyBeaver-t.build/Objects-normal/aarch64/SwiftyBeaver.dia -target aarch64-unknown-linux-android28 -Xllvm -aarch64-use-tbi -disable-objc-interop -sdk /android-ndk/android-ndk-r27d/toolchains/llvm/prebuilt/linux-x86_64/sysroot -sysroot /android-ndk/android-ndk-r27d/toolchains/llvm/prebuilt/linux-x86_64/sysroot -I /host/spi-builder-workspace/.build/out/Products/Debug-android-aarch64 -module-cache-path /host/spi-builder-workspace/.build/out/ModuleCache.noindex -color-diagnostics -Xcc -fcolor-diagnostics -enable-testing -g -debug-info-format\=dwarf -dwarf-version\=4 -suppress-warnings -swift-version 5 -Onone -D SWIFT_PACKAGE -D DEBUG -D SWIFT_MODULE_RESOURCE_BUNDLE_UNAVAILABLE -D Xcode -serialize-debugging-options -enable-experimental-feature DebugDescriptionMacro -empty-abi-descriptor -external-plugin-path /root/.local/share/swiftly/toolchains/6.4.x-snapshot-2026-09-04/usr/lib/swift/host/plugins/testing\#/root/.local/share/swiftly/toolchains/6.4.x-snapshot-2026-09-04/usr/bin/swift-plugin-server -validate-clang-modules-once -clang-build-session-file /host/spi-builder-workspace/.build/out/ModuleCache.noindex/Session.modulevalidation -Xcc -working-directory -Xcc /host -resource-dir /root/.swiftpm/swift-sdks/swift-6.4.x-DEVELOPMENT-SNAPSHOT-2026-09-04-a_android.artifactbundle/swift-android/swift-resources/usr/lib/swift-aarch64 -enable-anonymous-context-mangled-names -file-compilation-dir /host -Xcc -resource-dir -Xcc /android-ndk/android-ndk-r27d/toolchains/llvm/prebuilt/linux-x86_64/lib/clang/18 -Xcc -fno-omit-frame-pointer -Xcc -D_LIBCPP_HARDENING_MODE\=_LIBCPP_HARDENING_MODE_DEBUG -Xcc -fmodules-prune-interval\=86400 -Xcc -fmodules-prune-after\=345600 -Xcc -I/host/spi-builder-workspace/.build/out/Products/Debug-android-aarch64/include -Xcc -I/host/spi-builder-workspace/.build/out/Intermediates.noindex/SwiftyBeaver.build/Debug-android-aarch64/SwiftyBeaver-t.build/DerivedSources-normal/aarch64 -Xcc -I/host/spi-builder-workspace/.build/out/Intermediates.noindex/SwiftyBeaver.build/Debug-android-aarch64/SwiftyBeaver-t.build/DerivedSources/aarch64 -Xcc -I/host/spi-builder-workspace/.build/out/Intermediates.noindex/SwiftyBeaver.build/Debug-android-aarch64/SwiftyBeaver-t.build/DerivedSources -Xcc -DSWIFT_PACKAGE -Xcc -DDEBUG\=1 -no-auto-bridging-header-chaining -module-name SwiftyBeaver -const-gather-protocols-file /host/spi-builder-workspace/.build/out/Intermediates.noindex/SwiftyBeaver.build/Debug-android-aarch64/SwiftyBeaver-t.build/Objects-normal/aarch64/SwiftyBeaver_const_extract_protocols.json -in-process-plugin-server-path /root/.local/share/swiftly/toolchains/6.4.x-snapshot-2026-09-04/usr/lib/swift/host/libSwiftInProcPluginServer.so -plugin-path /root/.local/share/swiftly/toolchains/6.4.x-snapshot-2026-09-04/usr/lib/swift/host/plugins -plugin-path /root/.local/share/swiftly/toolchains/6.4.x-snapshot-2026-09-04/usr/local/lib/swift/host/plugins -parse-as-library -o /host/spi-builder-workspace/.build/out/Intermediates.noindex/SwiftyBeaver.build/Debug-android-aarch64/SwiftyBeaver-t.build/Objects-normal/aarch64/SwiftyBeaver.o -index-unit-output-path /SwiftyBeaver.build/Debug-android-aarch64/SwiftyBeaver-t.build/Objects-normal/aarch64/SwiftyBeaver.o -index-store-path /host/spi-builder-workspace/.build/out -index-system-modules
error: SwiftCompile normal aarch64 /host/spi-builder-workspace/.build/checkouts/SwiftyBeaver/Sources/FileDestination.swift failed with a nonzero exit code. Command line:     cd /host
    builtin-SwiftPerFileCompile FileDestination.swift
/host/spi-builder-workspace/.build/checkouts/SwiftyBeaver/Sources/FileDestination.swift:178:27: error: cannot find 'NSFileCoordinator' in scope
176 |         #else
177 |         var success = false
178 |         let coordinator = NSFileCoordinator(filePresenter: nil)
    |                           `- error: cannot find 'NSFileCoordinator' in scope
179 |         var error: NSError?
180 |         coordinator.coordinate(writingItemAt: url, error: &error) { url in
Failed frontend command:
/root/.local/share/swiftly/toolchains/6.4.x-snapshot-2026-09-04/usr/bin/swift-frontend -frontend -c /host/spi-builder-workspace/.build/checkouts/SwiftyBeaver/Sources/Base64.swift /host/spi-builder-workspace/.build/checkouts/SwiftyBeaver/Sources/BaseDestination.swift /host/spi-builder-workspace/.build/checkouts/SwiftyBeaver/Sources/ConsoleDestination.swift /host/spi-builder-workspace/.build/checkouts/SwiftyBeaver/Sources/Extensions.swift -primary-file /host/spi-builder-workspace/.build/checkouts/SwiftyBeaver/Sources/FileDestination.swift /host/spi-builder-workspace/.build/checkouts/SwiftyBeaver/Sources/Filter.swift /host/spi-builder-workspace/.build/checkouts/SwiftyBeaver/Sources/FilterValidator.swift /host/spi-builder-workspace/.build/checkouts/SwiftyBeaver/Sources/GoogleCloudDestination.swift /host/spi-builder-workspace/.build/checkouts/SwiftyBeaver/Sources/SwiftyBeaver.swift -emit-dependencies-path /host/spi-builder-workspace/.build/out/Intermediates.noindex/SwiftyBeaver.build/Debug-android-aarch64/SwiftyBeaver-t.build/Objects-normal/aarch64/FileDestination.d -emit-const-values-path /host/spi-builder-workspace/.build/out/Intermediates.noindex/SwiftyBeaver.build/Debug-android-aarch64/SwiftyBeaver-t.build/Objects-normal/aarch64/FileDestination.swiftconstvalues -emit-reference-dependencies-path /host/spi-builder-workspace/.build/out/Intermediates.noindex/SwiftyBeaver.build/Debug-android-aarch64/SwiftyBeaver-t.build/Objects-normal/aarch64/FileDestination.swiftdeps -serialize-diagnostics-path /host/spi-builder-workspace/.build/out/Intermediates.noindex/SwiftyBeaver.build/Debug-android-aarch64/SwiftyBeaver-t.build/Objects-normal/aarch64/FileDestination.dia -target aarch64-unknown-linux-android28 -Xllvm -aarch64-use-tbi -disable-objc-interop -sdk /android-ndk/android-ndk-r27d/toolchains/llvm/prebuilt/linux-x86_64/sysroot -sysroot /android-ndk/android-ndk-r27d/toolchains/llvm/prebuilt/linux-x86_64/sysroot -I /host/spi-builder-workspace/.build/out/Products/Debug-android-aarch64 -module-cache-path /host/spi-builder-workspace/.build/out/ModuleCache.noindex -color-diagnostics -Xcc -fcolor-diagnostics -enable-testing -g -debug-info-format\=dwarf -dwarf-version\=4 -suppress-warnings -swift-version 5 -Onone -D SWIFT_PACKAGE -D DEBUG -D SWIFT_MODULE_RESOURCE_BUNDLE_UNAVAILABLE -D Xcode -serialize-debugging-options -enable-experimental-feature DebugDescriptionMacro -empty-abi-descriptor -external-plugin-path /root/.local/share/swiftly/toolchains/6.4.x-snapshot-2026-09-04/usr/lib/swift/host/plugins/testing\#/root/.local/share/swiftly/toolchains/6.4.x-snapshot-2026-09-04/usr/bin/swift-plugin-server -validate-clang-modules-once -clang-build-session-file /host/spi-builder-workspace/.build/out/ModuleCache.noindex/Session.modulevalidation -Xcc -working-directory -Xcc /host -resource-dir /root/.swiftpm/swift-sdks/swift-6.4.x-DEVELOPMENT-SNAPSHOT-2026-09-04-a_android.artifactbundle/swift-android/swift-resources/usr/lib/swift-aarch64 -enable-anonymous-context-mangled-names -file-compilation-dir /host -Xcc -resource-dir -Xcc /android-ndk/android-ndk-r27d/toolchains/llvm/prebuilt/linux-x86_64/lib/clang/18 -Xcc -fno-omit-frame-pointer -Xcc -D_LIBCPP_HARDENING_MODE\=_LIBCPP_HARDENING_MODE_DEBUG -Xcc -fmodules-prune-interval\=86400 -Xcc -fmodules-prune-after\=345600 -Xcc -I/host/spi-builder-workspace/.build/out/Products/Debug-android-aarch64/include -Xcc -I/host/spi-builder-workspace/.build/out/Intermediates.noindex/SwiftyBeaver.build/Debug-android-aarch64/SwiftyBeaver-t.build/DerivedSources-normal/aarch64 -Xcc -I/host/spi-builder-workspace/.build/out/Intermediates.noindex/SwiftyBeaver.build/Debug-android-aarch64/SwiftyBeaver-t.build/DerivedSources/aarch64 -Xcc -I/host/spi-builder-workspace/.build/out/Intermediates.noindex/SwiftyBeaver.build/Debug-android-aarch64/SwiftyBeaver-t.build/DerivedSources -Xcc -DSWIFT_PACKAGE -Xcc -DDEBUG\=1 -no-auto-bridging-header-chaining -module-name SwiftyBeaver -const-gather-protocols-file /host/spi-builder-workspace/.build/out/Intermediates.noindex/SwiftyBeaver.build/Debug-android-aarch64/SwiftyBeaver-t.build/Objects-normal/aarch64/SwiftyBeaver_const_extract_protocols.json -in-process-plugin-server-path /root/.local/share/swiftly/toolchains/6.4.x-snapshot-2026-09-04/usr/lib/swift/host/libSwiftInProcPluginServer.so -plugin-path /root/.local/share/swiftly/toolchains/6.4.x-snapshot-2026-09-04/usr/lib/swift/host/plugins -plugin-path /root/.local/share/swiftly/toolchains/6.4.x-snapshot-2026-09-04/usr/local/lib/swift/host/plugins -parse-as-library -o /host/spi-builder-workspace/.build/out/Intermediates.noindex/SwiftyBeaver.build/Debug-android-aarch64/SwiftyBeaver-t.build/Objects-normal/aarch64/FileDestination.o -index-unit-output-path /SwiftyBeaver.build/Debug-android-aarch64/SwiftyBeaver-t.build/Objects-normal/aarch64/FileDestination.o -index-store-path /host/spi-builder-workspace/.build/out -index-system-modules
error: Build failed
BUILD FAILURE 6.4 android