The Swift Package Index logo.Swift Package Index

Build Information

Failed to build ThreeFingerScreenshot, reference v1.0.0 (d4ce91), with Swift 6.4 for watchOS using Xcode 27.0 on 25 Sep 2026 15:11:45 UTC.

Build Command

env DEVELOPER_DIR=/Applications/Xcode-27.0.0-Release.Candidate.app xcrun xcodebuild -IDEClonedSourcePackagesDirPathOverride=$PWD/.dependencies -skipMacroValidation -skipPackagePluginValidation -derivedDataPath $PWD/.derivedData build -scheme ThreeFingerScreenshot -destination generic/platform=watchOS

Build Log

========================================
RunAll
========================================
Builder version: 5.1.0
Interrupt handler set up.
========================================
Checkout
========================================
Clone URL: https://github.com/CostinDragos/ThreeFingerScreenshot.git
Reference: v1.0.0
Initialized empty Git repository in /Users/admin/builder/spi-builder-workspace/.git/
From https://github.com/CostinDragos/ThreeFingerScreenshot
 * tag               v1.0.0     -> FETCH_HEAD
HEAD is now at d4ce917 Update video tag in README for better controls
Cloned https://github.com/CostinDragos/ThreeFingerScreenshot.git
Revision (git rev-parse @):
d4ce91783b4b639916bd7ad18943724c107153ef
SUCCESS checkout https://github.com/CostinDragos/ThreeFingerScreenshot.git at v1.0.0
========================================
Build
========================================
Selected platform:         watchOS
Swift version:             6.4
Building package at path:  $PWD
https://github.com/CostinDragos/ThreeFingerScreenshot.git
Command line invocation:
    /Applications/Xcode-27.0.0-Release.Candidate.app/Contents/Developer/usr/bin/xcodebuild -IDEClonedSourcePackagesDirPathOverride=/Users/admin/builder/spi-builder-workspace/.dependencies -resolvePackageDependencies
Resolve Package Graph
Resolve Package Graph
Resolved source packages:
  ThreeFingerScreenshot: /Users/admin/builder/spi-builder-workspace
resolved source packages: ThreeFingerScreenshot
2026-09-25 11:11:05.500 xcodebuild[528:3034] [MT] IDERunDestination: Supported platforms for the buildables in the current scheme is empty.
{
  "dependencies" : [
  ],
  "manifest_display_name" : "ThreeFingerScreenshot",
  "name" : "ThreeFingerScreenshot",
  "path" : "/Users/admin/builder/spi-builder-workspace",
  "platforms" : [
    {
      "name" : "ios",
      "version" : "14.0"
    }
  ],
  "products" : [
    {
      "name" : "ThreeFingerScreenshot",
      "targets" : [
        "ThreeFingerScreenshot"
      ],
      "type" : {
        "library" : [
          "automatic"
        ]
      }
    }
  ],
  "swift_languages_versions" : [
    "6"
  ],
  "targets" : [
    {
      "c99name" : "ThreeFingerScreenshotTests",
      "module_type" : "SwiftTarget",
      "name" : "ThreeFingerScreenshotTests",
      "path" : "Tests/ThreeFingerScreenshotTests",
      "sources" : [
        "ThreeFingerScreenshotTests.swift"
      ],
      "target_dependencies" : [
        "ThreeFingerScreenshot"
      ],
      "type" : "test"
    },
    {
      "c99name" : "ThreeFingerScreenshot",
      "module_type" : "SwiftTarget",
      "name" : "ThreeFingerScreenshot",
      "path" : "Sources/ThreeFingerScreenshot",
      "product_memberships" : [
        "ThreeFingerScreenshot"
      ],
      "sources" : [
        "ScreenshotManager.swift"
      ],
      "type" : "library"
    }
  ],
  "tools_version" : "6.3.1"
}
{
  "workspace" : {
    "name" : "ThreeFingerScreenshot",
    "schemes" : [
      "ThreeFingerScreenshot"
    ]
  }
}
2026-09-25 11:11:37.271 xcodebuild[625:3835] [MT] IDERunDestination: Supported platforms for the buildables in the current scheme is empty.
Running build ...
env DEVELOPER_DIR=/Applications/Xcode-27.0.0-Release.Candidate.app xcrun xcodebuild -IDEClonedSourcePackagesDirPathOverride=$PWD/.dependencies -skipMacroValidation -skipPackagePluginValidation -derivedDataPath $PWD/.derivedData build -scheme ThreeFingerScreenshot -destination generic/platform=watchOS
Command line invocation:
    /Applications/Xcode-27.0.0-Release.Candidate.app/Contents/Developer/usr/bin/xcodebuild -IDEClonedSourcePackagesDirPathOverride=/Users/admin/builder/spi-builder-workspace/.dependencies -skipMacroValidation -skipPackagePluginValidation -derivedDataPath /Users/admin/builder/spi-builder-workspace/.derivedData build -scheme ThreeFingerScreenshot -destination generic/platform=watchOS
Resolve Package Graph
Resolved source packages:
  ThreeFingerScreenshot: /Users/admin/builder/spi-builder-workspace
ComputePackagePrebuildTargetDependencyGraph
Prepare packages
CreateBuildRequest
SendProjectDescription
CreateBuildOperation
ComputeTargetDependencyGraph
note: Building targets in dependency order
note: Target dependency graph (2 targets)
    Target 'ThreeFingerScreenshot-product' in project 'ThreeFingerScreenshot'
        ➜ Explicit dependency on target 'ThreeFingerScreenshot' in project 'ThreeFingerScreenshot'
    Target 'ThreeFingerScreenshot' in project 'ThreeFingerScreenshot' (no dependencies)
GatherProvisioningInputs
CreateBuildDescription
ExecuteExternalTool /Applications/Xcode-27.0.0-Release.Candidate.app/Contents/Developer/Toolchains/XcodeDefault.xctoolchain/usr/bin/clang -v -E -dM -isysroot /Applications/Xcode-27.0.0-Release.Candidate.app/Contents/Developer/Platforms/WatchOS.platform/Developer/SDKs/WatchOS27.0.sdk -x c -c /dev/null
ExecuteExternalTool /Applications/Xcode-27.0.0-Release.Candidate.app/Contents/Developer/Toolchains/XcodeDefault.xctoolchain/usr/bin/swiftc --version
ExecuteExternalTool /Applications/Xcode-27.0.0-Release.Candidate.app/Contents/Developer/Toolchains/XcodeDefault.xctoolchain/usr/bin/ld -version_details
Build description signature: 48a3cb7bd91bdec86c1446e951ef1a3d
Build description path: /Users/admin/builder/spi-builder-workspace/.derivedData/Build/Intermediates.noindex/XCBuildData/48a3cb7bd91bdec86c1446e951ef1a3d.xcbuilddata
CreateBuildDirectory /Users/admin/builder/spi-builder-workspace/.derivedData/SDKExplicitPrecompiledModules
    cd /Users/admin/builder/spi-builder-workspace/.swiftpm/xcode
    builtin-create-build-directory /Users/admin/builder/spi-builder-workspace/.derivedData/SDKExplicitPrecompiledModules
CreateBuildDirectory /Users/admin/builder/spi-builder-workspace/.derivedData/ModuleCache.noindex
    cd /Users/admin/builder/spi-builder-workspace/.swiftpm/xcode
    builtin-create-build-directory /Users/admin/builder/spi-builder-workspace/.derivedData/ModuleCache.noindex
CreateBuildDirectory /Users/admin/builder/spi-builder-workspace/.derivedData/Build/Products
    cd /Users/admin/builder/spi-builder-workspace/.swiftpm/xcode
    builtin-create-build-directory /Users/admin/builder/spi-builder-workspace/.derivedData/Build/Products
CreateBuildDirectory /Users/admin/builder/spi-builder-workspace/.derivedData/CompilationCache.noindex
    cd /Users/admin/builder/spi-builder-workspace/.swiftpm/xcode
    builtin-create-build-directory /Users/admin/builder/spi-builder-workspace/.derivedData/CompilationCache.noindex
CreateBuildDirectory /Users/admin/builder/spi-builder-workspace/.derivedData/Build/Intermediates.noindex
    cd /Users/admin/builder/spi-builder-workspace/.swiftpm/xcode
    builtin-create-build-directory /Users/admin/builder/spi-builder-workspace/.derivedData/Build/Intermediates.noindex
ClangStatCache /Applications/Xcode-27.0.0-Release.Candidate.app/Contents/Developer/Toolchains/XcodeDefault.xctoolchain/usr/bin/clang-stat-cache /Applications/Xcode-27.0.0-Release.Candidate.app/Contents/Developer/Platforms/WatchOS.platform/Developer/SDKs/WatchOS27.0.sdk /Users/admin/builder/spi-builder-workspace/.derivedData/SDKStatCaches.noindex/watchos27.0-24R360-e829b21a6f8c9b70876ba0858053c04477534ef55a1706bf4c1112bbb242f0a2.sdkstatcache
    cd /Users/admin/builder/spi-builder-workspace/.swiftpm/xcode
    /Applications/Xcode-27.0.0-Release.Candidate.app/Contents/Developer/Toolchains/XcodeDefault.xctoolchain/usr/bin/clang-stat-cache /Applications/Xcode-27.0.0-Release.Candidate.app/Contents/Developer/Platforms/WatchOS.platform/Developer/SDKs/WatchOS27.0.sdk -o /Users/admin/builder/spi-builder-workspace/.derivedData/SDKStatCaches.noindex/watchos27.0-24R360-e829b21a6f8c9b70876ba0858053c04477534ef55a1706bf4c1112bbb242f0a2.sdkstatcache
CreateBuildDirectory /Users/admin/builder/spi-builder-workspace/.derivedData/Build/Intermediates.noindex/SwiftExplicitPrecompiledModules
    cd /Users/admin/builder/spi-builder-workspace/.swiftpm/xcode
    builtin-create-build-directory /Users/admin/builder/spi-builder-workspace/.derivedData/Build/Intermediates.noindex/SwiftExplicitPrecompiledModules
CreateBuildDirectory /Users/admin/builder/spi-builder-workspace/.derivedData/Build/Intermediates.noindex/PrecompiledHeaders
    cd /Users/admin/builder/spi-builder-workspace/.swiftpm/xcode
    builtin-create-build-directory /Users/admin/builder/spi-builder-workspace/.derivedData/Build/Intermediates.noindex/PrecompiledHeaders
CreateBuildDirectory /Users/admin/builder/spi-builder-workspace/.derivedData/Build/Intermediates.noindex/ExplicitPrecompiledModules
    cd /Users/admin/builder/spi-builder-workspace/.swiftpm/xcode
    builtin-create-build-directory /Users/admin/builder/spi-builder-workspace/.derivedData/Build/Intermediates.noindex/ExplicitPrecompiledModules
CreateBuildDirectory /Users/admin/builder/spi-builder-workspace/.derivedData/Build/Intermediates.noindex/EagerLinkingTBDs/Debug-watchos
    cd /Users/admin/builder/spi-builder-workspace/.swiftpm/xcode
    builtin-create-build-directory /Users/admin/builder/spi-builder-workspace/.derivedData/Build/Intermediates.noindex/EagerLinkingTBDs/Debug-watchos
CreateBuildDirectory /Users/admin/builder/spi-builder-workspace/.derivedData/Build/Products/Debug-watchos
    cd /Users/admin/builder/spi-builder-workspace/.swiftpm/xcode
    builtin-create-build-directory /Users/admin/builder/spi-builder-workspace/.derivedData/Build/Products/Debug-watchos
CreateBuildDirectory /Users/admin/builder/spi-builder-workspace/.derivedData/Build/Products/Debug-watchos/PackageFrameworks
    cd /Users/admin/builder/spi-builder-workspace/.swiftpm/xcode
    builtin-create-build-directory /Users/admin/builder/spi-builder-workspace/.derivedData/Build/Products/Debug-watchos/PackageFrameworks
WriteAuxiliaryFile /Users/admin/builder/spi-builder-workspace/.derivedData/Build/Intermediates.noindex/ThreeFingerScreenshot.build/Debug-watchos/ThreeFingerScreenshot-t.build/ThreeFingerScreenshot.DependencyStaticMetadataFileList (in target 'ThreeFingerScreenshot' from project 'ThreeFingerScreenshot')
    cd /Users/admin/builder/spi-builder-workspace
    write-file /Users/admin/builder/spi-builder-workspace/.derivedData/Build/Intermediates.noindex/ThreeFingerScreenshot.build/Debug-watchos/ThreeFingerScreenshot-t.build/ThreeFingerScreenshot.DependencyStaticMetadataFileList
WriteAuxiliaryFile /Users/admin/builder/spi-builder-workspace/.derivedData/Build/Intermediates.noindex/ThreeFingerScreenshot.build/Debug-watchos/ThreeFingerScreenshot-t.build/ThreeFingerScreenshot.modulemap (in target 'ThreeFingerScreenshot' from project 'ThreeFingerScreenshot')
    cd /Users/admin/builder/spi-builder-workspace
    write-file /Users/admin/builder/spi-builder-workspace/.derivedData/Build/Intermediates.noindex/ThreeFingerScreenshot.build/Debug-watchos/ThreeFingerScreenshot-t.build/ThreeFingerScreenshot.modulemap
WriteAuxiliaryFile /Users/admin/builder/spi-builder-workspace/.derivedData/Build/Intermediates.noindex/ThreeFingerScreenshot.build/Debug-watchos/ThreeFingerScreenshot-t.build/ThreeFingerScreenshot.DependencyMetadataFileList (in target 'ThreeFingerScreenshot' from project 'ThreeFingerScreenshot')
    cd /Users/admin/builder/spi-builder-workspace
    write-file /Users/admin/builder/spi-builder-workspace/.derivedData/Build/Intermediates.noindex/ThreeFingerScreenshot.build/Debug-watchos/ThreeFingerScreenshot-t.build/ThreeFingerScreenshot.DependencyMetadataFileList
WriteAuxiliaryFile /Users/admin/builder/spi-builder-workspace/.derivedData/Build/Intermediates.noindex/ThreeFingerScreenshot.build/Debug-watchos/ThreeFingerScreenshot-t.build/Objects-normal/arm64/ThreeFingerScreenshot_const_extract_protocols.json (in target 'ThreeFingerScreenshot' from project 'ThreeFingerScreenshot')
    cd /Users/admin/builder/spi-builder-workspace
    write-file /Users/admin/builder/spi-builder-workspace/.derivedData/Build/Intermediates.noindex/ThreeFingerScreenshot.build/Debug-watchos/ThreeFingerScreenshot-t.build/Objects-normal/arm64/ThreeFingerScreenshot_const_extract_protocols.json
WriteAuxiliaryFile /Users/admin/builder/spi-builder-workspace/.derivedData/Build/Intermediates.noindex/ThreeFingerScreenshot.build/Debug-watchos/ThreeFingerScreenshot-t.build/Objects-normal/arm64_32/ThreeFingerScreenshot.LinkFileList (in target 'ThreeFingerScreenshot' from project 'ThreeFingerScreenshot')
    cd /Users/admin/builder/spi-builder-workspace
    write-file /Users/admin/builder/spi-builder-workspace/.derivedData/Build/Intermediates.noindex/ThreeFingerScreenshot.build/Debug-watchos/ThreeFingerScreenshot-t.build/Objects-normal/arm64_32/ThreeFingerScreenshot.LinkFileList
WriteAuxiliaryFile /Users/admin/builder/spi-builder-workspace/.derivedData/Build/Intermediates.noindex/ThreeFingerScreenshot.build/Debug-watchos/ThreeFingerScreenshot-t.build/Objects-normal/arm64_32/ThreeFingerScreenshot_const_extract_protocols.json (in target 'ThreeFingerScreenshot' from project 'ThreeFingerScreenshot')
    cd /Users/admin/builder/spi-builder-workspace
    write-file /Users/admin/builder/spi-builder-workspace/.derivedData/Build/Intermediates.noindex/ThreeFingerScreenshot.build/Debug-watchos/ThreeFingerScreenshot-t.build/Objects-normal/arm64_32/ThreeFingerScreenshot_const_extract_protocols.json
WriteAuxiliaryFile /Users/admin/builder/spi-builder-workspace/.derivedData/Build/Intermediates.noindex/ThreeFingerScreenshot.build/Debug-watchos/ThreeFingerScreenshot-t.build/Objects-normal/arm64/ThreeFingerScreenshot-OutputFileMap.json (in target 'ThreeFingerScreenshot' from project 'ThreeFingerScreenshot')
    cd /Users/admin/builder/spi-builder-workspace
    write-file /Users/admin/builder/spi-builder-workspace/.derivedData/Build/Intermediates.noindex/ThreeFingerScreenshot.build/Debug-watchos/ThreeFingerScreenshot-t.build/Objects-normal/arm64/ThreeFingerScreenshot-OutputFileMap.json
WriteAuxiliaryFile /Users/admin/builder/spi-builder-workspace/.derivedData/Build/Intermediates.noindex/ThreeFingerScreenshot.build/Debug-watchos/ThreeFingerScreenshot-t.build/Objects-normal/arm64_32/ThreeFingerScreenshot-OutputFileMap.json (in target 'ThreeFingerScreenshot' from project 'ThreeFingerScreenshot')
    cd /Users/admin/builder/spi-builder-workspace
    write-file /Users/admin/builder/spi-builder-workspace/.derivedData/Build/Intermediates.noindex/ThreeFingerScreenshot.build/Debug-watchos/ThreeFingerScreenshot-t.build/Objects-normal/arm64_32/ThreeFingerScreenshot-OutputFileMap.json
WriteAuxiliaryFile /Users/admin/builder/spi-builder-workspace/.derivedData/Build/Intermediates.noindex/ThreeFingerScreenshot.build/Debug-watchos/ThreeFingerScreenshot-t.build/Objects-normal/arm64_32/ThreeFingerScreenshot.SwiftFileList (in target 'ThreeFingerScreenshot' from project 'ThreeFingerScreenshot')
    cd /Users/admin/builder/spi-builder-workspace
    write-file /Users/admin/builder/spi-builder-workspace/.derivedData/Build/Intermediates.noindex/ThreeFingerScreenshot.build/Debug-watchos/ThreeFingerScreenshot-t.build/Objects-normal/arm64_32/ThreeFingerScreenshot.SwiftFileList
WriteAuxiliaryFile /Users/admin/builder/spi-builder-workspace/.derivedData/Build/Intermediates.noindex/ThreeFingerScreenshot.build/Debug-watchos/ThreeFingerScreenshot-t.build/Objects-normal/arm64_32/ThreeFingerScreenshot.SwiftConstValuesFileList (in target 'ThreeFingerScreenshot' from project 'ThreeFingerScreenshot')
    cd /Users/admin/builder/spi-builder-workspace
    write-file /Users/admin/builder/spi-builder-workspace/.derivedData/Build/Intermediates.noindex/ThreeFingerScreenshot.build/Debug-watchos/ThreeFingerScreenshot-t.build/Objects-normal/arm64_32/ThreeFingerScreenshot.SwiftConstValuesFileList
WriteAuxiliaryFile /Users/admin/builder/spi-builder-workspace/.derivedData/Build/Intermediates.noindex/ThreeFingerScreenshot.build/Debug-watchos/ThreeFingerScreenshot-t.build/Objects-normal/arm64/ThreeFingerScreenshot.SwiftFileList (in target 'ThreeFingerScreenshot' from project 'ThreeFingerScreenshot')
    cd /Users/admin/builder/spi-builder-workspace
    write-file /Users/admin/builder/spi-builder-workspace/.derivedData/Build/Intermediates.noindex/ThreeFingerScreenshot.build/Debug-watchos/ThreeFingerScreenshot-t.build/Objects-normal/arm64/ThreeFingerScreenshot.SwiftFileList
WriteAuxiliaryFile /Users/admin/builder/spi-builder-workspace/.derivedData/Build/Intermediates.noindex/ThreeFingerScreenshot.build/Debug-watchos/ThreeFingerScreenshot-t.build/Objects-normal/arm64/ThreeFingerScreenshot.SwiftConstValuesFileList (in target 'ThreeFingerScreenshot' from project 'ThreeFingerScreenshot')
    cd /Users/admin/builder/spi-builder-workspace
    write-file /Users/admin/builder/spi-builder-workspace/.derivedData/Build/Intermediates.noindex/ThreeFingerScreenshot.build/Debug-watchos/ThreeFingerScreenshot-t.build/Objects-normal/arm64/ThreeFingerScreenshot.SwiftConstValuesFileList
WriteAuxiliaryFile /Users/admin/builder/spi-builder-workspace/.derivedData/Build/Intermediates.noindex/ThreeFingerScreenshot.build/Debug-watchos/ThreeFingerScreenshot-t.build/Objects-normal/arm64/ThreeFingerScreenshot.LinkFileList (in target 'ThreeFingerScreenshot' from project 'ThreeFingerScreenshot')
    cd /Users/admin/builder/spi-builder-workspace
    write-file /Users/admin/builder/spi-builder-workspace/.derivedData/Build/Intermediates.noindex/ThreeFingerScreenshot.build/Debug-watchos/ThreeFingerScreenshot-t.build/Objects-normal/arm64/ThreeFingerScreenshot.LinkFileList
Copy /Users/admin/builder/spi-builder-workspace/.derivedData/Build/Intermediates.noindex/GeneratedModuleMaps-watchos/ThreeFingerScreenshot.modulemap /Users/admin/builder/spi-builder-workspace/.derivedData/Build/Intermediates.noindex/ThreeFingerScreenshot.build/Debug-watchos/ThreeFingerScreenshot-t.build/ThreeFingerScreenshot.modulemap (in target 'ThreeFingerScreenshot' from project 'ThreeFingerScreenshot')
    cd /Users/admin/builder/spi-builder-workspace
    builtin-copy -exclude .DS_Store -exclude CVS -exclude .svn -exclude .git -exclude .hg -resolve-src-symlinks /Users/admin/builder/spi-builder-workspace/.derivedData/Build/Intermediates.noindex/ThreeFingerScreenshot.build/Debug-watchos/ThreeFingerScreenshot-t.build/ThreeFingerScreenshot.modulemap /Users/admin/builder/spi-builder-workspace/.derivedData/Build/Intermediates.noindex/GeneratedModuleMaps-watchos
SwiftDriver ThreeFingerScreenshot normal arm64_32 com.apple.xcode.tools.swift.compiler (in target 'ThreeFingerScreenshot' from project 'ThreeFingerScreenshot')
    cd /Users/admin/builder/spi-builder-workspace/.swiftpm/xcode
    builtin-SwiftDriver -- /Applications/Xcode-27.0.0-Release.Candidate.app/Contents/Developer/Toolchains/XcodeDefault.xctoolchain/usr/bin/swiftc -parse-as-library -module-name ThreeFingerScreenshot -Onone @/Users/admin/builder/spi-builder-workspace/.derivedData/Build/Intermediates.noindex/ThreeFingerScreenshot.build/Debug-watchos/ThreeFingerScreenshot-t.build/Objects-normal/arm64_32/ThreeFingerScreenshot.SwiftFileList -DSWIFT_PACKAGE -DDEBUG -DSWIFT_MODULE_RESOURCE_BUNDLE_UNAVAILABLE -DXcode -plugin-path /Applications/Xcode-27.0.0-Release.Candidate.app/Contents/Developer/Toolchains/XcodeDefault.xctoolchain/usr/lib/swift/host/plugins/testing -enable-experimental-feature DebugDescriptionMacro -sdk /Applications/Xcode-27.0.0-Release.Candidate.app/Contents/Developer/Platforms/WatchOS.platform/Developer/SDKs/WatchOS27.0.sdk -target arm64_32-apple-watchos9.0 -g -module-cache-path /Users/admin/builder/spi-builder-workspace/.derivedData/ModuleCache.noindex -Xfrontend -serialize-debugging-options -profile-coverage-mapping -profile-generate -enable-testing -index-store-path /Users/admin/builder/spi-builder-workspace/.derivedData/Index.noindex/DataStore -Xcc -D_LIBCPP_HARDENING_MODE\=_LIBCPP_HARDENING_MODE_DEBUG -swift-version 6 -I /Users/admin/builder/spi-builder-workspace/.derivedData/Build/Products/Debug-watchos -Isystem /Applications/Xcode-27.0.0-Release.Candidate.app/Contents/Developer/Platforms/WatchOS.platform/Developer/usr/lib -F /Users/admin/builder/spi-builder-workspace/.derivedData/Build/Products/Debug-watchos -F /Applications/Xcode-27.0.0-Release.Candidate.app/Contents/Developer/Platforms/WatchOS.platform/Developer/Library/Frameworks -F /Applications/Xcode-27.0.0-Release.Candidate.app/Contents/Developer/Platforms/WatchOS.platform/Developer/SDKs/WatchOS27.0.sdk/Developer/Library/Frameworks -c -j10 -enable-batch-mode -incremental -Xcc -ivfsstatcache -Xcc /Users/admin/builder/spi-builder-workspace/.derivedData/SDKStatCaches.noindex/watchos27.0-24R360-e829b21a6f8c9b70876ba0858053c04477534ef55a1706bf4c1112bbb242f0a2.sdkstatcache -output-file-map /Users/admin/builder/spi-builder-workspace/.derivedData/Build/Intermediates.noindex/ThreeFingerScreenshot.build/Debug-watchos/ThreeFingerScreenshot-t.build/Objects-normal/arm64_32/ThreeFingerScreenshot-OutputFileMap.json -save-temps -no-color-diagnostics -explicit-module-build -module-cache-path /Users/admin/builder/spi-builder-workspace/.derivedData/Build/Intermediates.noindex/SwiftExplicitPrecompiledModules -clang-scanner-module-cache-path /Users/admin/builder/spi-builder-workspace/.derivedData/ModuleCache.noindex -sdk-module-cache-path /Users/admin/builder/spi-builder-workspace/.derivedData/SDKExplicitPrecompiledModules -emit-dependencies -emit-module -emit-module-path /Users/admin/builder/spi-builder-workspace/.derivedData/Build/Intermediates.noindex/ThreeFingerScreenshot.build/Debug-watchos/ThreeFingerScreenshot-t.build/Objects-normal/arm64_32/ThreeFingerScreenshot.swiftmodule -serialize-diagnostics -dependency-scan-serialize-diagnostics-path /Users/admin/builder/spi-builder-workspace/.derivedData/Build/Intermediates.noindex/ThreeFingerScreenshot.build/Debug-watchos/ThreeFingerScreenshot-t.build/Objects-normal/arm64_32/ThreeFingerScreenshot-dependency-scan.dia -validate-clang-modules-once -clang-build-session-file /Users/admin/builder/spi-builder-workspace/.derivedData/ModuleCache.noindex/Session.modulevalidation -Xcc -fmodules-prune-interval\=86400 -Xcc -fmodules-prune-after\=345600 -package-name spi_builder_workspace -emit-const-values -const-gather-protocols-list /Users/admin/builder/spi-builder-workspace/.derivedData/Build/Intermediates.noindex/ThreeFingerScreenshot.build/Debug-watchos/ThreeFingerScreenshot-t.build/Objects-normal/arm64_32/ThreeFingerScreenshot_const_extract_protocols.json -Xcc -I/Users/admin/builder/spi-builder-workspace/.derivedData/Build/Products/Debug-watchos/include -Xcc -I/Users/admin/builder/spi-builder-workspace/.derivedData/Build/Intermediates.noindex/ThreeFingerScreenshot.build/Debug-watchos/ThreeFingerScreenshot-t.build/DerivedSources-normal/arm64_32 -Xcc -I/Users/admin/builder/spi-builder-workspace/.derivedData/Build/Intermediates.noindex/ThreeFingerScreenshot.build/Debug-watchos/ThreeFingerScreenshot-t.build/DerivedSources/arm64_32 -Xcc -I/Users/admin/builder/spi-builder-workspace/.derivedData/Build/Intermediates.noindex/ThreeFingerScreenshot.build/Debug-watchos/ThreeFingerScreenshot-t.build/DerivedSources -Xcc -DSWIFT_PACKAGE -Xcc -DDEBUG\=1 -emit-objc-header -emit-objc-header-path /Users/admin/builder/spi-builder-workspace/.derivedData/Build/Intermediates.noindex/ThreeFingerScreenshot.build/Debug-watchos/ThreeFingerScreenshot-t.build/Objects-normal/arm64_32/ThreeFingerScreenshot-Swift.h -working-directory /Users/admin/builder/spi-builder-workspace/.swiftpm/xcode -experimental-emit-module-separately -disable-cmo
/Users/admin/builder/spi-builder-workspace/Sources/ThreeFingerScreenshot/ScreenshotManager.swift:8:8: error: Unable to resolve module dependency: 'Photos' (in target 'ThreeFingerScreenshot' from project 'ThreeFingerScreenshot')
    note: A dependency of main module 'ThreeFingerScreenshot'
/Users/admin/builder/spi-builder-workspace/Sources/ThreeFingerScreenshot/ScreenshotManager.swift:8:8: note: A dependency of main module 'ThreeFingerScreenshot'
import Photos
       ^ (in target 'ThreeFingerScreenshot' from project 'ThreeFingerScreenshot')
SwiftDriver ThreeFingerScreenshot normal arm64 com.apple.xcode.tools.swift.compiler (in target 'ThreeFingerScreenshot' from project 'ThreeFingerScreenshot')
    cd /Users/admin/builder/spi-builder-workspace/.swiftpm/xcode
    builtin-SwiftDriver -- /Applications/Xcode-27.0.0-Release.Candidate.app/Contents/Developer/Toolchains/XcodeDefault.xctoolchain/usr/bin/swiftc -parse-as-library -module-name ThreeFingerScreenshot -Onone @/Users/admin/builder/spi-builder-workspace/.derivedData/Build/Intermediates.noindex/ThreeFingerScreenshot.build/Debug-watchos/ThreeFingerScreenshot-t.build/Objects-normal/arm64/ThreeFingerScreenshot.SwiftFileList -DSWIFT_PACKAGE -DDEBUG -DSWIFT_MODULE_RESOURCE_BUNDLE_UNAVAILABLE -DXcode -plugin-path /Applications/Xcode-27.0.0-Release.Candidate.app/Contents/Developer/Toolchains/XcodeDefault.xctoolchain/usr/lib/swift/host/plugins/testing -enable-experimental-feature DebugDescriptionMacro -sdk /Applications/Xcode-27.0.0-Release.Candidate.app/Contents/Developer/Platforms/WatchOS.platform/Developer/SDKs/WatchOS27.0.sdk -target arm64-apple-watchos9.0 -g -module-cache-path /Users/admin/builder/spi-builder-workspace/.derivedData/ModuleCache.noindex -Xfrontend -serialize-debugging-options -profile-coverage-mapping -profile-generate -enable-testing -index-store-path /Users/admin/builder/spi-builder-workspace/.derivedData/Index.noindex/DataStore -Xcc -D_LIBCPP_HARDENING_MODE\=_LIBCPP_HARDENING_MODE_DEBUG -swift-version 6 -I /Users/admin/builder/spi-builder-workspace/.derivedData/Build/Products/Debug-watchos -Isystem /Applications/Xcode-27.0.0-Release.Candidate.app/Contents/Developer/Platforms/WatchOS.platform/Developer/usr/lib -F /Users/admin/builder/spi-builder-workspace/.derivedData/Build/Products/Debug-watchos -F /Applications/Xcode-27.0.0-Release.Candidate.app/Contents/Developer/Platforms/WatchOS.platform/Developer/Library/Frameworks -F /Applications/Xcode-27.0.0-Release.Candidate.app/Contents/Developer/Platforms/WatchOS.platform/Developer/SDKs/WatchOS27.0.sdk/Developer/Library/Frameworks -c -j10 -enable-batch-mode -incremental -Xcc -ivfsstatcache -Xcc /Users/admin/builder/spi-builder-workspace/.derivedData/SDKStatCaches.noindex/watchos27.0-24R360-e829b21a6f8c9b70876ba0858053c04477534ef55a1706bf4c1112bbb242f0a2.sdkstatcache -output-file-map /Users/admin/builder/spi-builder-workspace/.derivedData/Build/Intermediates.noindex/ThreeFingerScreenshot.build/Debug-watchos/ThreeFingerScreenshot-t.build/Objects-normal/arm64/ThreeFingerScreenshot-OutputFileMap.json -save-temps -no-color-diagnostics -explicit-module-build -module-cache-path /Users/admin/builder/spi-builder-workspace/.derivedData/Build/Intermediates.noindex/SwiftExplicitPrecompiledModules -clang-scanner-module-cache-path /Users/admin/builder/spi-builder-workspace/.derivedData/ModuleCache.noindex -sdk-module-cache-path /Users/admin/builder/spi-builder-workspace/.derivedData/SDKExplicitPrecompiledModules -emit-dependencies -emit-module -emit-module-path /Users/admin/builder/spi-builder-workspace/.derivedData/Build/Intermediates.noindex/ThreeFingerScreenshot.build/Debug-watchos/ThreeFingerScreenshot-t.build/Objects-normal/arm64/ThreeFingerScreenshot.swiftmodule -serialize-diagnostics -dependency-scan-serialize-diagnostics-path /Users/admin/builder/spi-builder-workspace/.derivedData/Build/Intermediates.noindex/ThreeFingerScreenshot.build/Debug-watchos/ThreeFingerScreenshot-t.build/Objects-normal/arm64/ThreeFingerScreenshot-dependency-scan.dia -validate-clang-modules-once -clang-build-session-file /Users/admin/builder/spi-builder-workspace/.derivedData/ModuleCache.noindex/Session.modulevalidation -Xcc -fmodules-prune-interval\=86400 -Xcc -fmodules-prune-after\=345600 -package-name spi_builder_workspace -emit-const-values -const-gather-protocols-list /Users/admin/builder/spi-builder-workspace/.derivedData/Build/Intermediates.noindex/ThreeFingerScreenshot.build/Debug-watchos/ThreeFingerScreenshot-t.build/Objects-normal/arm64/ThreeFingerScreenshot_const_extract_protocols.json -Xcc -I/Users/admin/builder/spi-builder-workspace/.derivedData/Build/Products/Debug-watchos/include -Xcc -I/Users/admin/builder/spi-builder-workspace/.derivedData/Build/Intermediates.noindex/ThreeFingerScreenshot.build/Debug-watchos/ThreeFingerScreenshot-t.build/DerivedSources-normal/arm64 -Xcc -I/Users/admin/builder/spi-builder-workspace/.derivedData/Build/Intermediates.noindex/ThreeFingerScreenshot.build/Debug-watchos/ThreeFingerScreenshot-t.build/DerivedSources/arm64 -Xcc -I/Users/admin/builder/spi-builder-workspace/.derivedData/Build/Intermediates.noindex/ThreeFingerScreenshot.build/Debug-watchos/ThreeFingerScreenshot-t.build/DerivedSources -Xcc -DSWIFT_PACKAGE -Xcc -DDEBUG\=1 -emit-objc-header -emit-objc-header-path /Users/admin/builder/spi-builder-workspace/.derivedData/Build/Intermediates.noindex/ThreeFingerScreenshot.build/Debug-watchos/ThreeFingerScreenshot-t.build/Objects-normal/arm64/ThreeFingerScreenshot-Swift.h -working-directory /Users/admin/builder/spi-builder-workspace/.swiftpm/xcode -experimental-emit-module-separately -disable-cmo
/Users/admin/builder/spi-builder-workspace/Sources/ThreeFingerScreenshot/ScreenshotManager.swift:8:8: error: Unable to resolve module dependency: 'Photos' (in target 'ThreeFingerScreenshot' from project 'ThreeFingerScreenshot')
    note: A dependency of main module 'ThreeFingerScreenshot'
/Users/admin/builder/spi-builder-workspace/Sources/ThreeFingerScreenshot/ScreenshotManager.swift:8:8: note: A dependency of main module 'ThreeFingerScreenshot'
import Photos
       ^ (in target 'ThreeFingerScreenshot' from project 'ThreeFingerScreenshot')
PruneExplicitPrecompiledModules /Users/admin/builder/spi-builder-workspace/.derivedData/SDKExplicitPrecompiledModules
PruneExplicitPrecompiledModules /Users/admin/builder/spi-builder-workspace/.derivedData/Build/Intermediates.noindex/SwiftExplicitPrecompiledModules
PruneExplicitPrecompiledModules /Users/admin/builder/spi-builder-workspace/.derivedData/Build/Intermediates.noindex/ExplicitPrecompiledModules
2026-09-25 11:11:38.847 xcodebuild[626:3882] [MT] IDERunDestination: Supported platforms for the buildables in the current scheme is empty.
** BUILD FAILED **
The following build commands failed:
	SwiftDriver ThreeFingerScreenshot normal arm64_32 com.apple.xcode.tools.swift.compiler (in target 'ThreeFingerScreenshot' from project 'ThreeFingerScreenshot')
	SwiftDriver ThreeFingerScreenshot normal arm64 com.apple.xcode.tools.swift.compiler (in target 'ThreeFingerScreenshot' from project 'ThreeFingerScreenshot')
	Building workspace ThreeFingerScreenshot with scheme ThreeFingerScreenshot
(3 failures)
Command line invocation:
    /Applications/Xcode-27.0.0-Release.Candidate.app/Contents/Developer/usr/bin/xcodebuild -IDEClonedSourcePackagesDirPathOverride=/Users/admin/builder/spi-builder-workspace/.dependencies -resolvePackageDependencies
Resolve Package Graph
Resolved source packages:
  ThreeFingerScreenshot: /Users/admin/builder/spi-builder-workspace
resolved source packages: ThreeFingerScreenshot
2026-09-25 11:11:42.780 xcodebuild[664:4306] [MT] IDERunDestination: Supported platforms for the buildables in the current scheme is empty.
{
  "dependencies" : [
  ],
  "manifest_display_name" : "ThreeFingerScreenshot",
  "name" : "ThreeFingerScreenshot",
  "path" : "/Users/admin/builder/spi-builder-workspace",
  "platforms" : [
    {
      "name" : "ios",
      "version" : "14.0"
    }
  ],
  "products" : [
    {
      "name" : "ThreeFingerScreenshot",
      "targets" : [
        "ThreeFingerScreenshot"
      ],
      "type" : {
        "library" : [
          "automatic"
        ]
      }
    }
  ],
  "swift_languages_versions" : [
    "6"
  ],
  "targets" : [
    {
      "c99name" : "ThreeFingerScreenshotTests",
      "module_type" : "SwiftTarget",
      "name" : "ThreeFingerScreenshotTests",
      "path" : "Tests/ThreeFingerScreenshotTests",
      "sources" : [
        "ThreeFingerScreenshotTests.swift"
      ],
      "target_dependencies" : [
        "ThreeFingerScreenshot"
      ],
      "type" : "test"
    },
    {
      "c99name" : "ThreeFingerScreenshot",
      "module_type" : "SwiftTarget",
      "name" : "ThreeFingerScreenshot",
      "path" : "Sources/ThreeFingerScreenshot",
      "product_memberships" : [
        "ThreeFingerScreenshot"
      ],
      "sources" : [
        "ScreenshotManager.swift"
      ],
      "type" : "library"
    }
  ],
  "tools_version" : "6.3.1"
}
{
  "workspace" : {
    "name" : "ThreeFingerScreenshot",
    "schemes" : [
      "ThreeFingerScreenshot"
    ]
  }
}
2026-09-25 11:11:44.077 xcodebuild[672:4362] [MT] IDERunDestination: Supported platforms for the buildables in the current scheme is empty.
Running build ...
env DEVELOPER_DIR=/Applications/Xcode-27.0.0-Release.Candidate.app xcrun xcodebuild -IDEClonedSourcePackagesDirPathOverride=$PWD/.dependencies -skipMacroValidation -skipPackagePluginValidation -derivedDataPath $PWD/.derivedData build -scheme ThreeFingerScreenshot -destination generic/platform=watchOS
Command line invocation:
    /Applications/Xcode-27.0.0-Release.Candidate.app/Contents/Developer/usr/bin/xcodebuild -IDEClonedSourcePackagesDirPathOverride=/Users/admin/builder/spi-builder-workspace/.dependencies -skipMacroValidation -skipPackagePluginValidation -derivedDataPath /Users/admin/builder/spi-builder-workspace/.derivedData build -scheme ThreeFingerScreenshot -destination generic/platform=watchOS
Resolve Package Graph
Resolved source packages:
  ThreeFingerScreenshot: /Users/admin/builder/spi-builder-workspace
ComputePackagePrebuildTargetDependencyGraph
Prepare packages
CreateBuildRequest
SendProjectDescription
CreateBuildOperation
ComputeTargetDependencyGraph
note: Building targets in dependency order
note: Target dependency graph (2 targets)
    Target 'ThreeFingerScreenshot-product' in project 'ThreeFingerScreenshot'
        ➜ Explicit dependency on target 'ThreeFingerScreenshot' in project 'ThreeFingerScreenshot'
    Target 'ThreeFingerScreenshot' in project 'ThreeFingerScreenshot' (no dependencies)
GatherProvisioningInputs
CreateBuildDescription
ClangStatCache /Applications/Xcode-27.0.0-Release.Candidate.app/Contents/Developer/Toolchains/XcodeDefault.xctoolchain/usr/bin/clang-stat-cache /Applications/Xcode-27.0.0-Release.Candidate.app/Contents/Developer/Platforms/WatchOS.platform/Developer/SDKs/WatchOS27.0.sdk /Users/admin/builder/spi-builder-workspace/.derivedData/SDKStatCaches.noindex/watchos27.0-24R360-e829b21a6f8c9b70876ba0858053c04477534ef55a1706bf4c1112bbb242f0a2.sdkstatcache
    cd /Users/admin/builder/spi-builder-workspace/.swiftpm/xcode
    /Applications/Xcode-27.0.0-Release.Candidate.app/Contents/Developer/Toolchains/XcodeDefault.xctoolchain/usr/bin/clang-stat-cache /Applications/Xcode-27.0.0-Release.Candidate.app/Contents/Developer/Platforms/WatchOS.platform/Developer/SDKs/WatchOS27.0.sdk -o /Users/admin/builder/spi-builder-workspace/.derivedData/SDKStatCaches.noindex/watchos27.0-24R360-e829b21a6f8c9b70876ba0858053c04477534ef55a1706bf4c1112bbb242f0a2.sdkstatcache
SwiftDriver ThreeFingerScreenshot normal arm64_32 com.apple.xcode.tools.swift.compiler (in target 'ThreeFingerScreenshot' from project 'ThreeFingerScreenshot')
    cd /Users/admin/builder/spi-builder-workspace/.swiftpm/xcode
    builtin-SwiftDriver -- /Applications/Xcode-27.0.0-Release.Candidate.app/Contents/Developer/Toolchains/XcodeDefault.xctoolchain/usr/bin/swiftc -parse-as-library -module-name ThreeFingerScreenshot -Onone @/Users/admin/builder/spi-builder-workspace/.derivedData/Build/Intermediates.noindex/ThreeFingerScreenshot.build/Debug-watchos/ThreeFingerScreenshot-t.build/Objects-normal/arm64_32/ThreeFingerScreenshot.SwiftFileList -DSWIFT_PACKAGE -DDEBUG -DSWIFT_MODULE_RESOURCE_BUNDLE_UNAVAILABLE -DXcode -plugin-path /Applications/Xcode-27.0.0-Release.Candidate.app/Contents/Developer/Toolchains/XcodeDefault.xctoolchain/usr/lib/swift/host/plugins/testing -enable-experimental-feature DebugDescriptionMacro -sdk /Applications/Xcode-27.0.0-Release.Candidate.app/Contents/Developer/Platforms/WatchOS.platform/Developer/SDKs/WatchOS27.0.sdk -target arm64_32-apple-watchos9.0 -g -module-cache-path /Users/admin/builder/spi-builder-workspace/.derivedData/ModuleCache.noindex -Xfrontend -serialize-debugging-options -profile-coverage-mapping -profile-generate -enable-testing -index-store-path /Users/admin/builder/spi-builder-workspace/.derivedData/Index.noindex/DataStore -Xcc -D_LIBCPP_HARDENING_MODE\=_LIBCPP_HARDENING_MODE_DEBUG -swift-version 6 -I /Users/admin/builder/spi-builder-workspace/.derivedData/Build/Products/Debug-watchos -Isystem /Applications/Xcode-27.0.0-Release.Candidate.app/Contents/Developer/Platforms/WatchOS.platform/Developer/usr/lib -F /Users/admin/builder/spi-builder-workspace/.derivedData/Build/Products/Debug-watchos -F /Applications/Xcode-27.0.0-Release.Candidate.app/Contents/Developer/Platforms/WatchOS.platform/Developer/Library/Frameworks -F /Applications/Xcode-27.0.0-Release.Candidate.app/Contents/Developer/Platforms/WatchOS.platform/Developer/SDKs/WatchOS27.0.sdk/Developer/Library/Frameworks -c -j10 -enable-batch-mode -incremental -Xcc -ivfsstatcache -Xcc /Users/admin/builder/spi-builder-workspace/.derivedData/SDKStatCaches.noindex/watchos27.0-24R360-e829b21a6f8c9b70876ba0858053c04477534ef55a1706bf4c1112bbb242f0a2.sdkstatcache -output-file-map /Users/admin/builder/spi-builder-workspace/.derivedData/Build/Intermediates.noindex/ThreeFingerScreenshot.build/Debug-watchos/ThreeFingerScreenshot-t.build/Objects-normal/arm64_32/ThreeFingerScreenshot-OutputFileMap.json -save-temps -no-color-diagnostics -explicit-module-build -module-cache-path /Users/admin/builder/spi-builder-workspace/.derivedData/Build/Intermediates.noindex/SwiftExplicitPrecompiledModules -clang-scanner-module-cache-path /Users/admin/builder/spi-builder-workspace/.derivedData/ModuleCache.noindex -sdk-module-cache-path /Users/admin/builder/spi-builder-workspace/.derivedData/SDKExplicitPrecompiledModules -emit-dependencies -emit-module -emit-module-path /Users/admin/builder/spi-builder-workspace/.derivedData/Build/Intermediates.noindex/ThreeFingerScreenshot.build/Debug-watchos/ThreeFingerScreenshot-t.build/Objects-normal/arm64_32/ThreeFingerScreenshot.swiftmodule -serialize-diagnostics -dependency-scan-serialize-diagnostics-path /Users/admin/builder/spi-builder-workspace/.derivedData/Build/Intermediates.noindex/ThreeFingerScreenshot.build/Debug-watchos/ThreeFingerScreenshot-t.build/Objects-normal/arm64_32/ThreeFingerScreenshot-dependency-scan.dia -validate-clang-modules-once -clang-build-session-file /Users/admin/builder/spi-builder-workspace/.derivedData/ModuleCache.noindex/Session.modulevalidation -Xcc -fmodules-prune-interval\=86400 -Xcc -fmodules-prune-after\=345600 -package-name spi_builder_workspace -emit-const-values -const-gather-protocols-list /Users/admin/builder/spi-builder-workspace/.derivedData/Build/Intermediates.noindex/ThreeFingerScreenshot.build/Debug-watchos/ThreeFingerScreenshot-t.build/Objects-normal/arm64_32/ThreeFingerScreenshot_const_extract_protocols.json -Xcc -I/Users/admin/builder/spi-builder-workspace/.derivedData/Build/Products/Debug-watchos/include -Xcc -I/Users/admin/builder/spi-builder-workspace/.derivedData/Build/Intermediates.noindex/ThreeFingerScreenshot.build/Debug-watchos/ThreeFingerScreenshot-t.build/DerivedSources-normal/arm64_32 -Xcc -I/Users/admin/builder/spi-builder-workspace/.derivedData/Build/Intermediates.noindex/ThreeFingerScreenshot.build/Debug-watchos/ThreeFingerScreenshot-t.build/DerivedSources/arm64_32 -Xcc -I/Users/admin/builder/spi-builder-workspace/.derivedData/Build/Intermediates.noindex/ThreeFingerScreenshot.build/Debug-watchos/ThreeFingerScreenshot-t.build/DerivedSources -Xcc -DSWIFT_PACKAGE -Xcc -DDEBUG\=1 -emit-objc-header -emit-objc-header-path /Users/admin/builder/spi-builder-workspace/.derivedData/Build/Intermediates.noindex/ThreeFingerScreenshot.build/Debug-watchos/ThreeFingerScreenshot-t.build/Objects-normal/arm64_32/ThreeFingerScreenshot-Swift.h -working-directory /Users/admin/builder/spi-builder-workspace/.swiftpm/xcode -experimental-emit-module-separately -disable-cmo
/Users/admin/builder/spi-builder-workspace/Sources/ThreeFingerScreenshot/ScreenshotManager.swift:8:8: error: Unable to resolve module dependency: 'Photos' (in target 'ThreeFingerScreenshot' from project 'ThreeFingerScreenshot')
    note: A dependency of main module 'ThreeFingerScreenshot'
/Users/admin/builder/spi-builder-workspace/Sources/ThreeFingerScreenshot/ScreenshotManager.swift:8:8: note: A dependency of main module 'ThreeFingerScreenshot'
import Photos
       ^ (in target 'ThreeFingerScreenshot' from project 'ThreeFingerScreenshot')
SwiftDriver ThreeFingerScreenshot normal arm64 com.apple.xcode.tools.swift.compiler (in target 'ThreeFingerScreenshot' from project 'ThreeFingerScreenshot')
    cd /Users/admin/builder/spi-builder-workspace/.swiftpm/xcode
    builtin-SwiftDriver -- /Applications/Xcode-27.0.0-Release.Candidate.app/Contents/Developer/Toolchains/XcodeDefault.xctoolchain/usr/bin/swiftc -parse-as-library -module-name ThreeFingerScreenshot -Onone @/Users/admin/builder/spi-builder-workspace/.derivedData/Build/Intermediates.noindex/ThreeFingerScreenshot.build/Debug-watchos/ThreeFingerScreenshot-t.build/Objects-normal/arm64/ThreeFingerScreenshot.SwiftFileList -DSWIFT_PACKAGE -DDEBUG -DSWIFT_MODULE_RESOURCE_BUNDLE_UNAVAILABLE -DXcode -plugin-path /Applications/Xcode-27.0.0-Release.Candidate.app/Contents/Developer/Toolchains/XcodeDefault.xctoolchain/usr/lib/swift/host/plugins/testing -enable-experimental-feature DebugDescriptionMacro -sdk /Applications/Xcode-27.0.0-Release.Candidate.app/Contents/Developer/Platforms/WatchOS.platform/Developer/SDKs/WatchOS27.0.sdk -target arm64-apple-watchos9.0 -g -module-cache-path /Users/admin/builder/spi-builder-workspace/.derivedData/ModuleCache.noindex -Xfrontend -serialize-debugging-options -profile-coverage-mapping -profile-generate -enable-testing -index-store-path /Users/admin/builder/spi-builder-workspace/.derivedData/Index.noindex/DataStore -Xcc -D_LIBCPP_HARDENING_MODE\=_LIBCPP_HARDENING_MODE_DEBUG -swift-version 6 -I /Users/admin/builder/spi-builder-workspace/.derivedData/Build/Products/Debug-watchos -Isystem /Applications/Xcode-27.0.0-Release.Candidate.app/Contents/Developer/Platforms/WatchOS.platform/Developer/usr/lib -F /Users/admin/builder/spi-builder-workspace/.derivedData/Build/Products/Debug-watchos -F /Applications/Xcode-27.0.0-Release.Candidate.app/Contents/Developer/Platforms/WatchOS.platform/Developer/Library/Frameworks -F /Applications/Xcode-27.0.0-Release.Candidate.app/Contents/Developer/Platforms/WatchOS.platform/Developer/SDKs/WatchOS27.0.sdk/Developer/Library/Frameworks -c -j10 -enable-batch-mode -incremental -Xcc -ivfsstatcache -Xcc /Users/admin/builder/spi-builder-workspace/.derivedData/SDKStatCaches.noindex/watchos27.0-24R360-e829b21a6f8c9b70876ba0858053c04477534ef55a1706bf4c1112bbb242f0a2.sdkstatcache -output-file-map /Users/admin/builder/spi-builder-workspace/.derivedData/Build/Intermediates.noindex/ThreeFingerScreenshot.build/Debug-watchos/ThreeFingerScreenshot-t.build/Objects-normal/arm64/ThreeFingerScreenshot-OutputFileMap.json -save-temps -no-color-diagnostics -explicit-module-build -module-cache-path /Users/admin/builder/spi-builder-workspace/.derivedData/Build/Intermediates.noindex/SwiftExplicitPrecompiledModules -clang-scanner-module-cache-path /Users/admin/builder/spi-builder-workspace/.derivedData/ModuleCache.noindex -sdk-module-cache-path /Users/admin/builder/spi-builder-workspace/.derivedData/SDKExplicitPrecompiledModules -emit-dependencies -emit-module -emit-module-path /Users/admin/builder/spi-builder-workspace/.derivedData/Build/Intermediates.noindex/ThreeFingerScreenshot.build/Debug-watchos/ThreeFingerScreenshot-t.build/Objects-normal/arm64/ThreeFingerScreenshot.swiftmodule -serialize-diagnostics -dependency-scan-serialize-diagnostics-path /Users/admin/builder/spi-builder-workspace/.derivedData/Build/Intermediates.noindex/ThreeFingerScreenshot.build/Debug-watchos/ThreeFingerScreenshot-t.build/Objects-normal/arm64/ThreeFingerScreenshot-dependency-scan.dia -validate-clang-modules-once -clang-build-session-file /Users/admin/builder/spi-builder-workspace/.derivedData/ModuleCache.noindex/Session.modulevalidation -Xcc -fmodules-prune-interval\=86400 -Xcc -fmodules-prune-after\=345600 -package-name spi_builder_workspace -emit-const-values -const-gather-protocols-list /Users/admin/builder/spi-builder-workspace/.derivedData/Build/Intermediates.noindex/ThreeFingerScreenshot.build/Debug-watchos/ThreeFingerScreenshot-t.build/Objects-normal/arm64/ThreeFingerScreenshot_const_extract_protocols.json -Xcc -I/Users/admin/builder/spi-builder-workspace/.derivedData/Build/Products/Debug-watchos/include -Xcc -I/Users/admin/builder/spi-builder-workspace/.derivedData/Build/Intermediates.noindex/ThreeFingerScreenshot.build/Debug-watchos/ThreeFingerScreenshot-t.build/DerivedSources-normal/arm64 -Xcc -I/Users/admin/builder/spi-builder-workspace/.derivedData/Build/Intermediates.noindex/ThreeFingerScreenshot.build/Debug-watchos/ThreeFingerScreenshot-t.build/DerivedSources/arm64 -Xcc -I/Users/admin/builder/spi-builder-workspace/.derivedData/Build/Intermediates.noindex/ThreeFingerScreenshot.build/Debug-watchos/ThreeFingerScreenshot-t.build/DerivedSources -Xcc -DSWIFT_PACKAGE -Xcc -DDEBUG\=1 -emit-objc-header -emit-objc-header-path /Users/admin/builder/spi-builder-workspace/.derivedData/Build/Intermediates.noindex/ThreeFingerScreenshot.build/Debug-watchos/ThreeFingerScreenshot-t.build/Objects-normal/arm64/ThreeFingerScreenshot-Swift.h -working-directory /Users/admin/builder/spi-builder-workspace/.swiftpm/xcode -experimental-emit-module-separately -disable-cmo
/Users/admin/builder/spi-builder-workspace/Sources/ThreeFingerScreenshot/ScreenshotManager.swift:8:8: error: Unable to resolve module dependency: 'Photos' (in target 'ThreeFingerScreenshot' from project 'ThreeFingerScreenshot')
    note: A dependency of main module 'ThreeFingerScreenshot'
/Users/admin/builder/spi-builder-workspace/Sources/ThreeFingerScreenshot/ScreenshotManager.swift:8:8: note: A dependency of main module 'ThreeFingerScreenshot'
import Photos
       ^ (in target 'ThreeFingerScreenshot' from project 'ThreeFingerScreenshot')
PruneExplicitPrecompiledModules /Users/admin/builder/spi-builder-workspace/.derivedData/Build/Intermediates.noindex/ExplicitPrecompiledModules
PruneExplicitPrecompiledModules /Users/admin/builder/spi-builder-workspace/.derivedData/Build/Intermediates.noindex/SwiftExplicitPrecompiledModules
PruneExplicitPrecompiledModules /Users/admin/builder/spi-builder-workspace/.derivedData/SDKExplicitPrecompiledModules
2026-09-25 11:11:45.103 xcodebuild[673:4389] [MT] IDERunDestination: Supported platforms for the buildables in the current scheme is empty.
** BUILD FAILED **
The following build commands failed:
	SwiftDriver ThreeFingerScreenshot normal arm64_32 com.apple.xcode.tools.swift.compiler (in target 'ThreeFingerScreenshot' from project 'ThreeFingerScreenshot')
	SwiftDriver ThreeFingerScreenshot normal arm64 com.apple.xcode.tools.swift.compiler (in target 'ThreeFingerScreenshot' from project 'ThreeFingerScreenshot')
	Building workspace ThreeFingerScreenshot with scheme ThreeFingerScreenshot
(3 failures)
BUILD FAILURE 6.4 watchOS