Build Information
Failed to build GraceLanguage, reference main (4e86fb), with Swift 6.3 for macOS (Xcode) using Xcode 26.4 on 22 Oct 2026 13:59:25 UTC.
Build Command
No build command. This typically means the build failed at an early stage where we determine the build command.Build Log
========================================
RunAll
========================================
Builder version: 5.1.3
Interrupt handler set up.
========================================
Checkout
========================================
Clone URL: https://github.com/Appracatappra/GraceLanguage.git
Reference: main
Initialized empty Git repository in /Users/admin/builder/spi-builder-workspace/.git/
From https://github.com/Appracatappra/GraceLanguage
* branch main -> FETCH_HEAD
* [new branch] main -> origin/main
HEAD is now at 4e86fba Merge branch 'main' of https://github.com/Appracatappra/GraceLanguage
Cloned https://github.com/Appracatappra/GraceLanguage.git
Revision (git rev-parse @):
4e86fba2d75e4964ba140a3fbf1ccd31da7aec57
SPI manifest file found: $PWD/.spi.yml
SUCCESS checkout https://github.com/Appracatappra/GraceLanguage.git at main
========================================
Build
========================================
Selected platform: macosXcodebuild
Swift version: 6.3
Building package at path: $PWD
https://github.com/Appracatappra/GraceLanguage.git
Command line invocation:
/Applications/Xcode-26.5.0.app/Contents/Developer/usr/bin/xcodebuild -IDEClonedSourcePackagesDirPathOverride=/Users/admin/builder/spi-builder-workspace/.dependencies -resolvePackageDependencies
Resolve Package Graph
package 'spi-builder-workspace' is using Swift tools version 6.4.0 but the installed version is 6.3.2
Resolved source packages:
spi-builder-workspace: (null)
2026-10-22 09:59:23.621 xcodebuild[576:3181] Writing error result bundle to /var/folders/xq/y_g06wb113726d38xsyx71_h0000gn/T/ResultBundle_2026-22-10_09-59-0023.xcresult
xcodebuild: error: Could not resolve package dependencies:
package 'spi-builder-workspace' is using Swift tools version 6.4.0 but the installed version is 6.3.2
Command line invocation:
/Applications/Xcode-26.5.0.app/Contents/Developer/usr/bin/xcodebuild -IDEClonedSourcePackagesDirPathOverride=/Users/admin/builder/spi-builder-workspace/.dependencies -resolvePackageDependencies
Resolve Package Graph
package 'spi-builder-workspace' is using Swift tools version 6.4.0 but the installed version is 6.3.2
Resolved source packages:
spi-builder-workspace: (null)
2026-10-22 09:59:25.107 xcodebuild[641:3680] Writing error result bundle to /var/folders/xq/y_g06wb113726d38xsyx71_h0000gn/T/ResultBundle_2026-22-10_09-59-0025.xcresult
xcodebuild: error: Could not resolve package dependencies:
package 'spi-builder-workspace' is using Swift tools version 6.4.0 but the installed version is 6.3.2
BUILD FAILURE 6.3 macosXcodebuild