Build Information
Failed to build RxGesture, reference 4.0.4 (1b137c), with Swift 6.4 for tvOS using Xcode 27.0 on 18 Sep 2026 08:20:20 UTC.
Build Command
env DEVELOPER_DIR=/Applications/Xcode-27.0.0-Release.Candidate.app xcrun xcodebuild -IDEClonedSourcePackagesDirPathOverride=$PWD/.dependencies -skipMacroValidation -skipPackagePluginValidation -derivedDataPath $PWD/.derivedData build -scheme RxGesture -destination generic/platform=tvOSBuild Log
cd /Users/admin/builder/spi-builder-workspace/.dependencies/checkouts/RxSwift
builtin-copy -exclude .DS_Store -exclude CVS -exclude .svn -exclude .git -exclude .hg -resolve-src-symlinks -rename /Users/admin/builder/spi-builder-workspace/.derivedData/Build/Intermediates.noindex/RxSwift.build/Debug-appletvos/RxCocoa-t.build/Objects-normal/arm64/RxCocoa.swiftsourceinfo /Users/admin/builder/spi-builder-workspace/.derivedData/Build/Products/Debug-appletvos/RxCocoa.swiftmodule/Project/arm64-apple-tvos.swiftsourceinfo
SwiftDriver\ Compilation RxCocoa normal arm64 com.apple.xcode.tools.swift.compiler (in target 'RxCocoa' from project 'RxSwift')
cd /Users/admin/builder/spi-builder-workspace/.swiftpm/xcode
builtin-Swift-Compilation -- /Applications/Xcode-27.0.0-Release.Candidate.app/Contents/Developer/Toolchains/XcodeDefault.xctoolchain/usr/bin/swiftc -parse-as-library -module-name RxCocoa -Onone @/Users/admin/builder/spi-builder-workspace/.derivedData/Build/Intermediates.noindex/RxSwift.build/Debug-appletvos/RxCocoa-t.build/Objects-normal/arm64/RxCocoa.SwiftFileList -DSWIFT_PACKAGE -DDEBUG -DSWIFT_MODULE_RESOURCE_BUNDLE_AVAILABLE -Xcc -fmodule-map-file\=/Users/admin/builder/spi-builder-workspace/.derivedData/Build/Intermediates.noindex/GeneratedModuleMaps-appletvos/RxCocoaRuntime.modulemap -DXcode -plugin-path /Applications/Xcode-27.0.0-Release.Candidate.app/Contents/Developer/Toolchains/XcodeDefault.xctoolchain/usr/lib/swift/host/plugins/testing -enable-experimental-feature DebugDescriptionMacro -sdk /Applications/Xcode-27.0.0-Release.Candidate.app/Contents/Developer/Platforms/AppleTVOS.platform/Developer/SDKs/AppleTVOS27.0.sdk -target arm64-apple-tvos15.0 -g -module-cache-path /Users/admin/builder/spi-builder-workspace/.derivedData/ModuleCache.noindex -Xfrontend -serialize-debugging-options -enable-testing -suppress-warnings -index-store-path /Users/admin/builder/spi-builder-workspace/.derivedData/Index.noindex/DataStore -Xcc -D_LIBCPP_HARDENING_MODE\=_LIBCPP_HARDENING_MODE_DEBUG -swift-version 5 -I /Users/admin/builder/spi-builder-workspace/.derivedData/Build/Products/Debug-appletvos -Isystem /Applications/Xcode-27.0.0-Release.Candidate.app/Contents/Developer/Platforms/AppleTVOS.platform/Developer/usr/lib -F /Users/admin/builder/spi-builder-workspace/.derivedData/Build/Products/Debug-appletvos/PackageFrameworks -F /Users/admin/builder/spi-builder-workspace/.derivedData/Build/Products/Debug-appletvos -F /Applications/Xcode-27.0.0-Release.Candidate.app/Contents/Developer/Platforms/AppleTVOS.platform/Developer/Library/Frameworks -F /Applications/Xcode-27.0.0-Release.Candidate.app/Contents/Developer/Platforms/AppleTVOS.platform/Developer/SDKs/AppleTVOS27.0.sdk/Developer/Library/Frameworks -c -j10 -enable-batch-mode -incremental -Xcc -ivfsstatcache -Xcc /Users/admin/builder/spi-builder-workspace/.derivedData/SDKStatCaches.noindex/appletvos27.0-24J360-e829b21a6f8c9b70876ba0858053c044b32bfd8d43560033f8d89884cdb90028.sdkstatcache -output-file-map /Users/admin/builder/spi-builder-workspace/.derivedData/Build/Intermediates.noindex/RxSwift.build/Debug-appletvos/RxCocoa-t.build/Objects-normal/arm64/RxCocoa-OutputFileMap.json -save-temps -no-color-diagnostics -explicit-module-build -module-cache-path /Users/admin/builder/spi-builder-workspace/.derivedData/Build/Intermediates.noindex/SwiftExplicitPrecompiledModules -clang-scanner-module-cache-path /Users/admin/builder/spi-builder-workspace/.derivedData/ModuleCache.noindex -sdk-module-cache-path /Users/admin/builder/spi-builder-workspace/.derivedData/SDKExplicitPrecompiledModules -emit-dependencies -emit-module -emit-module-path /Users/admin/builder/spi-builder-workspace/.derivedData/Build/Intermediates.noindex/RxSwift.build/Debug-appletvos/RxCocoa-t.build/Objects-normal/arm64/RxCocoa.swiftmodule -serialize-diagnostics -dependency-scan-serialize-diagnostics-path /Users/admin/builder/spi-builder-workspace/.derivedData/Build/Intermediates.noindex/RxSwift.build/Debug-appletvos/RxCocoa-t.build/Objects-normal/arm64/RxCocoa-dependency-scan.dia -validate-clang-modules-once -clang-build-session-file /Users/admin/builder/spi-builder-workspace/.derivedData/ModuleCache.noindex/Session.modulevalidation -Xcc -fmodules-prune-interval\=86400 -Xcc -fmodules-prune-after\=345600 -package-name rxswift -emit-const-values -const-gather-protocols-list /Users/admin/builder/spi-builder-workspace/.derivedData/Build/Intermediates.noindex/RxSwift.build/Debug-appletvos/RxCocoa-t.build/Objects-normal/arm64/RxCocoa_const_extract_protocols.json -Xcc -I/Users/admin/builder/spi-builder-workspace/.dependencies/checkouts/RxSwift/Sources/RxCocoaRuntime/include -Xcc -I/Users/admin/builder/spi-builder-workspace/.derivedData/Build/Products/Debug-appletvos/include -Xcc -I/Users/admin/builder/spi-builder-workspace/.derivedData/Build/Intermediates.noindex/RxSwift.build/Debug-appletvos/RxCocoa-t.build/DerivedSources-normal/arm64 -Xcc -I/Users/admin/builder/spi-builder-workspace/.derivedData/Build/Intermediates.noindex/RxSwift.build/Debug-appletvos/RxCocoa-t.build/DerivedSources/arm64 -Xcc -I/Users/admin/builder/spi-builder-workspace/.derivedData/Build/Intermediates.noindex/RxSwift.build/Debug-appletvos/RxCocoa-t.build/DerivedSources -Xcc -DSWIFT_PACKAGE -Xcc -DDEBUG\=1 -emit-objc-header -emit-objc-header-path /Users/admin/builder/spi-builder-workspace/.derivedData/Build/Intermediates.noindex/RxSwift.build/Debug-appletvos/RxCocoa-t.build/Objects-normal/arm64/RxCocoa-Swift.h -working-directory /Users/admin/builder/spi-builder-workspace/.swiftpm/xcode -experimental-emit-module-separately -disable-cmo
Ld /Users/admin/builder/spi-builder-workspace/.derivedData/Build/Products/Debug-appletvos/RxCocoa.o normal (in target 'RxCocoa' from project 'RxSwift')
cd /Users/admin/builder/spi-builder-workspace/.dependencies/checkouts/RxSwift
/Applications/Xcode-27.0.0-Release.Candidate.app/Contents/Developer/Toolchains/XcodeDefault.xctoolchain/usr/bin/clang -Xlinker -reproducible -target arm64-apple-tvos15.0 -r -isysroot /Applications/Xcode-27.0.0-Release.Candidate.app/Contents/Developer/Platforms/AppleTVOS.platform/Developer/SDKs/AppleTVOS27.0.sdk -O0 -w -Xlinker -no_warn_duplicate_libraries -F/Users/admin/builder/spi-builder-workspace/.derivedData/Build/Intermediates.noindex/EagerLinkingTBDs/Debug-appletvos -F/Users/admin/builder/spi-builder-workspace/.derivedData/Build/Products/Debug-appletvos/PackageFrameworks -F/Users/admin/builder/spi-builder-workspace/.derivedData/Build/Products/Debug-appletvos -iframework /Applications/Xcode-27.0.0-Release.Candidate.app/Contents/Developer/Platforms/AppleTVOS.platform/Developer/Library/Frameworks -iframework /Applications/Xcode-27.0.0-Release.Candidate.app/Contents/Developer/Platforms/AppleTVOS.platform/Developer/SDKs/AppleTVOS27.0.sdk/Developer/Library/Frameworks -filelist /Users/admin/builder/spi-builder-workspace/.derivedData/Build/Intermediates.noindex/RxSwift.build/Debug-appletvos/RxCocoa-t.build/Objects-normal/arm64/RxCocoa.LinkFileList -nostdlib -Xlinker -object_path_lto -Xlinker /Users/admin/builder/spi-builder-workspace/.derivedData/Build/Intermediates.noindex/RxSwift.build/Debug-appletvos/RxCocoa-t.build/Objects-normal/arm64/RxCocoa_lto.o -Xlinker -no_deduplicate -Xlinker -dependency_info -Xlinker /Users/admin/builder/spi-builder-workspace/.derivedData/Build/Intermediates.noindex/RxSwift.build/Debug-appletvos/RxCocoa-t.build/Objects-normal/arm64/RxCocoa_dependency_info.dat -fobjc-link-runtime -L/Applications/Xcode-27.0.0-Release.Candidate.app/Contents/Developer/Toolchains/XcodeDefault.xctoolchain/usr/lib/swift/appletvos -L/usr/lib/swift -Xlinker -add_ast_path -Xlinker /Users/admin/builder/spi-builder-workspace/.derivedData/Build/Intermediates.noindex/RxSwift.build/Debug-appletvos/RxCocoa-t.build/Objects-normal/arm64/RxCocoa.swiftmodule -o /Users/admin/builder/spi-builder-workspace/.derivedData/Build/Products/Debug-appletvos/RxCocoa.o
SwiftDriver RxGesture normal arm64 com.apple.xcode.tools.swift.compiler (in target 'RxGesture' from project 'RxGesture')
cd /Users/admin/builder/spi-builder-workspace/.swiftpm/xcode
builtin-SwiftDriver -- /Applications/Xcode-27.0.0-Release.Candidate.app/Contents/Developer/Toolchains/XcodeDefault.xctoolchain/usr/bin/swiftc -parse-as-library -module-name RxGesture -Onone @/Users/admin/builder/spi-builder-workspace/.derivedData/Build/Intermediates.noindex/RxGesture.build/Debug-appletvos/RxGesture-t.build/Objects-normal/arm64/RxGesture.SwiftFileList -DSWIFT_PACKAGE -DDEBUG -DSWIFT_MODULE_RESOURCE_BUNDLE_UNAVAILABLE -Xcc -fmodule-map-file\=/Users/admin/builder/spi-builder-workspace/.derivedData/Build/Intermediates.noindex/GeneratedModuleMaps-appletvos/RxCocoaRuntime.modulemap -DXcode -plugin-path /Applications/Xcode-27.0.0-Release.Candidate.app/Contents/Developer/Toolchains/XcodeDefault.xctoolchain/usr/lib/swift/host/plugins/testing -enable-experimental-feature DebugDescriptionMacro -sdk /Applications/Xcode-27.0.0-Release.Candidate.app/Contents/Developer/Platforms/AppleTVOS.platform/Developer/SDKs/AppleTVOS27.0.sdk -target arm64-apple-tvos15.0 -g -module-cache-path /Users/admin/builder/spi-builder-workspace/.derivedData/ModuleCache.noindex -Xfrontend -serialize-debugging-options -enable-testing -index-store-path /Users/admin/builder/spi-builder-workspace/.derivedData/Index.noindex/DataStore -Xcc -D_LIBCPP_HARDENING_MODE\=_LIBCPP_HARDENING_MODE_DEBUG -swift-version 5 -I /Users/admin/builder/spi-builder-workspace/.derivedData/Build/Products/Debug-appletvos -Isystem /Applications/Xcode-27.0.0-Release.Candidate.app/Contents/Developer/Platforms/AppleTVOS.platform/Developer/usr/lib -F /Users/admin/builder/spi-builder-workspace/.derivedData/Build/Products/Debug-appletvos/PackageFrameworks -F /Users/admin/builder/spi-builder-workspace/.derivedData/Build/Products/Debug-appletvos -F /Applications/Xcode-27.0.0-Release.Candidate.app/Contents/Developer/Platforms/AppleTVOS.platform/Developer/Library/Frameworks -F /Applications/Xcode-27.0.0-Release.Candidate.app/Contents/Developer/Platforms/AppleTVOS.platform/Developer/SDKs/AppleTVOS27.0.sdk/Developer/Library/Frameworks -c -j10 -enable-batch-mode -incremental -Xcc -ivfsstatcache -Xcc /Users/admin/builder/spi-builder-workspace/.derivedData/SDKStatCaches.noindex/appletvos27.0-24J360-e829b21a6f8c9b70876ba0858053c044b32bfd8d43560033f8d89884cdb90028.sdkstatcache -output-file-map /Users/admin/builder/spi-builder-workspace/.derivedData/Build/Intermediates.noindex/RxGesture.build/Debug-appletvos/RxGesture-t.build/Objects-normal/arm64/RxGesture-OutputFileMap.json -save-temps -no-color-diagnostics -explicit-module-build -module-cache-path /Users/admin/builder/spi-builder-workspace/.derivedData/Build/Intermediates.noindex/SwiftExplicitPrecompiledModules -clang-scanner-module-cache-path /Users/admin/builder/spi-builder-workspace/.derivedData/ModuleCache.noindex -sdk-module-cache-path /Users/admin/builder/spi-builder-workspace/.derivedData/SDKExplicitPrecompiledModules -emit-dependencies -emit-module -emit-module-path /Users/admin/builder/spi-builder-workspace/.derivedData/Build/Intermediates.noindex/RxGesture.build/Debug-appletvos/RxGesture-t.build/Objects-normal/arm64/RxGesture.swiftmodule -serialize-diagnostics -dependency-scan-serialize-diagnostics-path /Users/admin/builder/spi-builder-workspace/.derivedData/Build/Intermediates.noindex/RxGesture.build/Debug-appletvos/RxGesture-t.build/Objects-normal/arm64/RxGesture-dependency-scan.dia -validate-clang-modules-once -clang-build-session-file /Users/admin/builder/spi-builder-workspace/.derivedData/ModuleCache.noindex/Session.modulevalidation -Xcc -fmodules-prune-interval\=86400 -Xcc -fmodules-prune-after\=345600 -emit-const-values -const-gather-protocols-list /Users/admin/builder/spi-builder-workspace/.derivedData/Build/Intermediates.noindex/RxGesture.build/Debug-appletvos/RxGesture-t.build/Objects-normal/arm64/RxGesture_const_extract_protocols.json -Xcc -I/Users/admin/builder/spi-builder-workspace/.dependencies/checkouts/RxSwift/Sources/RxCocoaRuntime/include -Xcc -I/Users/admin/builder/spi-builder-workspace/.derivedData/Build/Products/Debug-appletvos/include -Xcc -I/Users/admin/builder/spi-builder-workspace/.derivedData/Build/Intermediates.noindex/RxGesture.build/Debug-appletvos/RxGesture-t.build/DerivedSources-normal/arm64 -Xcc -I/Users/admin/builder/spi-builder-workspace/.derivedData/Build/Intermediates.noindex/RxGesture.build/Debug-appletvos/RxGesture-t.build/DerivedSources/arm64 -Xcc -I/Users/admin/builder/spi-builder-workspace/.derivedData/Build/Intermediates.noindex/RxGesture.build/Debug-appletvos/RxGesture-t.build/DerivedSources -Xcc -DSWIFT_PACKAGE -Xcc -DDEBUG\=1 -emit-objc-header -emit-objc-header-path /Users/admin/builder/spi-builder-workspace/.derivedData/Build/Intermediates.noindex/RxGesture.build/Debug-appletvos/RxGesture-t.build/Objects-normal/arm64/RxGesture-Swift.h -working-directory /Users/admin/builder/spi-builder-workspace/.swiftpm/xcode -experimental-emit-module-separately -disable-cmo
ExtractAppIntentsMetadata (in target 'RxCocoa' from project 'RxSwift')
cd /Users/admin/builder/spi-builder-workspace/.dependencies/checkouts/RxSwift
/Applications/Xcode-27.0.0-Release.Candidate.app/Contents/Developer/Toolchains/XcodeDefault.xctoolchain/usr/bin/appintentsmetadataprocessor --toolchain-dir /var/run/com.apple.security.cryptexd/mnt/com.apple.MobileAsset.MetalToolchain-v27.1.266.1.hg3MoD/Metal.xctoolchain --module-name RxCocoa --sdk-root /Applications/Xcode-27.0.0-Release.Candidate.app/Contents/Developer/Platforms/AppleTVOS.platform/Developer/SDKs/AppleTVOS27.0.sdk --xcode-version 27A266a --platform-family tvOS --deployment-target 15.0 --bundle-identifier rxswift.RxCocoa --output /Users/admin/builder/spi-builder-workspace/.derivedData/Build/Products/Debug-appletvos/RxCocoa.appintents --target-triple arm64-apple-tvos15.0 --binary-file /Users/admin/builder/spi-builder-workspace/.derivedData/Build/Products/Debug-appletvos/RxCocoa.o --dependency-file /Users/admin/builder/spi-builder-workspace/.derivedData/Build/Intermediates.noindex/RxSwift.build/Debug-appletvos/RxCocoa-t.build/Objects-normal/arm64/RxCocoa_dependency_info.dat --stringsdata-file /Users/admin/builder/spi-builder-workspace/.derivedData/Build/Intermediates.noindex/RxSwift.build/Debug-appletvos/RxCocoa-t.build/Objects-normal/arm64/ExtractedAppShortcutsMetadata.stringsdata --source-file-list /Users/admin/builder/spi-builder-workspace/.derivedData/Build/Intermediates.noindex/RxSwift.build/Debug-appletvos/RxCocoa-t.build/Objects-normal/arm64/RxCocoa.SwiftFileList --metadata-file-list /Users/admin/builder/spi-builder-workspace/.derivedData/Build/Intermediates.noindex/RxSwift.build/Debug-appletvos/RxCocoa-t.build/RxCocoa.DependencyMetadataFileList --static-metadata-file-list /Users/admin/builder/spi-builder-workspace/.derivedData/Build/Intermediates.noindex/RxSwift.build/Debug-appletvos/RxCocoa-t.build/RxCocoa.DependencyStaticMetadataFileList --swift-const-vals-list /Users/admin/builder/spi-builder-workspace/.derivedData/Build/Intermediates.noindex/RxSwift.build/Debug-appletvos/RxCocoa-t.build/Objects-normal/arm64/RxCocoa.SwiftConstValuesFileList --force --compile-time-extraction --deployment-aware-processing --no-app-shortcuts-localization
2026-09-18 04:20:15.371 appintentsmetadataprocessor[891:5628] Starting appintentsmetadataprocessor export
2026-09-18 04:20:15.436 appintentsmetadataprocessor[891:5628] Extracted no relevant App Intents symbols, skipping writing output
SwiftCompile normal arm64 Compiling\ GestureRecognizer+RxGesture.swift,\ SharedTypes.swift /Users/admin/builder/spi-builder-workspace/Pod/Classes/GestureRecognizer+RxGesture.swift /Users/admin/builder/spi-builder-workspace/Pod/Classes/SharedTypes.swift (in target 'RxGesture' from project 'RxGesture')
/Users/admin/builder/spi-builder-workspace/Pod/Classes/GestureRecognizer+RxGesture.swift:25:36: error: cannot find type 'RxGestureView' in scope
23 | import struct CoreGraphics.CGPoint
24 |
25 | public typealias LocationInView = (RxGestureView) -> CGPoint
| `- error: cannot find type 'RxGestureView' in scope
26 |
27 | extension ObservableType where Element: RxGestureRecognizer {
/Users/admin/builder/spi-builder-workspace/Pod/Classes/GestureRecognizer+RxGesture.swift:27:41: error: cannot find type 'RxGestureRecognizer' in scope
25 | public typealias LocationInView = (RxGestureView) -> CGPoint
26 |
27 | extension ObservableType where Element: RxGestureRecognizer {
| `- error: cannot find type 'RxGestureRecognizer' in scope
28 |
29 | /**
/Users/admin/builder/spi-builder-workspace/Pod/Classes/GestureRecognizer+RxGesture.swift:35:32: error: cannot find type 'RxGestureRecognizerState' in scope
33 | - returns: An observable `GestureRecognizer` events sequence that only contains events emitted while the `GestureRecognizer`'s state match the given `state`.
34 | */
35 | public func when(_ states: RxGestureRecognizerState...) -> Observable<Element> {
| `- error: cannot find type 'RxGestureRecognizerState' in scope
36 | filter { gesture in
37 | states.contains(gesture.state)
/Users/admin/builder/spi-builder-workspace/Pod/Classes/GestureRecognizer+RxGesture.swift:47:35: error: cannot find type 'RxGestureRecognizerState' in scope
45 | - returns: An observable `GestureRecognizer` events sequence that only contains events emitted while the `GestureRecognizer`'s state match the given `state`.
46 | */
47 | internal func when(_ states: [RxGestureRecognizerState]) -> Observable<Element> {
| `- error: cannot find type 'RxGestureRecognizerState' in scope
48 | filter { gesture in
49 | states.contains(gesture.state)
/Users/admin/builder/spi-builder-workspace/Pod/Classes/GestureRecognizer+RxGesture.swift:58:71: error: cannot find type 'RxGesturePoint' in scope
56 | - parameter view: A `TargetView` value on which the gesture took place.
57 | */
58 | public func asLocation(in view: TargetView = .view) -> Observable<RxGesturePoint> {
| `- error: cannot find type 'RxGesturePoint' in scope
59 | map { gesture in
60 | gesture.location(in: view.targetView(for: gesture))
/Users/admin/builder/spi-builder-workspace/Pod/Classes/GestureRecognizer+RxGesture.swift:37:37: error: value of type 'Self.Element' has no member 'state'
35 | public func when(_ states: RxGestureRecognizerState...) -> Observable<Element> {
36 | filter { gesture in
37 | states.contains(gesture.state)
| `- error: value of type 'Self.Element' has no member 'state'
38 | }
39 | }
/Users/admin/builder/spi-builder-workspace/Pod/Classes/GestureRecognizer+RxGesture.swift:49:37: error: value of type 'Self.Element' has no member 'state'
47 | internal func when(_ states: [RxGestureRecognizerState]) -> Observable<Element> {
48 | filter { gesture in
49 | states.contains(gesture.state)
| `- error: value of type 'Self.Element' has no member 'state'
50 | }
51 | }
/Users/admin/builder/spi-builder-workspace/Pod/Classes/SharedTypes.swift:54:75: error: cannot find type 'RxGestureView' in scope
52 | case this(RxGestureView)
53 |
54 | public func targetView(for gestureRecognizer: RxGestureRecognizer) -> RxGestureView? {
| `- error: cannot find type 'RxGestureView' in scope
55 | switch self {
56 | case .view:
/Users/admin/builder/spi-builder-workspace/Pod/Classes/SharedTypes.swift:54:51: error: cannot find type 'RxGestureRecognizer' in scope
52 | case this(RxGestureView)
53 |
54 | public func targetView(for gestureRecognizer: RxGestureRecognizer) -> RxGestureView? {
| `- error: cannot find type 'RxGestureRecognizer' in scope
55 | switch self {
56 | case .view:
/Users/admin/builder/spi-builder-workspace/Pod/Classes/GestureRecognizer+RxGesture.swift:60:21: error: value of type 'Self.Element' has no member 'location'
58 | public func asLocation(in view: TargetView = .view) -> Observable<RxGesturePoint> {
59 | map { gesture in
60 | gesture.location(in: view.targetView(for: gesture))
| `- error: value of type 'Self.Element' has no member 'location'
61 | }
62 | }
/Users/admin/builder/spi-builder-workspace/Pod/Classes/GestureRecognizer+RxGesture.swift:66:38: error: value of type 'Self.Element' has no member 'view'
64 | public func asLocationInView() -> Observable<LocationInView> {
65 | map { gesture in
66 | let targetView = gesture.view!
| `- error: value of type 'Self.Element' has no member 'view'
67 | let location = gesture.location(in: targetView)
68 | return { view in
/Users/admin/builder/spi-builder-workspace/Pod/Classes/SharedTypes.swift:52:15: error: cannot find type 'RxGestureView' in scope
50 |
51 | /// The target view will be the given view
52 | case this(RxGestureView)
| `- error: cannot find type 'RxGestureView' in scope
53 |
54 | public func targetView(for gestureRecognizer: RxGestureRecognizer) -> RxGestureView? {
/Users/admin/builder/spi-builder-workspace/Pod/Classes/iOS/TransformGestureRecognizers.swift:57:32: error: cannot find type 'RxGestureRecognizerState' in scope
55 | extension ObservableType where Element == TransformGestureRecognizers {
56 |
57 | public func when(_ states: RxGestureRecognizerState...) -> Observable<Element> {
| `- error: cannot find type 'RxGestureRecognizerState' in scope
58 | filter { gestures in
59 | states.contains(gestures.panGesture.state)
Failed frontend command:
SwiftCompile normal arm64 /Users/admin/builder/spi-builder-workspace/Pod/Classes/GestureRecognizer+RxGesture.swift (in target 'RxGesture' from project 'RxGesture')
cd /Users/admin/builder/spi-builder-workspace/.swiftpm/xcode
builtin-SwiftPerFileCompile GestureRecognizer+RxGesture.swift
SwiftCompile normal arm64 /Users/admin/builder/spi-builder-workspace/Pod/Classes/SharedTypes.swift (in target 'RxGesture' from project 'RxGesture')
cd /Users/admin/builder/spi-builder-workspace/.swiftpm/xcode
builtin-SwiftPerFileCompile SharedTypes.swift
/Applications/Xcode-27.0.0-Release.Candidate.app/Contents/Developer/Toolchains/XcodeDefault.xctoolchain/usr/bin/swift-frontend -frontend -c /Users/admin/builder/spi-builder-workspace/Pod/Classes/GenericRxGestureRecognizerDelegate.swift /Users/admin/builder/spi-builder-workspace/Pod/Classes/GestureFactory.swift -primary-file /Users/admin/builder/spi-builder-workspace/Pod/Classes/GestureRecognizer+RxGesture.swift -primary-file /Users/admin/builder/spi-builder-workspace/Pod/Classes/SharedTypes.swift /Users/admin/builder/spi-builder-workspace/Pod/Classes/View+RxGesture.swift /Users/admin/builder/spi-builder-workspace/Pod/Classes/iOS/ForceTouchGestureRecognizer.swift /Users/admin/builder/spi-builder-workspace/Pod/Classes/iOS/TouchDownGestureRecognizer.swift /Users/admin/builder/spi-builder-workspace/Pod/Classes/iOS/TransformGestureRecognizers.swift /Users/admin/builder/spi-builder-workspace/Pod/Classes/iOS/UIHoverGestureRecognizer+RxGesture.swift /Users/admin/builder/spi-builder-workspace/Pod/Classes/iOS/UILongPressGestureRecognizer+RxGesture.swift /Users/admin/builder/spi-builder-workspace/Pod/Classes/iOS/UIPanGestureRecognizer+RxGesture.swift /Users/admin/builder/spi-builder-workspace/Pod/Classes/iOS/UIPinchGestureRecognizer+RxGesture.swift /Users/admin/builder/spi-builder-workspace/Pod/Classes/iOS/UIRotationGestureRecognizer+RxGesture.swift /Users/admin/builder/spi-builder-workspace/Pod/Classes/iOS/UIScreenEdgePanGestureRecognizer+RxGesture.swift /Users/admin/builder/spi-builder-workspace/Pod/Classes/iOS/UISwipeGestureRecognizer+RxGesture.swift /Users/admin/builder/spi-builder-workspace/Pod/Classes/iOS/UITapGestureRecognizer+RxGesture.swift -emit-dependencies-path /Users/admin/builder/spi-builder-workspace/.derivedData/Build/Intermediates.noindex/RxGesture.build/Debug-appletvos/RxGesture-t.build/Objects-normal/arm64/GestureRecognizer+RxGesture.d -emit-const-values-path /Users/admin/builder/spi-builder-workspace/.derivedData/Build/Intermediates.noindex/RxGesture.build/Debug-appletvos/RxGesture-t.build/Objects-normal/arm64/GestureRecognizer+RxGesture.swiftconstvalues -emit-reference-dependencies-path /Users/admin/builder/spi-builder-workspace/.derivedData/Build/Intermediates.noindex/RxGesture.build/Debug-appletvos/RxGesture-t.build/Objects-normal/arm64/GestureRecognizer+RxGesture.swiftdeps -serialize-diagnostics-path /Users/admin/builder/spi-builder-workspace/.derivedData/Build/Intermediates.noindex/RxGesture.build/Debug-appletvos/RxGesture-t.build/Objects-normal/arm64/GestureRecognizer+RxGesture.dia -emit-dependencies-path /Users/admin/builder/spi-builder-workspace/.derivedData/Build/Intermediates.noindex/RxGesture.build/Debug-appletvos/RxGesture-t.build/Objects-normal/arm64/SharedTypes.d -emit-const-values-path /Users/admin/builder/spi-builder-workspace/.derivedData/Build/Intermediates.noindex/RxGesture.build/Debug-appletvos/RxGesture-t.build/Objects-normal/arm64/SharedTypes.swiftconstvalues -emit-reference-dependencies-path /Users/admin/builder/spi-builder-workspace/.derivedData/Build/Intermediates.noindex/RxGesture.build/Debug-appletvos/RxGesture-t.build/Objects-normal/arm64/SharedTypes.swiftdeps -serialize-diagnostics-path /Users/admin/builder/spi-builder-workspace/.derivedData/Build/Intermediates.noindex/RxGesture.build/Debug-appletvos/RxGesture-t.build/Objects-normal/arm64/SharedTypes.dia -target arm64-apple-tvos15.0 -module-can-import-version ObjectiveC 973.1 0 -module-can-import-version UIKit 9127.0.84.1 9127.0.84 -disable-cross-import-overlay-search -load-resolved-plugin /Applications/Xcode-27.0.0-Release.Candidate.app/Contents/Developer/Platforms/AppleTVOS.platform/Developer/usr/lib/swift/host/plugins/libFoundationMacros.dylib\#/Applications/Xcode-27.0.0-Release.Candidate.app/Contents/Developer/Platforms/AppleTVOS.platform/Developer/usr/bin/swift-plugin-server\#FoundationMacros -load-resolved-plugin /Applications/Xcode-27.0.0-Release.Candidate.app/Contents/Developer/Platforms/AppleTVOS.platform/Developer/usr/lib/swift/host/plugins/libObservationMacros.dylib\#/Applications/Xcode-27.0.0-Release.Candidate.app/Contents/Developer/Platforms/AppleTVOS.platform/Developer/usr/bin/swift-plugin-server\#ObservationMacros -load-resolved-plugin /Applications/Xcode-27.0.0-Release.Candidate.app/Contents/Developer/Platforms/AppleTVOS.platform/Developer/usr/lib/swift/host/plugins/libPreviewsMacros.dylib\#/Applications/Xcode-27.0.0-Release.Candidate.app/Contents/Developer/Platforms/AppleTVOS.platform/Developer/usr/bin/swift-plugin-server\#PreviewsMacros -load-resolved-plugin /Applications/Xcode-27.0.0-Release.Candidate.app/Contents/Developer/Platforms/AppleTVOS.platform/Developer/usr/lib/swift/host/plugins/libSwiftMacros.dylib\#/Applications/Xcode-27.0.0-Release.Candidate.app/Contents/Developer/Platforms/AppleTVOS.platform/Developer/usr/bin/swift-plugin-server\#SwiftMacros -load-resolved-plugin /Applications/Xcode-27.0.0-Release.Candidate.app/Contents/Developer/Platforms/AppleTVOS.platform/Developer/usr/lib/swift/host/plugins/libSwiftUIMacros.dylib\#/Applications/Xcode-27.0.0-Release.Candidate.app/Contents/Developer/Platforms/AppleTVOS.platform/Developer/usr/bin/swift-plugin-server\#SwiftUIMacros -disable-implicit-swift-modules -Xcc -fno-implicit-modules -Xcc -fno-implicit-module-maps -explicit-swift-module-map-file /Users/admin/builder/spi-builder-workspace/.derivedData/Build/Intermediates.noindex/RxGesture.build/Debug-appletvos/RxGesture-t.build/Objects-normal/arm64/RxGesture-dependencies-1.json -Xllvm -aarch64-use-tbi -enable-objc-interop -stack-check -sdk /Applications/Xcode-27.0.0-Release.Candidate.app/Contents/Developer/Platforms/AppleTVOS.platform/Developer/SDKs/AppleTVOS27.0.sdk -I /Users/admin/builder/spi-builder-workspace/.derivedData/Build/Products/Debug-appletvos -Isystem /Applications/Xcode-27.0.0-Release.Candidate.app/Contents/Developer/Platforms/AppleTVOS.platform/Developer/usr/lib -F /Users/admin/builder/spi-builder-workspace/.derivedData/Build/Products/Debug-appletvos/PackageFrameworks -F /Users/admin/builder/spi-builder-workspace/.derivedData/Build/Products/Debug-appletvos -F /Applications/Xcode-27.0.0-Release.Candidate.app/Contents/Developer/Platforms/AppleTVOS.platform/Developer/Library/Frameworks -F /Applications/Xcode-27.0.0-Release.Candidate.app/Contents/Developer/Platforms/AppleTVOS.platform/Developer/SDKs/AppleTVOS27.0.sdk/Developer/Library/Frameworks -module-cache-path /Users/admin/builder/spi-builder-workspace/.derivedData/Build/Intermediates.noindex/SwiftExplicitPrecompiledModules -no-color-diagnostics -Xcc -fno-color-diagnostics -enable-testing -g -debug-info-format\=dwarf -dwarf-version\=4 -swift-version 5 -Onone -D SWIFT_PACKAGE -D DEBUG -D SWIFT_MODULE_RESOURCE_BUNDLE_UNAVAILABLE -D Xcode -serialize-debugging-options -enable-experimental-feature DebugDescriptionMacro -empty-abi-descriptor -validate-clang-modules-once -clang-build-session-file /Users/admin/builder/spi-builder-workspace/.derivedData/ModuleCache.noindex/Session.modulevalidation -Xcc -working-directory -Xcc /Users/admin/builder/spi-builder-workspace/.swiftpm/xcode -enable-anonymous-context-mangled-names -file-compilation-dir /Users/admin/builder/spi-builder-workspace/.swiftpm/xcode -Xcc -fmodule-map-file\=/Users/admin/builder/spi-builder-workspace/.derivedData/Build/Intermediates.noindex/GeneratedModuleMaps-appletvos/RxCocoaRuntime.modulemap -Xcc -D_LIBCPP_HARDENING_MODE\=_LIBCPP_HARDENING_MODE_DEBUG -Xcc -ivfsstatcache -Xcc /Users/admin/builder/spi-builder-workspace/.derivedData/SDKStatCaches.noindex/appletvos27.0-24J360-e829b21a6f8c9b70876ba0858053c044b32bfd8d43560033f8d89884cdb90028.sdkstatcache -Xcc -fmodules-prune-interval\=86400 -Xcc -fmodules-prune-after\=345600 -Xcc -I/Users/admin/builder/spi-builder-workspace/.dependencies/checkouts/RxSwift/Sources/RxCocoaRuntime/include -Xcc -I/Users/admin/builder/spi-builder-workspace/.derivedData/Build/Products/Debug-appletvos/include -Xcc -I/Users/admin/builder/spi-builder-workspace/.derivedData/Build/Intermediates.noindex/RxGesture.build/Debug-appletvos/RxGesture-t.build/DerivedSources-normal/arm64 -Xcc -I/Users/admin/builder/spi-builder-workspace/.derivedData/Build/Intermediates.noindex/RxGesture.build/Debug-appletvos/RxGesture-t.build/DerivedSources/arm64 -Xcc -I/Users/admin/builder/spi-builder-workspace/.derivedData/Build/Intermediates.noindex/RxGesture.build/Debug-appletvos/RxGesture-t.build/DerivedSources -Xcc -DSWIFT_PACKAGE -Xcc -DDEBUG\=1 -no-auto-bridging-header-chaining -module-name RxGesture -const-gather-protocols-file /Users/admin/builder/spi-builder-workspace/.derivedData/Build/Intermediates.noindex/RxGesture.build/Debug-appletvos/RxGesture-t.build/Objects-normal/arm64/RxGesture_const_extract_protocols.json -disable-clang-spi -clang-target arm64-apple-tvos27.0 -target-sdk-version 27.0 -target-sdk-name appletvos27.0 -in-process-plugin-server-path /Applications/Xcode-27.0.0-Release.Candidate.app/Contents/Developer/Toolchains/XcodeDefault.xctoolchain/usr/lib/swift/host/libSwiftInProcPluginServer.dylib -parse-as-library -o /Users/admin/builder/spi-builder-workspace/.derivedData/Build/Intermediates.noindex/RxGesture.build/Debug-appletvos/RxGesture-t.build/Objects-normal/arm64/GestureRecognizer+RxGesture.o -o /Users/admin/builder/spi-builder-workspace/.derivedData/Build/Intermediates.noindex/RxGesture.build/Debug-appletvos/RxGesture-t.build/Objects-normal/arm64/SharedTypes.o -debug-module-path /Users/admin/builder/spi-builder-workspace/.derivedData/Build/Intermediates.noindex/RxGesture.build/Debug-appletvos/RxGesture-t.build/Objects-normal/arm64/RxGesture.swiftmodule -index-unit-output-path /RxGesture.build/Debug-appletvos/RxGesture-t.build/Objects-normal/arm64/GestureRecognizer+RxGesture.o -index-unit-output-path /RxGesture.build/Debug-appletvos/RxGesture-t.build/Objects-normal/arm64/SharedTypes.o -index-store-path /Users/admin/builder/spi-builder-workspace/.derivedData/Index.noindex/DataStore -index-system-modules
SwiftCompile normal arm64 Compiling\ TouchDownGestureRecognizer.swift,\ TransformGestureRecognizers.swift /Users/admin/builder/spi-builder-workspace/Pod/Classes/iOS/TouchDownGestureRecognizer.swift /Users/admin/builder/spi-builder-workspace/Pod/Classes/iOS/TransformGestureRecognizers.swift (in target 'RxGesture' from project 'RxGesture')
SwiftCompile normal arm64 /Users/admin/builder/spi-builder-workspace/Pod/Classes/iOS/TouchDownGestureRecognizer.swift (in target 'RxGesture' from project 'RxGesture')
cd /Users/admin/builder/spi-builder-workspace/.swiftpm/xcode
builtin-SwiftPerFileCompile TouchDownGestureRecognizer.swift
SwiftCompile normal arm64 /Users/admin/builder/spi-builder-workspace/Pod/Classes/iOS/TransformGestureRecognizers.swift (in target 'RxGesture' from project 'RxGesture')
cd /Users/admin/builder/spi-builder-workspace/.swiftpm/xcode
builtin-SwiftPerFileCompile TransformGestureRecognizers.swift
SwiftCompile normal arm64 Compiling\ UIRotationGestureRecognizer+RxGesture.swift /Users/admin/builder/spi-builder-workspace/Pod/Classes/iOS/UIRotationGestureRecognizer+RxGesture.swift (in target 'RxGesture' from project 'RxGesture')
/Users/admin/builder/spi-builder-workspace/Pod/Classes/GestureFactory.swift:25:41: error: cannot find type 'RxGestureRecognizer' in scope
23 | import ObjectiveC
24 |
25 | public typealias Configuration<Gesture: RxGestureRecognizer> = (Gesture, GenericRxGestureRecognizerDelegate<Gesture>) -> Void
| `- error: cannot find type 'RxGestureRecognizer' in scope
26 |
27 | public struct Factory<Gesture: RxGestureRecognizer> {
/Users/admin/builder/spi-builder-workspace/Pod/Classes/GenericRxGestureRecognizerDelegate.swift:68:64: error: cannot find type 'RxGestureRecognizer' in scope
66 | }
67 |
68 | public final class GenericRxGestureRecognizerDelegate<Gesture: RxGestureRecognizer>: NSObject, RxGestureRecognizerDelegate {
| `- error: cannot find type 'RxGestureRecognizer' in scope
69 |
70 | /// Corresponding delegate method: gestureRecognizerShouldBegin(:_)
/Users/admin/builder/spi-builder-workspace/Pod/Classes/iOS/UIRotationGestureRecognizer+RxGesture.swift:27:56: error: 'UIRotationGestureRecognizer' is unavailable in tvOS
25 | import RxCocoa
26 |
27 | public typealias RotationConfiguration = Configuration<UIRotationGestureRecognizer>
| `- error: 'UIRotationGestureRecognizer' is unavailable in tvOS
28 | public typealias RotationControlEvent = ControlEvent<UIRotationGestureRecognizer>
29 | public typealias RotationObservable = Observable<UIRotationGestureRecognizer>
/Applications/Xcode-27.0.0-Release.Candidate.app/Contents/Developer/Platforms/AppleTVOS.platform/Developer/SDKs/AppleTVOS27.0.sdk/System/Library/Frameworks/UIKit.framework/Headers/UIRotationGestureRecognizer.h:20:12: note: 'UIRotationGestureRecognizer' has been explicitly marked unavailable here
18 |
19 | UIKIT_EXTERN API_AVAILABLE(ios(3.2)) API_UNAVAILABLE(tvos, watchos) NS_SWIFT_UI_ACTOR
20 | @interface UIRotationGestureRecognizer : UIGestureRecognizer
| `- note: 'UIRotationGestureRecognizer' has been explicitly marked unavailable here
21 |
22 | @property (nonatomic) CGFloat rotation; // rotation in radians
/Users/admin/builder/spi-builder-workspace/Pod/Classes/iOS/UIRotationGestureRecognizer+RxGesture.swift:28:54: error: 'UIRotationGestureRecognizer' is unavailable in tvOS
26 |
27 | public typealias RotationConfiguration = Configuration<UIRotationGestureRecognizer>
28 | public typealias RotationControlEvent = ControlEvent<UIRotationGestureRecognizer>
| `- error: 'UIRotationGestureRecognizer' is unavailable in tvOS
29 | public typealias RotationObservable = Observable<UIRotationGestureRecognizer>
30 |
/Applications/Xcode-27.0.0-Release.Candidate.app/Contents/Developer/Platforms/AppleTVOS.platform/Developer/SDKs/AppleTVOS27.0.sdk/System/Library/Frameworks/UIKit.framework/Headers/UIRotationGestureRecognizer.h:20:12: note: 'UIRotationGestureRecognizer' has been explicitly marked unavailable here
18 |
19 | UIKIT_EXTERN API_AVAILABLE(ios(3.2)) API_UNAVAILABLE(tvos, watchos) NS_SWIFT_UI_ACTOR
20 | @interface UIRotationGestureRecognizer : UIGestureRecognizer
| `- note: 'UIRotationGestureRecognizer' has been explicitly marked unavailable here
21 |
22 | @property (nonatomic) CGFloat rotation; // rotation in radians
/Users/admin/builder/spi-builder-workspace/Pod/Classes/iOS/UIRotationGestureRecognizer+RxGesture.swift:29:50: error: 'UIRotationGestureRecognizer' is unavailable in tvOS
27 | public typealias RotationConfiguration = Configuration<UIRotationGestureRecognizer>
28 | public typealias RotationControlEvent = ControlEvent<UIRotationGestureRecognizer>
29 | public typealias RotationObservable = Observable<UIRotationGestureRecognizer>
| `- error: 'UIRotationGestureRecognizer' is unavailable in tvOS
30 |
31 | extension Factory where Gesture == RxGestureRecognizer {
/Applications/Xcode-27.0.0-Release.Candidate.app/Contents/Developer/Platforms/AppleTVOS.platform/Developer/SDKs/AppleTVOS27.0.sdk/System/Library/Frameworks/UIKit.framework/Headers/UIRotationGestureRecognizer.h:20:12: note: 'UIRotationGestureRecognizer' has been explicitly marked unavailable here
18 |
19 | UIKIT_EXTERN API_AVAILABLE(ios(3.2)) API_UNAVAILABLE(tvos, watchos) NS_SWIFT_UI_ACTOR
20 | @interface UIRotationGestureRecognizer : UIGestureRecognizer
| `- note: 'UIRotationGestureRecognizer' has been explicitly marked unavailable here
21 |
22 | @property (nonatomic) CGFloat rotation; // rotation in radians
/Users/admin/builder/spi-builder-workspace/Pod/Classes/GestureFactory.swift:27:32: error: cannot find type 'RxGestureRecognizer' in scope
25 | public typealias Configuration<Gesture: RxGestureRecognizer> = (Gesture, GenericRxGestureRecognizerDelegate<Gesture>) -> Void
26 |
27 | public struct Factory<Gesture: RxGestureRecognizer> {
| `- error: cannot find type 'RxGestureRecognizer' in scope
28 | public let gesture: Gesture
29 | public init(_ configuration: Configuration<Gesture>?) {
/Users/admin/builder/spi-builder-workspace/Pod/Classes/iOS/UIRotationGestureRecognizer+RxGesture.swift:31:36: error: cannot find type 'RxGestureRecognizer' in scope
29 | public typealias RotationObservable = Observable<UIRotationGestureRecognizer>
30 |
31 | extension Factory where Gesture == RxGestureRecognizer {
| `- error: cannot find type 'RxGestureRecognizer' in scope
32 |
33 | /**
/Users/admin/builder/spi-builder-workspace/Pod/Classes/GestureFactory.swift:52:39: error: cannot find type 'RxGestureRecognizer' in scope
50 | }
51 |
52 | public typealias AnyFactory = Factory<RxGestureRecognizer>
| `- error: cannot find type 'RxGestureRecognizer' in scope
53 | extension Factory where Gesture == RxGestureRecognizer {
54 | private init<G: RxGestureRecognizer>(_ gesture: G) {
/Users/admin/builder/spi-builder-workspace/Pod/Classes/iOS/UIRotationGestureRecognizer+RxGesture.swift:42:32: error: cannot find type 'RxGestureView' in scope
40 | }
41 |
42 | extension Reactive where Base: RxGestureView {
| `- error: cannot find type 'RxGestureView' in scope
43 |
44 | /**
/Users/admin/builder/spi-builder-workspace/Pod/Classes/iOS/UIRotationGestureRecognizer+RxGesture.swift:53:41: error: 'UIRotationGestureRecognizer' is unavailable in tvOS
51 | }
52 |
53 | extension ObservableType where Element: UIRotationGestureRecognizer {
| `- error: 'UIRotationGestureRecognizer' is unavailable in tvOS
54 |
55 | /**
/Applications/Xcode-27.0.0-Release.Candidate.app/Contents/Developer/Platforms/AppleTVOS.platform/Developer/SDKs/AppleTVOS27.0.sdk/System/Library/Frameworks/UIKit.framework/Headers/UIRotationGestureRecognizer.h:20:12: note: 'UIRotationGestureRecognizer' has been explicitly marked unavailable here
18 |
19 | UIKIT_EXTERN API_AVAILABLE(ios(3.2)) API_UNAVAILABLE(tvos, watchos) NS_SWIFT_UI_ACTOR
20 | @interface UIRotationGestureRecognizer : UIGestureRecognizer
| `- note: 'UIRotationGestureRecognizer' has been explicitly marked unavailable here
21 |
22 | @property (nonatomic) CGFloat rotation; // rotation in radians
/Users/admin/builder/spi-builder-workspace/Pod/Classes/View+RxGesture.swift:25:32: error: cannot find type 'RxGestureView' in scope
23 | import Dispatch
24 |
25 | extension Reactive where Base: RxGestureView {
| `- error: cannot find type 'RxGestureView' in scope
26 |
27 | /**
/Users/admin/builder/spi-builder-workspace/Pod/Classes/View+RxGesture.swift:83:28: error: cannot find type 'RxGestureRecognizer' in scope
81 | - returns: a `ControlEvent<G>` that re-emit the gesture recognizer itself
82 | */
83 | public func gesture<G: RxGestureRecognizer>(_ gesture: G) -> ControlEvent<G> {
| `- error: cannot find type 'RxGestureRecognizer' in scope
84 |
85 | let source = Observable.deferred { [weak control = self.base] () -> Observable<G> in
SwiftCompile normal arm64 /Users/admin/builder/spi-builder-workspace/Pod/Classes/iOS/UIRotationGestureRecognizer+RxGesture.swift (in target 'RxGesture' from project 'RxGesture')
cd /Users/admin/builder/spi-builder-workspace/.swiftpm/xcode
builtin-SwiftPerFileCompile UIRotationGestureRecognizer+RxGesture.swift
SwiftCompile normal arm64 Compiling\ UISwipeGestureRecognizer+RxGesture.swift /Users/admin/builder/spi-builder-workspace/Pod/Classes/iOS/UISwipeGestureRecognizer+RxGesture.swift (in target 'RxGesture' from project 'RxGesture')
SwiftCompile normal arm64 /Users/admin/builder/spi-builder-workspace/Pod/Classes/iOS/UISwipeGestureRecognizer+RxGesture.swift (in target 'RxGesture' from project 'RxGesture')
cd /Users/admin/builder/spi-builder-workspace/.swiftpm/xcode
builtin-SwiftPerFileCompile UISwipeGestureRecognizer+RxGesture.swift
SwiftCompile normal arm64 Compiling\ UITapGestureRecognizer+RxGesture.swift /Users/admin/builder/spi-builder-workspace/Pod/Classes/iOS/UITapGestureRecognizer+RxGesture.swift (in target 'RxGesture' from project 'RxGesture')
/Users/admin/builder/spi-builder-workspace/Pod/Classes/GestureFactory.swift:25:41: error: cannot find type 'RxGestureRecognizer' in scope
23 | import ObjectiveC
24 |
25 | public typealias Configuration<Gesture: RxGestureRecognizer> = (Gesture, GenericRxGestureRecognizerDelegate<Gesture>) -> Void
| `- error: cannot find type 'RxGestureRecognizer' in scope
26 |
27 | public struct Factory<Gesture: RxGestureRecognizer> {
/Users/admin/builder/spi-builder-workspace/Pod/Classes/GenericRxGestureRecognizerDelegate.swift:68:64: error: cannot find type 'RxGestureRecognizer' in scope
66 | }
67 |
68 | public final class GenericRxGestureRecognizerDelegate<Gesture: RxGestureRecognizer>: NSObject, RxGestureRecognizerDelegate {
| `- error: cannot find type 'RxGestureRecognizer' in scope
69 |
70 | /// Corresponding delegate method: gestureRecognizerShouldBegin(:_)
/Users/admin/builder/spi-builder-workspace/Pod/Classes/GestureFactory.swift:27:32: error: cannot find type 'RxGestureRecognizer' in scope
25 | public typealias Configuration<Gesture: RxGestureRecognizer> = (Gesture, GenericRxGestureRecognizerDelegate<Gesture>) -> Void
26 |
27 | public struct Factory<Gesture: RxGestureRecognizer> {
| `- error: cannot find type 'RxGestureRecognizer' in scope
28 | public let gesture: Gesture
29 | public init(_ configuration: Configuration<Gesture>?) {
/Users/admin/builder/spi-builder-workspace/Pod/Classes/iOS/UITapGestureRecognizer+RxGesture.swift:31:36: error: cannot find type 'RxGestureRecognizer' in scope
29 | public typealias TapObservable = Observable<UITapGestureRecognizer>
30 |
31 | extension Factory where Gesture == RxGestureRecognizer {
| `- error: cannot find type 'RxGestureRecognizer' in scope
32 |
33 | /**
/Users/admin/builder/spi-builder-workspace/Pod/Classes/GestureFactory.swift:52:39: error: cannot find type 'RxGestureRecognizer' in scope
50 | }
51 |
52 | public typealias AnyFactory = Factory<RxGestureRecognizer>
| `- error: cannot find type 'RxGestureRecognizer' in scope
53 | extension Factory where Gesture == RxGestureRecognizer {
54 | private init<G: RxGestureRecognizer>(_ gesture: G) {
/Users/admin/builder/spi-builder-workspace/Pod/Classes/iOS/UITapGestureRecognizer+RxGesture.swift:42:32: error: cannot find type 'RxGestureView' in scope
40 | }
41 |
42 | extension Reactive where Base: RxGestureView {
| `- error: cannot find type 'RxGestureView' in scope
43 |
44 | /**
/Users/admin/builder/spi-builder-workspace/Pod/Classes/View+RxGesture.swift:25:32: error: cannot find type 'RxGestureView' in scope
23 | import Dispatch
24 |
25 | extension Reactive where Base: RxGestureView {
| `- error: cannot find type 'RxGestureView' in scope
26 |
27 | /**
SwiftCompile normal arm64 /Users/admin/builder/spi-builder-workspace/Pod/Classes/iOS/UITapGestureRecognizer+RxGesture.swift (in target 'RxGesture' from project 'RxGesture')
cd /Users/admin/builder/spi-builder-workspace/.swiftpm/xcode
builtin-SwiftPerFileCompile UITapGestureRecognizer+RxGesture.swift
SwiftCompile normal arm64 Compiling\ View+RxGesture.swift,\ ForceTouchGestureRecognizer.swift /Users/admin/builder/spi-builder-workspace/Pod/Classes/View+RxGesture.swift /Users/admin/builder/spi-builder-workspace/Pod/Classes/iOS/ForceTouchGestureRecognizer.swift (in target 'RxGesture' from project 'RxGesture')
/Users/admin/builder/spi-builder-workspace/Pod/Classes/View+RxGesture.swift:25:32: error: cannot find type 'RxGestureView' in scope
23 | import Dispatch
24 |
25 | extension Reactive where Base: RxGestureView {
| `- error: cannot find type 'RxGestureView' in scope
26 |
27 | /**
/Users/admin/builder/spi-builder-workspace/Pod/Classes/View+RxGesture.swift:36:106: error: cannot find type 'RxGestureRecognizer' in scope
34 | - returns: a `ControlEvent<G>` that re-emit the gesture recognizer itself
35 | */
36 | public func anyGesture(_ factories: (AnyFactory, when: RxGestureRecognizerState)...) -> ControlEvent<RxGestureRecognizer> {
| `- error: cannot find type 'RxGestureRecognizer' in scope
37 | let observables = factories.map { gesture, state in
38 | self.gesture(gesture).when(state).asObservable() as Observable<RxGestureRecognizer>
/Users/admin/builder/spi-builder-workspace/Pod/Classes/GestureFactory.swift:52:39: error: cannot find type 'RxGestureRecognizer' in scope
50 | }
51 |
52 | public typealias AnyFactory = Factory<RxGestureRecognizer>
| `- error: cannot find type 'RxGestureRecognizer' in scope
53 | extension Factory where Gesture == RxGestureRecognizer {
54 | private init<G: RxGestureRecognizer>(_ gesture: G) {
/Users/admin/builder/spi-builder-workspace/Pod/Classes/View+RxGesture.swift:36:60: error: cannot find type 'RxGestureRecognizerState' in scope
34 | - returns: a `ControlEvent<G>` that re-emit the gesture recognizer itself
35 | */
36 | public func anyGesture(_ factories: (AnyFactory, when: RxGestureRecognizerState)...) -> ControlEvent<RxGestureRecognizer> {
| `- error: cannot find type 'RxGestureRecognizerState' in scope
37 | let observables = factories.map { gesture, state in
38 | self.gesture(gesture).when(state).asObservable() as Observable<RxGestureRecognizer>
/Users/admin/builder/spi-builder-workspace/Pod/Classes/View+RxGesture.swift:53:72: error: cannot find type 'RxGestureRecognizer' in scope
51 | - returns: a `ControlEvent<G>` that re-emit the gesture recognizer itself
52 | */
53 | public func anyGesture(_ factories: AnyFactory...) -> ControlEvent<RxGestureRecognizer> {
| `- error: cannot find type 'RxGestureRecognizer' in scope
54 | let observables = factories.map { factory in
55 | self.gesture(factory).asObservable() as Observable<RxGestureRecognizer>
/Users/admin/builder/spi-builder-workspace/Pod/Classes/GestureFactory.swift:27:32: error: cannot find type 'RxGestureRecognizer' in scope
25 | public typealias Configuration<Gesture: RxGestureRecognizer> = (Gesture, GenericRxGestureRecognizerDelegate<Gesture>) -> Void
26 |
27 | public struct Factory<Gesture: RxGestureRecognizer> {
| `- error: cannot find type 'RxGestureRecognizer' in scope
28 | public let gesture: Gesture
29 | public init(_ configuration: Configuration<Gesture>?) {
/Users/admin/builder/spi-builder-workspace/Pod/Classes/View+RxGesture.swift:83:28: error: cannot find type 'RxGestureRecognizer' in scope
81 | - returns: a `ControlEvent<G>` that re-emit the gesture recognizer itself
82 | */
83 | public func gesture<G: RxGestureRecognizer>(_ gesture: G) -> ControlEvent<G> {
| `- error: cannot find type 'RxGestureRecognizer' in scope
84 |
85 | let source = Observable.deferred { [weak control = self.base] () -> Observable<G> in
/Users/admin/builder/spi-builder-workspace/Pod/Classes/View+RxGesture.swift:38:76: error: cannot find type 'RxGestureRecognizer' in scope
36 | public func anyGesture(_ factories: (AnyFactory, when: RxGestureRecognizerState)...) -> ControlEvent<RxGestureRecognizer> {
37 | let observables = factories.map { gesture, state in
38 | self.gesture(gesture).when(state).asObservable() as Observable<RxGestureRecognizer>
| `- error: cannot find type 'RxGestureRecognizer' in scope
39 | }
40 | let source = Observable.from(observables).merge()
/Users/admin/builder/spi-builder-workspace/Pod/Classes/GestureRecognizer+RxGesture.swift:27:41: error: cannot find type 'RxGestureRecognizer' in scope
25 | public typealias LocationInView = (RxGestureView) -> CGPoint
26 |
27 | extension ObservableType where Element: RxGestureRecognizer {
| `- error: cannot find type 'RxGestureRecognizer' in scope
28 |
29 | /**
/Users/admin/builder/spi-builder-workspace/Pod/Classes/GestureRecognizer+RxGesture.swift:35:32: error: cannot find type 'RxGestureRecognizerState' in scope
33 | - returns: An observable `GestureRecognizer` events sequence that only contains events emitted while the `GestureRecognizer`'s state match the given `state`.
34 | */
35 | public func when(_ states: RxGestureRecognizerState...) -> Observable<Element> {
| `- error: cannot find type 'RxGestureRecognizerState' in scope
36 | filter { gesture in
37 | states.contains(gesture.state)
SwiftCompile normal arm64 /Users/admin/builder/spi-builder-workspace/Pod/Classes/View+RxGesture.swift (in target 'RxGesture' from project 'RxGesture')
cd /Users/admin/builder/spi-builder-workspace/.swiftpm/xcode
builtin-SwiftPerFileCompile View+RxGesture.swift
SwiftCompile normal arm64 /Users/admin/builder/spi-builder-workspace/Pod/Classes/iOS/ForceTouchGestureRecognizer.swift (in target 'RxGesture' from project 'RxGesture')
cd /Users/admin/builder/spi-builder-workspace/.swiftpm/xcode
builtin-SwiftPerFileCompile ForceTouchGestureRecognizer.swift
SwiftEmitModule normal arm64 Emitting\ module\ for\ RxGesture (in target 'RxGesture' from project 'RxGesture')
/Users/admin/builder/spi-builder-workspace/Pod/Classes/GenericRxGestureRecognizerDelegate.swift:68:64: error: cannot find type 'RxGestureRecognizer' in scope
66 | }
67 |
68 | public final class GenericRxGestureRecognizerDelegate<Gesture: RxGestureRecognizer>: NSObject, RxGestureRecognizerDelegate {
| `- error: cannot find type 'RxGestureRecognizer' in scope
69 |
70 | /// Corresponding delegate method: gestureRecognizerShouldBegin(:_)
/Users/admin/builder/spi-builder-workspace/Pod/Classes/GenericRxGestureRecognizerDelegate.swift:68:86: error: cannot find type 'NSObject' in scope
66 | }
67 |
68 | public final class GenericRxGestureRecognizerDelegate<Gesture: RxGestureRecognizer>: NSObject, RxGestureRecognizerDelegate {
| `- error: cannot find type 'NSObject' in scope
69 |
70 | /// Corresponding delegate method: gestureRecognizerShouldBegin(:_)
/Users/admin/builder/spi-builder-workspace/Pod/Classes/GenericRxGestureRecognizerDelegate.swift:68:96: error: cannot find type 'RxGestureRecognizerDelegate' in scope
66 | }
67 |
68 | public final class GenericRxGestureRecognizerDelegate<Gesture: RxGestureRecognizer>: NSObject, RxGestureRecognizerDelegate {
| `- error: cannot find type 'RxGestureRecognizerDelegate' in scope
69 |
70 | /// Corresponding delegate method: gestureRecognizerShouldBegin(:_)
/Users/admin/builder/spi-builder-workspace/Pod/Classes/GenericRxGestureRecognizerDelegate.swift:74:80: error: cannot find type 'RxGestureTouch' in scope
72 |
73 | /// Corresponding delegate method: gestureRecognizer(_:shouldReceive:)
74 | public var touchReceptionPolicy: GestureRecognizerDelegatePolicy<(Gesture, RxGestureTouch)> = .always
| `- error: cannot find type 'RxGestureTouch' in scope
75 |
76 | /// Corresponding delegate method: gestureRecognizer(_:shouldBeRequiredToFailBy:)
/Users/admin/builder/spi-builder-workspace/Pod/Classes/GenericRxGestureRecognizerDelegate.swift:77:88: error: cannot find type 'RxGestureRecognizer' in scope
75 |
76 | /// Corresponding delegate method: gestureRecognizer(_:shouldBeRequiredToFailBy:)
77 | public var selfFailureRequirementPolicy: GestureRecognizerDelegatePolicy<(Gesture, RxGestureRecognizer)> = .never
| `- error: cannot find type 'RxGestureRecognizer' in scope
78 |
79 | /// Corresponding delegate method: gestureRecognizer(_:shouldRequireFailureOf:)
/Users/admin/builder/spi-builder-workspace/Pod/Classes/GenericRxGestureRecognizerDelegate.swift:80:89: error: cannot find type 'RxGestureRecognizer' in scope
78 |
79 | /// Corresponding delegate method: gestureRecognizer(_:shouldRequireFailureOf:)
80 | public var otherFailureRequirementPolicy: GestureRecognizerDelegatePolicy<(Gesture, RxGestureRecognizer)> = .never
| `- error: cannot find type 'RxGestureRecognizer' in scope
81 |
82 | /// Corresponding delegate method: gestureRecognizer(_:shouldRecognizeSimultaneouslyWith:)
/Users/admin/builder/spi-builder-workspace/Pod/Classes/GenericRxGestureRecognizerDelegate.swift:83:89: error: cannot find type 'RxGestureRecognizer' in scope
81 |
82 | /// Corresponding delegate method: gestureRecognizer(_:shouldRecognizeSimultaneouslyWith:)
83 | public var simultaneousRecognitionPolicy: GestureRecognizerDelegatePolicy<(Gesture, RxGestureRecognizer)> = .always
| `- error: cannot find type 'RxGestureRecognizer' in scope
84 |
85 | #if os(iOS)
/Users/admin/builder/spi-builder-workspace/Pod/Classes/GenericRxGestureRecognizerDelegate.swift:106:30: error: cannot find type 'RxGestureRecognizer' in scope
104 |
105 | public func gestureRecognizerShouldBegin(
106 | _ gestureRecognizer: RxGestureRecognizer
| `- error: cannot find type 'RxGestureRecognizer' in scope
107 | ) -> Bool {
108 | beginPolicy.isPolicyPassing(with: gestureRecognizer as! Gesture)
/Users/admin/builder/spi-builder-workspace/Pod/Classes/GenericRxGestureRecognizerDelegate.swift:112:30: error: cannot find type 'RxGestureRecognizer' in scope
110 |
111 | public func gestureRecognizer(
112 | _ gestureRecognizer: RxGestureRecognizer,
| `- error: cannot find type 'RxGestureRecognizer' in scope
113 | shouldReceive touch: RxGestureTouch
114 | ) -> Bool {
/Users/admin/builder/spi-builder-workspace/Pod/Classes/GenericRxGestureRecognizerDelegate.swift:113:30: error: cannot find type 'RxGestureTouch' in scope
111 | public func gestureRecognizer(
112 | _ gestureRecognizer: RxGestureRecognizer,
113 | shouldReceive touch: RxGestureTouch
| `- error: cannot find type 'RxGestureTouch' in scope
114 | ) -> Bool {
115 | touchReceptionPolicy.isPolicyPassing(
/Users/admin/builder/spi-builder-workspace/Pod/Classes/GenericRxGestureRecognizerDelegate.swift:121:30: error: cannot find type 'RxGestureRecognizer' in scope
119 |
120 | public func gestureRecognizer(
121 | _ gestureRecognizer: RxGestureRecognizer,
| `- error: cannot find type 'RxGestureRecognizer' in scope
122 | shouldRequireFailureOf otherGestureRecognizer: RxGestureRecognizer
123 | ) -> Bool {
/Users/admin/builder/spi-builder-workspace/Pod/Classes/GenericRxGestureRecognizerDelegate.swift:122:56: error: cannot find type 'RxGestureRecognizer' in scope
120 | public func gestureRecognizer(
121 | _ gestureRecognizer: RxGestureRecognizer,
122 | shouldRequireFailureOf otherGestureRecognizer: RxGestureRecognizer
| `- error: cannot find type 'RxGestureRecognizer' in scope
123 | ) -> Bool {
124 | otherFailureRequirementPolicy.isPolicyPassing(
/Users/admin/builder/spi-builder-workspace/Pod/Classes/GenericRxGestureRecognizerDelegate.swift:130:30: error: cannot find type 'RxGestureRecognizer' in scope
128 |
129 | public func gestureRecognizer(
130 | _ gestureRecognizer: RxGestureRecognizer,
| `- error: cannot find type 'RxGestureRecognizer' in scope
131 | shouldBeRequiredToFailBy otherGestureRecognizer: RxGestureRecognizer
132 | ) -> Bool {
/Users/admin/builder/spi-builder-workspace/Pod/Classes/GenericRxGestureRecognizerDelegate.swift:131:58: error: cannot find type 'RxGestureRecognizer' in scope
129 | public func gestureRecognizer(
130 | _ gestureRecognizer: RxGestureRecognizer,
131 | shouldBeRequiredToFailBy otherGestureRecognizer: RxGestureRecognizer
| `- error: cannot find type 'RxGestureRecognizer' in scope
132 | ) -> Bool {
133 | selfFailureRequirementPolicy.isPolicyPassing(
/Users/admin/builder/spi-builder-workspace/Pod/Classes/GenericRxGestureRecognizerDelegate.swift:139:30: error: cannot find type 'RxGestureRecognizer' in scope
137 |
138 | public func gestureRecognizer(
139 | _ gestureRecognizer: RxGestureRecognizer,
| `- error: cannot find type 'RxGestureRecognizer' in scope
140 | shouldRecognizeSimultaneouslyWith otherGestureRecognizer: RxGestureRecognizer
141 | ) -> Bool {
/Users/admin/builder/spi-builder-workspace/Pod/Classes/GenericRxGestureRecognizerDelegate.swift:140:67: error: cannot find type 'RxGestureRecognizer' in scope
138 | public func gestureRecognizer(
139 | _ gestureRecognizer: RxGestureRecognizer,
140 | shouldRecognizeSimultaneouslyWith otherGestureRecognizer: RxGestureRecognizer
| `- error: cannot find type 'RxGestureRecognizer' in scope
141 | ) -> Bool {
142 | simultaneousRecognitionPolicy.isPolicyPassing(
/Users/admin/builder/spi-builder-workspace/Pod/Classes/GestureFactory.swift:25:41: error: cannot find type 'RxGestureRecognizer' in scope
23 | import ObjectiveC
24 |
25 | public typealias Configuration<Gesture: RxGestureRecognizer> = (Gesture, GenericRxGestureRecognizerDelegate<Gesture>) -> Void
| `- error: cannot find type 'RxGestureRecognizer' in scope
26 |
27 | public struct Factory<Gesture: RxGestureRecognizer> {
/Users/admin/builder/spi-builder-workspace/Pod/Classes/GestureFactory.swift:27:32: error: cannot find type 'RxGestureRecognizer' in scope
25 | public typealias Configuration<Gesture: RxGestureRecognizer> = (Gesture, GenericRxGestureRecognizerDelegate<Gesture>) -> Void
26 |
27 | public struct Factory<Gesture: RxGestureRecognizer> {
| `- error: cannot find type 'RxGestureRecognizer' in scope
28 | public let gesture: Gesture
29 | public init(_ configuration: Configuration<Gesture>?) {
/Users/admin/builder/spi-builder-workspace/Pod/Classes/GestureFactory.swift:52:39: error: cannot find type 'RxGestureRecognizer' in scope
50 | }
51 |
52 | public typealias AnyFactory = Factory<RxGestureRecognizer>
| `- error: cannot find type 'RxGestureRecognizer' in scope
53 | extension Factory where Gesture == RxGestureRecognizer {
54 | private init<G: RxGestureRecognizer>(_ gesture: G) {
/Users/admin/builder/spi-builder-workspace/Pod/Classes/GestureFactory.swift:53:36: error: cannot find type 'RxGestureRecognizer' in scope
51 |
52 | public typealias AnyFactory = Factory<RxGestureRecognizer>
53 | extension Factory where Gesture == RxGestureRecognizer {
| `- error: cannot find type 'RxGestureRecognizer' in scope
54 | private init<G: RxGestureRecognizer>(_ gesture: G) {
55 | self.gesture = gesture
/Users/admin/builder/spi-builder-workspace/Pod/Classes/GestureFactory.swift:54:21: error: cannot find type 'RxGestureRecognizer' in scope
52 | public typealias AnyFactory = Factory<RxGestureRecognizer>
53 | extension Factory where Gesture == RxGestureRecognizer {
54 | private init<G: RxGestureRecognizer>(_ gesture: G) {
| `- error: cannot find type 'RxGestureRecognizer' in scope
55 | self.gesture = gesture
56 | }
/Users/admin/builder/spi-builder-workspace/Pod/Classes/GestureRecognizer+RxGesture.swift:25:36: error: cannot find type 'RxGestureView' in scope
23 | import struct CoreGraphics.CGPoint
24 |
25 | public typealias LocationInView = (RxGestureView) -> CGPoint
| `- error: cannot find type 'RxGestureView' in scope
26 |
27 | extension ObservableType where Element: RxGestureRecognizer {
/Users/admin/builder/spi-builder-workspace/Pod/Classes/GestureRecognizer+RxGesture.swift:27:41: error: cannot find type 'RxGestureRecognizer' in scope
25 | public typealias LocationInView = (RxGestureView) -> CGPoint
26 |
27 | extension ObservableType where Element: RxGestureRecognizer {
| `- error: cannot find type 'RxGestureRecognizer' in scope
28 |
29 | /**
/Users/admin/builder/spi-builder-workspace/Pod/Classes/GestureRecognizer+RxGesture.swift:35:32: error: cannot find type 'RxGestureRecognizerState' in scope
33 | - returns: An observable `GestureRecognizer` events sequence that only contains events emitted while the `GestureRecognizer`'s state match the given `state`.
34 | */
35 | public func when(_ states: RxGestureRecognizerState...) -> Observable<Element> {
| `- error: cannot find type 'RxGestureRecognizerState' in scope
36 | filter { gesture in
37 | states.contains(gesture.state)
/Users/admin/builder/spi-builder-workspace/Pod/Classes/GestureRecognizer+RxGesture.swift:47:35: error: cannot find type 'RxGestureRecognizerState' in scope
45 | - returns: An observable `GestureRecognizer` events sequence that only contains events emitted while the `GestureRecognizer`'s state match the given `state`.
46 | */
47 | internal func when(_ states: [RxGestureRecognizerState]) -> Observable<Element> {
| `- error: cannot find type 'RxGestureRecognizerState' in scope
48 | filter { gesture in
49 | states.contains(gesture.state)
/Users/admin/builder/spi-builder-workspace/Pod/Classes/GestureRecognizer+RxGesture.swift:58:71: error: cannot find type 'RxGesturePoint' in scope
56 | - parameter view: A `TargetView` value on which the gesture took place.
57 | */
58 | public func asLocation(in view: TargetView = .view) -> Observable<RxGesturePoint> {
| `- error: cannot find type 'RxGesturePoint' in scope
59 | map { gesture in
60 | gesture.location(in: view.targetView(for: gesture))
/Users/admin/builder/spi-builder-workspace/Pod/Classes/SharedTypes.swift:52:15: error: cannot find type 'RxGestureView' in scope
50 |
51 | /// The target view will be the given view
52 | case this(RxGestureView)
| `- error: cannot find type 'RxGestureView' in scope
53 |
54 | public func targetView(for gestureRecognizer: RxGestureRecognizer) -> RxGestureView? {
/Users/admin/builder/spi-builder-workspace/Pod/Classes/SharedTypes.swift:54:75: error: cannot find type 'RxGestureView' in scope
52 | case this(RxGestureView)
53 |
54 | public func targetView(for gestureRecognizer: RxGestureRecognizer) -> RxGestureView? {
| `- error: cannot find type 'RxGestureView' in scope
55 | switch self {
56 | case .view:
SwiftCompile normal arm64 (in target 'RxGesture' from project 'RxGesture')
cd /Users/admin/builder/spi-builder-workspace/.swiftpm/xcode
SwiftCompile normal arm64 Compiling\ UIPanGestureRecognizer+RxGesture.swift,\ UIPinchGestureRecognizer+RxGesture.swift /Users/admin/builder/spi-builder-workspace/Pod/Classes/iOS/UIPanGestureRecognizer+RxGesture.swift /Users/admin/builder/spi-builder-workspace/Pod/Classes/iOS/UIPinchGestureRecognizer+RxGesture.swift (in target 'RxGesture' from project 'RxGesture')
/Users/admin/builder/spi-builder-workspace/Pod/Classes/GestureFactory.swift:25:41: error: cannot find type 'RxGestureRecognizer' in scope
23 | import ObjectiveC
24 |
25 | public typealias Configuration<Gesture: RxGestureRecognizer> = (Gesture, GenericRxGestureRecognizerDelegate<Gesture>) -> Void
| `- error: cannot find type 'RxGestureRecognizer' in scope
26 |
27 | public struct Factory<Gesture: RxGestureRecognizer> {
/Users/admin/builder/spi-builder-workspace/Pod/Classes/GenericRxGestureRecognizerDelegate.swift:68:64: error: cannot find type 'RxGestureRecognizer' in scope
66 | }
67 |
68 | public final class GenericRxGestureRecognizerDelegate<Gesture: RxGestureRecognizer>: NSObject, RxGestureRecognizerDelegate {
| `- error: cannot find type 'RxGestureRecognizer' in scope
69 |
70 | /// Corresponding delegate method: gestureRecognizerShouldBegin(:_)
/Users/admin/builder/spi-builder-workspace/Pod/Classes/GestureFactory.swift:27:32: error: cannot find type 'RxGestureRecognizer' in scope
25 | public typealias Configuration<Gesture: RxGestureRecognizer> = (Gesture, GenericRxGestureRecognizerDelegate<Gesture>) -> Void
26 |
27 | public struct Factory<Gesture: RxGestureRecognizer> {
| `- error: cannot find type 'RxGestureRecognizer' in scope
28 | public let gesture: Gesture
29 | public init(_ configuration: Configuration<Gesture>?) {
/Users/admin/builder/spi-builder-workspace/Pod/Classes/iOS/UIPanGestureRecognizer+RxGesture.swift:31:36: error: cannot find type 'RxGestureRecognizer' in scope
29 | public typealias PanObservable = Observable<UIPanGestureRecognizer>
30 |
31 | extension Factory where Gesture == RxGestureRecognizer {
| `- error: cannot find type 'RxGestureRecognizer' in scope
32 |
33 | /**
/Users/admin/builder/spi-builder-workspace/Pod/Classes/GestureFactory.swift:52:39: error: cannot find type 'RxGestureRecognizer' in scope
50 | }
51 |
52 | public typealias AnyFactory = Factory<RxGestureRecognizer>
| `- error: cannot find type 'RxGestureRecognizer' in scope
53 | extension Factory where Gesture == RxGestureRecognizer {
54 | private init<G: RxGestureRecognizer>(_ gesture: G) {
SwiftCompile normal arm64 /Users/admin/builder/spi-builder-workspace/Pod/Classes/iOS/UIPanGestureRecognizer+RxGesture.swift (in target 'RxGesture' from project 'RxGesture')
cd /Users/admin/builder/spi-builder-workspace/.swiftpm/xcode
builtin-SwiftPerFileCompile UIPanGestureRecognizer+RxGesture.swift
SwiftCompile normal arm64 /Users/admin/builder/spi-builder-workspace/Pod/Classes/iOS/UIPinchGestureRecognizer+RxGesture.swift (in target 'RxGesture' from project 'RxGesture')
cd /Users/admin/builder/spi-builder-workspace/.swiftpm/xcode
builtin-SwiftPerFileCompile UIPinchGestureRecognizer+RxGesture.swift
SwiftCompile normal arm64 Compiling\ GenericRxGestureRecognizerDelegate.swift,\ GestureFactory.swift /Users/admin/builder/spi-builder-workspace/Pod/Classes/GenericRxGestureRecognizerDelegate.swift /Users/admin/builder/spi-builder-workspace/Pod/Classes/GestureFactory.swift (in target 'RxGesture' from project 'RxGesture')
/Users/admin/builder/spi-builder-workspace/Pod/Classes/GenericRxGestureRecognizerDelegate.swift:68:64: error: cannot find type 'RxGestureRecognizer' in scope
66 | }
67 |
68 | public final class GenericRxGestureRecognizerDelegate<Gesture: RxGestureRecognizer>: NSObject, RxGestureRecognizerDelegate {
| `- error: cannot find type 'RxGestureRecognizer' in scope
69 |
70 | /// Corresponding delegate method: gestureRecognizerShouldBegin(:_)
/Users/admin/builder/spi-builder-workspace/Pod/Classes/GenericRxGestureRecognizerDelegate.swift:68:86: error: cannot find type 'NSObject' in scope
66 | }
67 |
68 | public final class GenericRxGestureRecognizerDelegate<Gesture: RxGestureRecognizer>: NSObject, RxGestureRecognizerDelegate {
| `- error: cannot find type 'NSObject' in scope
69 |
70 | /// Corresponding delegate method: gestureRecognizerShouldBegin(:_)
/Users/admin/builder/spi-builder-workspace/Pod/Classes/GenericRxGestureRecognizerDelegate.swift:68:96: error: cannot find type 'RxGestureRecognizerDelegate' in scope
66 | }
67 |
68 | public final class GenericRxGestureRecognizerDelegate<Gesture: RxGestureRecognizer>: NSObject, RxGestureRecognizerDelegate {
| `- error: cannot find type 'RxGestureRecognizerDelegate' in scope
69 |
70 | /// Corresponding delegate method: gestureRecognizerShouldBegin(:_)
/Users/admin/builder/spi-builder-workspace/Pod/Classes/GenericRxGestureRecognizerDelegate.swift:74:80: error: cannot find type 'RxGestureTouch' in scope
72 |
73 | /// Corresponding delegate method: gestureRecognizer(_:shouldReceive:)
74 | public var touchReceptionPolicy: GestureRecognizerDelegatePolicy<(Gesture, RxGestureTouch)> = .always
| `- error: cannot find type 'RxGestureTouch' in scope
75 |
76 | /// Corresponding delegate method: gestureRecognizer(_:shouldBeRequiredToFailBy:)
/Users/admin/builder/spi-builder-workspace/Pod/Classes/GenericRxGestureRecognizerDelegate.swift:77:88: error: cannot find type 'RxGestureRecognizer' in scope
75 |
76 | /// Corresponding delegate method: gestureRecognizer(_:shouldBeRequiredToFailBy:)
77 | public var selfFailureRequirementPolicy: GestureRecognizerDelegatePolicy<(Gesture, RxGestureRecognizer)> = .never
| `- error: cannot find type 'RxGestureRecognizer' in scope
78 |
79 | /// Corresponding delegate method: gestureRecognizer(_:shouldRequireFailureOf:)
/Users/admin/builder/spi-builder-workspace/Pod/Classes/GenericRxGestureRecognizerDelegate.swift:80:89: error: cannot find type 'RxGestureRecognizer' in scope
78 |
79 | /// Corresponding delegate method: gestureRecognizer(_:shouldRequireFailureOf:)
80 | public var otherFailureRequirementPolicy: GestureRecognizerDelegatePolicy<(Gesture, RxGestureRecognizer)> = .never
| `- error: cannot find type 'RxGestureRecognizer' in scope
81 |
82 | /// Corresponding delegate method: gestureRecognizer(_:shouldRecognizeSimultaneouslyWith:)
/Users/admin/builder/spi-builder-workspace/Pod/Classes/GenericRxGestureRecognizerDelegate.swift:83:89: error: cannot find type 'RxGestureRecognizer' in scope
81 |
82 | /// Corresponding delegate method: gestureRecognizer(_:shouldRecognizeSimultaneouslyWith:)
83 | public var simultaneousRecognitionPolicy: GestureRecognizerDelegatePolicy<(Gesture, RxGestureRecognizer)> = .always
| `- error: cannot find type 'RxGestureRecognizer' in scope
84 |
85 | #if os(iOS)
/Users/admin/builder/spi-builder-workspace/Pod/Classes/GenericRxGestureRecognizerDelegate.swift:106:30: error: cannot find type 'RxGestureRecognizer' in scope
104 |
105 | public func gestureRecognizerShouldBegin(
106 | _ gestureRecognizer: RxGestureRecognizer
| `- error: cannot find type 'RxGestureRecognizer' in scope
107 | ) -> Bool {
108 | beginPolicy.isPolicyPassing(with: gestureRecognizer as! Gesture)
/Users/admin/builder/spi-builder-workspace/Pod/Classes/GenericRxGestureRecognizerDelegate.swift:112:30: error: cannot find type 'RxGestureRecognizer' in scope
110 |
111 | public func gestureRecognizer(
112 | _ gestureRecognizer: RxGestureRecognizer,
| `- error: cannot find type 'RxGestureRecognizer' in scope
113 | shouldReceive touch: RxGestureTouch
114 | ) -> Bool {
/Users/admin/builder/spi-builder-workspace/Pod/Classes/GenericRxGestureRecognizerDelegate.swift:113:30: error: cannot find type 'RxGestureTouch' in scope
111 | public func gestureRecognizer(
112 | _ gestureRecognizer: RxGestureRecognizer,
113 | shouldReceive touch: RxGestureTouch
| `- error: cannot find type 'RxGestureTouch' in scope
114 | ) -> Bool {
115 | touchReceptionPolicy.isPolicyPassing(
/Users/admin/builder/spi-builder-workspace/Pod/Classes/GenericRxGestureRecognizerDelegate.swift:121:30: error: cannot find type 'RxGestureRecognizer' in scope
119 |
120 | public func gestureRecognizer(
121 | _ gestureRecognizer: RxGestureRecognizer,
| `- error: cannot find type 'RxGestureRecognizer' in scope
122 | shouldRequireFailureOf otherGestureRecognizer: RxGestureRecognizer
123 | ) -> Bool {
/Users/admin/builder/spi-builder-workspace/Pod/Classes/GenericRxGestureRecognizerDelegate.swift:122:56: error: cannot find type 'RxGestureRecognizer' in scope
120 | public func gestureRecognizer(
121 | _ gestureRecognizer: RxGestureRecognizer,
122 | shouldRequireFailureOf otherGestureRecognizer: RxGestureRecognizer
| `- error: cannot find type 'RxGestureRecognizer' in scope
123 | ) -> Bool {
124 | otherFailureRequirementPolicy.isPolicyPassing(
/Users/admin/builder/spi-builder-workspace/Pod/Classes/GenericRxGestureRecognizerDelegate.swift:130:30: error: cannot find type 'RxGestureRecognizer' in scope
128 |
129 | public func gestureRecognizer(
130 | _ gestureRecognizer: RxGestureRecognizer,
| `- error: cannot find type 'RxGestureRecognizer' in scope
131 | shouldBeRequiredToFailBy otherGestureRecognizer: RxGestureRecognizer
132 | ) -> Bool {
/Users/admin/builder/spi-builder-workspace/Pod/Classes/GenericRxGestureRecognizerDelegate.swift:131:58: error: cannot find type 'RxGestureRecognizer' in scope
129 | public func gestureRecognizer(
130 | _ gestureRecognizer: RxGestureRecognizer,
131 | shouldBeRequiredToFailBy otherGestureRecognizer: RxGestureRecognizer
| `- error: cannot find type 'RxGestureRecognizer' in scope
132 | ) -> Bool {
133 | selfFailureRequirementPolicy.isPolicyPassing(
/Users/admin/builder/spi-builder-workspace/Pod/Classes/GenericRxGestureRecognizerDelegate.swift:139:30: error: cannot find type 'RxGestureRecognizer' in scope
137 |
138 | public func gestureRecognizer(
139 | _ gestureRecognizer: RxGestureRecognizer,
| `- error: cannot find type 'RxGestureRecognizer' in scope
140 | shouldRecognizeSimultaneouslyWith otherGestureRecognizer: RxGestureRecognizer
141 | ) -> Bool {
/Users/admin/builder/spi-builder-workspace/Pod/Classes/GenericRxGestureRecognizerDelegate.swift:140:67: error: cannot find type 'RxGestureRecognizer' in scope
138 | public func gestureRecognizer(
139 | _ gestureRecognizer: RxGestureRecognizer,
140 | shouldRecognizeSimultaneouslyWith otherGestureRecognizer: RxGestureRecognizer
| `- error: cannot find type 'RxGestureRecognizer' in scope
141 | ) -> Bool {
142 | simultaneousRecognitionPolicy.isPolicyPassing(
/Users/admin/builder/spi-builder-workspace/Pod/Classes/GestureFactory.swift:25:41: error: cannot find type 'RxGestureRecognizer' in scope
23 | import ObjectiveC
24 |
25 | public typealias Configuration<Gesture: RxGestureRecognizer> = (Gesture, GenericRxGestureRecognizerDelegate<Gesture>) -> Void
| `- error: cannot find type 'RxGestureRecognizer' in scope
26 |
27 | public struct Factory<Gesture: RxGestureRecognizer> {
/Users/admin/builder/spi-builder-workspace/Pod/Classes/GestureFactory.swift:27:32: error: cannot find type 'RxGestureRecognizer' in scope
25 | public typealias Configuration<Gesture: RxGestureRecognizer> = (Gesture, GenericRxGestureRecognizerDelegate<Gesture>) -> Void
26 |
27 | public struct Factory<Gesture: RxGestureRecognizer> {
| `- error: cannot find type 'RxGestureRecognizer' in scope
28 | public let gesture: Gesture
29 | public init(_ configuration: Configuration<Gesture>?) {
/Users/admin/builder/spi-builder-workspace/Pod/Classes/GestureFactory.swift:52:39: error: cannot find type 'RxGestureRecognizer' in scope
50 | }
51 |
52 | public typealias AnyFactory = Factory<RxGestureRecognizer>
| `- error: cannot find type 'RxGestureRecognizer' in scope
53 | extension Factory where Gesture == RxGestureRecognizer {
54 | private init<G: RxGestureRecognizer>(_ gesture: G) {
/Users/admin/builder/spi-builder-workspace/Pod/Classes/GestureFactory.swift:53:36: error: cannot find type 'RxGestureRecognizer' in scope
51 |
52 | public typealias AnyFactory = Factory<RxGestureRecognizer>
53 | extension Factory where Gesture == RxGestureRecognizer {
| `- error: cannot find type 'RxGestureRecognizer' in scope
54 | private init<G: RxGestureRecognizer>(_ gesture: G) {
55 | self.gesture = gesture
/Users/admin/builder/spi-builder-workspace/Pod/Classes/GestureFactory.swift:54:21: error: cannot find type 'RxGestureRecognizer' in scope
52 | public typealias AnyFactory = Factory<RxGestureRecognizer>
53 | extension Factory where Gesture == RxGestureRecognizer {
54 | private init<G: RxGestureRecognizer>(_ gesture: G) {
| `- error: cannot find type 'RxGestureRecognizer' in scope
55 | self.gesture = gesture
56 | }
SwiftCompile normal arm64 /Users/admin/builder/spi-builder-workspace/Pod/Classes/GenericRxGestureRecognizerDelegate.swift (in target 'RxGesture' from project 'RxGesture')
cd /Users/admin/builder/spi-builder-workspace/.swiftpm/xcode
builtin-SwiftPerFileCompile GenericRxGestureRecognizerDelegate.swift
SwiftCompile normal arm64 /Users/admin/builder/spi-builder-workspace/Pod/Classes/GestureFactory.swift (in target 'RxGesture' from project 'RxGesture')
cd /Users/admin/builder/spi-builder-workspace/.swiftpm/xcode
builtin-SwiftPerFileCompile GestureFactory.swift
SwiftCompile normal arm64 Compiling\ UIScreenEdgePanGestureRecognizer+RxGesture.swift /Users/admin/builder/spi-builder-workspace/Pod/Classes/iOS/UIScreenEdgePanGestureRecognizer+RxGesture.swift (in target 'RxGesture' from project 'RxGesture')
/Users/admin/builder/spi-builder-workspace/Pod/Classes/GestureFactory.swift:25:41: error: cannot find type 'RxGestureRecognizer' in scope
23 | import ObjectiveC
24 |
25 | public typealias Configuration<Gesture: RxGestureRecognizer> = (Gesture, GenericRxGestureRecognizerDelegate<Gesture>) -> Void
| `- error: cannot find type 'RxGestureRecognizer' in scope
26 |
27 | public struct Factory<Gesture: RxGestureRecognizer> {
/Users/admin/builder/spi-builder-workspace/Pod/Classes/GenericRxGestureRecognizerDelegate.swift:68:64: error: cannot find type 'RxGestureRecognizer' in scope
66 | }
67 |
68 | public final class GenericRxGestureRecognizerDelegate<Gesture: RxGestureRecognizer>: NSObject, RxGestureRecognizerDelegate {
| `- error: cannot find type 'RxGestureRecognizer' in scope
69 |
70 | /// Corresponding delegate method: gestureRecognizerShouldBegin(:_)
/Users/admin/builder/spi-builder-workspace/Pod/Classes/iOS/UIScreenEdgePanGestureRecognizer+RxGesture.swift:27:61: error: 'UIScreenEdgePanGestureRecognizer' is unavailable in tvOS
25 | import RxCocoa
26 |
27 | public typealias ScreenEdgePanConfiguration = Configuration<UIScreenEdgePanGestureRecognizer>
| `- error: 'UIScreenEdgePanGestureRecognizer' is unavailable in tvOS
28 | public typealias ScreenEdgePanControlEvent = ControlEvent<UIScreenEdgePanGestureRecognizer>
29 | public typealias ScreenEdgePanObservable = Observable<UIScreenEdgePanGestureRecognizer>
/Applications/Xcode-27.0.0-Release.Candidate.app/Contents/Developer/Platforms/AppleTVOS.platform/Developer/SDKs/AppleTVOS27.0.sdk/System/Library/Frameworks/UIKit.framework/Headers/UIScreenEdgePanGestureRecognizer.h:16:12: note: 'UIScreenEdgePanGestureRecognizer' has been explicitly marked unavailable here
14 | in from the bezel on the specified edge. */
15 | UIKIT_EXTERN API_AVAILABLE(ios(7.0)) API_UNAVAILABLE(tvos, visionos, watchos) NS_SWIFT_UI_ACTOR
16 | @interface UIScreenEdgePanGestureRecognizer : UIPanGestureRecognizer
| `- note: 'UIScreenEdgePanGestureRecognizer' has been explicitly marked unavailable here
17 | @property (readwrite, nonatomic, assign) UIRectEdge edges; // The edges on which this gesture recognizes, relative to the current interface orientation
18 | @end
/Users/admin/builder/spi-builder-workspace/Pod/Classes/iOS/UIScreenEdgePanGestureRecognizer+RxGesture.swift:28:59: error: 'UIScreenEdgePanGestureRecognizer' is unavailable in tvOS
26 |
27 | public typealias ScreenEdgePanConfiguration = Configuration<UIScreenEdgePanGestureRecognizer>
28 | public typealias ScreenEdgePanControlEvent = ControlEvent<UIScreenEdgePanGestureRecognizer>
| `- error: 'UIScreenEdgePanGestureRecognizer' is unavailable in tvOS
29 | public typealias ScreenEdgePanObservable = Observable<UIScreenEdgePanGestureRecognizer>
30 |
/Applications/Xcode-27.0.0-Release.Candidate.app/Contents/Developer/Platforms/AppleTVOS.platform/Developer/SDKs/AppleTVOS27.0.sdk/System/Library/Frameworks/UIKit.framework/Headers/UIScreenEdgePanGestureRecognizer.h:16:12: note: 'UIScreenEdgePanGestureRecognizer' has been explicitly marked unavailable here
14 | in from the bezel on the specified edge. */
15 | UIKIT_EXTERN API_AVAILABLE(ios(7.0)) API_UNAVAILABLE(tvos, visionos, watchos) NS_SWIFT_UI_ACTOR
16 | @interface UIScreenEdgePanGestureRecognizer : UIPanGestureRecognizer
| `- note: 'UIScreenEdgePanGestureRecognizer' has been explicitly marked unavailable here
17 | @property (readwrite, nonatomic, assign) UIRectEdge edges; // The edges on which this gesture recognizes, relative to the current interface orientation
18 | @end
/Users/admin/builder/spi-builder-workspace/Pod/Classes/iOS/UIScreenEdgePanGestureRecognizer+RxGesture.swift:29:55: error: 'UIScreenEdgePanGestureRecognizer' is unavailable in tvOS
27 | public typealias ScreenEdgePanConfiguration = Configuration<UIScreenEdgePanGestureRecognizer>
28 | public typealias ScreenEdgePanControlEvent = ControlEvent<UIScreenEdgePanGestureRecognizer>
29 | public typealias ScreenEdgePanObservable = Observable<UIScreenEdgePanGestureRecognizer>
| `- error: 'UIScreenEdgePanGestureRecognizer' is unavailable in tvOS
30 |
31 | extension Factory where Gesture == RxGestureRecognizer {
/Applications/Xcode-27.0.0-Release.Candidate.app/Contents/Developer/Platforms/AppleTVOS.platform/Developer/SDKs/AppleTVOS27.0.sdk/System/Library/Frameworks/UIKit.framework/Headers/UIScreenEdgePanGestureRecognizer.h:16:12: note: 'UIScreenEdgePanGestureRecognizer' has been explicitly marked unavailable here
14 | in from the bezel on the specified edge. */
15 | UIKIT_EXTERN API_AVAILABLE(ios(7.0)) API_UNAVAILABLE(tvos, visionos, watchos) NS_SWIFT_UI_ACTOR
16 | @interface UIScreenEdgePanGestureRecognizer : UIPanGestureRecognizer
| `- note: 'UIScreenEdgePanGestureRecognizer' has been explicitly marked unavailable here
17 | @property (readwrite, nonatomic, assign) UIRectEdge edges; // The edges on which this gesture recognizes, relative to the current interface orientation
18 | @end
/Users/admin/builder/spi-builder-workspace/Pod/Classes/GestureFactory.swift:27:32: error: cannot find type 'RxGestureRecognizer' in scope
25 | public typealias Configuration<Gesture: RxGestureRecognizer> = (Gesture, GenericRxGestureRecognizerDelegate<Gesture>) -> Void
26 |
27 | public struct Factory<Gesture: RxGestureRecognizer> {
| `- error: cannot find type 'RxGestureRecognizer' in scope
28 | public let gesture: Gesture
29 | public init(_ configuration: Configuration<Gesture>?) {
/Users/admin/builder/spi-builder-workspace/Pod/Classes/iOS/UIScreenEdgePanGestureRecognizer+RxGesture.swift:31:36: error: cannot find type 'RxGestureRecognizer' in scope
29 | public typealias ScreenEdgePanObservable = Observable<UIScreenEdgePanGestureRecognizer>
30 |
31 | extension Factory where Gesture == RxGestureRecognizer {
| `- error: cannot find type 'RxGestureRecognizer' in scope
32 |
33 | /**
/Users/admin/builder/spi-builder-workspace/Pod/Classes/GestureFactory.swift:52:39: error: cannot find type 'RxGestureRecognizer' in scope
50 | }
51 |
52 | public typealias AnyFactory = Factory<RxGestureRecognizer>
| `- error: cannot find type 'RxGestureRecognizer' in scope
53 | extension Factory where Gesture == RxGestureRecognizer {
54 | private init<G: RxGestureRecognizer>(_ gesture: G) {
/Users/admin/builder/spi-builder-workspace/Pod/Classes/iOS/UIScreenEdgePanGestureRecognizer+RxGesture.swift:42:32: error: cannot find type 'RxGestureView' in scope
40 | }
41 |
42 | extension Reactive where Base: RxGestureView {
| `- error: cannot find type 'RxGestureView' in scope
43 |
44 | /**
/Users/admin/builder/spi-builder-workspace/Pod/Classes/View+RxGesture.swift:25:32: error: cannot find type 'RxGestureView' in scope
23 | import Dispatch
24 |
25 | extension Reactive where Base: RxGestureView {
| `- error: cannot find type 'RxGestureView' in scope
26 |
27 | /**
SwiftCompile normal arm64 /Users/admin/builder/spi-builder-workspace/Pod/Classes/iOS/UIScreenEdgePanGestureRecognizer+RxGesture.swift (in target 'RxGesture' from project 'RxGesture')
cd /Users/admin/builder/spi-builder-workspace/.swiftpm/xcode
builtin-SwiftPerFileCompile UIScreenEdgePanGestureRecognizer+RxGesture.swift
SwiftCompile normal arm64 Compiling\ UIHoverGestureRecognizer+RxGesture.swift,\ UILongPressGestureRecognizer+RxGesture.swift /Users/admin/builder/spi-builder-workspace/Pod/Classes/iOS/UIHoverGestureRecognizer+RxGesture.swift /Users/admin/builder/spi-builder-workspace/Pod/Classes/iOS/UILongPressGestureRecognizer+RxGesture.swift (in target 'RxGesture' from project 'RxGesture')
SwiftCompile normal arm64 /Users/admin/builder/spi-builder-workspace/Pod/Classes/iOS/UIHoverGestureRecognizer+RxGesture.swift (in target 'RxGesture' from project 'RxGesture')
cd /Users/admin/builder/spi-builder-workspace/.swiftpm/xcode
builtin-SwiftPerFileCompile UIHoverGestureRecognizer+RxGesture.swift
SwiftCompile normal arm64 /Users/admin/builder/spi-builder-workspace/Pod/Classes/iOS/UILongPressGestureRecognizer+RxGesture.swift (in target 'RxGesture' from project 'RxGesture')
cd /Users/admin/builder/spi-builder-workspace/.swiftpm/xcode
builtin-SwiftPerFileCompile UILongPressGestureRecognizer+RxGesture.swift
PruneExplicitPrecompiledModules /Users/admin/builder/spi-builder-workspace/.derivedData/Build/Intermediates.noindex/ExplicitPrecompiledModules
PruneExplicitPrecompiledModules /Users/admin/builder/spi-builder-workspace/.derivedData/SDKExplicitPrecompiledModules
PruneExplicitPrecompiledModules /Users/admin/builder/spi-builder-workspace/.derivedData/Build/Intermediates.noindex/SwiftExplicitPrecompiledModules
2026-09-18 04:20:04.060 xcodebuild[734:4728] [MT] IDERunDestination: Supported platforms for the buildables in the current scheme is empty.
** BUILD FAILED **
The following build commands failed:
SwiftCompile normal arm64 /Users/admin/builder/spi-builder-workspace/Pod/Classes/GestureRecognizer+RxGesture.swift (in target 'RxGesture' from project 'RxGesture')
SwiftCompile normal arm64 /Users/admin/builder/spi-builder-workspace/Pod/Classes/SharedTypes.swift (in target 'RxGesture' from project 'RxGesture')
SwiftCompile normal arm64 Compiling\ GestureRecognizer+RxGesture.swift,\ SharedTypes.swift /Users/admin/builder/spi-builder-workspace/Pod/Classes/GestureRecognizer+RxGesture.swift /Users/admin/builder/spi-builder-workspace/Pod/Classes/SharedTypes.swift (in target 'RxGesture' from project 'RxGesture')
Building workspace RxGesture with scheme RxGesture
(4 failures)
Command line invocation:
/Applications/Xcode-27.0.0-Release.Candidate.app/Contents/Developer/usr/bin/xcodebuild -IDEClonedSourcePackagesDirPathOverride=/Users/admin/builder/spi-builder-workspace/.dependencies -resolvePackageDependencies
Resolve Package Graph
Resolved source packages:
RxSwift: https://github.com/ReactiveX/RxSwift.git @ 6.10.2
RxGesture: /Users/admin/builder/spi-builder-workspace
resolved source packages: RxSwift, RxGesture
2026-09-18 04:20:17.095 xcodebuild[902:5756] [MT] IDERunDestination: Supported platforms for the buildables in the current scheme is empty.
{
"dependencies" : [
{
"identity" : "rxswift",
"requirement" : {
"range" : [
{
"lower_bound" : "6.0.0",
"upper_bound" : "7.0.0"
}
]
},
"type" : "sourceControl",
"url" : "https://github.com/ReactiveX/RxSwift.git"
}
],
"manifest_display_name" : "RxGesture",
"name" : "RxGesture",
"path" : "/Users/admin/builder/spi-builder-workspace",
"platforms" : [
],
"products" : [
{
"name" : "RxGesture",
"targets" : [
"RxGesture"
],
"type" : {
"library" : [
"automatic"
]
}
}
],
"targets" : [
{
"c99name" : "RxGesture",
"module_type" : "SwiftTarget",
"name" : "RxGesture",
"path" : "Pod",
"product_dependencies" : [
"RxSwift",
"RxCocoa"
],
"product_memberships" : [
"RxGesture"
],
"sources" : [
"Classes/GenericRxGestureRecognizerDelegate.swift",
"Classes/GestureFactory.swift",
"Classes/GestureRecognizer+RxGesture.swift",
"Classes/SharedTypes.swift",
"Classes/View+RxGesture.swift",
"Classes/iOS/ForceTouchGestureRecognizer.swift",
"Classes/iOS/TouchDownGestureRecognizer.swift",
"Classes/iOS/TransformGestureRecognizers.swift",
"Classes/iOS/UIHoverGestureRecognizer+RxGesture.swift",
"Classes/iOS/UILongPressGestureRecognizer+RxGesture.swift",
"Classes/iOS/UIPanGestureRecognizer+RxGesture.swift",
"Classes/iOS/UIPinchGestureRecognizer+RxGesture.swift",
"Classes/iOS/UIRotationGestureRecognizer+RxGesture.swift",
"Classes/iOS/UIScreenEdgePanGestureRecognizer+RxGesture.swift",
"Classes/iOS/UISwipeGestureRecognizer+RxGesture.swift",
"Classes/iOS/UITapGestureRecognizer+RxGesture.swift"
],
"type" : "library"
}
],
"tools_version" : "5.1"
}
{
"workspace" : {
"name" : "RxGesture",
"schemes" : [
"RxGesture"
]
}
}
2026-09-18 04:20:18.471 xcodebuild[910:5827] [MT] IDERunDestination: Supported platforms for the buildables in the current scheme is empty.
Running build ...
env DEVELOPER_DIR=/Applications/Xcode-27.0.0-Release.Candidate.app xcrun xcodebuild -IDEClonedSourcePackagesDirPathOverride=$PWD/.dependencies -skipMacroValidation -skipPackagePluginValidation -derivedDataPath $PWD/.derivedData build -scheme RxGesture -destination generic/platform=tvOS
Command line invocation:
/Applications/Xcode-27.0.0-Release.Candidate.app/Contents/Developer/usr/bin/xcodebuild -IDEClonedSourcePackagesDirPathOverride=/Users/admin/builder/spi-builder-workspace/.dependencies -skipMacroValidation -skipPackagePluginValidation -derivedDataPath /Users/admin/builder/spi-builder-workspace/.derivedData build -scheme RxGesture -destination generic/platform=tvOS
Resolve Package Graph
Resolved source packages:
RxGesture: /Users/admin/builder/spi-builder-workspace
RxSwift: https://github.com/ReactiveX/RxSwift.git @ 6.10.2
ComputePackagePrebuildTargetDependencyGraph
Prepare packages
CreateBuildRequest
SendProjectDescription
CreateBuildOperation
ComputeTargetDependencyGraph
note: Building targets in dependency order
note: Target dependency graph (12 targets)
Target 'RxGesture-product' in project 'RxGesture'
➜ Explicit dependency on target 'RxGesture' in project 'RxGesture'
➜ Explicit dependency on target 'RxSwift-product' in project 'RxSwift'
➜ Explicit dependency on target 'RxCocoa-product' in project 'RxSwift'
Target 'RxGesture' in project 'RxGesture'
➜ Explicit dependency on target 'RxSwift-product' in project 'RxSwift'
➜ Explicit dependency on target 'RxCocoa-product' in project 'RxSwift'
Target 'RxCocoa-product' in project 'RxSwift'
➜ Explicit dependency on target 'RxCocoa' in project 'RxSwift'
➜ Explicit dependency on target 'RxSwift_RxCocoa' in project 'RxSwift'
➜ Explicit dependency on target 'RxSwift' in project 'RxSwift'
➜ Explicit dependency on target 'RxRelay' in project 'RxSwift'
➜ Explicit dependency on target 'RxCocoaRuntime' in project 'RxSwift'
Target 'RxCocoa' in project 'RxSwift'
➜ Explicit dependency on target 'RxSwift_RxCocoa' in project 'RxSwift'
➜ Explicit dependency on target 'RxSwift' in project 'RxSwift'
➜ Explicit dependency on target 'RxRelay' in project 'RxSwift'
➜ Explicit dependency on target 'RxCocoaRuntime' in project 'RxSwift'
Target 'RxCocoaRuntime' in project 'RxSwift'
➜ Explicit dependency on target 'RxSwift_RxCocoaRuntime' in project 'RxSwift'
➜ Explicit dependency on target 'RxSwift' in project 'RxSwift'
Target 'RxSwift_RxCocoaRuntime' in project 'RxSwift' (no dependencies)
Target 'RxRelay' in project 'RxSwift'
➜ Explicit dependency on target 'RxSwift_RxRelay' in project 'RxSwift'
➜ Explicit dependency on target 'RxSwift' in project 'RxSwift'
Target 'RxSwift_RxRelay' in project 'RxSwift' (no dependencies)
Target 'RxSwift_RxCocoa' in project 'RxSwift' (no dependencies)
Target 'RxSwift-product' in project 'RxSwift'
➜ Explicit dependency on target 'RxSwift' in project 'RxSwift'
➜ Explicit dependency on target 'RxSwift_RxSwift' in project 'RxSwift'
Target 'RxSwift' in project 'RxSwift'
➜ Explicit dependency on target 'RxSwift_RxSwift' in project 'RxSwift'
Target 'RxSwift_RxSwift' in project 'RxSwift' (no dependencies)
GatherProvisioningInputs
CreateBuildDescription
ClangStatCache /Applications/Xcode-27.0.0-Release.Candidate.app/Contents/Developer/Toolchains/XcodeDefault.xctoolchain/usr/bin/clang-stat-cache /Applications/Xcode-27.0.0-Release.Candidate.app/Contents/Developer/Platforms/AppleTVOS.platform/Developer/SDKs/AppleTVOS27.0.sdk /Users/admin/builder/spi-builder-workspace/.derivedData/SDKStatCaches.noindex/appletvos27.0-24J360-e829b21a6f8c9b70876ba0858053c044b32bfd8d43560033f8d89884cdb90028.sdkstatcache
cd /Users/admin/builder/spi-builder-workspace/.swiftpm/xcode
/Applications/Xcode-27.0.0-Release.Candidate.app/Contents/Developer/Toolchains/XcodeDefault.xctoolchain/usr/bin/clang-stat-cache /Applications/Xcode-27.0.0-Release.Candidate.app/Contents/Developer/Platforms/AppleTVOS.platform/Developer/SDKs/AppleTVOS27.0.sdk -o /Users/admin/builder/spi-builder-workspace/.derivedData/SDKStatCaches.noindex/appletvos27.0-24J360-e829b21a6f8c9b70876ba0858053c044b32bfd8d43560033f8d89884cdb90028.sdkstatcache
SwiftDriver RxGesture normal arm64 com.apple.xcode.tools.swift.compiler (in target 'RxGesture' from project 'RxGesture')
cd /Users/admin/builder/spi-builder-workspace/.swiftpm/xcode
builtin-SwiftDriver -- /Applications/Xcode-27.0.0-Release.Candidate.app/Contents/Developer/Toolchains/XcodeDefault.xctoolchain/usr/bin/swiftc -parse-as-library -module-name RxGesture -Onone @/Users/admin/builder/spi-builder-workspace/.derivedData/Build/Intermediates.noindex/RxGesture.build/Debug-appletvos/RxGesture-t.build/Objects-normal/arm64/RxGesture.SwiftFileList -DSWIFT_PACKAGE -DDEBUG -DSWIFT_MODULE_RESOURCE_BUNDLE_UNAVAILABLE -Xcc -fmodule-map-file\=/Users/admin/builder/spi-builder-workspace/.derivedData/Build/Intermediates.noindex/GeneratedModuleMaps-appletvos/RxCocoaRuntime.modulemap -DXcode -plugin-path /Applications/Xcode-27.0.0-Release.Candidate.app/Contents/Developer/Toolchains/XcodeDefault.xctoolchain/usr/lib/swift/host/plugins/testing -enable-experimental-feature DebugDescriptionMacro -sdk /Applications/Xcode-27.0.0-Release.Candidate.app/Contents/Developer/Platforms/AppleTVOS.platform/Developer/SDKs/AppleTVOS27.0.sdk -target arm64-apple-tvos15.0 -g -module-cache-path /Users/admin/builder/spi-builder-workspace/.derivedData/ModuleCache.noindex -Xfrontend -serialize-debugging-options -enable-testing -index-store-path /Users/admin/builder/spi-builder-workspace/.derivedData/Index.noindex/DataStore -Xcc -D_LIBCPP_HARDENING_MODE\=_LIBCPP_HARDENING_MODE_DEBUG -swift-version 5 -I /Users/admin/builder/spi-builder-workspace/.derivedData/Build/Products/Debug-appletvos -Isystem /Applications/Xcode-27.0.0-Release.Candidate.app/Contents/Developer/Platforms/AppleTVOS.platform/Developer/usr/lib -F /Users/admin/builder/spi-builder-workspace/.derivedData/Build/Products/Debug-appletvos/PackageFrameworks -F /Users/admin/builder/spi-builder-workspace/.derivedData/Build/Products/Debug-appletvos -F /Applications/Xcode-27.0.0-Release.Candidate.app/Contents/Developer/Platforms/AppleTVOS.platform/Developer/Library/Frameworks -F /Applications/Xcode-27.0.0-Release.Candidate.app/Contents/Developer/Platforms/AppleTVOS.platform/Developer/SDKs/AppleTVOS27.0.sdk/Developer/Library/Frameworks -c -j10 -enable-batch-mode -incremental -Xcc -ivfsstatcache -Xcc /Users/admin/builder/spi-builder-workspace/.derivedData/SDKStatCaches.noindex/appletvos27.0-24J360-e829b21a6f8c9b70876ba0858053c044b32bfd8d43560033f8d89884cdb90028.sdkstatcache -output-file-map /Users/admin/builder/spi-builder-workspace/.derivedData/Build/Intermediates.noindex/RxGesture.build/Debug-appletvos/RxGesture-t.build/Objects-normal/arm64/RxGesture-OutputFileMap.json -save-temps -no-color-diagnostics -explicit-module-build -module-cache-path /Users/admin/builder/spi-builder-workspace/.derivedData/Build/Intermediates.noindex/SwiftExplicitPrecompiledModules -clang-scanner-module-cache-path /Users/admin/builder/spi-builder-workspace/.derivedData/ModuleCache.noindex -sdk-module-cache-path /Users/admin/builder/spi-builder-workspace/.derivedData/SDKExplicitPrecompiledModules -emit-dependencies -emit-module -emit-module-path /Users/admin/builder/spi-builder-workspace/.derivedData/Build/Intermediates.noindex/RxGesture.build/Debug-appletvos/RxGesture-t.build/Objects-normal/arm64/RxGesture.swiftmodule -serialize-diagnostics -dependency-scan-serialize-diagnostics-path /Users/admin/builder/spi-builder-workspace/.derivedData/Build/Intermediates.noindex/RxGesture.build/Debug-appletvos/RxGesture-t.build/Objects-normal/arm64/RxGesture-dependency-scan.dia -validate-clang-modules-once -clang-build-session-file /Users/admin/builder/spi-builder-workspace/.derivedData/ModuleCache.noindex/Session.modulevalidation -Xcc -fmodules-prune-interval\=86400 -Xcc -fmodules-prune-after\=345600 -emit-const-values -const-gather-protocols-list /Users/admin/builder/spi-builder-workspace/.derivedData/Build/Intermediates.noindex/RxGesture.build/Debug-appletvos/RxGesture-t.build/Objects-normal/arm64/RxGesture_const_extract_protocols.json -Xcc -I/Users/admin/builder/spi-builder-workspace/.dependencies/checkouts/RxSwift/Sources/RxCocoaRuntime/include -Xcc -I/Users/admin/builder/spi-builder-workspace/.derivedData/Build/Products/Debug-appletvos/include -Xcc -I/Users/admin/builder/spi-builder-workspace/.derivedData/Build/Intermediates.noindex/RxGesture.build/Debug-appletvos/RxGesture-t.build/DerivedSources-normal/arm64 -Xcc -I/Users/admin/builder/spi-builder-workspace/.derivedData/Build/Intermediates.noindex/RxGesture.build/Debug-appletvos/RxGesture-t.build/DerivedSources/arm64 -Xcc -I/Users/admin/builder/spi-builder-workspace/.derivedData/Build/Intermediates.noindex/RxGesture.build/Debug-appletvos/RxGesture-t.build/DerivedSources -Xcc -DSWIFT_PACKAGE -Xcc -DDEBUG\=1 -emit-objc-header -emit-objc-header-path /Users/admin/builder/spi-builder-workspace/.derivedData/Build/Intermediates.noindex/RxGesture.build/Debug-appletvos/RxGesture-t.build/Objects-normal/arm64/RxGesture-Swift.h -working-directory /Users/admin/builder/spi-builder-workspace/.swiftpm/xcode -experimental-emit-module-separately -disable-cmo
SwiftCompile normal arm64 Compiling\ GestureRecognizer+RxGesture.swift,\ SharedTypes.swift /Users/admin/builder/spi-builder-workspace/Pod/Classes/GestureRecognizer+RxGesture.swift /Users/admin/builder/spi-builder-workspace/Pod/Classes/SharedTypes.swift (in target 'RxGesture' from project 'RxGesture')
/Users/admin/builder/spi-builder-workspace/Pod/Classes/GestureRecognizer+RxGesture.swift:25:36: error: cannot find type 'RxGestureView' in scope
23 | import struct CoreGraphics.CGPoint
24 |
25 | public typealias LocationInView = (RxGestureView) -> CGPoint
| `- error: cannot find type 'RxGestureView' in scope
26 |
27 | extension ObservableType where Element: RxGestureRecognizer {
/Users/admin/builder/spi-builder-workspace/Pod/Classes/GestureRecognizer+RxGesture.swift:27:41: error: cannot find type 'RxGestureRecognizer' in scope
25 | public typealias LocationInView = (RxGestureView) -> CGPoint
26 |
27 | extension ObservableType where Element: RxGestureRecognizer {
| `- error: cannot find type 'RxGestureRecognizer' in scope
28 |
29 | /**
/Users/admin/builder/spi-builder-workspace/Pod/Classes/GestureRecognizer+RxGesture.swift:35:32: error: cannot find type 'RxGestureRecognizerState' in scope
33 | - returns: An observable `GestureRecognizer` events sequence that only contains events emitted while the `GestureRecognizer`'s state match the given `state`.
34 | */
35 | public func when(_ states: RxGestureRecognizerState...) -> Observable<Element> {
| `- error: cannot find type 'RxGestureRecognizerState' in scope
36 | filter { gesture in
37 | states.contains(gesture.state)
/Users/admin/builder/spi-builder-workspace/Pod/Classes/GestureRecognizer+RxGesture.swift:47:35: error: cannot find type 'RxGestureRecognizerState' in scope
45 | - returns: An observable `GestureRecognizer` events sequence that only contains events emitted while the `GestureRecognizer`'s state match the given `state`.
46 | */
47 | internal func when(_ states: [RxGestureRecognizerState]) -> Observable<Element> {
| `- error: cannot find type 'RxGestureRecognizerState' in scope
48 | filter { gesture in
49 | states.contains(gesture.state)
/Users/admin/builder/spi-builder-workspace/Pod/Classes/GestureRecognizer+RxGesture.swift:58:71: error: cannot find type 'RxGesturePoint' in scope
56 | - parameter view: A `TargetView` value on which the gesture took place.
57 | */
58 | public func asLocation(in view: TargetView = .view) -> Observable<RxGesturePoint> {
| `- error: cannot find type 'RxGesturePoint' in scope
59 | map { gesture in
60 | gesture.location(in: view.targetView(for: gesture))
/Users/admin/builder/spi-builder-workspace/Pod/Classes/GestureRecognizer+RxGesture.swift:37:37: error: value of type 'Self.Element' has no member 'state'
35 | public func when(_ states: RxGestureRecognizerState...) -> Observable<Element> {
36 | filter { gesture in
37 | states.contains(gesture.state)
| `- error: value of type 'Self.Element' has no member 'state'
38 | }
39 | }
/Users/admin/builder/spi-builder-workspace/Pod/Classes/GestureRecognizer+RxGesture.swift:49:37: error: value of type 'Self.Element' has no member 'state'
47 | internal func when(_ states: [RxGestureRecognizerState]) -> Observable<Element> {
48 | filter { gesture in
49 | states.contains(gesture.state)
| `- error: value of type 'Self.Element' has no member 'state'
50 | }
51 | }
/Users/admin/builder/spi-builder-workspace/Pod/Classes/SharedTypes.swift:54:75: error: cannot find type 'RxGestureView' in scope
52 | case this(RxGestureView)
53 |
54 | public func targetView(for gestureRecognizer: RxGestureRecognizer) -> RxGestureView? {
| `- error: cannot find type 'RxGestureView' in scope
55 | switch self {
56 | case .view:
/Users/admin/builder/spi-builder-workspace/Pod/Classes/SharedTypes.swift:54:51: error: cannot find type 'RxGestureRecognizer' in scope
52 | case this(RxGestureView)
53 |
54 | public func targetView(for gestureRecognizer: RxGestureRecognizer) -> RxGestureView? {
| `- error: cannot find type 'RxGestureRecognizer' in scope
55 | switch self {
56 | case .view:
/Users/admin/builder/spi-builder-workspace/Pod/Classes/GestureRecognizer+RxGesture.swift:60:21: error: value of type 'Self.Element' has no member 'location'
58 | public func asLocation(in view: TargetView = .view) -> Observable<RxGesturePoint> {
59 | map { gesture in
60 | gesture.location(in: view.targetView(for: gesture))
| `- error: value of type 'Self.Element' has no member 'location'
61 | }
62 | }
/Users/admin/builder/spi-builder-workspace/Pod/Classes/GestureRecognizer+RxGesture.swift:66:38: error: value of type 'Self.Element' has no member 'view'
64 | public func asLocationInView() -> Observable<LocationInView> {
65 | map { gesture in
66 | let targetView = gesture.view!
| `- error: value of type 'Self.Element' has no member 'view'
67 | let location = gesture.location(in: targetView)
68 | return { view in
/Users/admin/builder/spi-builder-workspace/Pod/Classes/SharedTypes.swift:52:15: error: cannot find type 'RxGestureView' in scope
50 |
51 | /// The target view will be the given view
52 | case this(RxGestureView)
| `- error: cannot find type 'RxGestureView' in scope
53 |
54 | public func targetView(for gestureRecognizer: RxGestureRecognizer) -> RxGestureView? {
/Users/admin/builder/spi-builder-workspace/Pod/Classes/iOS/TransformGestureRecognizers.swift:57:32: error: cannot find type 'RxGestureRecognizerState' in scope
55 | extension ObservableType where Element == TransformGestureRecognizers {
56 |
57 | public func when(_ states: RxGestureRecognizerState...) -> Observable<Element> {
| `- error: cannot find type 'RxGestureRecognizerState' in scope
58 | filter { gestures in
59 | states.contains(gestures.panGesture.state)
Failed frontend command:
SwiftCompile normal arm64 /Users/admin/builder/spi-builder-workspace/Pod/Classes/GestureRecognizer+RxGesture.swift (in target 'RxGesture' from project 'RxGesture')
cd /Users/admin/builder/spi-builder-workspace/.swiftpm/xcode
builtin-SwiftPerFileCompile GestureRecognizer+RxGesture.swift
SwiftCompile normal arm64 /Users/admin/builder/spi-builder-workspace/Pod/Classes/SharedTypes.swift (in target 'RxGesture' from project 'RxGesture')
cd /Users/admin/builder/spi-builder-workspace/.swiftpm/xcode
builtin-SwiftPerFileCompile SharedTypes.swift
/Applications/Xcode-27.0.0-Release.Candidate.app/Contents/Developer/Toolchains/XcodeDefault.xctoolchain/usr/bin/swift-frontend -frontend -c /Users/admin/builder/spi-builder-workspace/Pod/Classes/GenericRxGestureRecognizerDelegate.swift /Users/admin/builder/spi-builder-workspace/Pod/Classes/GestureFactory.swift -primary-file /Users/admin/builder/spi-builder-workspace/Pod/Classes/GestureRecognizer+RxGesture.swift -primary-file /Users/admin/builder/spi-builder-workspace/Pod/Classes/SharedTypes.swift /Users/admin/builder/spi-builder-workspace/Pod/Classes/View+RxGesture.swift /Users/admin/builder/spi-builder-workspace/Pod/Classes/iOS/ForceTouchGestureRecognizer.swift /Users/admin/builder/spi-builder-workspace/Pod/Classes/iOS/TouchDownGestureRecognizer.swift /Users/admin/builder/spi-builder-workspace/Pod/Classes/iOS/TransformGestureRecognizers.swift /Users/admin/builder/spi-builder-workspace/Pod/Classes/iOS/UIHoverGestureRecognizer+RxGesture.swift /Users/admin/builder/spi-builder-workspace/Pod/Classes/iOS/UILongPressGestureRecognizer+RxGesture.swift /Users/admin/builder/spi-builder-workspace/Pod/Classes/iOS/UIPanGestureRecognizer+RxGesture.swift /Users/admin/builder/spi-builder-workspace/Pod/Classes/iOS/UIPinchGestureRecognizer+RxGesture.swift /Users/admin/builder/spi-builder-workspace/Pod/Classes/iOS/UIRotationGestureRecognizer+RxGesture.swift /Users/admin/builder/spi-builder-workspace/Pod/Classes/iOS/UIScreenEdgePanGestureRecognizer+RxGesture.swift /Users/admin/builder/spi-builder-workspace/Pod/Classes/iOS/UISwipeGestureRecognizer+RxGesture.swift /Users/admin/builder/spi-builder-workspace/Pod/Classes/iOS/UITapGestureRecognizer+RxGesture.swift -emit-dependencies-path /Users/admin/builder/spi-builder-workspace/.derivedData/Build/Intermediates.noindex/RxGesture.build/Debug-appletvos/RxGesture-t.build/Objects-normal/arm64/GestureRecognizer+RxGesture.d -emit-const-values-path /Users/admin/builder/spi-builder-workspace/.derivedData/Build/Intermediates.noindex/RxGesture.build/Debug-appletvos/RxGesture-t.build/Objects-normal/arm64/GestureRecognizer+RxGesture.swiftconstvalues -emit-reference-dependencies-path /Users/admin/builder/spi-builder-workspace/.derivedData/Build/Intermediates.noindex/RxGesture.build/Debug-appletvos/RxGesture-t.build/Objects-normal/arm64/GestureRecognizer+RxGesture.swiftdeps -serialize-diagnostics-path /Users/admin/builder/spi-builder-workspace/.derivedData/Build/Intermediates.noindex/RxGesture.build/Debug-appletvos/RxGesture-t.build/Objects-normal/arm64/GestureRecognizer+RxGesture.dia -emit-dependencies-path /Users/admin/builder/spi-builder-workspace/.derivedData/Build/Intermediates.noindex/RxGesture.build/Debug-appletvos/RxGesture-t.build/Objects-normal/arm64/SharedTypes.d -emit-const-values-path /Users/admin/builder/spi-builder-workspace/.derivedData/Build/Intermediates.noindex/RxGesture.build/Debug-appletvos/RxGesture-t.build/Objects-normal/arm64/SharedTypes.swiftconstvalues -emit-reference-dependencies-path /Users/admin/builder/spi-builder-workspace/.derivedData/Build/Intermediates.noindex/RxGesture.build/Debug-appletvos/RxGesture-t.build/Objects-normal/arm64/SharedTypes.swiftdeps -serialize-diagnostics-path /Users/admin/builder/spi-builder-workspace/.derivedData/Build/Intermediates.noindex/RxGesture.build/Debug-appletvos/RxGesture-t.build/Objects-normal/arm64/SharedTypes.dia -target arm64-apple-tvos15.0 -module-can-import-version ObjectiveC 973.1 0 -module-can-import-version UIKit 9127.0.84.1 9127.0.84 -disable-cross-import-overlay-search -load-resolved-plugin /Applications/Xcode-27.0.0-Release.Candidate.app/Contents/Developer/Platforms/AppleTVOS.platform/Developer/usr/lib/swift/host/plugins/libFoundationMacros.dylib\#/Applications/Xcode-27.0.0-Release.Candidate.app/Contents/Developer/Platforms/AppleTVOS.platform/Developer/usr/bin/swift-plugin-server\#FoundationMacros -load-resolved-plugin /Applications/Xcode-27.0.0-Release.Candidate.app/Contents/Developer/Platforms/AppleTVOS.platform/Developer/usr/lib/swift/host/plugins/libObservationMacros.dylib\#/Applications/Xcode-27.0.0-Release.Candidate.app/Contents/Developer/Platforms/AppleTVOS.platform/Developer/usr/bin/swift-plugin-server\#ObservationMacros -load-resolved-plugin /Applications/Xcode-27.0.0-Release.Candidate.app/Contents/Developer/Platforms/AppleTVOS.platform/Developer/usr/lib/swift/host/plugins/libPreviewsMacros.dylib\#/Applications/Xcode-27.0.0-Release.Candidate.app/Contents/Developer/Platforms/AppleTVOS.platform/Developer/usr/bin/swift-plugin-server\#PreviewsMacros -load-resolved-plugin /Applications/Xcode-27.0.0-Release.Candidate.app/Contents/Developer/Platforms/AppleTVOS.platform/Developer/usr/lib/swift/host/plugins/libSwiftMacros.dylib\#/Applications/Xcode-27.0.0-Release.Candidate.app/Contents/Developer/Platforms/AppleTVOS.platform/Developer/usr/bin/swift-plugin-server\#SwiftMacros -load-resolved-plugin /Applications/Xcode-27.0.0-Release.Candidate.app/Contents/Developer/Platforms/AppleTVOS.platform/Developer/usr/lib/swift/host/plugins/libSwiftUIMacros.dylib\#/Applications/Xcode-27.0.0-Release.Candidate.app/Contents/Developer/Platforms/AppleTVOS.platform/Developer/usr/bin/swift-plugin-server\#SwiftUIMacros -disable-implicit-swift-modules -Xcc -fno-implicit-modules -Xcc -fno-implicit-module-maps -explicit-swift-module-map-file /Users/admin/builder/spi-builder-workspace/.derivedData/Build/Intermediates.noindex/RxGesture.build/Debug-appletvos/RxGesture-t.build/Objects-normal/arm64/RxGesture-dependencies-1.json -Xllvm -aarch64-use-tbi -enable-objc-interop -stack-check -sdk /Applications/Xcode-27.0.0-Release.Candidate.app/Contents/Developer/Platforms/AppleTVOS.platform/Developer/SDKs/AppleTVOS27.0.sdk -I /Users/admin/builder/spi-builder-workspace/.derivedData/Build/Products/Debug-appletvos -Isystem /Applications/Xcode-27.0.0-Release.Candidate.app/Contents/Developer/Platforms/AppleTVOS.platform/Developer/usr/lib -F /Users/admin/builder/spi-builder-workspace/.derivedData/Build/Products/Debug-appletvos/PackageFrameworks -F /Users/admin/builder/spi-builder-workspace/.derivedData/Build/Products/Debug-appletvos -F /Applications/Xcode-27.0.0-Release.Candidate.app/Contents/Developer/Platforms/AppleTVOS.platform/Developer/Library/Frameworks -F /Applications/Xcode-27.0.0-Release.Candidate.app/Contents/Developer/Platforms/AppleTVOS.platform/Developer/SDKs/AppleTVOS27.0.sdk/Developer/Library/Frameworks -module-cache-path /Users/admin/builder/spi-builder-workspace/.derivedData/Build/Intermediates.noindex/SwiftExplicitPrecompiledModules -no-color-diagnostics -Xcc -fno-color-diagnostics -enable-testing -g -debug-info-format\=dwarf -dwarf-version\=4 -swift-version 5 -Onone -D SWIFT_PACKAGE -D DEBUG -D SWIFT_MODULE_RESOURCE_BUNDLE_UNAVAILABLE -D Xcode -serialize-debugging-options -enable-experimental-feature DebugDescriptionMacro -empty-abi-descriptor -validate-clang-modules-once -clang-build-session-file /Users/admin/builder/spi-builder-workspace/.derivedData/ModuleCache.noindex/Session.modulevalidation -Xcc -working-directory -Xcc /Users/admin/builder/spi-builder-workspace/.swiftpm/xcode -enable-anonymous-context-mangled-names -file-compilation-dir /Users/admin/builder/spi-builder-workspace/.swiftpm/xcode -Xcc -fmodule-map-file\=/Users/admin/builder/spi-builder-workspace/.derivedData/Build/Intermediates.noindex/GeneratedModuleMaps-appletvos/RxCocoaRuntime.modulemap -Xcc -D_LIBCPP_HARDENING_MODE\=_LIBCPP_HARDENING_MODE_DEBUG -Xcc -ivfsstatcache -Xcc /Users/admin/builder/spi-builder-workspace/.derivedData/SDKStatCaches.noindex/appletvos27.0-24J360-e829b21a6f8c9b70876ba0858053c044b32bfd8d43560033f8d89884cdb90028.sdkstatcache -Xcc -fmodules-prune-interval\=86400 -Xcc -fmodules-prune-after\=345600 -Xcc -I/Users/admin/builder/spi-builder-workspace/.dependencies/checkouts/RxSwift/Sources/RxCocoaRuntime/include -Xcc -I/Users/admin/builder/spi-builder-workspace/.derivedData/Build/Products/Debug-appletvos/include -Xcc -I/Users/admin/builder/spi-builder-workspace/.derivedData/Build/Intermediates.noindex/RxGesture.build/Debug-appletvos/RxGesture-t.build/DerivedSources-normal/arm64 -Xcc -I/Users/admin/builder/spi-builder-workspace/.derivedData/Build/Intermediates.noindex/RxGesture.build/Debug-appletvos/RxGesture-t.build/DerivedSources/arm64 -Xcc -I/Users/admin/builder/spi-builder-workspace/.derivedData/Build/Intermediates.noindex/RxGesture.build/Debug-appletvos/RxGesture-t.build/DerivedSources -Xcc -DSWIFT_PACKAGE -Xcc -DDEBUG\=1 -no-auto-bridging-header-chaining -module-name RxGesture -const-gather-protocols-file /Users/admin/builder/spi-builder-workspace/.derivedData/Build/Intermediates.noindex/RxGesture.build/Debug-appletvos/RxGesture-t.build/Objects-normal/arm64/RxGesture_const_extract_protocols.json -disable-clang-spi -clang-target arm64-apple-tvos27.0 -target-sdk-version 27.0 -target-sdk-name appletvos27.0 -in-process-plugin-server-path /Applications/Xcode-27.0.0-Release.Candidate.app/Contents/Developer/Toolchains/XcodeDefault.xctoolchain/usr/lib/swift/host/libSwiftInProcPluginServer.dylib -parse-as-library -o /Users/admin/builder/spi-builder-workspace/.derivedData/Build/Intermediates.noindex/RxGesture.build/Debug-appletvos/RxGesture-t.build/Objects-normal/arm64/GestureRecognizer+RxGesture.o -o /Users/admin/builder/spi-builder-workspace/.derivedData/Build/Intermediates.noindex/RxGesture.build/Debug-appletvos/RxGesture-t.build/Objects-normal/arm64/SharedTypes.o -debug-module-path /Users/admin/builder/spi-builder-workspace/.derivedData/Build/Intermediates.noindex/RxGesture.build/Debug-appletvos/RxGesture-t.build/Objects-normal/arm64/RxGesture.swiftmodule -index-unit-output-path /RxGesture.build/Debug-appletvos/RxGesture-t.build/Objects-normal/arm64/GestureRecognizer+RxGesture.o -index-unit-output-path /RxGesture.build/Debug-appletvos/RxGesture-t.build/Objects-normal/arm64/SharedTypes.o -index-store-path /Users/admin/builder/spi-builder-workspace/.derivedData/Index.noindex/DataStore -index-system-modules
SwiftCompile normal arm64 Compiling\ UIPanGestureRecognizer+RxGesture.swift,\ UIPinchGestureRecognizer+RxGesture.swift /Users/admin/builder/spi-builder-workspace/Pod/Classes/iOS/UIPanGestureRecognizer+RxGesture.swift /Users/admin/builder/spi-builder-workspace/Pod/Classes/iOS/UIPinchGestureRecognizer+RxGesture.swift (in target 'RxGesture' from project 'RxGesture')
SwiftCompile normal arm64 /Users/admin/builder/spi-builder-workspace/Pod/Classes/iOS/UIPanGestureRecognizer+RxGesture.swift (in target 'RxGesture' from project 'RxGesture')
cd /Users/admin/builder/spi-builder-workspace/.swiftpm/xcode
builtin-SwiftPerFileCompile UIPanGestureRecognizer+RxGesture.swift
SwiftCompile normal arm64 /Users/admin/builder/spi-builder-workspace/Pod/Classes/iOS/UIPinchGestureRecognizer+RxGesture.swift (in target 'RxGesture' from project 'RxGesture')
cd /Users/admin/builder/spi-builder-workspace/.swiftpm/xcode
builtin-SwiftPerFileCompile UIPinchGestureRecognizer+RxGesture.swift
/Users/admin/builder/spi-builder-workspace/Pod/Classes/GestureFactory.swift:25:41: error: cannot find type 'RxGestureRecognizer' in scope
23 | import ObjectiveC
24 |
25 | public typealias Configuration<Gesture: RxGestureRecognizer> = (Gesture, GenericRxGestureRecognizerDelegate<Gesture>) -> Void
| `- error: cannot find type 'RxGestureRecognizer' in scope
26 |
27 | public struct Factory<Gesture: RxGestureRecognizer> {
/Users/admin/builder/spi-builder-workspace/Pod/Classes/GenericRxGestureRecognizerDelegate.swift:68:64: error: cannot find type 'RxGestureRecognizer' in scope
66 | }
67 |
68 | public final class GenericRxGestureRecognizerDelegate<Gesture: RxGestureRecognizer>: NSObject, RxGestureRecognizerDelegate {
| `- error: cannot find type 'RxGestureRecognizer' in scope
69 |
70 | /// Corresponding delegate method: gestureRecognizerShouldBegin(:_)
/Users/admin/builder/spi-builder-workspace/Pod/Classes/GestureFactory.swift:27:32: error: cannot find type 'RxGestureRecognizer' in scope
25 | public typealias Configuration<Gesture: RxGestureRecognizer> = (Gesture, GenericRxGestureRecognizerDelegate<Gesture>) -> Void
26 |
27 | public struct Factory<Gesture: RxGestureRecognizer> {
| `- error: cannot find type 'RxGestureRecognizer' in scope
28 | public let gesture: Gesture
29 | public init(_ configuration: Configuration<Gesture>?) {
/Users/admin/builder/spi-builder-workspace/Pod/Classes/iOS/UIPanGestureRecognizer+RxGesture.swift:31:36: error: cannot find type 'RxGestureRecognizer' in scope
29 | public typealias PanObservable = Observable<UIPanGestureRecognizer>
30 |
31 | extension Factory where Gesture == RxGestureRecognizer {
| `- error: cannot find type 'RxGestureRecognizer' in scope
32 |
33 | /**
/Users/admin/builder/spi-builder-workspace/Pod/Classes/GestureFactory.swift:52:39: error: cannot find type 'RxGestureRecognizer' in scope
50 | }
51 |
52 | public typealias AnyFactory = Factory<RxGestureRecognizer>
| `- error: cannot find type 'RxGestureRecognizer' in scope
53 | extension Factory where Gesture == RxGestureRecognizer {
54 | private init<G: RxGestureRecognizer>(_ gesture: G) {
/Users/admin/builder/spi-builder-workspace/Pod/Classes/iOS/UIPanGestureRecognizer+RxGesture.swift:42:32: error: cannot find type 'RxGestureView' in scope
40 | }
41 |
42 | extension Reactive where Base: RxGestureView {
| `- error: cannot find type 'RxGestureView' in scope
43 |
44 | /**
/Users/admin/builder/spi-builder-workspace/Pod/Classes/View+RxGesture.swift:25:32: error: cannot find type 'RxGestureView' in scope
23 | import Dispatch
24 |
25 | extension Reactive where Base: RxGestureView {
| `- error: cannot find type 'RxGestureView' in scope
26 |
27 | /**
/Users/admin/builder/spi-builder-workspace/Pod/Classes/View+RxGesture.swift:83:28: error: cannot find type 'RxGestureRecognizer' in scope
81 | - returns: a `ControlEvent<G>` that re-emit the gesture recognizer itself
82 | */
83 | public func gesture<G: RxGestureRecognizer>(_ gesture: G) -> ControlEvent<G> {
| `- error: cannot find type 'RxGestureRecognizer' in scope
84 |
85 | let source = Observable.deferred { [weak control = self.base] () -> Observable<G> in
/Users/admin/builder/spi-builder-workspace/Pod/Classes/SharedTypes.swift:54:75: error: cannot find type 'RxGestureView' in scope
52 | case this(RxGestureView)
53 |
54 | public func targetView(for gestureRecognizer: RxGestureRecognizer) -> RxGestureView? {
| `- error: cannot find type 'RxGestureView' in scope
55 | switch self {
56 | case .view:
/Users/admin/builder/spi-builder-workspace/Pod/Classes/SharedTypes.swift:54:51: error: cannot find type 'RxGestureRecognizer' in scope
52 | case this(RxGestureView)
53 |
54 | public func targetView(for gestureRecognizer: RxGestureRecognizer) -> RxGestureView? {
| `- error: cannot find type 'RxGestureRecognizer' in scope
55 | switch self {
56 | case .view:
/Users/admin/builder/spi-builder-workspace/Pod/Classes/iOS/UIPinchGestureRecognizer+RxGesture.swift:27:53: error: 'UIPinchGestureRecognizer' is unavailable in tvOS
25 | import RxCocoa
26 |
27 | public typealias PinchConfiguration = Configuration<UIPinchGestureRecognizer>
| `- error: 'UIPinchGestureRecognizer' is unavailable in tvOS
28 | public typealias PinchControlEvent = ControlEvent<UIPinchGestureRecognizer>
29 | public typealias PinchObservable = Observable<UIPinchGestureRecognizer>
/Applications/Xcode-27.0.0-Release.Candidate.app/Contents/Developer/Platforms/AppleTVOS.platform/Developer/SDKs/AppleTVOS27.0.sdk/System/Library/Frameworks/UIKit.framework/Headers/UIPinchGestureRecognizer.h:20:12: note: 'UIPinchGestureRecognizer' has been explicitly marked unavailable here
18 |
19 | UIKIT_EXTERN API_AVAILABLE(ios(3.2)) API_UNAVAILABLE(tvos, watchos) NS_SWIFT_UI_ACTOR
20 | @interface UIPinchGestureRecognizer : UIGestureRecognizer
| `- note: 'UIPinchGestureRecognizer' has been explicitly marked unavailable here
21 |
22 | @property (nonatomic) CGFloat scale; // scale relative to the touch points in screen coordinates
/Users/admin/builder/spi-builder-workspace/Pod/Classes/iOS/UIPinchGestureRecognizer+RxGesture.swift:28:51: error: 'UIPinchGestureRecognizer' is unavailable in tvOS
26 |
27 | public typealias PinchConfiguration = Configuration<UIPinchGestureRecognizer>
28 | public typealias PinchControlEvent = ControlEvent<UIPinchGestureRecognizer>
| `- error: 'UIPinchGestureRecognizer' is unavailable in tvOS
29 | public typealias PinchObservable = Observable<UIPinchGestureRecognizer>
30 |
/Applications/Xcode-27.0.0-Release.Candidate.app/Contents/Developer/Platforms/AppleTVOS.platform/Developer/SDKs/AppleTVOS27.0.sdk/System/Library/Frameworks/UIKit.framework/Headers/UIPinchGestureRecognizer.h:20:12: note: 'UIPinchGestureRecognizer' has been explicitly marked unavailable here
18 |
19 | UIKIT_EXTERN API_AVAILABLE(ios(3.2)) API_UNAVAILABLE(tvos, watchos) NS_SWIFT_UI_ACTOR
20 | @interface UIPinchGestureRecognizer : UIGestureRecognizer
| `- note: 'UIPinchGestureRecognizer' has been explicitly marked unavailable here
21 |
22 | @property (nonatomic) CGFloat scale; // scale relative to the touch points in screen coordinates
/Users/admin/builder/spi-builder-workspace/Pod/Classes/iOS/UIPinchGestureRecognizer+RxGesture.swift:29:47: error: 'UIPinchGestureRecognizer' is unavailable in tvOS
27 | public typealias PinchConfiguration = Configuration<UIPinchGestureRecognizer>
28 | public typealias PinchControlEvent = ControlEvent<UIPinchGestureRecognizer>
29 | public typealias PinchObservable = Observable<UIPinchGestureRecognizer>
| `- error: 'UIPinchGestureRecognizer' is unavailable in tvOS
30 |
31 | extension Factory where Gesture == RxGestureRecognizer {
/Applications/Xcode-27.0.0-Release.Candidate.app/Contents/Developer/Platforms/AppleTVOS.platform/Developer/SDKs/AppleTVOS27.0.sdk/System/Library/Frameworks/UIKit.framework/Headers/UIPinchGestureRecognizer.h:20:12: note: 'UIPinchGestureRecognizer' has been explicitly marked unavailable here
18 |
19 | UIKIT_EXTERN API_AVAILABLE(ios(3.2)) API_UNAVAILABLE(tvos, watchos) NS_SWIFT_UI_ACTOR
20 | @interface UIPinchGestureRecognizer : UIGestureRecognizer
| `- note: 'UIPinchGestureRecognizer' has been explicitly marked unavailable here
21 |
22 | @property (nonatomic) CGFloat scale; // scale relative to the touch points in screen coordinates
/Users/admin/builder/spi-builder-workspace/Pod/Classes/iOS/UIPinchGestureRecognizer+RxGesture.swift:31:36: error: cannot find type 'RxGestureRecognizer' in scope
29 | public typealias PinchObservable = Observable<UIPinchGestureRecognizer>
30 |
31 | extension Factory where Gesture == RxGestureRecognizer {
| `- error: cannot find type 'RxGestureRecognizer' in scope
32 |
33 | /**
/Users/admin/builder/spi-builder-workspace/Pod/Classes/iOS/UIPinchGestureRecognizer+RxGesture.swift:42:32: error: cannot find type 'RxGestureView' in scope
40 | }
41 |
42 | extension Reactive where Base: RxGestureView {
| `- error: cannot find type 'RxGestureView' in scope
43 |
44 | /**
SwiftCompile normal arm64 Compiling\ UISwipeGestureRecognizer+RxGesture.swift /Users/admin/builder/spi-builder-workspace/Pod/Classes/iOS/UISwipeGestureRecognizer+RxGesture.swift (in target 'RxGesture' from project 'RxGesture')
SwiftCompile normal arm64 /Users/admin/builder/spi-builder-workspace/Pod/Classes/iOS/UISwipeGestureRecognizer+RxGesture.swift (in target 'RxGesture' from project 'RxGesture')
cd /Users/admin/builder/spi-builder-workspace/.swiftpm/xcode
builtin-SwiftPerFileCompile UISwipeGestureRecognizer+RxGesture.swift
SwiftCompile normal arm64 Compiling\ UIHoverGestureRecognizer+RxGesture.swift,\ UILongPressGestureRecognizer+RxGesture.swift /Users/admin/builder/spi-builder-workspace/Pod/Classes/iOS/UIHoverGestureRecognizer+RxGesture.swift /Users/admin/builder/spi-builder-workspace/Pod/Classes/iOS/UILongPressGestureRecognizer+RxGesture.swift (in target 'RxGesture' from project 'RxGesture')
SwiftCompile normal arm64 /Users/admin/builder/spi-builder-workspace/Pod/Classes/iOS/UIHoverGestureRecognizer+RxGesture.swift (in target 'RxGesture' from project 'RxGesture')
cd /Users/admin/builder/spi-builder-workspace/.swiftpm/xcode
builtin-SwiftPerFileCompile UIHoverGestureRecognizer+RxGesture.swift
SwiftCompile normal arm64 /Users/admin/builder/spi-builder-workspace/Pod/Classes/iOS/UILongPressGestureRecognizer+RxGesture.swift (in target 'RxGesture' from project 'RxGesture')
cd /Users/admin/builder/spi-builder-workspace/.swiftpm/xcode
builtin-SwiftPerFileCompile UILongPressGestureRecognizer+RxGesture.swift
/Users/admin/builder/spi-builder-workspace/Pod/Classes/GestureFactory.swift:25:41: error: cannot find type 'RxGestureRecognizer' in scope
23 | import ObjectiveC
24 |
25 | public typealias Configuration<Gesture: RxGestureRecognizer> = (Gesture, GenericRxGestureRecognizerDelegate<Gesture>) -> Void
| `- error: cannot find type 'RxGestureRecognizer' in scope
26 |
27 | public struct Factory<Gesture: RxGestureRecognizer> {
/Users/admin/builder/spi-builder-workspace/Pod/Classes/GenericRxGestureRecognizerDelegate.swift:68:64: error: cannot find type 'RxGestureRecognizer' in scope
66 | }
67 |
68 | public final class GenericRxGestureRecognizerDelegate<Gesture: RxGestureRecognizer>: NSObject, RxGestureRecognizerDelegate {
| `- error: cannot find type 'RxGestureRecognizer' in scope
69 |
70 | /// Corresponding delegate method: gestureRecognizerShouldBegin(:_)
/Users/admin/builder/spi-builder-workspace/Pod/Classes/iOS/UIHoverGestureRecognizer+RxGesture.swift:29:53: error: 'UIHoverGestureRecognizer' is unavailable in tvOS
27 |
28 | @available(iOS 13.0, *)
29 | public typealias HoverConfiguration = Configuration<UIHoverGestureRecognizer>
| `- error: 'UIHoverGestureRecognizer' is unavailable in tvOS
30 | @available(iOS 13.0, *)
31 | public typealias HoverControlEvent = ControlEvent<UIHoverGestureRecognizer>
/Applications/Xcode-27.0.0-Release.Candidate.app/Contents/Developer/Platforms/AppleTVOS.platform/Developer/SDKs/AppleTVOS27.0.sdk/System/Library/Frameworks/UIKit.framework/Headers/UIHoverGestureRecognizer.h:22:81: note: 'UIHoverGestureRecognizer' has been explicitly marked unavailable here
20 | // On iOS, this gesture recognizer doesn't recognize anything and is effectively
21 | // a no-op.
22 | UIKIT_EXTERN API_AVAILABLE(ios(13.0)) API_UNAVAILABLE(watchos, tvos) @interface UIHoverGestureRecognizer : UIGestureRecognizer
| `- note: 'UIHoverGestureRecognizer' has been explicitly marked unavailable here
23 |
24 | /// The normalized distance from the screen of the hovering device. This value will be 1 at the maximum distance
/Users/admin/builder/spi-builder-workspace/Pod/Classes/iOS/UIHoverGestureRecognizer+RxGesture.swift:31:51: error: 'UIHoverGestureRecognizer' is unavailable in tvOS
29 | public typealias HoverConfiguration = Configuration<UIHoverGestureRecognizer>
30 | @available(iOS 13.0, *)
31 | public typealias HoverControlEvent = ControlEvent<UIHoverGestureRecognizer>
| `- error: 'UIHoverGestureRecognizer' is unavailable in tvOS
32 | @available(iOS 13.0, *)
33 | public typealias HoverObservable = Observable<UIHoverGestureRecognizer>
/Applications/Xcode-27.0.0-Release.Candidate.app/Contents/Developer/Platforms/AppleTVOS.platform/Developer/SDKs/AppleTVOS27.0.sdk/System/Library/Frameworks/UIKit.framework/Headers/UIHoverGestureRecognizer.h:22:81: note: 'UIHoverGestureRecognizer' has been explicitly marked unavailable here
20 | // On iOS, this gesture recognizer doesn't recognize anything and is effectively
21 | // a no-op.
22 | UIKIT_EXTERN API_AVAILABLE(ios(13.0)) API_UNAVAILABLE(watchos, tvos) @interface UIHoverGestureRecognizer : UIGestureRecognizer
| `- note: 'UIHoverGestureRecognizer' has been explicitly marked unavailable here
23 |
24 | /// The normalized distance from the screen of the hovering device. This value will be 1 at the maximum distance
/Users/admin/builder/spi-builder-workspace/Pod/Classes/iOS/UIHoverGestureRecognizer+RxGesture.swift:33:47: error: 'UIHoverGestureRecognizer' is unavailable in tvOS
31 | public typealias HoverControlEvent = ControlEvent<UIHoverGestureRecognizer>
32 | @available(iOS 13.0, *)
33 | public typealias HoverObservable = Observable<UIHoverGestureRecognizer>
| `- error: 'UIHoverGestureRecognizer' is unavailable in tvOS
34 |
35 |
/Applications/Xcode-27.0.0-Release.Candidate.app/Contents/Developer/Platforms/AppleTVOS.platform/Developer/SDKs/AppleTVOS27.0.sdk/System/Library/Frameworks/UIKit.framework/Headers/UIHoverGestureRecognizer.h:22:81: note: 'UIHoverGestureRecognizer' has been explicitly marked unavailable here
20 | // On iOS, this gesture recognizer doesn't recognize anything and is effectively
21 | // a no-op.
22 | UIKIT_EXTERN API_AVAILABLE(ios(13.0)) API_UNAVAILABLE(watchos, tvos) @interface UIHoverGestureRecognizer : UIGestureRecognizer
| `- note: 'UIHoverGestureRecognizer' has been explicitly marked unavailable here
23 |
24 | /// The normalized distance from the screen of the hovering device. This value will be 1 at the maximum distance
/Users/admin/builder/spi-builder-workspace/Pod/Classes/GestureFactory.swift:27:32: error: cannot find type 'RxGestureRecognizer' in scope
25 | public typealias Configuration<Gesture: RxGestureRecognizer> = (Gesture, GenericRxGestureRecognizerDelegate<Gesture>) -> Void
26 |
27 | public struct Factory<Gesture: RxGestureRecognizer> {
| `- error: cannot find type 'RxGestureRecognizer' in scope
28 | public let gesture: Gesture
29 | public init(_ configuration: Configuration<Gesture>?) {
/Users/admin/builder/spi-builder-workspace/Pod/Classes/iOS/UIHoverGestureRecognizer+RxGesture.swift:37:36: error: cannot find type 'RxGestureRecognizer' in scope
35 |
36 | @available(iOS 13.0, *)
37 | extension Factory where Gesture == RxGestureRecognizer {
| `- error: cannot find type 'RxGestureRecognizer' in scope
38 |
39 | /**
/Users/admin/builder/spi-builder-workspace/Pod/Classes/GestureFactory.swift:52:39: error: cannot find type 'RxGestureRecognizer' in scope
50 | }
51 |
52 | public typealias AnyFactory = Factory<RxGestureRecognizer>
| `- error: cannot find type 'RxGestureRecognizer' in scope
53 | extension Factory where Gesture == RxGestureRecognizer {
54 | private init<G: RxGestureRecognizer>(_ gesture: G) {
/Users/admin/builder/spi-builder-workspace/Pod/Classes/iOS/UIHoverGestureRecognizer+RxGesture.swift:49:32: error: cannot find type 'RxGestureView' in scope
47 |
48 | @available(iOS 13.0, *)
49 | extension Reactive where Base: RxGestureView {
| `- error: cannot find type 'RxGestureView' in scope
50 |
51 | /**
/Users/admin/builder/spi-builder-workspace/Pod/Classes/View+RxGesture.swift:25:32: error: cannot find type 'RxGestureView' in scope
23 | import Dispatch
24 |
25 | extension Reactive where Base: RxGestureView {
| `- error: cannot find type 'RxGestureView' in scope
26 |
27 | /**
/Users/admin/builder/spi-builder-workspace/Pod/Classes/View+RxGesture.swift:83:28: error: cannot find type 'RxGestureRecognizer' in scope
81 | - returns: a `ControlEvent<G>` that re-emit the gesture recognizer itself
82 | */
83 | public func gesture<G: RxGestureRecognizer>(_ gesture: G) -> ControlEvent<G> {
| `- error: cannot find type 'RxGestureRecognizer' in scope
84 |
85 | let source = Observable.deferred { [weak control = self.base] () -> Observable<G> in
SwiftCompile normal arm64 Compiling\ TouchDownGestureRecognizer.swift,\ TransformGestureRecognizers.swift /Users/admin/builder/spi-builder-workspace/Pod/Classes/iOS/TouchDownGestureRecognizer.swift /Users/admin/builder/spi-builder-workspace/Pod/Classes/iOS/TransformGestureRecognizers.swift (in target 'RxGesture' from project 'RxGesture')
SwiftCompile normal arm64 /Users/admin/builder/spi-builder-workspace/Pod/Classes/iOS/TouchDownGestureRecognizer.swift (in target 'RxGesture' from project 'RxGesture')
cd /Users/admin/builder/spi-builder-workspace/.swiftpm/xcode
builtin-SwiftPerFileCompile TouchDownGestureRecognizer.swift
SwiftCompile normal arm64 /Users/admin/builder/spi-builder-workspace/Pod/Classes/iOS/TransformGestureRecognizers.swift (in target 'RxGesture' from project 'RxGesture')
cd /Users/admin/builder/spi-builder-workspace/.swiftpm/xcode
builtin-SwiftPerFileCompile TransformGestureRecognizers.swift
SwiftCompile normal arm64 Compiling\ View+RxGesture.swift,\ ForceTouchGestureRecognizer.swift /Users/admin/builder/spi-builder-workspace/Pod/Classes/View+RxGesture.swift /Users/admin/builder/spi-builder-workspace/Pod/Classes/iOS/ForceTouchGestureRecognizer.swift (in target 'RxGesture' from project 'RxGesture')
SwiftCompile normal arm64 /Users/admin/builder/spi-builder-workspace/Pod/Classes/View+RxGesture.swift (in target 'RxGesture' from project 'RxGesture')
cd /Users/admin/builder/spi-builder-workspace/.swiftpm/xcode
builtin-SwiftPerFileCompile View+RxGesture.swift
SwiftCompile normal arm64 /Users/admin/builder/spi-builder-workspace/Pod/Classes/iOS/ForceTouchGestureRecognizer.swift (in target 'RxGesture' from project 'RxGesture')
cd /Users/admin/builder/spi-builder-workspace/.swiftpm/xcode
builtin-SwiftPerFileCompile ForceTouchGestureRecognizer.swift
/Users/admin/builder/spi-builder-workspace/Pod/Classes/View+RxGesture.swift:25:32: error: cannot find type 'RxGestureView' in scope
23 | import Dispatch
24 |
25 | extension Reactive where Base: RxGestureView {
| `- error: cannot find type 'RxGestureView' in scope
26 |
27 | /**
/Users/admin/builder/spi-builder-workspace/Pod/Classes/View+RxGesture.swift:36:106: error: cannot find type 'RxGestureRecognizer' in scope
34 | - returns: a `ControlEvent<G>` that re-emit the gesture recognizer itself
35 | */
36 | public func anyGesture(_ factories: (AnyFactory, when: RxGestureRecognizerState)...) -> ControlEvent<RxGestureRecognizer> {
| `- error: cannot find type 'RxGestureRecognizer' in scope
37 | let observables = factories.map { gesture, state in
38 | self.gesture(gesture).when(state).asObservable() as Observable<RxGestureRecognizer>
/Users/admin/builder/spi-builder-workspace/Pod/Classes/GestureFactory.swift:52:39: error: cannot find type 'RxGestureRecognizer' in scope
50 | }
51 |
52 | public typealias AnyFactory = Factory<RxGestureRecognizer>
| `- error: cannot find type 'RxGestureRecognizer' in scope
53 | extension Factory where Gesture == RxGestureRecognizer {
54 | private init<G: RxGestureRecognizer>(_ gesture: G) {
/Users/admin/builder/spi-builder-workspace/Pod/Classes/View+RxGesture.swift:36:60: error: cannot find type 'RxGestureRecognizerState' in scope
34 | - returns: a `ControlEvent<G>` that re-emit the gesture recognizer itself
35 | */
36 | public func anyGesture(_ factories: (AnyFactory, when: RxGestureRecognizerState)...) -> ControlEvent<RxGestureRecognizer> {
| `- error: cannot find type 'RxGestureRecognizerState' in scope
37 | let observables = factories.map { gesture, state in
38 | self.gesture(gesture).when(state).asObservable() as Observable<RxGestureRecognizer>
/Users/admin/builder/spi-builder-workspace/Pod/Classes/View+RxGesture.swift:53:72: error: cannot find type 'RxGestureRecognizer' in scope
51 | - returns: a `ControlEvent<G>` that re-emit the gesture recognizer itself
52 | */
53 | public func anyGesture(_ factories: AnyFactory...) -> ControlEvent<RxGestureRecognizer> {
| `- error: cannot find type 'RxGestureRecognizer' in scope
54 | let observables = factories.map { factory in
55 | self.gesture(factory).asObservable() as Observable<RxGestureRecognizer>
/Users/admin/builder/spi-builder-workspace/Pod/Classes/GestureFactory.swift:27:32: error: cannot find type 'RxGestureRecognizer' in scope
25 | public typealias Configuration<Gesture: RxGestureRecognizer> = (Gesture, GenericRxGestureRecognizerDelegate<Gesture>) -> Void
26 |
27 | public struct Factory<Gesture: RxGestureRecognizer> {
| `- error: cannot find type 'RxGestureRecognizer' in scope
28 | public let gesture: Gesture
29 | public init(_ configuration: Configuration<Gesture>?) {
/Users/admin/builder/spi-builder-workspace/Pod/Classes/View+RxGesture.swift:83:28: error: cannot find type 'RxGestureRecognizer' in scope
81 | - returns: a `ControlEvent<G>` that re-emit the gesture recognizer itself
82 | */
83 | public func gesture<G: RxGestureRecognizer>(_ gesture: G) -> ControlEvent<G> {
| `- error: cannot find type 'RxGestureRecognizer' in scope
84 |
85 | let source = Observable.deferred { [weak control = self.base] () -> Observable<G> in
/Users/admin/builder/spi-builder-workspace/Pod/Classes/View+RxGesture.swift:38:76: error: cannot find type 'RxGestureRecognizer' in scope
36 | public func anyGesture(_ factories: (AnyFactory, when: RxGestureRecognizerState)...) -> ControlEvent<RxGestureRecognizer> {
37 | let observables = factories.map { gesture, state in
38 | self.gesture(gesture).when(state).asObservable() as Observable<RxGestureRecognizer>
| `- error: cannot find type 'RxGestureRecognizer' in scope
39 | }
40 | let source = Observable.from(observables).merge()
/Users/admin/builder/spi-builder-workspace/Pod/Classes/GestureRecognizer+RxGesture.swift:27:41: error: cannot find type 'RxGestureRecognizer' in scope
25 | public typealias LocationInView = (RxGestureView) -> CGPoint
26 |
27 | extension ObservableType where Element: RxGestureRecognizer {
| `- error: cannot find type 'RxGestureRecognizer' in scope
28 |
29 | /**
/Users/admin/builder/spi-builder-workspace/Pod/Classes/GestureRecognizer+RxGesture.swift:35:32: error: cannot find type 'RxGestureRecognizerState' in scope
33 | - returns: An observable `GestureRecognizer` events sequence that only contains events emitted while the `GestureRecognizer`'s state match the given `state`.
34 | */
35 | public func when(_ states: RxGestureRecognizerState...) -> Observable<Element> {
| `- error: cannot find type 'RxGestureRecognizerState' in scope
36 | filter { gesture in
37 | states.contains(gesture.state)
/Users/admin/builder/spi-builder-workspace/Pod/Classes/GestureRecognizer+RxGesture.swift:47:35: error: cannot find type 'RxGestureRecognizerState' in scope
45 | - returns: An observable `GestureRecognizer` events sequence that only contains events emitted while the `GestureRecognizer`'s state match the given `state`.
46 | */
47 | internal func when(_ states: [RxGestureRecognizerState]) -> Observable<Element> {
| `- error: cannot find type 'RxGestureRecognizerState' in scope
48 | filter { gesture in
49 | states.contains(gesture.state)
/Users/admin/builder/spi-builder-workspace/Pod/Classes/iOS/TransformGestureRecognizers.swift:57:32: error: cannot find type 'RxGestureRecognizerState' in scope
55 | extension ObservableType where Element == TransformGestureRecognizers {
56 |
57 | public func when(_ states: RxGestureRecognizerState...) -> Observable<Element> {
| `- error: cannot find type 'RxGestureRecognizerState' in scope
58 | filter { gestures in
59 | states.contains(gestures.panGesture.state)
/Users/admin/builder/spi-builder-workspace/Pod/Classes/View+RxGesture.swift:38:40: error: missing argument label 'fractionCompletedExceeds:' in call
36 | public func anyGesture(_ factories: (AnyFactory, when: RxGestureRecognizerState)...) -> ControlEvent<RxGestureRecognizer> {
37 | let observables = factories.map { gesture, state in
38 | self.gesture(gesture).when(state).asObservable() as Observable<RxGestureRecognizer>
| `- error: missing argument label 'fractionCompletedExceeds:' in call
39 | }
40 | let source = Observable.from(observables).merge()
SwiftCompile normal arm64 Compiling\ UITapGestureRecognizer+RxGesture.swift /Users/admin/builder/spi-builder-workspace/Pod/Classes/iOS/UITapGestureRecognizer+RxGesture.swift (in target 'RxGesture' from project 'RxGesture')
/Users/admin/builder/spi-builder-workspace/Pod/Classes/GestureFactory.swift:25:41: error: cannot find type 'RxGestureRecognizer' in scope
23 | import ObjectiveC
24 |
25 | public typealias Configuration<Gesture: RxGestureRecognizer> = (Gesture, GenericRxGestureRecognizerDelegate<Gesture>) -> Void
| `- error: cannot find type 'RxGestureRecognizer' in scope
26 |
27 | public struct Factory<Gesture: RxGestureRecognizer> {
/Users/admin/builder/spi-builder-workspace/Pod/Classes/GenericRxGestureRecognizerDelegate.swift:68:64: error: cannot find type 'RxGestureRecognizer' in scope
66 | }
67 |
68 | public final class GenericRxGestureRecognizerDelegate<Gesture: RxGestureRecognizer>: NSObject, RxGestureRecognizerDelegate {
| `- error: cannot find type 'RxGestureRecognizer' in scope
69 |
70 | /// Corresponding delegate method: gestureRecognizerShouldBegin(:_)
/Users/admin/builder/spi-builder-workspace/Pod/Classes/GestureFactory.swift:27:32: error: cannot find type 'RxGestureRecognizer' in scope
25 | public typealias Configuration<Gesture: RxGestureRecognizer> = (Gesture, GenericRxGestureRecognizerDelegate<Gesture>) -> Void
26 |
27 | public struct Factory<Gesture: RxGestureRecognizer> {
| `- error: cannot find type 'RxGestureRecognizer' in scope
28 | public let gesture: Gesture
29 | public init(_ configuration: Configuration<Gesture>?) {
/Users/admin/builder/spi-builder-workspace/Pod/Classes/iOS/UITapGestureRecognizer+RxGesture.swift:31:36: error: cannot find type 'RxGestureRecognizer' in scope
29 | public typealias TapObservable = Observable<UITapGestureRecognizer>
30 |
31 | extension Factory where Gesture == RxGestureRecognizer {
| `- error: cannot find type 'RxGestureRecognizer' in scope
32 |
33 | /**
/Users/admin/builder/spi-builder-workspace/Pod/Classes/GestureFactory.swift:52:39: error: cannot find type 'RxGestureRecognizer' in scope
50 | }
51 |
52 | public typealias AnyFactory = Factory<RxGestureRecognizer>
| `- error: cannot find type 'RxGestureRecognizer' in scope
53 | extension Factory where Gesture == RxGestureRecognizer {
54 | private init<G: RxGestureRecognizer>(_ gesture: G) {
/Users/admin/builder/spi-builder-workspace/Pod/Classes/iOS/UITapGestureRecognizer+RxGesture.swift:42:32: error: cannot find type 'RxGestureView' in scope
40 | }
41 |
42 | extension Reactive where Base: RxGestureView {
| `- error: cannot find type 'RxGestureView' in scope
43 |
44 | /**
/Users/admin/builder/spi-builder-workspace/Pod/Classes/View+RxGesture.swift:25:32: error: cannot find type 'RxGestureView' in scope
23 | import Dispatch
24 |
25 | extension Reactive where Base: RxGestureView {
| `- error: cannot find type 'RxGestureView' in scope
26 |
27 | /**
/Users/admin/builder/spi-builder-workspace/Pod/Classes/View+RxGesture.swift:83:28: error: cannot find type 'RxGestureRecognizer' in scope
81 | - returns: a `ControlEvent<G>` that re-emit the gesture recognizer itself
82 | */
83 | public func gesture<G: RxGestureRecognizer>(_ gesture: G) -> ControlEvent<G> {
| `- error: cannot find type 'RxGestureRecognizer' in scope
84 |
85 | let source = Observable.deferred { [weak control = self.base] () -> Observable<G> in
Failed frontend command:
/Applications/Xcode-27.0.0-Release.Candidate.app/Contents/Developer/Toolchains/XcodeDefault.xctoolchain/usr/bin/swift-frontend -frontend -c /Users/admin/builder/spi-builder-workspace/Pod/Classes/GenericRxGestureRecognizerDelegate.swift /Users/admin/builder/spi-builder-workspace/Pod/Classes/GestureFactory.swift /Users/admin/builder/spi-builder-workspace/Pod/Classes/GestureRecognizer+RxGesture.swift /Users/admin/builder/spi-builder-workspace/Pod/Classes/SharedTypes.swift /Users/admin/builder/spi-builder-workspace/Pod/Classes/View+RxGesture.swift /Users/admin/builder/spi-builder-workspace/Pod/Classes/iOS/ForceTouchGestureRecognizer.swift /Users/admin/builder/spi-builder-workspace/Pod/Classes/iOS/TouchDownGestureRecognizer.swift /Users/admin/builder/spi-builder-workspace/Pod/Classes/iOS/TransformGestureRecognizers.swift /Users/admin/builder/spi-builder-workspace/Pod/Classes/iOS/UIHoverGestureRecognizer+RxGesture.swift /Users/admin/builder/spi-builder-workspace/Pod/Classes/iOS/UILongPressGestureRecognizer+RxGesture.swift /Users/admin/builder/spi-builder-workspace/Pod/Classes/iOS/UIPanGestureRecognizer+RxGesture.swift /Users/admin/builder/spi-builder-workspace/Pod/Classes/iOS/UIPinchGestureRecognizer+RxGesture.swift /Users/admin/builder/spi-builder-workspace/Pod/Classes/iOS/UIRotationGestureRecognizer+RxGesture.swift /Users/admin/builder/spi-builder-workspace/Pod/Classes/iOS/UIScreenEdgePanGestureRecognizer+RxGesture.swift /Users/admin/builder/spi-builder-workspace/Pod/Classes/iOS/UISwipeGestureRecognizer+RxGesture.swift -primary-file /Users/admin/builder/spi-builder-workspace/Pod/Classes/iOS/UITapGestureRecognizer+RxGesture.swift -emit-dependencies-path /Users/admin/builder/spi-builder-workspace/.derivedData/Build/Intermediates.noindex/RxGesture.build/Debug-appletvos/RxGesture-t.build/Objects-normal/arm64/UITapGestureRecognizer+RxGesture.d -emit-const-values-path /Users/admin/builder/spi-builder-workspace/.derivedData/Build/Intermediates.noindex/RxGesture.build/Debug-appletvos/RxGesture-t.build/Objects-normal/arm64/UITapGestureRecognizer+RxGesture.swiftconstvalues -emit-reference-dependencies-path /Users/admin/builder/spi-builder-workspace/.derivedData/Build/Intermediates.noindex/RxGesture.build/Debug-appletvos/RxGesture-t.build/Objects-normal/arm64/UITapGestureRecognizer+RxGesture.swiftdeps -serialize-diagnostics-path /Users/admin/builder/spi-builder-workspace/.derivedData/Build/Intermediates.noindex/RxGesture.build/Debug-appletvos/RxGesture-t.build/Objects-normal/arm64/UITapGestureRecognizer+RxGesture.dia -target arm64-apple-tvos15.0 -module-can-import-version ObjectiveC 973.1 0 -module-can-import-version UIKit 9127.0.84.1 9127.0.84 -disable-cross-import-overlay-search -load-resolved-plugin /Applications/Xcode-27.0.0-Release.Candidate.app/Contents/Developer/Platforms/AppleTVOS.platform/Developer/usr/lib/swift/host/plugins/libFoundationMacros.dylib\#/Applications/Xcode-27.0.0-Release.Candidate.app/Contents/Developer/Platforms/AppleTVOS.platform/Developer/usr/bin/swift-plugin-server\#FoundationMacros -load-resolved-plugin /Applications/Xcode-27.0.0-Release.Candidate.app/Contents/Developer/Platforms/AppleTVOS.platform/Developer/usr/lib/swift/host/plugins/libObservationMacros.dylib\#/Applications/Xcode-27.0.0-Release.Candidate.app/Contents/Developer/Platforms/AppleTVOS.platform/Developer/usr/bin/swift-plugin-server\#ObservationMacros -load-resolved-plugin /Applications/Xcode-27.0.0-Release.Candidate.app/Contents/Developer/Platforms/AppleTVOS.platform/Developer/usr/lib/swift/host/plugins/libPreviewsMacros.dylib\#/Applications/Xcode-27.0.0-Release.Candidate.app/Contents/Developer/Platforms/AppleTVOS.platform/Developer/usr/bin/swift-plugin-server\#PreviewsMacros -load-resolved-plugin /Applications/Xcode-27.0.0-Release.Candidate.app/Contents/Developer/Platforms/AppleTVOS.platform/Developer/usr/lib/swift/host/plugins/libSwiftMacros.dylib\#/Applications/Xcode-27.0.0-Release.Candidate.app/Contents/Developer/Platforms/AppleTVOS.platform/Developer/usr/bin/swift-plugin-server\#SwiftMacros -load-resolved-plugin /Applications/Xcode-27.0.0-Release.Candidate.app/Contents/Developer/Platforms/AppleTVOS.platform/Developer/usr/lib/swift/host/plugins/libSwiftUIMacros.dylib\#/Applications/Xcode-27.0.0-Release.Candidate.app/Contents/Developer/Platforms/AppleTVOS.platform/Developer/usr/bin/swift-plugin-server\#SwiftUIMacros -disable-implicit-swift-modules -Xcc -fno-implicit-modules -Xcc -fno-implicit-module-maps -explicit-swift-module-map-file /Users/admin/builder/spi-builder-workspace/.derivedData/Build/Intermediates.noindex/RxGesture.build/Debug-appletvos/RxGesture-t.build/Objects-normal/arm64/RxGesture-dependencies-1.json -Xllvm -aarch64-use-tbi -enable-objc-interop -stack-check -sdk /Applications/Xcode-27.0.0-Release.Candidate.app/Contents/Developer/Platforms/AppleTVOS.platform/Developer/SDKs/AppleTVOS27.0.sdk -I /Users/admin/builder/spi-builder-workspace/.derivedData/Build/Products/Debug-appletvos -Isystem /Applications/Xcode-27.0.0-Release.Candidate.app/Contents/Developer/Platforms/AppleTVOS.platform/Developer/usr/lib -F /Users/admin/builder/spi-builder-workspace/.derivedData/Build/Products/Debug-appletvos/PackageFrameworks -F /Users/admin/builder/spi-builder-workspace/.derivedData/Build/Products/Debug-appletvos -F /Applications/Xcode-27.0.0-Release.Candidate.app/Contents/Developer/Platforms/AppleTVOS.platform/Developer/Library/Frameworks -F /Applications/Xcode-27.0.0-Release.Candidate.app/Contents/Developer/Platforms/AppleTVOS.platform/Developer/SDKs/AppleTVOS27.0.sdk/Developer/Library/Frameworks -module-cache-path /Users/admin/builder/spi-builder-workspace/.derivedData/Build/Intermediates.noindex/SwiftExplicitPrecompiledModules -no-color-diagnostics -Xcc -fno-color-diagnostics -enable-testing -g -debug-info-format\=dwarf -dwarf-version\=4 -swift-version 5 -Onone -D SWIFT_PACKAGE -D DEBUG -D SWIFT_MODULE_RESOURCE_BUNDLE_UNAVAILABLE -D Xcode -serialize-debugging-options -enable-experimental-feature DebugDescriptionMacro -empty-abi-descriptor -validate-clang-modules-once -clang-build-session-file /Users/admin/builder/spi-builder-workspace/.derivedData/ModuleCache.noindex/Session.modulevalidation -Xcc -working-directory -Xcc /Users/admin/builder/spi-builder-workspace/.swiftpm/xcode -enable-anonymous-context-mangled-names -file-compilation-dir /Users/admin/builder/spi-builder-workspace/.swiftpm/xcode -Xcc -fmodule-map-file\=/Users/admin/builder/spi-builder-workspace/.derivedData/Build/Intermediates.noindex/GeneratedModuleMaps-appletvos/RxCocoaRuntime.modulemap -Xcc -D_LIBCPP_HARDENING_MODE\=_LIBCPP_HARDENING_MODE_DEBUG -Xcc -ivfsstatcache -Xcc /Users/admin/builder/spi-builder-workspace/.derivedData/SDKStatCaches.noindex/appletvos27.0-24J360-e829b21a6f8c9b70876ba0858053c044b32bfd8d43560033f8d89884cdb90028.sdkstatcache -Xcc -fmodules-prune-interval\=86400 -Xcc -fmodules-prune-after\=345600 -Xcc -I/Users/admin/builder/spi-builder-workspace/.dependencies/checkouts/RxSwift/Sources/RxCocoaRuntime/include -Xcc -I/Users/admin/builder/spi-builder-workspace/.derivedData/Build/Products/Debug-appletvos/include -Xcc -I/Users/admin/builder/spi-builder-workspace/.derivedData/Build/Intermediates.noindex/RxGesture.build/Debug-appletvos/RxGesture-t.build/DerivedSources-normal/arm64 -Xcc -I/Users/admin/builder/spi-builder-workspace/.derivedData/Build/Intermediates.noindex/RxGesture.build/Debug-appletvos/RxGesture-t.build/DerivedSources/arm64 -Xcc -I/Users/admin/builder/spi-builder-workspace/.derivedData/Build/Intermediates.noindex/RxGesture.build/Debug-appletvos/RxGesture-t.build/DerivedSources -Xcc -DSWIFT_PACKAGE -Xcc -DDEBUG\=1 -no-auto-bridging-header-chaining -module-name RxGesture -const-gather-protocols-file /Users/admin/builder/spi-builder-workspace/.derivedData/Build/Intermediates.noindex/RxGesture.build/Debug-appletvos/RxGesture-t.build/Objects-normal/arm64/RxGesture_const_extract_protocols.json -disable-clang-spi -clang-target arm64-apple-tvos27.0 -target-sdk-version 27.0 -target-sdk-name appletvos27.0 -in-process-plugin-server-path /Applications/Xcode-27.0.0-Release.Candidate.app/Contents/Developer/Toolchains/XcodeDefault.xctoolchain/usr/lib/swift/host/libSwiftInProcPluginServer.dylib -parse-as-library -o /Users/admin/builder/spi-builder-workspace/.derivedData/Build/Intermediates.noindex/RxGesture.build/Debug-appletvos/RxGesture-t.build/Objects-normal/arm64/UITapGestureRecognizer+RxGesture.o -debug-module-path /Users/admin/builder/spi-builder-workspace/.derivedData/Build/Intermediates.noindex/RxGesture.build/Debug-appletvos/RxGesture-t.build/Objects-normal/arm64/RxGesture.swiftmodule -index-unit-output-path /RxGesture.build/Debug-appletvos/RxGesture-t.build/Objects-normal/arm64/UITapGestureRecognizer+RxGesture.o -index-store-path /Users/admin/builder/spi-builder-workspace/.derivedData/Index.noindex/DataStore -index-system-modules
SwiftCompile normal arm64 /Users/admin/builder/spi-builder-workspace/Pod/Classes/iOS/UITapGestureRecognizer+RxGesture.swift (in target 'RxGesture' from project 'RxGesture')
cd /Users/admin/builder/spi-builder-workspace/.swiftpm/xcode
builtin-SwiftPerFileCompile UITapGestureRecognizer+RxGesture.swift
SwiftCompile normal arm64 Compiling\ UIRotationGestureRecognizer+RxGesture.swift /Users/admin/builder/spi-builder-workspace/Pod/Classes/iOS/UIRotationGestureRecognizer+RxGesture.swift (in target 'RxGesture' from project 'RxGesture')
/Users/admin/builder/spi-builder-workspace/Pod/Classes/GestureFactory.swift:25:41: error: cannot find type 'RxGestureRecognizer' in scope
23 | import ObjectiveC
24 |
25 | public typealias Configuration<Gesture: RxGestureRecognizer> = (Gesture, GenericRxGestureRecognizerDelegate<Gesture>) -> Void
| `- error: cannot find type 'RxGestureRecognizer' in scope
26 |
27 | public struct Factory<Gesture: RxGestureRecognizer> {
/Users/admin/builder/spi-builder-workspace/Pod/Classes/GenericRxGestureRecognizerDelegate.swift:68:64: error: cannot find type 'RxGestureRecognizer' in scope
66 | }
67 |
68 | public final class GenericRxGestureRecognizerDelegate<Gesture: RxGestureRecognizer>: NSObject, RxGestureRecognizerDelegate {
| `- error: cannot find type 'RxGestureRecognizer' in scope
69 |
70 | /// Corresponding delegate method: gestureRecognizerShouldBegin(:_)
/Users/admin/builder/spi-builder-workspace/Pod/Classes/iOS/UIRotationGestureRecognizer+RxGesture.swift:27:56: error: 'UIRotationGestureRecognizer' is unavailable in tvOS
25 | import RxCocoa
26 |
27 | public typealias RotationConfiguration = Configuration<UIRotationGestureRecognizer>
| `- error: 'UIRotationGestureRecognizer' is unavailable in tvOS
28 | public typealias RotationControlEvent = ControlEvent<UIRotationGestureRecognizer>
29 | public typealias RotationObservable = Observable<UIRotationGestureRecognizer>
/Applications/Xcode-27.0.0-Release.Candidate.app/Contents/Developer/Platforms/AppleTVOS.platform/Developer/SDKs/AppleTVOS27.0.sdk/System/Library/Frameworks/UIKit.framework/Headers/UIRotationGestureRecognizer.h:20:12: note: 'UIRotationGestureRecognizer' has been explicitly marked unavailable here
18 |
19 | UIKIT_EXTERN API_AVAILABLE(ios(3.2)) API_UNAVAILABLE(tvos, watchos) NS_SWIFT_UI_ACTOR
20 | @interface UIRotationGestureRecognizer : UIGestureRecognizer
| `- note: 'UIRotationGestureRecognizer' has been explicitly marked unavailable here
21 |
22 | @property (nonatomic) CGFloat rotation; // rotation in radians
/Users/admin/builder/spi-builder-workspace/Pod/Classes/iOS/UIRotationGestureRecognizer+RxGesture.swift:28:54: error: 'UIRotationGestureRecognizer' is unavailable in tvOS
26 |
27 | public typealias RotationConfiguration = Configuration<UIRotationGestureRecognizer>
28 | public typealias RotationControlEvent = ControlEvent<UIRotationGestureRecognizer>
| `- error: 'UIRotationGestureRecognizer' is unavailable in tvOS
29 | public typealias RotationObservable = Observable<UIRotationGestureRecognizer>
30 |
/Applications/Xcode-27.0.0-Release.Candidate.app/Contents/Developer/Platforms/AppleTVOS.platform/Developer/SDKs/AppleTVOS27.0.sdk/System/Library/Frameworks/UIKit.framework/Headers/UIRotationGestureRecognizer.h:20:12: note: 'UIRotationGestureRecognizer' has been explicitly marked unavailable here
18 |
19 | UIKIT_EXTERN API_AVAILABLE(ios(3.2)) API_UNAVAILABLE(tvos, watchos) NS_SWIFT_UI_ACTOR
20 | @interface UIRotationGestureRecognizer : UIGestureRecognizer
| `- note: 'UIRotationGestureRecognizer' has been explicitly marked unavailable here
21 |
22 | @property (nonatomic) CGFloat rotation; // rotation in radians
/Users/admin/builder/spi-builder-workspace/Pod/Classes/iOS/UIRotationGestureRecognizer+RxGesture.swift:29:50: error: 'UIRotationGestureRecognizer' is unavailable in tvOS
27 | public typealias RotationConfiguration = Configuration<UIRotationGestureRecognizer>
28 | public typealias RotationControlEvent = ControlEvent<UIRotationGestureRecognizer>
29 | public typealias RotationObservable = Observable<UIRotationGestureRecognizer>
| `- error: 'UIRotationGestureRecognizer' is unavailable in tvOS
30 |
31 | extension Factory where Gesture == RxGestureRecognizer {
/Applications/Xcode-27.0.0-Release.Candidate.app/Contents/Developer/Platforms/AppleTVOS.platform/Developer/SDKs/AppleTVOS27.0.sdk/System/Library/Frameworks/UIKit.framework/Headers/UIRotationGestureRecognizer.h:20:12: note: 'UIRotationGestureRecognizer' has been explicitly marked unavailable here
18 |
19 | UIKIT_EXTERN API_AVAILABLE(ios(3.2)) API_UNAVAILABLE(tvos, watchos) NS_SWIFT_UI_ACTOR
20 | @interface UIRotationGestureRecognizer : UIGestureRecognizer
| `- note: 'UIRotationGestureRecognizer' has been explicitly marked unavailable here
21 |
22 | @property (nonatomic) CGFloat rotation; // rotation in radians
/Users/admin/builder/spi-builder-workspace/Pod/Classes/GestureFactory.swift:27:32: error: cannot find type 'RxGestureRecognizer' in scope
25 | public typealias Configuration<Gesture: RxGestureRecognizer> = (Gesture, GenericRxGestureRecognizerDelegate<Gesture>) -> Void
26 |
27 | public struct Factory<Gesture: RxGestureRecognizer> {
| `- error: cannot find type 'RxGestureRecognizer' in scope
28 | public let gesture: Gesture
29 | public init(_ configuration: Configuration<Gesture>?) {
/Users/admin/builder/spi-builder-workspace/Pod/Classes/iOS/UIRotationGestureRecognizer+RxGesture.swift:31:36: error: cannot find type 'RxGestureRecognizer' in scope
29 | public typealias RotationObservable = Observable<UIRotationGestureRecognizer>
30 |
31 | extension Factory where Gesture == RxGestureRecognizer {
| `- error: cannot find type 'RxGestureRecognizer' in scope
32 |
33 | /**
/Users/admin/builder/spi-builder-workspace/Pod/Classes/GestureFactory.swift:52:39: error: cannot find type 'RxGestureRecognizer' in scope
50 | }
51 |
52 | public typealias AnyFactory = Factory<RxGestureRecognizer>
| `- error: cannot find type 'RxGestureRecognizer' in scope
53 | extension Factory where Gesture == RxGestureRecognizer {
54 | private init<G: RxGestureRecognizer>(_ gesture: G) {
/Users/admin/builder/spi-builder-workspace/Pod/Classes/iOS/UIRotationGestureRecognizer+RxGesture.swift:42:32: error: cannot find type 'RxGestureView' in scope
40 | }
41 |
42 | extension Reactive where Base: RxGestureView {
| `- error: cannot find type 'RxGestureView' in scope
43 |
44 | /**
/Users/admin/builder/spi-builder-workspace/Pod/Classes/iOS/UIRotationGestureRecognizer+RxGesture.swift:53:41: error: 'UIRotationGestureRecognizer' is unavailable in tvOS
51 | }
52 |
53 | extension ObservableType where Element: UIRotationGestureRecognizer {
| `- error: 'UIRotationGestureRecognizer' is unavailable in tvOS
54 |
55 | /**
/Applications/Xcode-27.0.0-Release.Candidate.app/Contents/Developer/Platforms/AppleTVOS.platform/Developer/SDKs/AppleTVOS27.0.sdk/System/Library/Frameworks/UIKit.framework/Headers/UIRotationGestureRecognizer.h:20:12: note: 'UIRotationGestureRecognizer' has been explicitly marked unavailable here
18 |
19 | UIKIT_EXTERN API_AVAILABLE(ios(3.2)) API_UNAVAILABLE(tvos, watchos) NS_SWIFT_UI_ACTOR
20 | @interface UIRotationGestureRecognizer : UIGestureRecognizer
| `- note: 'UIRotationGestureRecognizer' has been explicitly marked unavailable here
21 |
22 | @property (nonatomic) CGFloat rotation; // rotation in radians
/Users/admin/builder/spi-builder-workspace/Pod/Classes/View+RxGesture.swift:25:32: error: cannot find type 'RxGestureView' in scope
23 | import Dispatch
24 |
25 | extension Reactive where Base: RxGestureView {
| `- error: cannot find type 'RxGestureView' in scope
26 |
27 | /**
SwiftCompile normal arm64 /Users/admin/builder/spi-builder-workspace/Pod/Classes/iOS/UIRotationGestureRecognizer+RxGesture.swift (in target 'RxGesture' from project 'RxGesture')
cd /Users/admin/builder/spi-builder-workspace/.swiftpm/xcode
builtin-SwiftPerFileCompile UIRotationGestureRecognizer+RxGesture.swift
SwiftCompile normal arm64 Compiling\ GenericRxGestureRecognizerDelegate.swift,\ GestureFactory.swift /Users/admin/builder/spi-builder-workspace/Pod/Classes/GenericRxGestureRecognizerDelegate.swift /Users/admin/builder/spi-builder-workspace/Pod/Classes/GestureFactory.swift (in target 'RxGesture' from project 'RxGesture')
/Users/admin/builder/spi-builder-workspace/Pod/Classes/GenericRxGestureRecognizerDelegate.swift:68:64: error: cannot find type 'RxGestureRecognizer' in scope
66 | }
67 |
68 | public final class GenericRxGestureRecognizerDelegate<Gesture: RxGestureRecognizer>: NSObject, RxGestureRecognizerDelegate {
| `- error: cannot find type 'RxGestureRecognizer' in scope
69 |
70 | /// Corresponding delegate method: gestureRecognizerShouldBegin(:_)
/Users/admin/builder/spi-builder-workspace/Pod/Classes/GenericRxGestureRecognizerDelegate.swift:68:86: error: cannot find type 'NSObject' in scope
66 | }
67 |
68 | public final class GenericRxGestureRecognizerDelegate<Gesture: RxGestureRecognizer>: NSObject, RxGestureRecognizerDelegate {
| `- error: cannot find type 'NSObject' in scope
69 |
70 | /// Corresponding delegate method: gestureRecognizerShouldBegin(:_)
/Users/admin/builder/spi-builder-workspace/Pod/Classes/GenericRxGestureRecognizerDelegate.swift:68:96: error: cannot find type 'RxGestureRecognizerDelegate' in scope
66 | }
67 |
68 | public final class GenericRxGestureRecognizerDelegate<Gesture: RxGestureRecognizer>: NSObject, RxGestureRecognizerDelegate {
| `- error: cannot find type 'RxGestureRecognizerDelegate' in scope
69 |
70 | /// Corresponding delegate method: gestureRecognizerShouldBegin(:_)
/Users/admin/builder/spi-builder-workspace/Pod/Classes/GenericRxGestureRecognizerDelegate.swift:74:80: error: cannot find type 'RxGestureTouch' in scope
72 |
73 | /// Corresponding delegate method: gestureRecognizer(_:shouldReceive:)
74 | public var touchReceptionPolicy: GestureRecognizerDelegatePolicy<(Gesture, RxGestureTouch)> = .always
| `- error: cannot find type 'RxGestureTouch' in scope
75 |
76 | /// Corresponding delegate method: gestureRecognizer(_:shouldBeRequiredToFailBy:)
/Users/admin/builder/spi-builder-workspace/Pod/Classes/GenericRxGestureRecognizerDelegate.swift:77:88: error: cannot find type 'RxGestureRecognizer' in scope
75 |
76 | /// Corresponding delegate method: gestureRecognizer(_:shouldBeRequiredToFailBy:)
77 | public var selfFailureRequirementPolicy: GestureRecognizerDelegatePolicy<(Gesture, RxGestureRecognizer)> = .never
| `- error: cannot find type 'RxGestureRecognizer' in scope
78 |
79 | /// Corresponding delegate method: gestureRecognizer(_:shouldRequireFailureOf:)
/Users/admin/builder/spi-builder-workspace/Pod/Classes/GenericRxGestureRecognizerDelegate.swift:80:89: error: cannot find type 'RxGestureRecognizer' in scope
78 |
79 | /// Corresponding delegate method: gestureRecognizer(_:shouldRequireFailureOf:)
80 | public var otherFailureRequirementPolicy: GestureRecognizerDelegatePolicy<(Gesture, RxGestureRecognizer)> = .never
| `- error: cannot find type 'RxGestureRecognizer' in scope
81 |
82 | /// Corresponding delegate method: gestureRecognizer(_:shouldRecognizeSimultaneouslyWith:)
/Users/admin/builder/spi-builder-workspace/Pod/Classes/GenericRxGestureRecognizerDelegate.swift:83:89: error: cannot find type 'RxGestureRecognizer' in scope
81 |
82 | /// Corresponding delegate method: gestureRecognizer(_:shouldRecognizeSimultaneouslyWith:)
83 | public var simultaneousRecognitionPolicy: GestureRecognizerDelegatePolicy<(Gesture, RxGestureRecognizer)> = .always
| `- error: cannot find type 'RxGestureRecognizer' in scope
84 |
85 | #if os(iOS)
/Users/admin/builder/spi-builder-workspace/Pod/Classes/GenericRxGestureRecognizerDelegate.swift:106:30: error: cannot find type 'RxGestureRecognizer' in scope
104 |
105 | public func gestureRecognizerShouldBegin(
106 | _ gestureRecognizer: RxGestureRecognizer
| `- error: cannot find type 'RxGestureRecognizer' in scope
107 | ) -> Bool {
108 | beginPolicy.isPolicyPassing(with: gestureRecognizer as! Gesture)
/Users/admin/builder/spi-builder-workspace/Pod/Classes/GenericRxGestureRecognizerDelegate.swift:112:30: error: cannot find type 'RxGestureRecognizer' in scope
110 |
111 | public func gestureRecognizer(
112 | _ gestureRecognizer: RxGestureRecognizer,
| `- error: cannot find type 'RxGestureRecognizer' in scope
113 | shouldReceive touch: RxGestureTouch
114 | ) -> Bool {
/Users/admin/builder/spi-builder-workspace/Pod/Classes/GenericRxGestureRecognizerDelegate.swift:113:30: error: cannot find type 'RxGestureTouch' in scope
111 | public func gestureRecognizer(
112 | _ gestureRecognizer: RxGestureRecognizer,
113 | shouldReceive touch: RxGestureTouch
| `- error: cannot find type 'RxGestureTouch' in scope
114 | ) -> Bool {
115 | touchReceptionPolicy.isPolicyPassing(
/Users/admin/builder/spi-builder-workspace/Pod/Classes/GenericRxGestureRecognizerDelegate.swift:121:30: error: cannot find type 'RxGestureRecognizer' in scope
119 |
120 | public func gestureRecognizer(
121 | _ gestureRecognizer: RxGestureRecognizer,
| `- error: cannot find type 'RxGestureRecognizer' in scope
122 | shouldRequireFailureOf otherGestureRecognizer: RxGestureRecognizer
123 | ) -> Bool {
/Users/admin/builder/spi-builder-workspace/Pod/Classes/GenericRxGestureRecognizerDelegate.swift:122:56: error: cannot find type 'RxGestureRecognizer' in scope
120 | public func gestureRecognizer(
121 | _ gestureRecognizer: RxGestureRecognizer,
122 | shouldRequireFailureOf otherGestureRecognizer: RxGestureRecognizer
| `- error: cannot find type 'RxGestureRecognizer' in scope
123 | ) -> Bool {
124 | otherFailureRequirementPolicy.isPolicyPassing(
/Users/admin/builder/spi-builder-workspace/Pod/Classes/GenericRxGestureRecognizerDelegate.swift:130:30: error: cannot find type 'RxGestureRecognizer' in scope
128 |
129 | public func gestureRecognizer(
130 | _ gestureRecognizer: RxGestureRecognizer,
| `- error: cannot find type 'RxGestureRecognizer' in scope
131 | shouldBeRequiredToFailBy otherGestureRecognizer: RxGestureRecognizer
132 | ) -> Bool {
/Users/admin/builder/spi-builder-workspace/Pod/Classes/GenericRxGestureRecognizerDelegate.swift:131:58: error: cannot find type 'RxGestureRecognizer' in scope
129 | public func gestureRecognizer(
130 | _ gestureRecognizer: RxGestureRecognizer,
131 | shouldBeRequiredToFailBy otherGestureRecognizer: RxGestureRecognizer
| `- error: cannot find type 'RxGestureRecognizer' in scope
132 | ) -> Bool {
133 | selfFailureRequirementPolicy.isPolicyPassing(
/Users/admin/builder/spi-builder-workspace/Pod/Classes/GenericRxGestureRecognizerDelegate.swift:139:30: error: cannot find type 'RxGestureRecognizer' in scope
137 |
138 | public func gestureRecognizer(
139 | _ gestureRecognizer: RxGestureRecognizer,
| `- error: cannot find type 'RxGestureRecognizer' in scope
140 | shouldRecognizeSimultaneouslyWith otherGestureRecognizer: RxGestureRecognizer
141 | ) -> Bool {
/Users/admin/builder/spi-builder-workspace/Pod/Classes/GenericRxGestureRecognizerDelegate.swift:140:67: error: cannot find type 'RxGestureRecognizer' in scope
138 | public func gestureRecognizer(
139 | _ gestureRecognizer: RxGestureRecognizer,
140 | shouldRecognizeSimultaneouslyWith otherGestureRecognizer: RxGestureRecognizer
| `- error: cannot find type 'RxGestureRecognizer' in scope
141 | ) -> Bool {
142 | simultaneousRecognitionPolicy.isPolicyPassing(
/Users/admin/builder/spi-builder-workspace/Pod/Classes/GestureFactory.swift:25:41: error: cannot find type 'RxGestureRecognizer' in scope
23 | import ObjectiveC
24 |
25 | public typealias Configuration<Gesture: RxGestureRecognizer> = (Gesture, GenericRxGestureRecognizerDelegate<Gesture>) -> Void
| `- error: cannot find type 'RxGestureRecognizer' in scope
26 |
27 | public struct Factory<Gesture: RxGestureRecognizer> {
/Users/admin/builder/spi-builder-workspace/Pod/Classes/GestureFactory.swift:27:32: error: cannot find type 'RxGestureRecognizer' in scope
25 | public typealias Configuration<Gesture: RxGestureRecognizer> = (Gesture, GenericRxGestureRecognizerDelegate<Gesture>) -> Void
26 |
27 | public struct Factory<Gesture: RxGestureRecognizer> {
| `- error: cannot find type 'RxGestureRecognizer' in scope
28 | public let gesture: Gesture
29 | public init(_ configuration: Configuration<Gesture>?) {
/Users/admin/builder/spi-builder-workspace/Pod/Classes/GestureFactory.swift:52:39: error: cannot find type 'RxGestureRecognizer' in scope
50 | }
51 |
52 | public typealias AnyFactory = Factory<RxGestureRecognizer>
| `- error: cannot find type 'RxGestureRecognizer' in scope
53 | extension Factory where Gesture == RxGestureRecognizer {
54 | private init<G: RxGestureRecognizer>(_ gesture: G) {
/Users/admin/builder/spi-builder-workspace/Pod/Classes/GestureFactory.swift:53:36: error: cannot find type 'RxGestureRecognizer' in scope
51 |
52 | public typealias AnyFactory = Factory<RxGestureRecognizer>
53 | extension Factory where Gesture == RxGestureRecognizer {
| `- error: cannot find type 'RxGestureRecognizer' in scope
54 | private init<G: RxGestureRecognizer>(_ gesture: G) {
55 | self.gesture = gesture
/Users/admin/builder/spi-builder-workspace/Pod/Classes/GestureFactory.swift:54:21: error: cannot find type 'RxGestureRecognizer' in scope
52 | public typealias AnyFactory = Factory<RxGestureRecognizer>
53 | extension Factory where Gesture == RxGestureRecognizer {
54 | private init<G: RxGestureRecognizer>(_ gesture: G) {
| `- error: cannot find type 'RxGestureRecognizer' in scope
55 | self.gesture = gesture
56 | }
SwiftCompile normal arm64 /Users/admin/builder/spi-builder-workspace/Pod/Classes/GenericRxGestureRecognizerDelegate.swift (in target 'RxGesture' from project 'RxGesture')
cd /Users/admin/builder/spi-builder-workspace/.swiftpm/xcode
builtin-SwiftPerFileCompile GenericRxGestureRecognizerDelegate.swift
SwiftCompile normal arm64 /Users/admin/builder/spi-builder-workspace/Pod/Classes/GestureFactory.swift (in target 'RxGesture' from project 'RxGesture')
cd /Users/admin/builder/spi-builder-workspace/.swiftpm/xcode
builtin-SwiftPerFileCompile GestureFactory.swift
SwiftEmitModule normal arm64 Emitting\ module\ for\ RxGesture (in target 'RxGesture' from project 'RxGesture')
/Users/admin/builder/spi-builder-workspace/Pod/Classes/GenericRxGestureRecognizerDelegate.swift:68:64: error: cannot find type 'RxGestureRecognizer' in scope
66 | }
67 |
68 | public final class GenericRxGestureRecognizerDelegate<Gesture: RxGestureRecognizer>: NSObject, RxGestureRecognizerDelegate {
| `- error: cannot find type 'RxGestureRecognizer' in scope
69 |
70 | /// Corresponding delegate method: gestureRecognizerShouldBegin(:_)
/Users/admin/builder/spi-builder-workspace/Pod/Classes/GenericRxGestureRecognizerDelegate.swift:68:86: error: cannot find type 'NSObject' in scope
66 | }
67 |
68 | public final class GenericRxGestureRecognizerDelegate<Gesture: RxGestureRecognizer>: NSObject, RxGestureRecognizerDelegate {
| `- error: cannot find type 'NSObject' in scope
69 |
70 | /// Corresponding delegate method: gestureRecognizerShouldBegin(:_)
/Users/admin/builder/spi-builder-workspace/Pod/Classes/GenericRxGestureRecognizerDelegate.swift:68:96: error: cannot find type 'RxGestureRecognizerDelegate' in scope
66 | }
67 |
68 | public final class GenericRxGestureRecognizerDelegate<Gesture: RxGestureRecognizer>: NSObject, RxGestureRecognizerDelegate {
| `- error: cannot find type 'RxGestureRecognizerDelegate' in scope
69 |
70 | /// Corresponding delegate method: gestureRecognizerShouldBegin(:_)
/Users/admin/builder/spi-builder-workspace/Pod/Classes/GenericRxGestureRecognizerDelegate.swift:74:80: error: cannot find type 'RxGestureTouch' in scope
72 |
73 | /// Corresponding delegate method: gestureRecognizer(_:shouldReceive:)
74 | public var touchReceptionPolicy: GestureRecognizerDelegatePolicy<(Gesture, RxGestureTouch)> = .always
| `- error: cannot find type 'RxGestureTouch' in scope
75 |
76 | /// Corresponding delegate method: gestureRecognizer(_:shouldBeRequiredToFailBy:)
/Users/admin/builder/spi-builder-workspace/Pod/Classes/GenericRxGestureRecognizerDelegate.swift:77:88: error: cannot find type 'RxGestureRecognizer' in scope
75 |
76 | /// Corresponding delegate method: gestureRecognizer(_:shouldBeRequiredToFailBy:)
77 | public var selfFailureRequirementPolicy: GestureRecognizerDelegatePolicy<(Gesture, RxGestureRecognizer)> = .never
| `- error: cannot find type 'RxGestureRecognizer' in scope
78 |
79 | /// Corresponding delegate method: gestureRecognizer(_:shouldRequireFailureOf:)
/Users/admin/builder/spi-builder-workspace/Pod/Classes/GenericRxGestureRecognizerDelegate.swift:80:89: error: cannot find type 'RxGestureRecognizer' in scope
78 |
79 | /// Corresponding delegate method: gestureRecognizer(_:shouldRequireFailureOf:)
80 | public var otherFailureRequirementPolicy: GestureRecognizerDelegatePolicy<(Gesture, RxGestureRecognizer)> = .never
| `- error: cannot find type 'RxGestureRecognizer' in scope
81 |
82 | /// Corresponding delegate method: gestureRecognizer(_:shouldRecognizeSimultaneouslyWith:)
/Users/admin/builder/spi-builder-workspace/Pod/Classes/GenericRxGestureRecognizerDelegate.swift:83:89: error: cannot find type 'RxGestureRecognizer' in scope
81 |
82 | /// Corresponding delegate method: gestureRecognizer(_:shouldRecognizeSimultaneouslyWith:)
83 | public var simultaneousRecognitionPolicy: GestureRecognizerDelegatePolicy<(Gesture, RxGestureRecognizer)> = .always
| `- error: cannot find type 'RxGestureRecognizer' in scope
84 |
85 | #if os(iOS)
/Users/admin/builder/spi-builder-workspace/Pod/Classes/GenericRxGestureRecognizerDelegate.swift:106:30: error: cannot find type 'RxGestureRecognizer' in scope
104 |
105 | public func gestureRecognizerShouldBegin(
106 | _ gestureRecognizer: RxGestureRecognizer
| `- error: cannot find type 'RxGestureRecognizer' in scope
107 | ) -> Bool {
108 | beginPolicy.isPolicyPassing(with: gestureRecognizer as! Gesture)
/Users/admin/builder/spi-builder-workspace/Pod/Classes/GenericRxGestureRecognizerDelegate.swift:112:30: error: cannot find type 'RxGestureRecognizer' in scope
110 |
111 | public func gestureRecognizer(
112 | _ gestureRecognizer: RxGestureRecognizer,
| `- error: cannot find type 'RxGestureRecognizer' in scope
113 | shouldReceive touch: RxGestureTouch
114 | ) -> Bool {
/Users/admin/builder/spi-builder-workspace/Pod/Classes/GenericRxGestureRecognizerDelegate.swift:113:30: error: cannot find type 'RxGestureTouch' in scope
111 | public func gestureRecognizer(
112 | _ gestureRecognizer: RxGestureRecognizer,
113 | shouldReceive touch: RxGestureTouch
| `- error: cannot find type 'RxGestureTouch' in scope
114 | ) -> Bool {
115 | touchReceptionPolicy.isPolicyPassing(
/Users/admin/builder/spi-builder-workspace/Pod/Classes/GenericRxGestureRecognizerDelegate.swift:121:30: error: cannot find type 'RxGestureRecognizer' in scope
119 |
120 | public func gestureRecognizer(
121 | _ gestureRecognizer: RxGestureRecognizer,
| `- error: cannot find type 'RxGestureRecognizer' in scope
122 | shouldRequireFailureOf otherGestureRecognizer: RxGestureRecognizer
123 | ) -> Bool {
/Users/admin/builder/spi-builder-workspace/Pod/Classes/GenericRxGestureRecognizerDelegate.swift:122:56: error: cannot find type 'RxGestureRecognizer' in scope
120 | public func gestureRecognizer(
121 | _ gestureRecognizer: RxGestureRecognizer,
122 | shouldRequireFailureOf otherGestureRecognizer: RxGestureRecognizer
| `- error: cannot find type 'RxGestureRecognizer' in scope
123 | ) -> Bool {
124 | otherFailureRequirementPolicy.isPolicyPassing(
/Users/admin/builder/spi-builder-workspace/Pod/Classes/GenericRxGestureRecognizerDelegate.swift:130:30: error: cannot find type 'RxGestureRecognizer' in scope
128 |
129 | public func gestureRecognizer(
130 | _ gestureRecognizer: RxGestureRecognizer,
| `- error: cannot find type 'RxGestureRecognizer' in scope
131 | shouldBeRequiredToFailBy otherGestureRecognizer: RxGestureRecognizer
132 | ) -> Bool {
/Users/admin/builder/spi-builder-workspace/Pod/Classes/GenericRxGestureRecognizerDelegate.swift:131:58: error: cannot find type 'RxGestureRecognizer' in scope
129 | public func gestureRecognizer(
130 | _ gestureRecognizer: RxGestureRecognizer,
131 | shouldBeRequiredToFailBy otherGestureRecognizer: RxGestureRecognizer
| `- error: cannot find type 'RxGestureRecognizer' in scope
132 | ) -> Bool {
133 | selfFailureRequirementPolicy.isPolicyPassing(
/Users/admin/builder/spi-builder-workspace/Pod/Classes/GenericRxGestureRecognizerDelegate.swift:139:30: error: cannot find type 'RxGestureRecognizer' in scope
137 |
138 | public func gestureRecognizer(
139 | _ gestureRecognizer: RxGestureRecognizer,
| `- error: cannot find type 'RxGestureRecognizer' in scope
140 | shouldRecognizeSimultaneouslyWith otherGestureRecognizer: RxGestureRecognizer
141 | ) -> Bool {
/Users/admin/builder/spi-builder-workspace/Pod/Classes/GenericRxGestureRecognizerDelegate.swift:140:67: error: cannot find type 'RxGestureRecognizer' in scope
138 | public func gestureRecognizer(
139 | _ gestureRecognizer: RxGestureRecognizer,
140 | shouldRecognizeSimultaneouslyWith otherGestureRecognizer: RxGestureRecognizer
| `- error: cannot find type 'RxGestureRecognizer' in scope
141 | ) -> Bool {
142 | simultaneousRecognitionPolicy.isPolicyPassing(
/Users/admin/builder/spi-builder-workspace/Pod/Classes/GestureFactory.swift:25:41: error: cannot find type 'RxGestureRecognizer' in scope
23 | import ObjectiveC
24 |
25 | public typealias Configuration<Gesture: RxGestureRecognizer> = (Gesture, GenericRxGestureRecognizerDelegate<Gesture>) -> Void
| `- error: cannot find type 'RxGestureRecognizer' in scope
26 |
27 | public struct Factory<Gesture: RxGestureRecognizer> {
/Users/admin/builder/spi-builder-workspace/Pod/Classes/GestureFactory.swift:27:32: error: cannot find type 'RxGestureRecognizer' in scope
25 | public typealias Configuration<Gesture: RxGestureRecognizer> = (Gesture, GenericRxGestureRecognizerDelegate<Gesture>) -> Void
26 |
27 | public struct Factory<Gesture: RxGestureRecognizer> {
| `- error: cannot find type 'RxGestureRecognizer' in scope
28 | public let gesture: Gesture
29 | public init(_ configuration: Configuration<Gesture>?) {
/Users/admin/builder/spi-builder-workspace/Pod/Classes/GestureFactory.swift:52:39: error: cannot find type 'RxGestureRecognizer' in scope
50 | }
51 |
52 | public typealias AnyFactory = Factory<RxGestureRecognizer>
| `- error: cannot find type 'RxGestureRecognizer' in scope
53 | extension Factory where Gesture == RxGestureRecognizer {
54 | private init<G: RxGestureRecognizer>(_ gesture: G) {
/Users/admin/builder/spi-builder-workspace/Pod/Classes/GestureFactory.swift:53:36: error: cannot find type 'RxGestureRecognizer' in scope
51 |
52 | public typealias AnyFactory = Factory<RxGestureRecognizer>
53 | extension Factory where Gesture == RxGestureRecognizer {
| `- error: cannot find type 'RxGestureRecognizer' in scope
54 | private init<G: RxGestureRecognizer>(_ gesture: G) {
55 | self.gesture = gesture
/Users/admin/builder/spi-builder-workspace/Pod/Classes/GestureFactory.swift:54:21: error: cannot find type 'RxGestureRecognizer' in scope
52 | public typealias AnyFactory = Factory<RxGestureRecognizer>
53 | extension Factory where Gesture == RxGestureRecognizer {
54 | private init<G: RxGestureRecognizer>(_ gesture: G) {
| `- error: cannot find type 'RxGestureRecognizer' in scope
55 | self.gesture = gesture
56 | }
/Users/admin/builder/spi-builder-workspace/Pod/Classes/GestureRecognizer+RxGesture.swift:25:36: error: cannot find type 'RxGestureView' in scope
23 | import struct CoreGraphics.CGPoint
24 |
25 | public typealias LocationInView = (RxGestureView) -> CGPoint
| `- error: cannot find type 'RxGestureView' in scope
26 |
27 | extension ObservableType where Element: RxGestureRecognizer {
/Users/admin/builder/spi-builder-workspace/Pod/Classes/GestureRecognizer+RxGesture.swift:27:41: error: cannot find type 'RxGestureRecognizer' in scope
25 | public typealias LocationInView = (RxGestureView) -> CGPoint
26 |
27 | extension ObservableType where Element: RxGestureRecognizer {
| `- error: cannot find type 'RxGestureRecognizer' in scope
28 |
29 | /**
/Users/admin/builder/spi-builder-workspace/Pod/Classes/GestureRecognizer+RxGesture.swift:35:32: error: cannot find type 'RxGestureRecognizerState' in scope
33 | - returns: An observable `GestureRecognizer` events sequence that only contains events emitted while the `GestureRecognizer`'s state match the given `state`.
34 | */
35 | public func when(_ states: RxGestureRecognizerState...) -> Observable<Element> {
| `- error: cannot find type 'RxGestureRecognizerState' in scope
36 | filter { gesture in
37 | states.contains(gesture.state)
/Users/admin/builder/spi-builder-workspace/Pod/Classes/GestureRecognizer+RxGesture.swift:47:35: error: cannot find type 'RxGestureRecognizerState' in scope
45 | - returns: An observable `GestureRecognizer` events sequence that only contains events emitted while the `GestureRecognizer`'s state match the given `state`.
46 | */
47 | internal func when(_ states: [RxGestureRecognizerState]) -> Observable<Element> {
| `- error: cannot find type 'RxGestureRecognizerState' in scope
48 | filter { gesture in
49 | states.contains(gesture.state)
/Users/admin/builder/spi-builder-workspace/Pod/Classes/GestureRecognizer+RxGesture.swift:58:71: error: cannot find type 'RxGesturePoint' in scope
56 | - parameter view: A `TargetView` value on which the gesture took place.
57 | */
58 | public func asLocation(in view: TargetView = .view) -> Observable<RxGesturePoint> {
| `- error: cannot find type 'RxGesturePoint' in scope
59 | map { gesture in
60 | gesture.location(in: view.targetView(for: gesture))
/Users/admin/builder/spi-builder-workspace/Pod/Classes/SharedTypes.swift:52:15: error: cannot find type 'RxGestureView' in scope
50 |
51 | /// The target view will be the given view
52 | case this(RxGestureView)
| `- error: cannot find type 'RxGestureView' in scope
53 |
54 | public func targetView(for gestureRecognizer: RxGestureRecognizer) -> RxGestureView? {
/Users/admin/builder/spi-builder-workspace/Pod/Classes/SharedTypes.swift:54:75: error: cannot find type 'RxGestureView' in scope
52 | case this(RxGestureView)
53 |
54 | public func targetView(for gestureRecognizer: RxGestureRecognizer) -> RxGestureView? {
| `- error: cannot find type 'RxGestureView' in scope
55 | switch self {
56 | case .view:
SwiftCompile normal arm64 (in target 'RxGesture' from project 'RxGesture')
cd /Users/admin/builder/spi-builder-workspace/.swiftpm/xcode
SwiftCompile normal arm64 Compiling\ UIScreenEdgePanGestureRecognizer+RxGesture.swift /Users/admin/builder/spi-builder-workspace/Pod/Classes/iOS/UIScreenEdgePanGestureRecognizer+RxGesture.swift (in target 'RxGesture' from project 'RxGesture')
SwiftCompile normal arm64 /Users/admin/builder/spi-builder-workspace/Pod/Classes/iOS/UIScreenEdgePanGestureRecognizer+RxGesture.swift (in target 'RxGesture' from project 'RxGesture')
cd /Users/admin/builder/spi-builder-workspace/.swiftpm/xcode
builtin-SwiftPerFileCompile UIScreenEdgePanGestureRecognizer+RxGesture.swift
PruneExplicitPrecompiledModules /Users/admin/builder/spi-builder-workspace/.derivedData/SDKExplicitPrecompiledModules
PruneExplicitPrecompiledModules /Users/admin/builder/spi-builder-workspace/.derivedData/Build/Intermediates.noindex/ExplicitPrecompiledModules
PruneExplicitPrecompiledModules /Users/admin/builder/spi-builder-workspace/.derivedData/Build/Intermediates.noindex/SwiftExplicitPrecompiledModules
2026-09-18 04:20:19.606 xcodebuild[911:5856] [MT] IDERunDestination: Supported platforms for the buildables in the current scheme is empty.
** BUILD FAILED **
The following build commands failed:
SwiftCompile normal arm64 /Users/admin/builder/spi-builder-workspace/Pod/Classes/GestureRecognizer+RxGesture.swift (in target 'RxGesture' from project 'RxGesture')
SwiftCompile normal arm64 /Users/admin/builder/spi-builder-workspace/Pod/Classes/SharedTypes.swift (in target 'RxGesture' from project 'RxGesture')
SwiftCompile normal arm64 Compiling\ GestureRecognizer+RxGesture.swift,\ SharedTypes.swift /Users/admin/builder/spi-builder-workspace/Pod/Classes/GestureRecognizer+RxGesture.swift /Users/admin/builder/spi-builder-workspace/Pod/Classes/SharedTypes.swift (in target 'RxGesture' from project 'RxGesture')
SwiftCompile normal arm64 Compiling\ UITapGestureRecognizer+RxGesture.swift /Users/admin/builder/spi-builder-workspace/Pod/Classes/iOS/UITapGestureRecognizer+RxGesture.swift (in target 'RxGesture' from project 'RxGesture')
SwiftCompile normal arm64 /Users/admin/builder/spi-builder-workspace/Pod/Classes/iOS/UITapGestureRecognizer+RxGesture.swift (in target 'RxGesture' from project 'RxGesture')
Building workspace RxGesture with scheme RxGesture
(6 failures)
BUILD FAILURE 6.4 tvOS