The Swift Package Index logo.Swift Package Index

Build Information

Failed to build GoogleCloudNetworkConnectivityV1, reference main (e01b05), with Swift 6.2 for Android on 11 Oct 2026 19:16:04 UTC.

Build Command

bash -c docker run --pull=always --rm -v "checkouts-54344849-3":/host -w "$PWD" -e JAVA_HOME="/root/.sdkman/candidates/java/current" -e SPI_BUILD="1" -e SPI_PROCESSING="1" registry.gitlab.com/saguaro1/spi-images:android-6.2-latest swift build --swift-sdk aarch64-unknown-linux-android28 2>&1

Build Log

========================================
RunAll
========================================
Builder version: 5.1.1
Interrupt handler set up.
========================================
Checkout
========================================
Clone URL: https://github.com/googleapis/swift-google-cloud-networkconnectivity-v1.git
Reference: main
Initialized empty Git repository in /host/spi-builder-workspace/.git/
hint: Using 'master' as the name for the initial branch. This default branch name
hint: is subject to change. To configure the initial branch name to use in all
hint: of your new repositories, which will suppress this warning, call:
hint:
hint: 	git config --global init.defaultBranch <name>
hint:
hint: Names commonly chosen instead of 'master' are 'main', 'trunk' and
hint: 'development'. The just-created branch can be renamed via this command:
hint:
hint: 	git branch -m <name>
From https://github.com/googleapis/swift-google-cloud-networkconnectivity-v1
 * branch            main       -> FETCH_HEAD
 * [new branch]      main       -> origin/main
HEAD is now at e01b050 chore: release circa 2026-10-07 (#1382)
Cloned https://github.com/googleapis/swift-google-cloud-networkconnectivity-v1.git
Revision (git rev-parse @):
e01b05084a3d9ce645094c3f5f2f2c00bb1997ed
SPI manifest file found: $PWD/.spi.yml
SUCCESS checkout https://github.com/googleapis/swift-google-cloud-networkconnectivity-v1.git at main
========================================
Build
========================================
Selected platform:         android
Swift version:             6.2
Building package at path:  $PWD
https://github.com/googleapis/swift-google-cloud-networkconnectivity-v1.git
Running build ...
bash -c docker run --pull=always --rm -v "checkouts-54344849-3":/host -w "$PWD" -e JAVA_HOME="/root/.sdkman/candidates/java/current" -e SPI_BUILD="1" -e SPI_PROCESSING="1" registry.gitlab.com/saguaro1/spi-images:android-6.2-latest swift build --swift-sdk aarch64-unknown-linux-android28 2>&1
android-6.2-latest: Pulling from saguaro1/spi-images
Digest: sha256:a839c9ce201f1dacc8eb056626ec7ab0a1c6d53d7b77c83feda395f4507c51be
Status: Image is up to date for registry.gitlab.com/saguaro1/spi-images:android-6.2-latest
Fetching https://github.com/googleapis/swift-google-wkt
Fetching https://github.com/apple/swift-log
Fetching https://github.com/googleapis/swift-google-rpc
Fetching https://github.com/googleapis/swift-google-iam-v1
Fetching https://github.com/googleapis/swift-google-longrunning
Fetching https://github.com/googleapis/swift-google-cloud-location
[1/422] Fetching swift-google-rpc
[423/1445] Fetching swift-google-rpc, swift-google-wkt
[536/2064] Fetching swift-google-rpc, swift-google-wkt, swift-google-longrunning
[799/10321] Fetching swift-google-rpc, swift-google-wkt, swift-google-longrunning, swift-log
[1871/11027] Fetching swift-google-rpc, swift-google-wkt, swift-google-longrunning, swift-log, swift-google-iam-v1
[3166/11579] Fetching swift-google-rpc, swift-google-wkt, swift-google-longrunning, swift-log, swift-google-iam-v1, swift-google-cloud-location
Fetched https://github.com/googleapis/swift-google-longrunning from cache (0.50s)
[2574/10960] Fetching swift-google-rpc, swift-google-wkt, swift-log, swift-google-iam-v1, swift-google-cloud-location
Fetching https://github.com/googleapis/swift-google-gax
Fetched https://github.com/googleapis/swift-google-wkt from cache (0.51s)
[2340/9937] Fetching swift-google-rpc, swift-log, swift-google-iam-v1, swift-google-cloud-location
Fetching https://github.com/googleapis/swift-google-auth
Fetched https://github.com/googleapis/swift-google-iam-v1 from cache (0.56s)
[2791/9231] Fetching swift-google-rpc, swift-log, swift-google-cloud-location
Fetched https://github.com/googleapis/swift-google-cloud-location from cache (0.56s)
Fetched https://github.com/googleapis/swift-google-rpc from cache (0.56s)
[1900/8257] Fetching swift-log
Fetched https://github.com/apple/swift-log from cache (0.83s)
[18/1748] Fetching swift-google-gax
[1749/2771] Fetching swift-google-gax, swift-google-auth
Fetched https://github.com/googleapis/swift-google-gax from cache (0.50s)
[931/1023] Fetching swift-google-auth
Fetched https://github.com/googleapis/swift-google-auth from cache (0.53s)
Computing version for https://github.com/googleapis/swift-google-wkt
Computed https://github.com/googleapis/swift-google-wkt at 0.5.0 (1.39s)
Fetching https://github.com/swift-extras/swift-extras-base64
[1/954] Fetching swift-extras-base64
Fetched https://github.com/swift-extras/swift-extras-base64 from cache (0.46s)
Computing version for https://github.com/googleapis/swift-google-rpc
Computed https://github.com/googleapis/swift-google-rpc at 0.5.0 (0.79s)
Computing version for https://github.com/googleapis/swift-google-longrunning
Computed https://github.com/googleapis/swift-google-longrunning at 0.5.0 (0.30s)
Computing version for https://github.com/googleapis/swift-google-iam-v1
Computed https://github.com/googleapis/swift-google-iam-v1 at 0.5.0 (0.31s)
Fetching https://github.com/googleapis/swift-google-type
[5/437] Fetching swift-google-type
Fetched https://github.com/googleapis/swift-google-type from cache (0.41s)
Computing version for https://github.com/googleapis/swift-google-gax
Computed https://github.com/googleapis/swift-google-gax at 0.5.0 (0.71s)
Fetching https://github.com/swift-server/async-http-client.git
Fetching https://github.com/apple/swift-nio
[1/16464] Fetching async-http-client
[15313/102838] Fetching async-http-client, swift-nio
Fetched https://github.com/swift-server/async-http-client.git from cache (1.40s)
[35414/86374] Fetching swift-nio
Fetched https://github.com/apple/swift-nio from cache (4.79s)
Computing version for https://github.com/googleapis/swift-google-cloud-location
Computed https://github.com/googleapis/swift-google-cloud-location at 0.5.0 (5.16s)
Computing version for https://github.com/googleapis/swift-google-auth
Computed https://github.com/googleapis/swift-google-auth at 0.5.0 (0.31s)
Fetching https://github.com/vapor/jwt-kit.git
Fetching https://github.com/apple/swift-system.git
[1/7241] Fetching swift-system
[2970/17495] Fetching swift-system, jwt-kit
Fetched https://github.com/apple/swift-system.git from cache (1.19s)
Fetched https://github.com/vapor/jwt-kit.git from cache (1.20s)
Computing version for https://github.com/googleapis/swift-google-type
Computed https://github.com/googleapis/swift-google-type at 0.5.0 (1.46s)
Computing version for https://github.com/swift-extras/swift-extras-base64
Computed https://github.com/swift-extras/swift-extras-base64 at 1.2.0 (0.28s)
Computing version for https://github.com/swift-server/async-http-client.git
Computed https://github.com/swift-server/async-http-client.git at 1.36.2 (0.35s)
Fetching https://github.com/apple/swift-service-context.git
Fetching https://github.com/apple/swift-atomics.git
[1/1501] Fetching swift-service-context
[1502/3390] Fetching swift-service-context, swift-atomics
Fetching https://github.com/apple/swift-algorithms.git
Fetching https://github.com/apple/swift-nio-transport-services.git
Fetched https://github.com/apple/swift-service-context.git from cache (0.48s)
Fetching https://github.com/apple/swift-nio-http2.git
[605/1889] Fetching swift-atomics
Fetching https://github.com/apple/swift-configuration.git
Fetched https://github.com/apple/swift-atomics.git from cache (0.70s)
Fetching https://github.com/apple/swift-nio-ssl.git
Fetching https://github.com/apple/swift-nio-extras.git
[1/2867] Fetching swift-nio-transport-services
[2868/9031] Fetching swift-nio-transport-services, swift-algorithms
Fetched https://github.com/apple/swift-nio-transport-services.git from cache (0.57s)
[1110/6164] Fetching swift-algorithms
[1173/18458] Fetching swift-algorithms, swift-nio-http2
Fetching https://github.com/apple/swift-distributed-tracing.git
[1543/22386] Fetching swift-algorithms, swift-nio-http2, swift-configuration
[12636/29089] Fetching swift-algorithms, swift-nio-http2, swift-configuration, swift-nio-extras
[13681/45960] Fetching swift-algorithms, swift-nio-http2, swift-configuration, swift-nio-extras, swift-nio-ssl
Fetched https://github.com/apple/swift-algorithms.git from cache (0.83s)
[11095/39796] Fetching swift-nio-http2, swift-configuration, swift-nio-extras, swift-nio-ssl
Fetched https://github.com/apple/swift-configuration.git from cache (0.65s)
[9225/35868] Fetching swift-nio-http2, swift-nio-extras, swift-nio-ssl
[21192/42419] Fetching swift-nio-http2, swift-nio-extras, swift-nio-ssl, swift-distributed-tracing
Fetched https://github.com/apple/swift-distributed-tracing.git from cache (0.85s)
[24059/35868] Fetching swift-nio-http2, swift-nio-extras, swift-nio-ssl
Fetched https://github.com/apple/swift-nio-http2.git from cache (1.73s)
Fetched https://github.com/apple/swift-nio-extras.git from cache (2.20s)
Fetched https://github.com/apple/swift-nio-ssl.git from cache (2.21s)
Computing version for https://github.com/apple/swift-service-context.git
Computed https://github.com/apple/swift-service-context.git at 1.3.0 (3.26s)
Computing version for https://github.com/apple/swift-algorithms.git
Computed https://github.com/apple/swift-algorithms.git at 1.2.1 (1.53s)
Fetching https://github.com/apple/swift-numerics.git
[1/6733] Fetching swift-numerics
Fetched https://github.com/apple/swift-numerics.git from cache (0.70s)
Computing version for https://github.com/apple/swift-log
Computed https://github.com/apple/swift-log at 1.16.1 (1.01s)
Computing version for https://github.com/apple/swift-distributed-tracing.git
Computed https://github.com/apple/swift-distributed-tracing.git at 1.5.0 (0.22s)
Computing version for https://github.com/apple/swift-atomics.git
Computed https://github.com/apple/swift-atomics.git at 1.3.1 (0.26s)
Computing version for https://github.com/apple/swift-numerics.git
Computed https://github.com/apple/swift-numerics.git at 1.1.1 (0.23s)
Computing version for https://github.com/apple/swift-nio
Computed https://github.com/apple/swift-nio at 2.104.0 (0.58s)
Fetching https://github.com/apple/swift-collections.git
[1/28703] Fetching swift-collections
Fetched https://github.com/apple/swift-collections.git from cache (1.62s)
Computing version for https://github.com/apple/swift-configuration.git
Computed https://github.com/apple/swift-configuration.git at 1.2.2 (2.90s)
Fetching https://github.com/swift-server/swift-service-lifecycle
[1/2867] Fetching swift-service-lifecycle
Computing version for https://github.com/apple/swift-nio-transport-services.git
Fetched https://github.com/swift-server/swift-service-lifecycle from cache (0.54s)
Computed https://github.com/apple/swift-nio-transport-services.git at 1.28.0 (0.83s)
Computing version for https://github.com/swift-server/swift-service-lifecycle
Computed https://github.com/swift-server/swift-service-lifecycle at 2.12.1 (0.26s)
Fetching https://github.com/apple/swift-async-algorithms.git
[1/6820] Fetching swift-async-algorithms
Fetched https://github.com/apple/swift-async-algorithms.git from cache (0.73s)
Computing version for https://github.com/apple/swift-async-algorithms.git
Computed https://github.com/apple/swift-async-algorithms.git at 1.1.7 (1.05s)
Computing version for https://github.com/apple/swift-collections.git
Computed https://github.com/apple/swift-collections.git at 1.7.2 (0.42s)
Computing version for https://github.com/apple/swift-nio-http2.git
Computed https://github.com/apple/swift-nio-http2.git at 1.46.0 (0.26s)
Computing version for https://github.com/vapor/jwt-kit.git
Computed https://github.com/vapor/jwt-kit.git at 5.7.1 (0.26s)
Fetching https://github.com/apple/swift-certificates.git
Fetching https://github.com/apple/swift-crypto.git
[1/18629] Fetching swift-crypto
[374/26242] Fetching swift-crypto, swift-certificates
Fetched https://github.com/apple/swift-certificates.git from cache (0.69s)
[2050/18629] Fetching swift-crypto
Fetched https://github.com/apple/swift-crypto.git from cache (1.82s)
Computing version for https://github.com/apple/swift-crypto.git
Computed https://github.com/apple/swift-crypto.git at 4.5.2 (2.77s)
Fetching https://github.com/apple/swift-asn1.git
[1/2009] Fetching swift-asn1
Fetched https://github.com/apple/swift-asn1.git from cache (0.46s)
Computing version for https://github.com/apple/swift-asn1.git
Computed https://github.com/apple/swift-asn1.git at 1.7.3 (0.72s)
Computing version for https://github.com/apple/swift-certificates.git
Computed https://github.com/apple/swift-certificates.git at 1.21.0 (0.35s)
Computing version for https://github.com/apple/swift-nio-ssl.git
Computed https://github.com/apple/swift-nio-ssl.git at 2.37.5 (0.27s)
Computing version for https://github.com/apple/swift-system.git
Computed https://github.com/apple/swift-system.git at 1.8.1 (0.28s)
Computing version for https://github.com/apple/swift-nio-extras.git
Computed https://github.com/apple/swift-nio-extras.git at 1.35.1 (0.36s)
Fetching https://github.com/apple/swift-http-types.git
[1/1939] Fetching swift-http-types
Fetching https://github.com/apple/swift-http-structured-headers.git
Fetched https://github.com/apple/swift-http-types.git from cache (0.47s)
[1/1253] Fetching swift-http-structured-headers
Fetched https://github.com/apple/swift-http-structured-headers.git from cache (0.43s)
Computing version for https://github.com/apple/swift-http-structured-headers.git
Computed https://github.com/apple/swift-http-structured-headers.git at 1.7.0 (1.10s)
Computing version for https://github.com/apple/swift-http-types.git
Computed https://github.com/apple/swift-http-types.git at 1.8.0 (0.28s)
Creating working copy for https://github.com/googleapis/swift-google-wkt
Working copy of https://github.com/googleapis/swift-google-wkt resolved at 0.5.0
Creating working copy for https://github.com/apple/swift-log
Working copy of https://github.com/apple/swift-log resolved at 1.16.1
Creating working copy for https://github.com/apple/swift-distributed-tracing.git
Working copy of https://github.com/apple/swift-distributed-tracing.git resolved at 1.5.0
Creating working copy for https://github.com/apple/swift-atomics.git
Working copy of https://github.com/apple/swift-atomics.git resolved at 1.3.1
Creating working copy for https://github.com/swift-extras/swift-extras-base64
Working copy of https://github.com/swift-extras/swift-extras-base64 resolved at 1.2.0
Creating working copy for https://github.com/apple/swift-nio-ssl.git
Working copy of https://github.com/apple/swift-nio-ssl.git resolved at 2.37.5
Creating working copy for https://github.com/googleapis/swift-google-iam-v1
Working copy of https://github.com/googleapis/swift-google-iam-v1 resolved at 0.5.0
Creating working copy for https://github.com/swift-server/swift-service-lifecycle
Working copy of https://github.com/swift-server/swift-service-lifecycle resolved at 2.12.1
Creating working copy for https://github.com/googleapis/swift-google-type
Working copy of https://github.com/googleapis/swift-google-type resolved at 0.5.0
Creating working copy for https://github.com/googleapis/swift-google-auth
Working copy of https://github.com/googleapis/swift-google-auth resolved at 0.5.0
Creating working copy for https://github.com/googleapis/swift-google-gax
Working copy of https://github.com/googleapis/swift-google-gax resolved at 0.5.0
Creating working copy for https://github.com/swift-server/async-http-client.git
Working copy of https://github.com/swift-server/async-http-client.git resolved at 1.36.2
Creating working copy for https://github.com/apple/swift-collections.git
Working copy of https://github.com/apple/swift-collections.git resolved at 1.7.2
Creating working copy for https://github.com/apple/swift-nio-extras.git
Working copy of https://github.com/apple/swift-nio-extras.git resolved at 1.35.1
Creating working copy for https://github.com/vapor/jwt-kit.git
Working copy of https://github.com/vapor/jwt-kit.git resolved at 5.7.1
Creating working copy for https://github.com/apple/swift-async-algorithms.git
Working copy of https://github.com/apple/swift-async-algorithms.git resolved at 1.1.7
Creating working copy for https://github.com/apple/swift-nio-transport-services.git
Working copy of https://github.com/apple/swift-nio-transport-services.git resolved at 1.28.0
Creating working copy for https://github.com/apple/swift-service-context.git
Working copy of https://github.com/apple/swift-service-context.git resolved at 1.3.0
Creating working copy for https://github.com/apple/swift-crypto.git
Working copy of https://github.com/apple/swift-crypto.git resolved at 4.5.2
Creating working copy for https://github.com/googleapis/swift-google-cloud-location
Working copy of https://github.com/googleapis/swift-google-cloud-location resolved at 0.5.0
Creating working copy for https://github.com/apple/swift-asn1.git
Working copy of https://github.com/apple/swift-asn1.git resolved at 1.7.3
Creating working copy for https://github.com/apple/swift-nio-http2.git
Working copy of https://github.com/apple/swift-nio-http2.git resolved at 1.46.0
Creating working copy for https://github.com/googleapis/swift-google-longrunning
Working copy of https://github.com/googleapis/swift-google-longrunning resolved at 0.5.0
Creating working copy for https://github.com/apple/swift-numerics.git
Working copy of https://github.com/apple/swift-numerics.git resolved at 1.1.1
Creating working copy for https://github.com/apple/swift-system.git
Working copy of https://github.com/apple/swift-system.git resolved at 1.8.1
Creating working copy for https://github.com/apple/swift-http-structured-headers.git
Working copy of https://github.com/apple/swift-http-structured-headers.git resolved at 1.7.0
Creating working copy for https://github.com/googleapis/swift-google-rpc
Working copy of https://github.com/googleapis/swift-google-rpc resolved at 0.5.0
Creating working copy for https://github.com/apple/swift-algorithms.git
Working copy of https://github.com/apple/swift-algorithms.git resolved at 1.2.1
Creating working copy for https://github.com/apple/swift-configuration.git
Working copy of https://github.com/apple/swift-configuration.git resolved at 1.2.2
Creating working copy for https://github.com/apple/swift-certificates.git
Working copy of https://github.com/apple/swift-certificates.git resolved at 1.21.0
Creating working copy for https://github.com/apple/swift-nio
Working copy of https://github.com/apple/swift-nio resolved at 2.104.0
Creating working copy for https://github.com/apple/swift-http-types.git
Working copy of https://github.com/apple/swift-http-types.git resolved at 1.8.0
Building for debugging...
[0/1322] Compiling a_dup.cc
[1/1322] Compiling a_d2i_fp.cc
[1/1322] Compiling a_octet.cc
[1/1322] Write sources
[7/1322] Compiling _NumericsShims _NumericsShims.c
[7/1322] Write sources
[101/1322] Compiling _AtomicsShims.c
[102/1322] Write sources
[156/1322] Compiling CXKCPShims shims.c
[157/1322] Compiling SimpleFIPS202.c
[158/1322] Write swift-version--11D90AFD9DD3AB2.txt
[158/1322] Compiling a_strex.cc
[160/1322] Compiling KeccakSponge.c
[161/1322] Compiling KeccakHash.c
[162/1322] Compiling a_gentm.cc
[163/1322] Compiling CSystem shims.c
[164/1326] Compiling a_bitstr.cc
[165/1384] Compiling a_bool.cc
[166/1387] Compiling a_strnid.cc
[167/1398] Compiling KeccakP-1600-opt64.c
[169/1409] Emitting module RealModule
[170/1410] Emitting module _NIODataStructures
[171/1410] Emitting module SystemPackage
[172/1415] Compiling SystemPackage FilePathComponents.swift
[173/1415] Compiling SystemPackage FilePathParsing.swift
[174/1417] Compiling SystemPackage IOCompletion.swift
[175/1417] Compiling SystemPackage IORequest.swift
[176/1417] Compiling SystemPackage IORing+Util.swift
[177/1417] Compiling SystemPackage IORing.swift
[178/1417] Compiling SystemPackage RawIORequest.swift
[179/1417] Compiling RealModule RealFunctions.swift
[180/1417] Compiling SystemPackage FilePermissions.swift
[181/1417] Compiling SystemPackage FilePathComponentView.swift
[182/1417] Compiling SystemPackage FilePathTempWindows.swift
[183/1417] Compiling SystemPackage FilePathWindows.swift
[184/1417] Compiling Logging Logger+With.swift
[185/1418] Compiling Logging SwiftLogNoOpLogHandler.swift
[186/1418] Compiling Logging Locks.swift
[187/1418] Compiling RealModule Real.swift
[188/1418] Compiling RealModule Float80+Real.swift
[189/1418] Compiling ServiceContextModule ServiceContextKey.swift
[190/1418] Compiling Logging LoggingSystem.swift
[191/1418] Compiling SystemPackage SystemString.swift
[192/1418] Compiling SystemPackage Util+StringArray.swift
[193/1418] Compiling SystemPackage Util.swift
[194/1418] Compiling SystemPackage UtilConsumers.swift
[195/1418] Compiling SystemPackage WinSDK+Overlay.swift
[196/1418] Compiling _NIOBase64 Base64.swift
[197/1418] Emitting module _NIOBase64
[198/1418] Compiling RealModule RelaxedArithmetic.swift
[199/1419] Compiling _NIODataStructures Heap.swift
[200/1419] Compiling Logging LogEvent.swift
[201/1419] Compiling Logging LogHandler.swift
[202/1419] Compiling _NIODataStructures PriorityQueue.swift
[203/1419] Emitting module SwiftASN1
[204/1419] Compiling SystemPackage FilePathTemp.swift
[205/1419] Compiling SystemPackage FilePathTempPosix.swift
[210/1419] Compiling Logging MultiplexLogHandler.swift
[211/1419] Compiling Logging StreamLogHandler.swift
[212/1419] Compiling _NIODataStructures _TinyArray.swift
[216/1420] Compiling RealModule Float16+Real.swift
[219/1420] Emitting module ServiceContextModule
[220/1420] Compiling ServiceContextModule ServiceContext.swift
[224/1455] Emitting module _CertificateInternals
[225/1458] Compiling _CertificateInternals _TinyArray.swift
[225/1462] Wrapping AST for _NIODataStructures for debugging
[228/1462] Compiling InternalCollectionsUtilities Iterable+CopyContents.swift
[229/1462] Compiling InternalCollectionsUtilities Iterable+Equality.swift
[230/1462] Compiling InternalCollectionsUtilities LifetimeOverride.swift
[231/1462] Compiling InternalCollectionsUtilities MutableRef.swift
[232/1465] Compiling Logging Logger.swift
[233/1465] Compiling Logging Logger+Attributes.swift
[233/1465] Wrapping AST for _NIOBase64 for debugging
[235/1465] Compiling Instrumentation NoOpInstrument.swift
[236/1465] Compiling Instrumentation MultiplexInstrument.swift
[237/1465] Compiling InternalCollectionsUtilities BorrowingIteratorProtocol+Equality.swift
[238/1465] Compiling InternalCollectionsUtilities BorrowingIteratorProtocol+Extras.swift
[239/1465] Compiling InternalCollectionsUtilities Debugging.swift
[240/1465] Compiling InternalCollectionsUtilities Descriptions.swift
[241/1465] Compiling InternalCollectionsUtilities UnsafeMutablePointer+Extras.swift
[242/1465] Compiling InternalCollectionsUtilities UnsafeMutableRawBufferPointer+Extras.swift
[243/1465] Compiling InternalCollectionsUtilities UnsafePointer+Extras.swift
[244/1465] Emitting module Instrumentation
[244/1465] Wrapping AST for ServiceContextModule for debugging
[245/1465] Wrapping AST for _CertificateInternals for debugging
[246/1465] Compiling CNIOWindows shim.c
[247/1465] Wrapping AST for RealModule for debugging
[248/1465] Compiling CNIOWASI CNIOWASI.c
[249/1465] Compiling CNIOWindows WSAStartup.c
[251/1465] Compiling ExtrasBase64 Base64+Span.swift
[251/1465] Compiling CNIOOpenBSD shim.c
[252/1465] Compiling CNIOPosix event_loop_id.c
[254/1465] Compiling Instrumentation Instrument.swift
[254/1465] Compiling CNIOLinux liburing_shims.c
[256/1465] Compiling InternalCollectionsUtilities UnsafeRawBufferPointer+Extras.swift
[257/1465] Compiling InternalCollectionsUtilities _SortedCollection.swift
[258/1465] Compiling InternalCollectionsUtilities _UniqueCollection.swift
[258/1465] Compiling CNIOLinux shim.c
[259/1465] Compiling CNIOLLHTTP c_nio_http.c
[260/1465] Compiling CNIOLLHTTP c_nio_api.c
[261/1465] Compiling CNIOFreeBSD shim.c
[263/1465] Compiling InternalCollectionsUtilities Strideable+LimitHelpers.swift
[264/1465] Compiling InternalCollectionsUtilities String+Padding.swift
[265/1465] Compiling InternalCollectionsUtilities TemporaryAllocation.swift
[266/1465] Compiling InternalCollectionsUtilities _UnsafeBitSet+Index.swift
[266/1465] Compiling CNIOExtrasZlib zutil.c
[268/1465] Compiling InternalCollectionsUtilities FixedWidthInteger+roundUpToPowerOfTwo.swift
[269/1465] Compiling InternalCollectionsUtilities Integer rank.swift
[270/1465] Compiling InternalCollectionsUtilities UInt+first and last set bit.swift
[271/1465] Compiling InternalCollectionsUtilities UInt+reversed.swift
[271/1465] Compiling CNIOExtrasZlib trees.c
[272/1465] Compiling CNIOExtrasZlib inftrees.c
[273/1465] Compiling CNIOLLHTTP c_nio_llhttp.c
[277/1465] Compiling InternalCollectionsUtilities MutableSpan+Extras.swift
[278/1465] Compiling InternalCollectionsUtilities OutputSpan+Extras.swift
[279/1465] Compiling InternalCollectionsUtilities RandomAccessCollection+Offsets.swift
[280/1465] Compiling InternalCollectionsUtilities Span+Extras.swift
[280/1465] Compiling CNIOExtrasZlib inffast.c
[281/1465] Compiling CNIOExtrasZlib inflate.c
[282/1465] Compiling CNIOExtrasZlib crc32.c
[283/1465] Compiling CNIOExtrasZlib adler32.c
[284/1465] Compiling CNIOExtrasZlib deflate.c
[284/1465] Compiling CNIODarwin shim.c
[286/1465] Compiling fiat_p256_adx_sqr.S
[287/1465] Compiling fiat_p256_adx_mul.S
[288/1465] Compiling fiat_curve25519_adx_square.S
[289/1465] Compiling fiat_curve25519_adx_mul.S
[290/1465] Compiling CNIOBoringSSLShims shims.c
[292/1465] Emitting module InternalCollectionsUtilities
[293/1465] Compiling InternalCollectionsUtilities _UnsafeBitSet+_Word.swift
[294/1465] Compiling InternalCollectionsUtilities _UnsafeBitSet.swift
[295/1465] Compiling InternalCollectionsUtilities UnsafeBufferPointer+Extras.swift
[296/1465] Compiling InternalCollectionsUtilities UnsafeMutableBufferPointer+Extras.swift
[298/1466] Compiling Instrumentation Locks.swift
[299/1466] Compiling Instrumentation InstrumentationSystem.swift
[302/1467] Emitting module Logging
[305/1467] Compiling Logging MetadataProvider.swift
[308/1480] Compiling SystemPackage Backcompat.swift
[309/1480] Compiling SystemPackage CInterop.swift
[310/1480] Compiling SystemPackage Constants.swift
[311/1480] Compiling SystemPackage Exports.swift
[312/1480] Compiling SystemPackage Mocking.swift
[320/1480] Compiling SpanPreview OutputSpan+InputSpanHelpers.swift
[321/1481] Emitting module SpanPreview
[328/1481] Compiling SpanPreview InputSpan.swift
[329/1481] Compiling SpanPreview MutableSpan+InputSpanHelpers.swift
[347/1483] Wrapping AST for Logging for debugging
[349/1483] Emitting module Tracing
[350/1483] Compiling Tracing InstrumentationSystem+Tracing.swift
[350/1492] Wrapping AST for SwiftASN1 for debugging
[352/1494] Compiling Tracing TracingTime.swift
[352/1526] Wrapping AST for SystemPackage for debugging
[353/1526] Wrapping AST for SpanPreview for debugging
[355/1526] Compiling Tracing TracerProtocol.swift
[356/1526] Compiling Tracing TracerProtocol+Legacy.swift
[356/1526] Wrapping AST for InternalCollectionsUtilities for debugging
[358/1526] Compiling Tracing WithTracer.swift
[359/1526] Compiling Tracing Tracer.swift
[359/1526] Wrapping AST for Instrumentation for debugging
[360/1526] Compiling tls_record.cc
[362/1526] Compiling DequeModule UniqueDeque+Consumption.swift
[363/1526] Compiling DequeModule UniqueDeque+ContainerOperations.swift
[364/1526] Compiling DequeModule UniqueDeque+Deprecations.swift
[365/1526] Compiling DequeModule UniqueDeque+Descriptions.swift
[366/1526] Compiling DequeModule UniqueDeque+Equatable.swift
[367/1526] Compiling DequeModule UniqueDeque+Hashable.swift
[368/1531] Compiling DequeModule UniqueDeque+Initializers.swift
[369/1531] Compiling DequeModule UniqueDeque+Insertions.swift
[370/1531] Compiling DequeModule UniqueDeque+Iterable.swift
[371/1531] Compiling DequeModule UniqueDeque+Prepend.swift
[372/1531] Compiling DequeModule UniqueDeque+Removals.swift
[373/1531] Compiling Tracing NoOpTracer.swift
[374/1531] Compiling Tracing SpanProtocol.swift
[376/1532] Compiling DequeModule _DequeBuffer.swift
[377/1532] Compiling DequeModule _DequeBufferHeader.swift
[378/1532] Compiling DequeModule RigidDeque+Append.swift
[379/1532] Compiling DequeModule RigidDeque+Consumption.swift
[380/1532] Compiling DequeModule RigidDeque+ContainerOperations.swift
[381/1532] Compiling DequeModule RigidDeque+Deprecations.swift
[381/1532] Compiling tls_method.cc
[383/1532] Compiling DequeModule RigidDeque+Descriptions.swift
[384/1532] Compiling DequeModule RigidDeque+Equatable.swift
[385/1532] Compiling DequeModule RigidDeque+Hashable.swift
[386/1532] Compiling DequeModule RigidDeque+Initializers.swift
[387/1532] Compiling DequeModule RigidDeque+Insertions.swift
[388/1532] Compiling DequeModule RigidDeque+Iterable.swift
[389/1532] Compiling DequeModule RigidDeque+Prepend.swift
[390/1532] Compiling DequeModule RigidDeque+Removals.swift
[391/1532] Compiling DequeModule RigidDeque+Replacements.swift
[392/1532] Compiling DequeModule RigidDeque+Testing.swift
[393/1532] Compiling DequeModule RigidDeque.swift
[394/1532] Compiling DequeModule UniqueDeque+Append.swift
[394/1532] Wrapping AST for Tracing for debugging
[395/1532] Compiling tls13_server.cc
[397/1532] Compiling DequeModule Deque+Extras.swift
[398/1532] Compiling DequeModule Deque+Hashable.swift
[399/1532] Compiling DequeModule Deque+Testing.swift
[400/1532] Compiling DequeModule Deque._Storage.swift
[401/1532] Compiling DequeModule Deque._UnsafeHandle.swift
[402/1532] Compiling DequeModule Deque.swift
[403/1532] Compiling DequeModule Deque+Codable.swift
[404/1532] Compiling DequeModule Deque+Collection.swift
[405/1532] Compiling DequeModule Deque+CustomReflectable.swift
[406/1532] Compiling DequeModule Deque+Descriptions.swift
[407/1532] Compiling DequeModule Deque+Equatable.swift
[408/1532] Compiling DequeModule Deque+ExpressibleByArrayLiteral.swift
[408/1532] Compiling tls13_enc.cc
[409/1532] Compiling tls13_client.cc
[410/1532] Compiling tls13_both.cc
[411/1532] Compiling t1_enc.cc
[412/1532] Compiling ssl_versions.cc
[413/1532] Compiling ssl_x509.cc
[414/1532] Compiling ssl_transcript.cc
[416/1532] Emitting module DequeModule
[416/1532] Compiling ssl_stat.cc
[417/1532] Compiling ssl_session.cc
[419/1532] Compiling DequeModule UniqueDeque+Replacements.swift
[420/1532] Compiling DequeModule UniqueDeque.swift
[421/1532] Compiling DequeModule _DequeSlot.swift
[422/1532] Compiling DequeModule _UnsafeDequeHandle.swift
[423/1532] Compiling DequeModule _UnsafeDequeSegments.swift
[424/1533] Compiling ssl_lib.cc
[425/1533] Compiling ssl_privkey.cc
[426/1565] Wrapping AST for DequeModule for debugging
[427/1576] Compiling ssl_key_share.cc
[429/1576] Compiling ExtrasBase64 Base32+Span.swift
[430/1576] Emitting module ExtrasBase64
[431/1576] Compiling ExtrasBase64 Base64.swift
[432/1576] Compiling ExtrasBase64 Base32.swift
[433/1577] Compiling ssl_file.cc
[435/1577] Compiling Configuration JSONSnapshot.swift
[436/1577] Compiling Configuration PropertyListSnapshot.swift
[437/1577] Compiling Configuration ReloadingFileProvider.swift
[438/1577] Compiling Configuration ReloadingFileProviderMetrics.swift
[439/1577] Compiling Configuration YAMLSnapshot.swift
[440/1577] Compiling Configuration InMemoryProvider.swift
[440/1582] Compiling ssl_cipher.cc
[441/1613] Compiling ssl_credential.cc
[442/1613] Wrapping AST for ExtrasBase64 for debugging
[444/1613] Emitting module Configuration
[444/1613] Compiling ssl_buffer.cc
[445/1613] Compiling ssl_cert.cc
[446/1613] Compiling ssl_asn1.cc
[447/1613] Compiling ssl_aead_ctx.cc
[448/1613] Compiling s3_lib.cc
[449/1613] Compiling s3_pkt.cc
[451/1613] Compiling GoogleWKT WKTDoubleValue.swift
[452/1613] Compiling GoogleWKT WKTDuration.swift
[453/1613] Compiling GoogleWKT WKTEmpty.swift
[454/1613] Compiling GoogleWKT WKTFieldMask.swift
[455/1617] Compiling GoogleWKT WKTValue.swift
[456/1617] Compiling GoogleWKT WKTApi.swift
[457/1617] Compiling GoogleWKT WKTEnum.swift
[458/1617] Compiling GoogleWKT WKTEnumValue.swift
[459/1617] Compiling GoogleWKT WKTFloatValue.swift
[460/1617] Compiling GoogleWKT WKTInt32Value.swift
[461/1617] Compiling GoogleWKT WKTInt64Value.swift
[462/1617] Compiling GoogleWKT WKTRecursive.swift
[463/1617] Compiling GoogleWKT WKTStringValue.swift
[464/1617] Compiling GoogleWKT WKTTimestamp.swift
[465/1617] Compiling GoogleWKT WKTUInt32Value.swift
[466/1617] Compiling GoogleWKT WKTUInt64Value.swift
[467/1617] Compiling GoogleWKT UnknownFields.swift
[468/1617] Compiling GoogleWKT WKTAny.swift
[469/1617] Compiling GoogleWKT WKTAnyError.swift
[470/1617] Compiling GoogleWKT WKTBoolValue.swift
[471/1617] Compiling GoogleWKT WKTBytesValue.swift
[471/1617] Compiling s3_both.cc
[473/1617] Compiling GoogleWKT WKTField.swift
[474/1617] Compiling GoogleWKT WKTMethod.swift
[475/1617] Compiling GoogleWKT WKTMixin.swift
[476/1617] Compiling GoogleWKT WKTOption.swift
[477/1617] Emitting module GoogleWKT
[478/1617] Compiling GoogleWKT AnyPackable.swift
[479/1617] Compiling GoogleWKT DecodeToDefault.swift
[480/1617] Compiling GoogleWKT DiscoveryBase64.swift
[481/1617] Compiling GoogleWKT ProtoJSONDecoder.swift
[482/1617] Compiling GoogleWKT ProtoJSONEncoder.swift
[489/1617] Compiling GoogleWKT WKTSourceContext.swift
[490/1617] Compiling GoogleWKT WKTSyntax.swift
[491/1617] Compiling GoogleWKT WKTType.swift
[492/1617] Compiling GoogleWKT PackageVersion.swift
[493/1617] Compiling Configuration AsyncCombineLatestManySequence.swift
[494/1617] Compiling Configuration CombineLatestManyStateMachine.swift
[495/1617] Compiling Configuration EnvironmentKeyEncoder.swift
[496/1617] Compiling Configuration EnvironmentVariablesProvider.swift
[497/1617] Compiling Configuration CommonProviderFileSystem.swift
[498/1617] Compiling Configuration DirectoryFilesProvider.swift
[499/1617] Compiling Configuration FileProvider.swift
[500/1617] Compiling Configuration FileProviderSnapshot.swift
[507/1617] Compiling Configuration CombineLatestManyStorage.swift
[508/1617] Compiling Configuration AsyncSequences.swift
[509/1617] Compiling Configuration FoundationExtensions.swift
[510/1617] Compiling Configuration Span.swift
[511/1617] Compiling Configuration ConfigBytesFromStringDecoder.swift
[511/1617] Compiling handshake_client.cc
[512/1617] Compiling handshake_server.cc
[518/1618] Compiling handshake.cc
[519/1618] Compiling handoff.cc
[520/1636] Compiling encrypted_client_hello.cc
[522/1636] Compiling GoogleType Money.swift
[523/1636] Compiling GoogleType Month.swift
[524/1653] Compiling GoogleRpc HttpHeader.swift
[525/1653] Compiling GoogleRpc BadRequest.swift
[526/1653] Compiling GoogleRpc Code.swift
[527/1653] Compiling GoogleRpc PackageVersion.swift
[528/1653] Compiling GoogleRpc RequestInfo.swift
[529/1653] Emitting module GoogleType
[529/1653] Compiling extensions.cc
[530/1653] Wrapping AST for GoogleWKT for debugging
[532/1653] Compiling GoogleRpc DebugInfo.swift
[533/1653] Compiling GoogleRpc ErrorInfo.swift
[534/1653] Compiling GoogleRpc Help.swift
[534/1653] Compiling d1_pkt.cc
[535/1653] Compiling GoogleRpc QuotaFailure.swift
[536/1653] Compiling GoogleType PhoneNumber.swift
[537/1653] Compiling dtls_record.cc
[539/1653] Compiling GoogleRpc HttpRequest.swift
[540/1653] Compiling GoogleRpc HttpResponse.swift
[541/1653] Compiling GoogleRpc LocalizedMessage.swift
[542/1653] Compiling GoogleType PostalAddress.swift
[543/1653] Compiling GoogleType Quaternion.swift
[544/1653] Compiling GoogleType TimeOfDay.swift
[545/1653] Compiling GoogleType TimeZone.swift
[547/1653] Compiling GoogleRpc ResourceInfo.swift
[550/1656] Compiling d1_srtp.cc
[555/1656] Compiling dtls_method.cc
[556/1656] Compiling md5-x86_64-linux.S
[570/1657] Wrapping AST for GoogleType for debugging
[572/1657] Emitting module GoogleRpc
[575/1657] Compiling GoogleRpc RetryInfo.swift
[576/1657] Compiling GoogleRpc Status.swift
[576/1657] Compiling md5-x86_64-apple.S
[577/1657] Compiling md5-586-linux.S
[581/1657] Compiling GoogleRpc PreconditionFailure.swift
[582/1658] Compiling md5-586-apple.S
[583/1658] Compiling chacha20_poly1305_x86_64-linux.S
[585/1658] Compiling bio_ssl.cc
[586/1658] Wrapping AST for Configuration for debugging
[587/1658] Compiling chacha20_poly1305_x86_64-apple.S
[588/1658] Compiling err_data.cc
[589/1658] Compiling chacha20_poly1305_armv8-win.S
[590/1658] Compiling chacha20_poly1305_armv8-apple.S
[591/1658] Compiling chacha20_poly1305_armv8-linux.S
[592/1658] Compiling chacha-x86_64-linux.S
[593/1658] Compiling chacha-x86_64-apple.S
[594/1658] Compiling d1_lib.cc
[595/1658] Compiling d1_both.cc
[596/1658] Wrapping AST for GoogleRpc for debugging
[597/1658] Compiling chacha-x86-apple.S
[598/1658] Compiling chacha-x86-linux.S
[599/1658] Compiling chacha-armv8-win.S
[600/1658] Compiling chacha-armv8-apple.S
[600/1658] Compiling chacha-armv4-linux.S
[600/1658] Compiling aes128gcmsiv-x86_64-linux.S
[603/1658] Compiling chacha-armv8-linux.S
[604/1658] Compiling aes128gcmsiv-x86_64-apple.S
[605/1658] Compiling x86_64-mont5-linux.S
[606/1658] Compiling x86_64-mont5-apple.S
[607/1658] Compiling x86_64-mont-linux.S
[608/1658] Compiling vpaes-x86_64-linux.S
[609/1658] Compiling x86_64-mont-apple.S
[610/1658] Compiling x86-mont-linux.S
[611/1658] Compiling x86-mont-apple.S
[612/1658] Compiling vpaes-x86_64-apple.S
[613/1658] Compiling vpaes-x86-linux.S
[614/1658] Compiling vpaes-armv8-win.S
[615/1658] Compiling vpaes-armv8-linux.S
[615/1658] Compiling vpaes-x86-apple.S
[617/1658] Compiling vpaes-armv8-apple.S
[618/1658] Compiling vpaes-armv7-linux.S
[619/1658] Compiling sha512-x86_64-linux.S
[620/1658] Compiling sha512-armv8-win.S
[621/1658] Compiling sha512-x86_64-apple.S
[622/1658] Compiling sha512-armv8-apple.S
[623/1658] Compiling sha512-armv8-linux.S
[624/1658] Compiling sha512-586-linux.S
[625/1658] Compiling sha512-armv4-linux.S
[626/1658] Compiling sha512-586-apple.S
[627/1658] Compiling sha256-x86_64-linux.S
[628/1658] Compiling sha256-x86_64-apple.S
[629/1658] Compiling sha256-armv8-win.S
[630/1658] Compiling sha256-armv8-apple.S
[631/1658] Compiling sha256-armv8-linux.S
[632/1658] Compiling sha256-armv4-linux.S
[633/1658] Compiling sha1-x86_64-linux.S
[633/1658] Compiling sha256-586-linux.S
[635/1658] Compiling sha1-x86_64-apple.S
[636/1658] Compiling sha1-armv8-win.S
[637/1658] Compiling sha256-586-apple.S
[638/1658] Compiling sha1-armv8-linux.S
[639/1658] Compiling sha1-armv8-apple.S
[640/1658] Compiling rsaz-avx2-linux.S
[641/1658] Compiling sha1-586-apple.S
[642/1658] Compiling sha1-armv4-large-linux.S
[643/1658] Compiling sha1-586-linux.S
[644/1658] Compiling rdrand-x86_64-apple.S
[645/1658] Compiling rsaz-avx2-apple.S
[646/1658] Compiling rdrand-x86_64-linux.S
[647/1658] Compiling p256_beeu-x86_64-asm-linux.S
[648/1658] Compiling p256_beeu-armv8-asm-linux.S
[649/1658] Compiling p256_beeu-x86_64-asm-apple.S
[650/1658] Compiling p256-x86_64-asm-apple.S
[651/1658] Compiling p256-x86_64-asm-linux.S
[651/1658] Compiling p256_beeu-armv8-asm-win.S
[653/1658] Compiling p256_beeu-armv8-asm-apple.S
[654/1658] Compiling p256-armv8-asm-win.S
[655/1658] Compiling p256-armv8-asm-apple.S
[655/1658] Compiling p256-armv8-asm-linux.S
[657/1658] Compiling ghashv8-armv8-win.S
[658/1658] Compiling ghashv8-armv7-linux.S
[659/1658] Compiling ghashv8-armv8-apple.S
[659/1658] Compiling ghashv8-armv8-linux.S
[661/1658] Compiling ghash-x86_64-linux.S
[662/1658] Compiling ghash-ssse3-x86_64-apple.S
[662/1658] Compiling ghash-x86_64-apple.S
[664/1658] Compiling ghash-ssse3-x86_64-linux.S
[664/1658] Compiling ghash-x86-apple.S
[666/1658] Compiling ghash-x86-linux.S
[667/1658] Compiling ghash-ssse3-x86-apple.S
[668/1658] Compiling ghash-ssse3-x86-linux.S
[669/1658] Compiling ghash-neon-armv8-win.S
[670/1658] Compiling ghash-armv4-linux.S
[671/1658] Compiling co-586-linux.S
[672/1658] Compiling ghash-neon-armv8-linux.S
[672/1658] Compiling ghash-neon-armv8-apple.S
[674/1658] Compiling co-586-apple.S
[675/1658] Compiling bsaes-armv7-linux.S
[675/1658] Compiling bn-armv8-win.S
[677/1658] Compiling bn-armv8-linux.S
[678/1658] Compiling bn-armv8-apple.S
[679/1658] Compiling bn-586-apple.S
[680/1658] Compiling bn-586-linux.S
[681/1658] Compiling armv8-mont-win.S
[682/1658] Compiling armv8-mont-apple.S
[683/1658] Compiling armv8-mont-linux.S
[684/1658] Compiling armv4-mont-linux.S
[685/1658] Compiling aesv8-gcm-armv8-win.S
[685/1658] Compiling aesv8-armv8-win.S
[687/1658] Compiling aesv8-gcm-armv8-apple.S
[688/1658] Compiling aesv8-gcm-armv8-linux.S
[689/1658] Compiling aesv8-armv8-linux.S
[690/1658] Compiling aesni-x86_64-linux.S
[691/1658] Compiling aesv8-armv8-apple.S
[691/1658] Compiling aesv8-armv7-linux.S
[693/1658] Compiling aesni-x86_64-apple.S
[694/1658] Compiling aesni-x86-linux.S
[695/1658] Compiling aesni-x86-apple.S
[696/1658] Compiling aesni-gcm-x86_64-linux.S
[697/1658] Compiling aesni-gcm-x86_64-apple.S
[698/1658] Compiling aes-gcm-avx2-x86_64-apple.S
[699/1658] Compiling aes-gcm-avx10-x86_64-linux.S
[699/1658] Compiling aes-gcm-avx2-x86_64-linux.S
[701/1658] Compiling aes-gcm-avx10-x86_64-apple.S
[702/1658] Compiling x_x509a.cc
[703/1658] Compiling x_x509.cc
[704/1658] Compiling x_val.cc
[705/1658] Compiling x_spki.cc
[706/1658] Compiling x_sig.cc
[707/1658] Compiling x_req.cc
[708/1658] Compiling x_pubkey.cc
[709/1658] Compiling x_name.cc
[710/1658] Compiling x_exten.cc
[711/1658] Compiling x_crl.cc
[712/1658] Compiling x_attrib.cc
[713/1658] Compiling x_algor.cc
[714/1658] Compiling x509spki.cc
[715/1658] Compiling x_all.cc
[715/1658] Compiling x509rset.cc
[717/1658] Compiling x509name.cc
[718/1658] Compiling x509cset.cc
[719/1658] Compiling x509_vpm.cc
[720/1658] Compiling x509_vfy.cc
[721/1658] Compiling x509_txt.cc
[722/1658] Compiling x509_v3.cc
[723/1658] Compiling x509_trs.cc
[724/1658] Compiling x509_set.cc
[725/1658] Compiling x509_req.cc
[726/1658] Compiling x509_obj.cc
[727/1658] Compiling x509_lu.cc
[728/1658] Compiling x509_ext.cc
[729/1658] Compiling x509_def.cc
[730/1658] Compiling x509_d2.cc
[731/1658] Compiling x509_cmp.cc
[732/1658] Compiling x509_att.cc
[733/1658] Compiling x509.cc
[734/1658] Compiling v3_skey.cc
[735/1658] Compiling v3_utl.cc
[736/1658] Compiling v3_purp.cc
[737/1658] Compiling v3_prn.cc
[738/1658] Compiling v3_pmaps.cc
[739/1658] Compiling v3_ocsp.cc
[740/1658] Compiling v3_pcons.cc
[741/1658] Compiling v3_ncons.cc
[742/1658] Compiling v3_lib.cc
[743/1658] Compiling v3_int.cc
[744/1658] Compiling v3_ia5.cc
[745/1658] Compiling v3_info.cc
[746/1658] Compiling v3_genn.cc
[747/1658] Compiling v3_enum.cc
[748/1658] Compiling v3_extku.cc
[749/1658] Compiling v3_crld.cc
[750/1658] Compiling v3_bitst.cc
[750/1658] Compiling v3_cpols.cc
[752/1658] Compiling v3_conf.cc
[753/1658] Compiling v3_bcons.cc
[754/1658] Compiling v3_akeya.cc
[755/1658] Compiling v3_alt.cc
[756/1658] Compiling v3_akey.cc
[757/1658] Compiling t_x509a.cc
[758/1658] Compiling i2d_pr.cc
[759/1658] Compiling t_crl.cc
[760/1658] Compiling t_x509.cc
[761/1658] Compiling t_req.cc
[762/1658] Compiling name_print.cc
[763/1658] Compiling rsa_pss.cc
[764/1658] Compiling policy.cc
[765/1658] Compiling by_file.cc
[766/1658] Compiling by_dir.cc
[767/1658] Compiling voprf.cc
[767/1658] Compiling a_digest.cc
[769/1658] Compiling a_sign.cc
[770/1658] Compiling algorithm.cc
[771/1658] Compiling a_verify.cc
[772/1658] Compiling asn1_gen.cc
[773/1658] Compiling trust_token.cc
[774/1658] Compiling thread_win.cc
[775/1658] Compiling thread.cc
[776/1658] Compiling thread_pthread.cc
[777/1658] Compiling thread_none.cc
[778/1658] Compiling stack.cc
[779/1658] Compiling pmbtoken.cc
[780/1658] Compiling spake2plus.cc
[781/1658] Compiling slhdsa.cc
[782/1658] Compiling sha256.cc
[782/1658] Compiling siphash.cc
[782/1658] Compiling sha1.cc
[782/1658] Compiling sha512.cc
[786/1658] Compiling rsa_print.cc
[787/1658] Compiling rsa_extra.cc
[788/1658] Compiling rsa_crypt.cc
[789/1658] Compiling rc4.cc
[790/1658] Compiling trusty.cc
[791/1658] Compiling urandom.cc
[792/1658] Compiling rand.cc
[793/1658] Compiling refcount.cc
[794/1658] Compiling windows.cc
[795/1658] Compiling rsa_asn1.cc
[796/1658] Compiling passive.cc
[797/1658] Compiling poly1305_arm_asm.S
[798/1658] Compiling ios.cc
[799/1658] Compiling getentropy.cc
[800/1658] Compiling forkunsafe.cc
[801/1658] Compiling deterministic.cc
[802/1658] Compiling fork_detect.cc
[803/1658] Compiling poly1305_vec.cc
[804/1658] Compiling pool.cc
[805/1658] Compiling poly1305_arm.cc
[806/1658] Compiling poly1305.cc
[807/1658] Compiling pkcs8.cc
[808/1658] Compiling p5_pbev2.cc
[809/1658] Compiling pkcs8_x509.cc
[810/1658] Compiling pkcs7.cc
[811/1658] Compiling pkcs7_x509.cc
[812/1658] Compiling pem_xaux.cc
[813/1658] Compiling pem_x509.cc
[814/1658] Compiling pem_pkey.cc
[815/1658] Compiling pem_oth.cc
[816/1658] Compiling mlkem.cc
[817/1658] Compiling pem_info.cc
[818/1658] Compiling pem_pk8.cc
[819/1658] Compiling pem_lib.cc
[820/1658] Compiling obj_xref.cc
[821/1658] Compiling pem_all.cc
[822/1658] Compiling obj.cc
[823/1658] Compiling poly_rq_mul.S
[824/1658] Compiling mldsa.cc
[825/1658] Compiling fips_shared_support.cc
[826/1658] Compiling md5.cc
[827/1658] Compiling md4.cc
[828/1658] Compiling lhash.cc
[829/1658] Compiling mem.cc
[830/1658] Compiling kyber.cc
[831/1658] Compiling sign.cc
[832/1658] Compiling ex_data.cc
[833/1658] Compiling hrss.cc
[834/1658] Compiling hpke.cc
[835/1658] Compiling scrypt.cc
[836/1658] Compiling print.cc
[837/1658] Compiling pbkdf.cc
[838/1658] Compiling p_x25519.cc
[839/1658] Compiling p_x25519_asn1.cc
[840/1658] Compiling p_rsa_asn1.cc
[841/1658] Compiling p_ed25519.cc
[842/1658] Compiling p_rsa.cc
[843/1658] Compiling p_hkdf.cc
[844/1658] Compiling p_ed25519_asn1.cc
[845/1658] Compiling p_ec_asn1.cc
[846/1658] Compiling p_ec.cc
[847/1658] Compiling p_dh_asn1.cc
[848/1658] Compiling p_dh.cc
[849/1658] Compiling evp_ctx.cc
[850/1658] Compiling p_dsa_asn1.cc
[851/1658] Compiling evp_asn1.cc
[852/1658] Compiling evp.cc
[853/1658] Compiling err.cc
[854/1658] Compiling engine.cc
[855/1658] Compiling ecdh.cc
[856/1658] Compiling hash_to_curve.cc
[857/1658] Compiling ecdsa_asn1.cc
[858/1658] Compiling ec_derive.cc
[859/1658] Compiling dsa.cc
[860/1658] Compiling dsa_asn1.cc
[861/1658] Compiling bcm.cc
[862/1658] Compiling ec_asn1.cc
[863/1658] Compiling x25519-asm-arm.S
[864/1658] Compiling params.cc
[865/1658] Compiling digest_extra.cc
[866/1658] Compiling des.cc
[867/1658] Compiling dh_asn1.cc
[868/1658] Compiling curve25519_64_adx.cc
[869/1658] Compiling crypto.cc
[870/1658] Compiling cpu_intel.cc
[871/1658] Compiling spake25519.cc
[872/1658] Compiling cpu_arm_freebsd.cc
[873/1658] Compiling curve25519.cc
[874/1658] Compiling cpu_arm_linux.cc
[875/1658] Compiling cpu_aarch64_win.cc
[876/1658] Compiling cpu_aarch64_sysreg.cc
[877/1658] Compiling cpu_aarch64_openbsd.cc
[878/1658] Compiling cpu_aarch64_linux.cc
[879/1658] Compiling cpu_aarch64_fuchsia.cc
[880/1658] Compiling cpu_aarch64_apple.cc
[881/1658] Compiling tls_cbc.cc
[882/1658] Compiling conf.cc
[883/1658] Compiling get_cipher.cc
[884/1658] Compiling e_tls.cc
[885/1658] Compiling e_rc4.cc
[886/1658] Compiling e_null.cc
[887/1658] Compiling e_rc2.cc
[888/1658] Compiling e_des.cc
[889/1658] Compiling e_chacha20poly1305.cc
[890/1658] Compiling e_aesgcmsiv.cc
[891/1658] Compiling e_aesctrhmac.cc
[892/1658] Compiling derive_key.cc
[893/1658] Compiling chacha.cc
[894/1658] Compiling unicode.cc
[895/1658] Compiling buf.cc
[896/1658] Compiling cbs.cc
[897/1658] Compiling ber.cc
[898/1658] Compiling cbb.cc
[899/1658] Compiling asn1_compat.cc
[900/1658] Compiling convert.cc
[901/1658] Compiling blake2.cc
[902/1658] Compiling bn_asn1.cc
[903/1658] Compiling socket_helper.cc
[904/1658] Compiling socket.cc
[905/1658] Compiling printf.cc
[906/1658] Compiling hexdump.cc
[907/1658] Compiling pair.cc
[908/1658] Compiling file.cc
[909/1658] Compiling errno.cc
[910/1658] Compiling fd.cc
[911/1658] Compiling connect.cc
[912/1658] Compiling bio_mem.cc
[913/1658] Compiling base64.cc
[913/1658] Compiling bio.cc
[915/1658] Compiling tasn_typ.cc
[916/1658] Compiling tasn_utl.cc
[917/1658] Compiling tasn_fre.cc
[918/1658] Compiling tasn_enc.cc
[919/1658] Compiling f_string.cc
[920/1658] Compiling posix_time.cc
[921/1658] Compiling tasn_new.cc
[922/1658] Compiling tasn_dec.cc
[923/1658] Compiling f_int.cc
[924/1658] Compiling asn_pack.cc
[925/1658] Compiling asn1_par.cc
[926/1658] Compiling asn1_lib.cc
[927/1658] Compiling a_utctm.cc
[928/1658] Compiling a_time.cc
[929/1658] Compiling a_type.cc
[930/1658] Compiling a_octet.cc
[931/1658] Compiling a_strnid.cc
[932/1658] Compiling a_strex.cc
[933/1658] Compiling a_object.cc
[934/1658] Compiling a_i2d_fp.cc
[935/1658] Compiling a_dup.cc
[936/1658] Compiling a_mbstr.cc
[937/1658] Compiling CGoogleGaxCRC32C CGoogleGaxCRC32C.c
[938/1658] Compiling a_int.cc
[939/1658] Compiling a_d2i_fp.cc
[940/1658] Compiling a_gentm.cc
[941/1658] Compiling fiat_p256_adx_sqr.S
[942/1658] Compiling fiat_p256_adx_mul.S
[943/1658] Compiling fiat_curve25519_adx_square.S
[944/1658] Compiling fiat_curve25519_adx_mul.S
[945/1658] Compiling md5-x86_64-linux.S
[946/1658] Compiling a_bitstr.cc
[947/1658] Compiling md5-x86_64-apple.S
[948/1658] Compiling md5-586-linux.S
[949/1658] Compiling md5-586-apple.S
[950/1658] Compiling chacha20_poly1305_x86_64-linux.S
[951/1658] Compiling chacha20_poly1305_x86_64-apple.S
[952/1658] Compiling chacha20_poly1305_armv8-win.S
[953/1658] Compiling a_bool.cc
[954/1658] Compiling chacha20_poly1305_armv8-apple.S
[955/1658] Compiling CCryptoBoringSSLShims shims.c
[956/1658] Compiling chacha-x86_64-linux.S
[957/1658] Compiling chacha20_poly1305_armv8-linux.S
[958/1658] Compiling chacha-x86_64-apple.S
[959/1658] Compiling chacha-x86-linux.S
[960/1658] Compiling chacha-x86-apple.S
[961/1658] Compiling chacha-armv8-win.S
[962/1658] Compiling chacha-armv8-apple.S
[963/1658] Compiling chacha-armv4-linux.S
[964/1658] Compiling aes128gcmsiv-x86_64-linux.S
[965/1658] Compiling aes128gcmsiv-x86_64-apple.S
[966/1658] Compiling chacha-armv8-linux.S
[967/1658] Compiling x86_64-mont5-linux.S
[968/1658] Compiling x86_64-mont5-apple.S
[969/1658] Compiling x86_64-mont-linux.S
[970/1658] Compiling x86_64-mont-apple.S
[971/1658] Compiling x86-mont-linux.S
[972/1658] Compiling x86-mont-apple.S
[973/1658] Compiling vpaes-x86_64-apple.S
[974/1658] Compiling vpaes-x86_64-linux.S
[975/1658] Compiling vpaes-x86-linux.S
[976/1658] Compiling vpaes-x86-apple.S
[977/1658] Compiling vpaes-armv8-win.S
[978/1658] Compiling vpaes-armv8-apple.S
[979/1658] Compiling vpaes-armv8-linux.S
[980/1658] Compiling vpaes-armv7-linux.S
[981/1658] Compiling sha512-x86_64-apple.S
[982/1658] Compiling sha512-x86_64-linux.S
[983/1658] Compiling sha512-armv8-win.S
[984/1658] Compiling sha512-armv4-linux.S
[984/1658] Compiling sha512-armv8-apple.S
[986/1658] Compiling sha512-armv8-linux.S
[987/1658] Compiling sha512-586-linux.S
[988/1658] Compiling sha512-586-apple.S
[989/1658] Compiling sha256-x86_64-linux.S
[990/1658] Compiling sha256-x86_64-apple.S
[991/1658] Compiling err_data.cc
[992/1658] Compiling sha256-armv8-win.S
[992/1658] Compiling sha256-armv8-apple.S
[994/1658] Compiling sha256-armv4-linux.S
[995/1658] Compiling sha256-586-apple.S
[996/1658] Compiling sha256-586-linux.S
[997/1658] Compiling sha256-armv8-linux.S
[998/1658] Compiling sha1-x86_64-apple.S
[999/1658] Compiling sha1-armv8-win.S
[1000/1658] Compiling sha1-x86_64-linux.S
[1001/1658] Compiling sha1-armv8-apple.S
[1002/1658] Compiling sha1-armv4-large-linux.S
[1003/1658] Compiling sha1-armv8-linux.S
[1004/1658] Compiling sha1-586-apple.S
[1005/1658] Compiling sha1-586-linux.S
[1005/1658] Compiling rsaz-avx2-linux.S
[1007/1658] Compiling rsaz-avx2-apple.S
[1008/1658] Compiling rdrand-x86_64-linux.S
[1009/1658] Compiling p256_beeu-x86_64-asm-linux.S
[1010/1658] Compiling p256_beeu-x86_64-asm-apple.S
[1011/1658] Compiling rdrand-x86_64-apple.S
[1012/1658] Compiling p256_beeu-armv8-asm-linux.S
[1013/1658] Compiling p256_beeu-armv8-asm-win.S
[1014/1658] Compiling p256_beeu-armv8-asm-apple.S
[1015/1658] Compiling p256-armv8-asm-win.S
[1016/1658] Compiling p256-x86_64-asm-linux.S
[1017/1658] Compiling p256-x86_64-asm-apple.S
[1018/1658] Compiling p256-armv8-asm-apple.S
[1019/1658] Compiling p256-armv8-asm-linux.S
[1020/1658] Compiling ghashv8-armv8-win.S
[1021/1658] Compiling ghashv8-armv8-apple.S
[1022/1658] Compiling ghashv8-armv8-linux.S
[1023/1658] Compiling ghashv8-armv7-linux.S
[1024/1658] Compiling ghash-x86_64-linux.S
[1025/1658] Compiling ghash-x86-linux.S
[1026/1658] Compiling ghash-ssse3-x86_64-linux.S
[1027/1658] Compiling ghash-x86-apple.S
[1028/1658] Compiling ghash-x86_64-apple.S
[1029/1658] Compiling ghash-ssse3-x86_64-apple.S
[1030/1658] Compiling ghash-ssse3-x86-apple.S
[1031/1658] Compiling ghash-ssse3-x86-linux.S
[1032/1658] Compiling ghash-neon-armv8-apple.S
[1033/1658] Compiling ghash-neon-armv8-linux.S
[1034/1658] Compiling ghash-neon-armv8-win.S
[1035/1658] Compiling ghash-armv4-linux.S
[1036/1658] Compiling co-586-linux.S
[1037/1658] Compiling co-586-apple.S
[1038/1658] Compiling bsaes-armv7-linux.S
[1039/1658] Compiling bn-armv8-win.S
[1040/1658] Compiling bn-armv8-linux.S
[1041/1658] Compiling bn-armv8-apple.S
[1042/1658] Compiling bn-586-linux.S
[1043/1658] Compiling bn-586-apple.S
[1044/1658] Compiling armv8-mont-win.S
[1045/1658] Compiling armv4-mont-linux.S
[1046/1658] Compiling armv8-mont-apple.S
[1047/1658] Compiling armv8-mont-linux.S
[1048/1658] Compiling aesv8-gcm-armv8-win.S
[1049/1658] Compiling aesv8-gcm-armv8-apple.S
[1050/1658] Compiling aesv8-armv8-win.S
[1051/1658] Compiling aesv8-gcm-armv8-linux.S
[1052/1658] Compiling aesv8-armv8-linux.S
[1053/1658] Compiling aesv8-armv8-apple.S
[1054/1658] Compiling aesv8-armv7-linux.S
[1055/1658] Compiling aesni-x86_64-linux.S
[1056/1658] Compiling aesni-x86_64-apple.S
[1057/1658] Compiling aesni-x86-apple.S
[1058/1658] Compiling aesni-x86-linux.S
[1059/1658] Compiling aesni-gcm-x86_64-linux.S
[1060/1658] Compiling aes-gcm-avx512-x86_64-linux.S
[1060/1658] Compiling aes-gcm-avx512-x86_64-apple.S
[1062/1658] Compiling aesni-gcm-x86_64-apple.S
[1063/1658] Compiling aes-gcm-avx2-x86_64-apple.S
[1064/1658] Compiling aes-gcm-avx2-x86_64-linux.S
[1065/1658] Compiling xwing.cc
[1066/1658] Compiling x_sig.cc
[1067/1658] Compiling x_req.cc
[1068/1658] Compiling x_x509a.cc
[1069/1658] Compiling x_x509.cc
[1070/1658] Compiling x_spki.cc
[1071/1658] Compiling c-nioatomics.c
[1072/1658] Compiling x_exten.cc
[1073/1658] Compiling x_name.cc
[1073/1658] Compiling x_crl.cc
[1075/1658] Compiling x_pubkey.cc
[1076/1658] Compiling x_attrib.cc
[1077/1658] Compiling c-atomics.c
[1078/1658] Compiling x_all.cc
[1080/1665] Compiling NIOConcurrencyHelpers NIOLockedValueBox.swift
[1080/1665] Compiling x_algor.cc
[1082/1665] Emitting module NIOConcurrencyHelpers
[1083/1665] Compiling NIOConcurrencyHelpers NIOLock.swift
[1084/1665] Compiling NIOConcurrencyHelpers NIOThreadPoolWorkAvailable.swift
[1085/1665] Compiling NIOConcurrencyHelpers NIOAtomic.swift
[1085/1665] Compiling x509rset.cc
[1087/1665] Compiling NIOConcurrencyHelpers atomics.swift
[1088/1665] Compiling NIOConcurrencyHelpers lock.swift
[1089/1666] Compiling x509spki.cc
[1090/1666] Compiling x509name.cc
[1091/1666] Compiling x509cset.cc
[1092/1666] Compiling x509_vfy.cc
[1093/1666] Wrapping AST for NIOConcurrencyHelpers for debugging
[1094/1666] Compiling x509_vpm.cc
[1095/1666] Compiling x509_v3.cc
[1096/1666] Compiling x509_txt.cc
[1097/1666] Compiling x509_trs.cc
[1097/1666] Compiling x509_set.cc
[1099/1666] Compiling x509_req.cc
[1100/1666] Compiling x509_obj.cc
[1101/1666] Compiling x509_lu.cc
[1102/1666] Compiling x509_ext.cc
[1103/1666] Compiling x509_def.cc
[1104/1666] Compiling x509_d2.cc
[1105/1666] Compiling x509.cc
[1106/1666] Compiling x509_cmp.cc
[1107/1666] Compiling x509_att.cc
[1108/1666] Compiling v3_utl.cc
[1108/1666] Compiling v3_skey.cc
[1110/1666] Compiling v3_purp.cc
[1111/1666] Compiling v3_prn.cc
[1112/1666] Compiling v3_pmaps.cc
[1113/1666] Compiling v3_pcons.cc
[1114/1666] Compiling v3_ocsp.cc
[1115/1666] Compiling v3_ncons.cc
[1116/1666] Compiling v3_int.cc
[1117/1666] Compiling v3_lib.cc
[1118/1666] Compiling v3_info.cc
[1119/1666] Compiling v3_ia5.cc
[1120/1666] Compiling v3_genn.cc
[1121/1666] Compiling v3_extku.cc
[1122/1666] Compiling v3_enum.cc
[1123/1666] Compiling v3_crld.cc
[1124/1666] Compiling v3_bitst.cc
[1125/1666] Compiling v3_cpols.cc
[1126/1666] Compiling v3_conf.cc
[1127/1666] Compiling v3_bcons.cc
[1128/1666] Compiling v3_alt.cc
[1129/1666] Compiling v3_akeya.cc
[1130/1666] Compiling v3_akey.cc
[1131/1666] Compiling t_x509a.cc
[1132/1666] Compiling t_x509.cc
[1133/1666] Compiling t_req.cc
[1133/1666] Compiling t_crl.cc
[1135/1666] Compiling rsa_pss.cc
[1136/1666] Compiling i2d_pr.cc
[1137/1666] Compiling name_print.cc
[1138/1666] Compiling policy.cc
[1139/1666] Compiling by_file.cc
[1140/1666] Compiling algorithm.cc
[1141/1666] Compiling asn1_gen.cc
[1142/1666] Compiling by_dir.cc
[1143/1666] Compiling a_verify.cc
[1144/1666] Compiling a_sign.cc
[1145/1666] Compiling thread_win.cc
[1146/1666] Compiling thread_pthread.cc
[1147/1666] Compiling voprf.cc
[1148/1666] Compiling a_digest.cc
[1149/1666] Compiling trust_token.cc
[1150/1666] Compiling thread_none.cc
[1151/1666] Compiling pmbtoken.cc
[1152/1666] Compiling thread.cc
[1153/1666] Compiling stack.cc
[1154/1666] Compiling siphash.cc
[1155/1666] Compiling sha512.cc
[1156/1666] Compiling sha256.cc
[1157/1666] Compiling slhdsa.cc
[1158/1666] Compiling sha1.cc
[1159/1666] Compiling spake2plus.cc
[1160/1666] Compiling rsa_print.cc
[1161/1666] Compiling rsa_extra.cc
[1162/1666] Compiling rsa_crypt.cc
[1163/1666] Compiling refcount.cc
[1164/1666] Compiling rc4.cc
[1165/1666] Compiling trusty.cc
[1166/1666] Compiling windows.cc
[1167/1666] Compiling urandom.cc
[1168/1666] Compiling rand.cc
[1169/1666] Compiling rsa_asn1.cc
[1170/1666] Compiling passive.cc
[1171/1666] Compiling ios.cc
[1172/1666] Compiling poly1305_arm_asm.S
[1173/1666] Compiling getentropy.cc
[1174/1666] Compiling deterministic.cc
[1175/1666] Compiling forkunsafe.cc
[1176/1666] Compiling fork_detect.cc
[1177/1666] Compiling poly1305_vec.cc
[1178/1666] Compiling poly1305_arm.cc
[1178/1666] Compiling pool.cc
[1180/1666] Compiling poly1305.cc
[1181/1666] Compiling pkcs8.cc
[1182/1666] Compiling p5_pbev2.cc
[1183/1666] Compiling pkcs8_x509.cc
[1184/1666] Compiling pkcs7_x509.cc
[1185/1666] Compiling pkcs7.cc
[1186/1666] Compiling pem_xaux.cc
[1187/1666] Compiling pem_x509.cc
[1188/1666] Compiling pem_pkey.cc
[1189/1666] Compiling mlkem.cc
[1190/1666] Compiling pem_oth.cc
[1191/1666] Compiling pem_pk8.cc
[1192/1666] Compiling pem_info.cc
[1193/1666] Compiling pem_lib.cc
[1194/1666] Compiling pem_all.cc
[1195/1666] Compiling obj_xref.cc
[1196/1666] Compiling obj.cc
[1197/1666] Compiling poly_rq_mul.S
[1198/1666] Compiling mldsa.cc
[1199/1666] Compiling mem.cc
[1200/1666] Compiling fips_shared_support.cc
[1201/1666] Compiling lhash.cc
[1202/1666] Compiling md5.cc
[1203/1666] Compiling md4.cc
[1204/1666] Compiling kyber.cc
[1205/1666] Compiling fuzzer_mode.cc
[1206/1666] Compiling hrss.cc
[1207/1666] Compiling ex_data.cc
[1208/1666] Compiling hpke.cc
[1209/1666] Compiling scrypt.cc
[1210/1666] Compiling print.cc
[1211/1666] Compiling sign.cc
[1212/1666] Compiling pbkdf.cc
[1213/1666] Compiling p_x25519_asn1.cc
[1214/1666] Compiling p_x25519.cc
[1215/1666] Compiling p_rsa_asn1.cc
[1216/1666] Compiling p_rsa.cc
[1217/1666] Compiling p_hkdf.cc
[1218/1666] Compiling p_ed25519.cc
[1219/1666] Compiling p_ed25519_asn1.cc
[1220/1666] Compiling p_ec.cc
[1221/1666] Compiling p_ec_asn1.cc
[1222/1666] Compiling p_dsa_asn1.cc
[1223/1666] Compiling p_dh.cc
[1224/1666] Compiling p_dh_asn1.cc
[1225/1666] Compiling evp_ctx.cc
[1226/1666] Compiling evp_asn1.cc
[1227/1666] Compiling err.cc
[1228/1666] Compiling ecdsa_p1363.cc
[1229/1666] Compiling engine.cc
[1230/1666] Compiling evp.cc
[1231/1666] Compiling ecdh.cc
[1232/1666] Compiling ec_derive.cc
[1233/1666] Compiling ecdsa_asn1.cc
[1234/1666] Compiling hash_to_curve.cc
[1235/1666] Compiling dsa_asn1.cc
[1236/1666] Compiling dsa.cc
[1237/1666] Compiling ec_asn1.cc
[1238/1666] Compiling params.cc
[1239/1666] Compiling digest_extra.cc
[1240/1666] Compiling x25519-asm-arm.S
[1241/1666] Compiling dh_asn1.cc
[1242/1666] Compiling des.cc
[1243/1666] Compiling curve25519_64_adx.cc
[1244/1666] Compiling cpu_intel.cc
[1245/1666] Compiling spake25519.cc
[1246/1666] Compiling curve25519.cc
[1247/1666] Compiling crypto.cc
[1248/1666] Compiling cpu_arm_linux.cc
[1249/1666] Compiling cpu_arm_freebsd.cc
[1250/1666] Compiling cpu_aarch64_win.cc
[1251/1666] Compiling cpu_aarch64_sysreg.cc
[1252/1666] Compiling cpu_aarch64_openbsd.cc
[1253/1666] Compiling cpu_aarch64_fuchsia.cc
[1254/1666] Compiling cpu_aarch64_linux.cc
[1255/1666] Compiling cpu_aarch64_apple.cc
[1256/1666] Compiling conf.cc
[1257/1666] Compiling tls_cbc.cc
[1258/1666] Compiling get_cipher.cc
[1259/1666] Compiling e_rc4.cc
[1260/1666] Compiling e_tls.cc
[1261/1666] Compiling cms.cc
[1262/1666] Compiling e_rc2.cc
[1263/1666] Compiling e_null.cc
[1264/1666] Compiling e_des.cc
[1265/1666] Compiling e_chacha20poly1305.cc
[1266/1666] Compiling e_aeseax.cc
[1267/1666] Compiling e_aesgcmsiv.cc
[1268/1666] Compiling derive_key.cc
[1269/1666] Compiling e_aesctrhmac.cc
[1270/1666] Compiling chacha.cc
[1271/1666] Compiling unicode.cc
[1272/1666] Compiling buf.cc
[1273/1666] Compiling sqrt.cc
[1274/1666] Compiling cbs.cc
[1275/1666] Compiling exponentiation.cc
[1276/1666] Compiling ber.cc
[1277/1666] Compiling cbb.cc
[1278/1666] Compiling asn1_compat.cc
[1279/1666] Compiling div.cc
[1280/1666] Compiling blake2.cc
[1281/1666] Compiling printf.cc
[1282/1666] Compiling hexdump.cc
[1283/1666] Compiling pair.cc
[1284/1666] Compiling bn_asn1.cc
[1285/1666] Compiling convert.cc
[1286/1666] Compiling file.cc
[1287/1666] Compiling fd.cc
[1288/1666] Compiling errno.cc
[1289/1666] Compiling bio_mem.cc
[1290/1666] Compiling base64.cc
[1291/1666] Compiling bio.cc
[1292/1666] Compiling tasn_typ.cc
[1293/1666] Compiling tasn_utl.cc
[1294/1666] Compiling tasn_fre.cc
[1295/1666] Compiling tasn_new.cc
[1296/1666] Compiling tasn_enc.cc
[1297/1666] Compiling posix_time.cc
[1298/1666] Compiling tasn_dec.cc
[1299/1666] Compiling f_string.cc
[1300/1666] Compiling f_int.cc
[1301/1666] Compiling asn_pack.cc
[1302/1666] Compiling asn1_par.cc
[1303/1666] Compiling a_utctm.cc
[1304/1666] Compiling asn1_lib.cc
[1305/1666] Compiling a_time.cc
[1306/1666] Compiling a_type.cc
[1306/1666] Write sources
[1310/1666] Compiling CAsyncHTTPClient CAsyncHTTPClient.c
[1311/1666] Compiling bcm.cc
[1312/1675] Compiling a_mbstr.cc
[1313/1675] Compiling a_object.cc
[1314/1709] Compiling a_int.cc
[1315/1709] Compiling a_i2d_fp.cc
[1316/1709] Compiling aes.cc
[1318/1715] Compiling Algorithms Chain.swift
[1319/1715] Compiling Algorithms Chunked.swift
[1320/1719] Compiling Algorithms Combinations.swift
[1321/1719] Compiling Algorithms Joined.swift
[1322/1719] Compiling Algorithms Partition.swift
[1323/1719] Compiling Algorithms Permutations.swift
[1324/1719] Compiling Algorithms Keyed.swift
[1325/1719] Compiling Algorithms MinMax.swift
[1326/1719] Compiling Atomics IntegerOperations.swift
[1327/1719] Compiling Atomics Unmanaged extensions.swift
[1328/1719] Compiling Algorithms FlattenCollection.swift
[1329/1719] Compiling Algorithms Grouped.swift
[1330/1719] Compiling Algorithms Indexed.swift
[1331/1719] Emitting module CryptoBoringWrapper
[1332/1719] Compiling CryptoBoringWrapper RandomBytes.swift
[1333/1719] Compiling Algorithms Split.swift
[1334/1719] Compiling Algorithms Stride.swift
[1335/1719] Compiling Algorithms Suffix.swift
[1337/1722] Compiling Algorithms Reductions.swift
[1338/1722] Compiling Algorithms Rotate.swift
[1339/1722] Compiling CryptoBoringWrapper FiniteFieldArithmeticContext.swift
[1340/1722] Compiling CryptoBoringWrapper BoringSSLAEAD.swift
[1344/1722] Compiling CryptoBoringWrapper EllipticCurvePoint.swift
[1345/1722] Compiling CryptoBoringWrapper EllipticCurve.swift
[1346/1722] Compiling CryptoBoringWrapper CryptoKitErrors_boring.swift
[1347/1722] Compiling CryptoBoringWrapper ArbitraryPrecisionInteger.swift
[1351/1723] Wrapping AST for CryptoBoringWrapper for debugging
[1356/1723] Compiling Algorithms Intersperse.swift
[1357/1723] Compiling Algorithms Compacted.swift
[1358/1723] Compiling Algorithms Cycle.swift
[1359/1723] Compiling Algorithms EitherSequence.swift
[1360/1723] Compiling Algorithms FirstNonNil.swift
[1361/1723] Compiling Algorithms Trim.swift
[1362/1723] Compiling Algorithms Unique.swift
[1363/1723] Compiling Algorithms Windows.swift
[1364/1807] Compiling Crypto ECDSA.swift
[1365/1807] Compiling Crypto Ed25519.swift
[1366/1807] Compiling Crypto MLDSA.swift
[1367/1807] Compiling Crypto HPKE-LabeledExtract.swift
[1368/1807] Compiling Crypto ECDSASignature_boring.swift
[1369/1807] Compiling Crypto ECDSA_boring.swift
[1370/1807] Compiling Crypto EdDSA_boring.swift
[1371/1807] Compiling Crypto MLDSA_boring.swift
[1372/1807] Compiling Crypto MLDSA_wrapper.swift
[1374/1807] Emitting module Atomics
[1376/1808] Emitting module Algorithms
[1377/1809] Wrapping AST for Atomics for debugging
[1378/1825] Wrapping AST for Algorithms for debugging
[1380/1873] Compiling NIOCore ByteBuffer-aux.swift
[1381/1873] Compiling NIOCore ByteBuffer-binaryEncodedLengthPrefix.swift
[1382/1873] Compiling NIOCore ByteBuffer-conversions.swift
[1383/1873] Compiling NIOCore ByteBuffer-core.swift
[1384/1873] Compiling NIOCore ByteBuffer-hex.swift
[1385/1873] Compiling NIOCore ByteBuffer-int.swift
[1386/1873] Compiling NIOCore ByteBuffer-lengthPrefix.swift
[1387/1873] Compiling NIOCore ByteBuffer-multi-int.swift
[1388/1873] Compiling NIOCore ByteBuffer-quicBinaryEncodingStrategy.swift
[1389/1873] Compiling NIOCore ByteBuffer-views.swift
[1390/1873] Compiling NIOCore Channel.swift
[1391/1873] Compiling NIOCore ChannelHandler.swift
[1392/1884] Compiling Crypto HKDF.swift
[1393/1884] Compiling Crypto AESWrap.swift
[1394/1884] Compiling Crypto AESWrap_boring.swift
[1395/1884] Compiling Crypto Ed25519_boring.swift
[1396/1884] Compiling Crypto NISTCurvesKeys_boring.swift
[1397/1884] Compiling Crypto X25519Keys_boring.swift
[1398/1884] Compiling Crypto Curve25519.swift
[1399/1884] Compiling Crypto Ed25519Keys.swift
[1400/1884] Compiling Crypto NISTCurvesKeys.swift
[1401/1884] Compiling Crypto X25519Keys.swift
[1402/1884] Compiling Crypto SymmetricKeys.swift
[1403/1884] Compiling Crypto HMAC.swift
[1404/1884] Compiling Crypto Signature.swift
[1405/1884] Compiling Crypto CryptoKitErrors_boring.swift
[1406/1884] Compiling Crypto Optional+withUnsafeBytes_boring.swift
[1407/1884] Compiling Crypto RNG_boring.swift
[1408/1884] Compiling Crypto SafeCompare_boring.swift
[1409/1884] Compiling Crypto Zeroization_boring.swift
[1410/1884] Compiling Crypto _CryptoModuleAnchor.swift
[1411/1884] Compiling Crypto PrettyBytes.swift
[1412/1884] Compiling Crypto SafeCompare.swift
[1413/1884] Compiling Crypto SecureBytes.swift
[1414/1884] Compiling Crypto Zeroization.swift
[1415/1884] Compiling NIOCore EventLoopFuture+AssumeIsolated.swift
[1416/1884] Compiling NIOCore IPProtocol.swift
[1417/1884] Compiling NIOCore IntegerBitPacking.swift
[1418/1884] Compiling NIOCore IntegerTypes.swift
[1419/1884] Compiling NIOCore Interfaces.swift
[1420/1884] Compiling NIOCore Linux.swift
[1421/1884] Compiling NIOCore MarkedCircularBuffer.swift
[1422/1884] Compiling NIOCore MulticastChannel.swift
[1423/1884] Compiling NIOCore NIOAny.swift
[1424/1884] Compiling NIOCore NIOCloseOnErrorHandler.swift
[1425/1884] Compiling NIOCore EventLoopFuture+Deprecated.swift
[1426/1884] Compiling NIOCore EventLoopFuture+WithEventLoop.swift
[1427/1884] Compiling NIOCore NIOCoreSendableMetatype.swift
[1428/1884] Compiling NIOCore NIODecodedAsyncSequence.swift
[1429/1884] Compiling NIOCore NIOLoopBound.swift
[1430/1884] Compiling NIOCore NIOPooledRecvBufferAllocator.swift
[1431/1884] Compiling NIOCore NIOScheduledCallback.swift
[1432/1884] Compiling NIOCore NIOSendable.swift
[1433/1884] Compiling NIOCore NIOSplitLinesMessageDecoder.swift
[1434/1884] Compiling NIOCore NIOTransportAccessibleChannelCore.swift
[1435/1884] Compiling NIOCore RecvByteBufferAllocator.swift
[1436/1892] Compiling NIOCore EventLoopFuture.swift
[1437/1892] Compiling NIOCore FileDescriptor.swift
[1438/1892] Compiling NIOCore FileHandle.swift
[1439/1892] Compiling NIOCore FileRegion.swift
[1440/1892] Compiling NIOCore GlobalSingletons.swift
[1441/1892] Compiling NIOCore IO.swift
[1442/1892] Compiling NIOCore IOData.swift
[1448/1892] Emitting module Crypto
[1453/1892] Compiling NIOCore SingleStepByteToMessageDecoder.swift
[1454/1892] Compiling NIOCore SocketAddresses.swift
[1455/1892] Compiling NIOCore SocketOptionProvider.swift
[1456/1892] Compiling NIOCore SystemCallHelpers.swift
[1457/1892] Compiling NIOCore TimeAmount+Duration.swift
[1458/1892] Compiling NIOCore TypeAssistedChannelHandler.swift
[1459/1892] Compiling NIOCore UniversalBootstrapSupport.swift
[1460/1892] Compiling NIOCore Utilities.swift
[1461/1892] Compiling NIOCore ChannelHandlers.swift
[1462/1892] Compiling NIOCore ChannelInvoker.swift
[1463/1892] Compiling NIOCore ChannelOption.swift
[1464/1892] Compiling NIOCore ChannelPipeline.swift
[1465/1892] Compiling NIOCore CircularBuffer.swift
[1466/1892] Compiling NIOCore Codec.swift
[1467/1892] Compiling NIOCore ConvenienceOptionSupport.swift
[1468/1892] Compiling NIOCore DeadChannel.swift
[1469/1892] Compiling NIOCore DispatchQueue+WithFuture.swift
[1470/1892] Compiling NIOCore EventLoop+Deprecated.swift
[1471/1892] Compiling NIOCore EventLoop+SerialExecutor.swift
[1472/1892] Compiling NIOCore EventLoop.swift
[1473/1892] Compiling NIOCore AddressedEnvelope.swift
[1474/1892] Compiling NIOCore AsyncAwaitSupport.swift
[1475/1892] Compiling NIOCore AsyncChannel.swift
[1476/1892] Compiling NIOCore AsyncChannelHandler.swift
[1477/1892] Compiling NIOCore AsyncChannelInboundStream.swift
[1478/1892] Compiling NIOCore AsyncChannelOutboundWriter.swift
[1479/1892] Compiling NIOCore NIOAsyncSequenceProducer.swift
[1480/1892] Compiling NIOCore NIOAsyncSequenceProducerStrategies.swift
[1481/1892] Compiling NIOCore NIOAsyncWriter.swift
[1482/1892] Compiling NIOCore NIOThrowingAsyncSequenceProducer.swift
[1483/1892] Compiling NIOCore BSDSocketAPI.swift
[1493/1893] Wrapping AST for Crypto for debugging
[1504/1955] Compiling CryptoExtras ARCServer.swift
[1505/1955] Compiling CryptoExtras ChaCha20CTR_boring.swift
[1506/1955] Compiling CryptoExtras ChaCha20CTR.swift
[1507/1955] Compiling CryptoExtras BoringSSLSHA512256Context.swift
[1508/1955] Compiling CryptoExtras BoringSSLSHA512256HashFunction.swift
[1509/1955] Compiling CryptoExtras SHA512256.swift
[1510/1955] Compiling CryptoExtras SHA512256Digest.swift
[1511/1955] Compiling CryptoExtras Curve25519+PEM.swift
[1512/1955] Compiling CryptoExtras ObjectIdentifier.swift
[1513/1963] Compiling CryptoExtras AES_CBC.swift
[1514/1963] Compiling CryptoExtras AES_CFB.swift
[1515/1963] Compiling CryptoExtras AES_CTR.swift
[1516/1963] Compiling CryptoExtras AES_GCM_SIV.swift
[1517/1963] Compiling CryptoExtras Block Function.swift
[1518/1963] Compiling CryptoExtras AES_CBC_boring.swift
[1519/1963] Compiling CryptoExtras AES_CFB_boring.swift
[1520/1963] Compiling CryptoExtras AES_CTR_boring.swift
[1521/1963] Compiling CryptoExtras AES_GCM_SIV_boring.swift
[1522/1963] Compiling CryptoExtras PBKDF2.swift
[1523/1963] Compiling CryptoExtras Scrypt_boring.swift
[1524/1963] Compiling CryptoExtras Scrypt.swift
[1525/1963] Compiling CryptoExtras OPRF.swift
[1526/1963] Compiling CryptoExtras OPRFClient.swift
[1527/1963] Compiling CryptoExtras OPRFServer.swift
[1528/1963] Compiling CryptoExtras VOPRF+API.swift
[1529/1963] Compiling CryptoExtras VOPRFClient.swift
[1530/1963] Compiling CryptoExtras VOPRFServer.swift
[1531/1963] Compiling CryptoExtras Data+Extensions.swift
[1532/1963] Compiling CryptoExtras DigestType.swift
[1533/1963] Compiling CryptoExtras Error.swift
[1534/1963] Compiling CryptoExtras I2OSP.swift
[1535/1963] Compiling CryptoExtras IntegerEncoding.swift
[1536/1963] Compiling CryptoExtras PEMDocument.swift
[1537/1963] Compiling CryptoExtras PrettyBytes.swift
[1538/1963] Compiling CryptoExtras SubjectPublicKeyInfo.swift
[1539/1963] Compiling CryptoExtras ThreadSpecific.swift
[1540/1963] Compiling CryptoExtras ThreadWindows.swift
[1541/1963] Compiling CryptoExtras DLEQ.swift
[1542/1963] Compiling CryptoExtras Prover.swift
[1543/1963] Compiling CryptoExtras Verifier.swift
[1544/1963] Compiling CryptoExtras ZKPToolbox.swift
[1547/1963] Compiling CryptoExtras ThreadOps.swift
[1548/1963] Compiling CryptoExtras ThreadPosix.swift
[1564/1963] Compiling CryptoExtras PKCS8DERRepresentation.swift
[1565/1963] Compiling CryptoExtras PKCS8PrivateKey.swift
[1566/1963] Compiling CryptoExtras RFC8410AlgorithmIdentifier.swift
[1567/1963] Compiling CryptoExtras ECToolbox_boring.swift
[1568/1963] Compiling CryptoExtras ECToolbox.swift
[1569/1963] Compiling CryptoExtras HashToField.swift
[1570/1963] Compiling CryptoExtras KDF.swift
[1571/1963] Compiling CryptoExtras PBKDF2_boring.swift
[1572/1963] Compiling CryptoExtras PBKDF2_commoncrypto.swift
[1573/1963] Compiling CryptoExtras BoringSSLPassphraseCallbackManager.swift
[1574/1963] Compiling CryptoExtras RSA+BlindSigning.swift
[1575/1963] Compiling CryptoExtras RSA.swift
[1576/1963] Compiling CryptoExtras RSA_boring.swift
[1577/1963] Compiling CryptoExtras Reexport.swift
[1578/1963] Compiling CryptoExtras Zeroization_boring.swift
[1579/1963] Compiling CryptoExtras BoringSSLHelpers.swift
[1580/1963] Compiling CryptoExtras CryptoKitErrors_boring.swift
[1590/1963] Emitting module CryptoExtras
[1591/1963] Compiling CryptoExtras CMAC.swift
[1592/1963] Compiling CryptoExtras ARC+API.swift
[1593/1963] Compiling CryptoExtras ARC.swift
[1594/1963] Compiling CryptoExtras ARCCredential.swift
[1595/1963] Compiling CryptoExtras ARCEncoding.swift
[1596/1963] Compiling CryptoExtras ARCPrecredential.swift
[1597/1963] Compiling CryptoExtras ARCPresentation.swift
[1598/1963] Compiling CryptoExtras ARCRequest.swift
[1599/1963] Compiling CryptoExtras ARCResponse.swift
[1600/1964] Wrapping AST for CryptoExtras for debugging
[1602/1966] Emitting module _CryptoExtras
[1603/1966] Compiling _CryptoExtras Exports.swift
[1604/1967] Wrapping AST for _CryptoExtras for debugging
[1606/2062] Compiling X509 CMSSignerIdentifier.swift
[1607/2062] Compiling X509 CMSSignerInfo.swift
[1608/2062] Compiling X509 CMSVersion.swift
[1609/2062] Compiling X509 Curve25519+DER.swift
[1610/2062] Compiling X509 CustomPrivateKey.swift
[1611/2062] Compiling X509 Digests.swift
[1612/2062] Compiling X509 DistinguishedName.swift
[1613/2062] Compiling X509 CommonName.swift
[1614/2062] Compiling X509 CountryName.swift
[1615/2062] Compiling X509 CertificateSerialNumber.swift
[1616/2062] Compiling X509 CertificateVersion.swift
[1617/2062] Compiling X509 CMSAttribute.swift
[1618/2062] Compiling X509 CMSContentInfo.swift
[1619/2062] Compiling X509 CMSEncapsulatedContentInfo.swift
[1620/2062] Compiling X509 CMSIssuerAndSerialNumber.swift
[1621/2062] Compiling X509 CMSOperations.swift
[1622/2062] Compiling X509 CMSSignature.swift
[1623/2062] Compiling X509 CMSSignedData.swift
[1624/2062] Emitting module NIOCore
[1639/2063] Compiling X509 DNBuilder.swift
[1639/2079] Wrapping AST for NIOCore for debugging
[1641/2133] Compiling NIOFoundationEssentialsCompat Codable+ByteBuffer.swift
[1642/2133] Compiling NIOPosix BaseStreamSocketChannel.swift
[1643/2133] Compiling NIOPosix Bootstrap.swift
[1644/2133] Compiling NIOPosix ControlMessage.swift
[1645/2133] Compiling NIOPosix DatagramVectorReadManager.swift
[1646/2133] Compiling NIOPosix Errors+Any.swift
[1647/2133] Compiling NIOPosix FileDescriptor.swift
[1648/2133] Compiling NIOPosix GetaddrinfoResolver.swift
[1649/2133] Compiling NIOPosix HappyEyeballs.swift
[1650/2133] Compiling NIOPosix IO.swift
[1651/2133] Compiling NIOPosix IntegerBitPacking.swift
[1652/2133] Compiling NIOPosix IntegerTypes.swift
[1653/2133] Compiling NIOPosix Linux.swift
[1654/2133] Compiling NIOPosix LinuxCPUSet.swift
[1655/2133] Compiling NIOPosix LinuxUring.swift
[1656/2133] Compiling NIOPosix SelectorWSAPoll.swift
[1657/2133] Compiling NIOPosix ServerSocket.swift
[1658/2133] Compiling NIOPosix Socket.swift
[1659/2133] Compiling NIOPosix SocketChannel.swift
[1660/2133] Compiling NIOPosix SocketProtocols.swift
[1661/2133] Compiling NIOPosix StructuredConcurrencyHelpers.swift
[1662/2133] Compiling NIOPosix System.swift
[1663/2133] Compiling NIOPosix PipeChannel.swift
[1664/2133] Compiling NIOPosix PipePair.swift
[1665/2133] Compiling NIOPosix Pool.swift
[1666/2133] Compiling NIOPosix PosixSingletons+ConcurrencyTakeOver.swift
[1667/2133] Compiling NIOPosix PosixSingletons.swift
[1668/2133] Compiling NIOPosix RawSocketBootstrap.swift
[1669/2133] Compiling NIOFoundationEssentialsCompat ByteBuffer-foundation.swift
[1670/2133] Emitting module NIOFoundationEssentialsCompat
[1672/2134] Compiling NIOEmbedded AsyncTestingEventLoop.swift
[1673/2134] Emitting module NIOEmbedded
[1674/2134] Compiling NIOEmbedded AsyncTestingChannel.swift
[1674/2134] Wrapping AST for NIOFoundationEssentialsCompat for debugging
[1676/2134] Compiling X509 DomainComponent.swift
[1677/2134] Compiling X509 EmailAddress.swift
[1678/2134] Compiling X509 LocalityName.swift
[1679/2134] Compiling X509 OrganizationName.swift
[1680/2134] Compiling X509 OrganizationalUnitName.swift
[1681/2134] Compiling X509 StateOrProvinceName.swift
[1682/2134] Compiling X509 StreetAddress.swift
[1683/2134] Compiling X509 Error.swift
[1684/2134] Compiling X509 AuthorityInformationAccess.swift
[1685/2134] Compiling X509 AuthorityKeyIdentifier.swift
[1686/2134] Compiling X509 BasicConstraints.swift
[1687/2134] Compiling X509 ExtendedKeyUsage.swift
[1688/2134] Compiling X509 ExtensionIdentifiers.swift
[1689/2134] Compiling X509 KeyUsage.swift
[1690/2134] Compiling X509 PKCS8PrivateKey.swift
[1691/2134] Compiling X509 PromiseAndFuture.swift
[1692/2134] Compiling X509 RDNAttribute.swift
[1693/2134] Compiling X509 RandomNumberGenerator+bytes.swift
[1694/2134] Compiling X509 RelativeDistinguishedName.swift
[1695/2134] Compiling X509 SEC1PrivateKey.swift
[1696/2134] Compiling X509 SecKeyWrapper.swift
[1697/2134] Compiling X509 Signature.swift
[1698/2134] Compiling X509 SignatureAlgorithm.swift
[1699/2134] Compiling X509 AllOfPolicies.swift
[1700/2134] Compiling X509 AnyPolicy.swift
[1701/2134] Compiling X509 CertificateStore.swift
[1702/2134] Compiling X509 CustomCertificateStore.swift
[1703/2134] Compiling X509 NameConstraints.swift
[1704/2134] Compiling X509 SubjectAlternativeName.swift
[1705/2134] Compiling X509 SubjectKeyIdentifier.swift
[1706/2134] Compiling X509 Extension.swift
[1707/2134] Compiling X509 Extensions.swift
[1708/2134] Compiling X509 ExtensionsBuilder.swift
[1709/2134] Compiling X509 GeneralName.swift
[1710/2134] Compiling X509 Lock.swift
[1711/2134] Compiling X509 LockedValueBox.swift
[1712/2134] Compiling X509 BasicOCSPResponse.swift
[1713/2134] Compiling X509 DirectoryString.swift
[1714/2134] Compiling X509 OCSPCertID.swift
[1715/2134] Compiling X509 OCSPCertStatus.swift
[1716/2134] Compiling NIOPosix Resolver.swift
[1717/2134] Compiling NIOPosix Selectable.swift
[1718/2134] Compiling NIOPosix SelectableChannel.swift
[1719/2134] Compiling NIOPosix SelectableEventLoop.swift
[1720/2134] Compiling NIOPosix SelectorEpoll.swift
[1721/2134] Compiling NIOPosix SelectorGeneric.swift
[1722/2134] Compiling NIOPosix SelectorKqueue.swift
[1723/2134] Compiling NIOPosix SelectorUring.swift
[1724/2134] Compiling X509 URIConstraints.swift
[1725/2134] Compiling X509 VersionPolicy.swift
[1726/2134] Compiling X509 ServerIdentityPolicy.swift
[1727/2134] Compiling X509 TrustRootLoading.swift
[1728/2134] Compiling X509 UnverifiedChain.swift
[1729/2134] Compiling NIOEmbedded Embedded.swift
[1730/2135] Wrapping AST for NIOEmbedded for debugging
[1732/2135] Emitting module X509
[1754/2142] Compiling X509 ValidatedCertificateChain.swift
[1755/2142] Compiling X509 VerificationDiagnostic.swift
[1756/2142] Compiling X509 Verifier.swift
[1757/2142] Compiling X509 VerifierPolicy.swift
[1758/2142] Compiling X509 AlgorithmIdentifier.swift
[1759/2142] Compiling X509 ECDSASignature.swift
[1760/2142] Compiling X509 RSAPKCS1PublicKey.swift
[1761/2142] Compiling X509 SubjectPublicKeyInfo.swift
[1762/2142] Compiling X509 TBSCertificate.swift
[1763/2142] Compiling X509 Time.swift
[1764/2142] Compiling X509 TimeCalculations.swift
[1765/2142] Compiling X509 Validity.swift
[1766/2142] Compiling X509 X509SendableMetatype.swift
[1767/2143] Wrapping AST for X509 for debugging
[1776/2143] Emitting module NIOPosix
[1777/2210] Compiling JWTKit JWTError.swift
[1778/2210] Compiling JWTKit JWTHeader+CommonFields.swift
[1779/2210] Compiling JWTKit JWTHeader.swift
[1780/2210] Compiling JWTKit JWTHeaderField.swift
[1781/2210] Compiling JWTKit JWTKeyCollection.swift
[1782/2210] Compiling JWTKit JWTParser+MandatoryVerificationFields.swift
[1783/2210] Compiling JWTKit JWTParser.swift
[1784/2210] Compiling JWTKit MLDSA65+MLDSAKey.swift
[1785/2210] Compiling JWTKit MLDSA87+MLDSAKey.swift
[1786/2210] Compiling JWTKit MLDSAError.swift
[1787/2210] Compiling JWTKit MLDSAKey.swift
[1788/2210] Compiling JWTKit MLDSASigner.swift
[1789/2210] Compiling JWTKit AudienceClaim.swift
[1790/2210] Compiling JWTKit BoolClaim.swift
[1791/2210] Compiling JWTKit EdDSAError.swift
[1792/2210] Compiling JWTKit EdDSASigner.swift
[1793/2210] Compiling JWTKit JWTKeyCollection+EdDSA.swift
[1794/2210] Compiling JWTKit JWTSerializer.swift
[1795/2210] Compiling JWTKit JWTSigner.swift
[1796/2210] Compiling JWTKit JWTKeyCollection+MLDSA.swift
[1797/2210] Compiling JWTKit MLDSA.swift
[1798/2210] Compiling JWTKit ExpirationClaim.swift
[1799/2210] Compiling JWTKit GoogleHostedDomainClaim.swift
[1800/2210] Compiling JWTKit IDClaim.swift
[1801/2210] Compiling JWTKit IssuedAtClaim.swift
[1802/2210] Compiling JWTKit IssuerClaim.swift
[1803/2210] Compiling JWTKit JWTClaim.swift
[1804/2210] Compiling JWTKit JWTMultiValueClaim.swift
[1806/2211] Compiling JWTKit MLDSAType.swift
[1807/2211] Compiling JWTKit JWTKeyCollection+UnsecuredNone.swift
[1808/2211] Compiling JWTKit UnsecuredNoneSigner.swift
[1809/2211] Compiling JWTKit JWTKeyCollection+RSA.swift
[1810/2211] Compiling JWTKit RSA.swift
[1811/2211] Compiling JWTKit RSAError.swift
[1812/2211] Compiling JWTKit RSASigner.swift
[1813/2211] Compiling JWTKit Base64URL.swift
[1814/2211] Compiling JWTKit CryptoSigner.swift
[1815/2220] Compiling JWTKit ECDSASigningAlgorithm.swift
[1816/2220] Compiling JWTKit JWTKeyCollection+ECDSA.swift
[1817/2220] Compiling JWTKit P256+CurveType.swift
[1818/2220] Compiling JWTKit P384+CurveType.swift
[1819/2220] Compiling JWTKit P521+CurveType.swift
[1820/2220] Compiling JWTKit EdDSA.swift
[1821/2220] Compiling JWTKit EdDSACurve.swift
[1824/2220] Wrapping AST for NIOPosix for debugging
[1826/2222] Emitting module JWTKit
[1827/2222] Emitting module NIO
[1828/2222] Compiling NIO Exports.swift
[1829/2223] Wrapping AST for NIO for debugging
[1831/2262] Compiling JWTKit HMAC.swift
[1832/2262] Compiling JWTKit HMACError.swift
[1833/2262] Compiling JWTKit HMACSigner.swift
[1834/2262] Compiling JWTKit JWTKeyCollection+HMAC.swift
[1835/2262] Compiling JWTKit Insecure.swift
[1836/2262] Compiling JWTKit JWK.swift
[1837/2262] Compiling JWTKit JWKIdentifier.swift
[1838/2262] Compiling JWTKit JWKS.swift
[1839/2262] Compiling JWTKit JWKSigner.swift
[1840/2262] Compiling NIOTLS TLSEvents.swift
[1841/2262] Compiling NIOFoundationCompat JSONSerialization+ByteBuffer.swift
[1842/2262] Compiling NIOFoundationCompat WaitSpinningRunLoop.swift
[1843/2262] Emitting module NIOFoundationCompat
[1844/2262] Compiling NIOSOCKS SOCKSResponse.swift
[1845/2263] Compiling NIOFoundationCompat Exports.swift
[1846/2264] Compiling NIOTLS NIOTypedApplicationProtocolNegotiationHandler.swift
[1847/2264] Compiling NIOHTTP1 HTTPTypedPipelineSetup.swift
[1849/2264] Compiling NIOHTTP1 HTTPTypes.swift
[1850/2264] Compiling NIOHTTP1 NIOHTTPClientUpgradeHandler.swift
[1851/2264] Compiling NIOHTTP1 NIOHTTPObjectAggregator.swift
[1852/2264] Compiling NIOHTTP1 NIOTypedHTTPClientUpgradeHandler.swift
[1853/2264] Compiling NIOHTTP1 NIOTypedHTTPClientUpgraderStateMachine.swift
[1866/2264] Compiling JWTKit JWTUnixEpochClaim.swift
[1867/2264] Compiling JWTKit JWTAlgorithm.swift
[1875/2264] Compiling JWTKit JWTPayload.swift
[1876/2264] Compiling JWTKit LocaleClaim.swift
[1877/2264] Compiling JWTKit NotBeforeClaim.swift
[1878/2264] Compiling JWTKit SubjectClaim.swift
[1879/2264] Compiling JWTKit TenantIDClaim.swift
[1880/2264] Compiling JWTKit ECDSA.swift
[1881/2264] Compiling JWTKit ECDSACurve.swift
[1882/2264] Compiling JWTKit ECDSACurveType.swift
[1883/2264] Compiling JWTKit ECDSAError.swift
[1884/2264] Compiling JWTKit ECDSAKeyTypes.swift
[1885/2264] Compiling JWTKit ECDSASigner.swift
[1886/2264] Compiling NIOSOCKS ClientStateMachine.swift
[1887/2264] Compiling NIOSOCKS SelectedAuthenticationMethod.swift
[1888/2264] Compiling NIOTLS ProtocolNegotiationHandlerStateMachine.swift
[1888/2264] Wrapping AST for NIOFoundationCompat for debugging
[1890/2264] Compiling NIOHTTP1 HTTPServerRequestMethodQueue.swift
[1891/2264] Compiling NIOHTTP1 HTTPServerUpgradeHandler.swift
[1892/2265] Compiling NIOSOCKS ServerStateMachine.swift
[1893/2266] Emitting module NIOSOCKS
[1894/2266] Compiling NIOHTTP1 HTTPServerPipelineHandler.swift
[1895/2266] Compiling NIOHTTP1 HTTPServerProtocolErrorHandler.swift
[1896/2266] Compiling NIOHTTP1 HTTPHeaders+Validation.swift
[1897/2266] Compiling NIOHTTP1 HTTPPipelineSetup.swift
[1898/2266] Compiling NIOHTTP1 HTTPEncoder.swift
[1899/2266] Compiling NIOHTTP1 HTTPHeaderValidator.swift
[1900/2266] Compiling NIOHTTP1 ByteCollectionUtils.swift
[1901/2266] Compiling NIOHTTP1 HTTPDecoder.swift
[1902/2267] Wrapping AST for NIOSOCKS for debugging
[1903/2267] Compiling NIOTLS SNIHandler.swift
[1905/2267] Compiling NIOTLS ApplicationProtocolNegotiationHandler.swift
[1906/2267] Emitting module NIOTLS
[1909/2268] Wrapping AST for NIOTLS for debugging
[1913/2298] Compiling NIOSSL SafeCompare.swift
[1914/2298] Compiling NIOSSL SSLPrivateKey.swift
[1915/2298] Compiling NIOSSL SSLPublicKey.swift
[1916/2298] Compiling NIOSSL SecurityFrameworkCertificateVerification.swift
[1917/2298] Compiling NIOSSL String+unsafeUninitializedCapacity.swift
[1918/2298] Compiling JWTKit CustomizedJSONCoders.swift
[1919/2298] Compiling JWTKit Utilities.swift
[1920/2298] Compiling JWTKit AppleIdentityToken.swift
[1921/2298] Compiling JWTKit FirebaseAuthIdentityToken.swift
[1922/2298] Compiling JWTKit GoogleIdentityToken.swift
[1923/2298] Compiling JWTKit MicrosoftIdentityToken.swift
[1924/2298] Compiling JWTKit EmptyPolicy.swift
[1925/2298] Compiling JWTKit ValidationTimePayload.swift
[1926/2298] Compiling JWTKit X5CVerifier.swift
[1928/2299] Compiling NIOSSL SSLContext.swift
[1929/2299] Compiling NIOSSL SSLErrors.swift
[1929/2299] Wrapping AST for JWTKit for debugging
[1931/2299] Compiling NIOSSL PosixPort.swift
[1932/2299] Compiling NIOSSL SSLCallbacks.swift
[1933/2299] Emitting module NIOHTTP1
[1934/2299] Compiling NIOSSL SubjectAlternativeName.swift
[1935/2299] Compiling NIOSSL NIOSSLSecureBytes.swift
[1936/2299] Compiling NIOSSL RNG.swift
[1937/2314] Wrapping AST for NIOHTTP1 for debugging
[1939/2317] Compiling NIOHPACK HPACKEncoder.swift
[1940/2317] Compiling NIOHPACK HPACKErrors.swift
[1941/2318] Compiling NIOSSL AndroidCABundle.swift
[1942/2318] Compiling NIOSSL ByteBufferBIO.swift
[1943/2318] Compiling NIOSSL CustomPrivateKey.swift
[1944/2318] Compiling NIOSSL FreeBSDCABundle.swift
[1945/2318] Compiling NIOSSL IdentityVerification.swift
[1946/2322] Compiling NIOHPACK IndexedHeaderTable.swift
[1947/2322] Compiling NIOHPACK IntegerCoding.swift
[1948/2322] Compiling NIOSSL LinuxCABundle.swift
[1949/2322] Compiling NIOSSL NIOSSLClientHandler.swift
[1950/2322] Compiling NIOSSL NIOSSLHandler+Configuration.swift
[1951/2322] Compiling NIOSSL NIOSSLHandler.swift
[1952/2322] Compiling NIOHPACK HuffmanTables.swift
[1953/2322] Compiling NIOHTTPCompression HTTPDecompressor.swift
[1954/2322] Compiling NIOHPACK HuffmanCoding.swift
[1955/2322] Compiling NIOHPACK StaticHeaderTable.swift
[1956/2322] Emitting module NIOHPACK
[1957/2322] Compiling NIOHTTPCompression HTTPCompression.swift
[1958/2322] Compiling NIOHTTPCompression HTTPDecompression.swift
[1959/2322] Emitting module NIOHTTPCompression
[1960/2322] Compiling NIOHTTPCompression HTTPResponseCompressor.swift
[1961/2322] Compiling NIOHTTPCompression HTTPRequestCompressor.swift
[1964/2323] Compiling NIOHPACK HPACKHeader.swift
[1965/2323] Compiling NIOHPACK HeaderTables.swift
[1969/2323] Compiling NIOHPACK DynamicHeaderTable.swift
[1970/2323] Compiling NIOHPACK HPACKDecoder.swift
[1970/2324] Wrapping AST for NIOHTTPCompression for debugging
[1973/2324] Emitting module NIOSSL
[1973/2324] Wrapping AST for NIOHPACK for debugging
[1975/2387] Compiling NIOHTTP2 ReceivingWindowUpdateState.swift
[1976/2387] Compiling NIOHTTP2 HTTP2FrameParser.swift
[1977/2387] Compiling NIOHTTP2 HTTP2PingData.swift
[1978/2387] Compiling NIOHTTP2 HTTP2PipelineHelpers.swift
[1979/2387] Compiling NIOHTTP2 HTTP2Settings.swift
[1980/2387] Compiling NIOHTTP2 HTTP2Stream.swift
[1981/2387] Compiling NIOHTTP2 HTTP2StreamChannel+OutboundStreamMultiplexer.swift
[1982/2387] Compiling NIOHTTP2 HTTP2StreamChannel.swift
[1983/2387] Compiling NIOHTTP2 ReceivingGoAwayState.swift
[1984/2387] Compiling NIOHTTP2 ReceivingHeadersState.swift
[1985/2387] Compiling NIOHTTP2 ReceivingPushPromiseState.swift
[1986/2387] Compiling NIOHTTP2 ReceivingRstStreamState.swift
[1987/2387] Compiling NIOHTTP2 HTTP2StreamDelegate.swift
[1988/2387] Compiling NIOHTTP2 HTTP2StreamID.swift
[1989/2387] Compiling NIOHTTP2 HTTP2StreamMultiplexer.swift
[1990/2387] Compiling NIOHTTP2 HTTP2ToHTTP1Codec.swift
[1991/2387] Compiling NIOHTTP2 SendingHeadersState.swift
[1992/2387] Compiling NIOHTTP2 SendingPushPromiseState.swift
[1993/2387] Compiling NIOHTTP2 SendingRstStreamState.swift
[1994/2387] Compiling NIOHTTP2 SendingWindowUpdateState.swift
[1995/2388] Wrapping AST for NIOSSL for debugging
[1997/2388] Compiling NIOHTTP2 DOSHeuristics.swift
[1998/2388] Compiling NIOHTTP2 Error+Any.swift
[1999/2388] Compiling NIOHTTP2 ConcurrentStreamBuffer.swift
[2000/2388] Compiling NIOHTTP2 ControlFrameBuffer.swift
[2001/2388] Compiling NIOHTTP2 OutboundFlowControlBuffer.swift
[2002/2388] Compiling NIOHTTP2 OutboundFrameBuffer.swift
[2003/2388] Compiling NIOHTTP2 GlitchesMonitor.swift
[2004/2388] Compiling NIOHTTP2 HPACKHeaders+Validation.swift
[2005/2388] Compiling NIOHTTP2 HTTP2ChannelHandler+InboundStreamMultiplexer.swift
[2006/2388] Compiling NIOHTTP2 HasFlowControlWindows.swift
[2007/2388] Compiling NIOHTTP2 HasLocalSettings.swift
[2008/2388] Compiling NIOHTTP2 HasRemoteSettings.swift
[2009/2388] Compiling NIOHTTP2 LocallyQuiescingState.swift
[2010/2388] Compiling NIOHTTP2 QuiescingState.swift
[2011/2388] Compiling NIOHTTP2 RemotelyQuiescingState.swift
[2012/2388] Compiling NIOHTTP2 SendAndReceiveGoawayState.swift
[2013/2388] Compiling NIOHTTP2 StateMachineResult.swift
[2014/2388] Compiling NIOHTTP2 ContentLengthVerifier.swift
[2017/2396] Compiling NIOHTTP2 HTTP2UserEvents.swift
[2018/2396] Compiling NIOHTTP2 InboundEventBuffer.swift
[2019/2396] Compiling NIOHTTP2 InboundWindowManager.swift
[2020/2396] Compiling NIOHTTP2 MultiplexerAbstractChannel.swift
[2021/2396] Compiling NIOHTTP2 NIOHTTP2FrameDelegate.swift
[2022/2396] Compiling NIOHTTP2 NIOHTTP2ServerConnectionManagementHandler+StateMachine.swift
[2023/2396] Emitting module NIOHTTP2
[2024/2396] Compiling NIOHTTP2 ConnectionStateMachine.swift
[2025/2396] Compiling NIOHTTP2 ConnectionStreamsState.swift
[2026/2396] Compiling NIOHTTP2 MayReceiveFrames.swift
[2027/2396] Compiling NIOHTTP2 ReceivingDataState.swift
[2033/2396] Compiling NIOHTTP2 NIOHTTP2ServerConnectionManagementHandler.swift
[2034/2396] Compiling NIOHTTP2 StreamChannelFlowController.swift
[2035/2396] Compiling NIOHTTP2 StreamChannelList.swift
[2036/2396] Compiling NIOHTTP2 StreamMap.swift
[2037/2396] Compiling NIOHTTP2 StreamStateMachine.swift
[2038/2396] Compiling NIOHTTP2 Timer.swift
[2039/2396] Compiling NIOHTTP2 UnsafeTransfer.swift
[2040/2396] Compiling NIOHTTP2 WatermarkedFlowController.swift
[2041/2396] Compiling NIOHTTP2 MaySendFrames.swift
[2042/2396] Compiling NIOHTTP2 SendingDataState.swift
[2043/2396] Compiling NIOHTTP2 SendingGoawayState.swift
[2048/2396] Compiling NIOHTTP2 HTTP2SettingsState.swift
[2049/2396] Compiling NIOHTTP2 HasExtendedConnectSettings.swift
[2059/2396] Compiling NIOHTTP2 HTTP2ChannelHandler+InlineStreamMultiplexer.swift
[2060/2396] Compiling NIOHTTP2 HTTP2ChannelHandler.swift
[2061/2396] Compiling NIOHTTP2 HTTP2CommonInboundStreamMultiplexer.swift
[2062/2396] Compiling NIOHTTP2 HTTP2ConnectionStateChange.swift
[2063/2396] Compiling NIOHTTP2 HTTP2Error.swift
[2064/2396] Compiling NIOHTTP2 HTTP2ErrorCode.swift
[2065/2396] Compiling NIOHTTP2 HTTP2FlowControlWindow.swift
[2066/2396] Compiling NIOHTTP2 HTTP2Frame.swift
[2067/2396] Compiling NIOHTTP2 HTTP2FrameEncoder.swift
[2068/2397] Wrapping AST for NIOHTTP2 for debugging
[2070/2461] Emitting module AsyncHTTPClient
[2071/2469] Compiling AsyncHTTPClient HTTP1ProxyConnectHandler.swift
[2072/2469] Compiling AsyncHTTPClient SOCKSEventsHandler.swift
[2073/2469] Compiling AsyncHTTPClient TLSEventsHandler.swift
[2074/2469] Compiling AsyncHTTPClient HTTP1ClientChannelHandler.swift
[2075/2469] Compiling AsyncHTTPClient HTTP1Connection.swift
[2076/2469] Compiling AsyncHTTPClient HTTP1ConnectionStateMachine.swift
[2077/2469] Compiling AsyncHTTPClient HTTP2ClientRequestHandler.swift
[2078/2469] Compiling AsyncHTTPClient HTTP2Connection.swift
[2079/2469] Compiling AsyncHTTPClient HTTP2IdleHandler.swift
[2080/2469] Compiling AsyncHTTPClient RequestValidation.swift
[2081/2469] Compiling AsyncHTTPClient SSLContextCache.swift
[2082/2469] Compiling AsyncHTTPClient Scheme.swift
[2083/2469] Compiling AsyncHTTPClient Singleton.swift
[2084/2469] Compiling AsyncHTTPClient StringConvertibleInstances.swift
[2085/2469] Compiling AsyncHTTPClient StructuredConcurrencyHelpers.swift
[2086/2469] Compiling AsyncHTTPClient TracingSupport.swift
[2087/2469] Compiling AsyncHTTPClient Utils.swift
[2088/2469] Compiling AsyncHTTPClient RequestOptions.swift
[2089/2469] Compiling AsyncHTTPClient HTTPConnectionPool+Backoff.swift
[2090/2469] Compiling AsyncHTTPClient HTTPConnectionPool+HTTP1Connections.swift
[2091/2469] Compiling AsyncHTTPClient HTTPConnectionPool+HTTP1StateMachine.swift
[2092/2469] Compiling AsyncHTTPClient HTTPConnectionPool+HTTP2Connections.swift
[2093/2469] Compiling AsyncHTTPClient HTTPConnectionPool+HTTP2StateMachine.swift
[2094/2469] Compiling AsyncHTTPClient HTTPConnectionPool+RequestQueue.swift
[2095/2469] Compiling AsyncHTTPClient HTTPConnectionPool+StateMachine.swift
[2096/2469] Compiling AsyncHTTPClient ConnectionTarget.swift
[2097/2469] Compiling AsyncHTTPClient LRUCache.swift
[2098/2469] Compiling AsyncHTTPClient NIOLoopBound+Execute.swift
[2099/2469] Compiling AsyncHTTPClient NWErrorHandler.swift
[2100/2469] Compiling AsyncHTTPClient NWWaitingHandler.swift
[2101/2469] Compiling AsyncHTTPClient TLSConfiguration.swift
[2102/2469] Compiling AsyncHTTPClient RedirectState.swift
[2103/2469] Compiling AsyncHTTPClient RequestBag+StateMachine.swift
[2104/2469] Compiling AsyncHTTPClient RequestBag+Tracing.swift
[2105/2469] Compiling AsyncHTTPClient RequestBag.swift
[2106/2469] Compiling AsyncHTTPClient AnyAsyncSequence.swift
[2107/2469] Compiling AsyncHTTPClient AnyAsyncSequenceProucerDelete.swift
[2108/2469] Compiling AsyncHTTPClient AsyncLazySequence.swift
[2109/2469] Compiling AsyncHTTPClient HTTPClient+execute.swift
[2110/2469] Compiling AsyncHTTPClient HTTPClient+shutdown.swift
[2111/2469] Compiling AsyncHTTPClient HTTPClient+tracing.swift
[2112/2469] Compiling AsyncHTTPClient HTTPClientRequest+Prepared.swift
[2113/2469] Compiling AsyncHTTPClient HTTPClientRequest+auth.swift
[2114/2469] Compiling AsyncHTTPClient HTTPClientRequest.swift
[2115/2469] Compiling AsyncHTTPClient HTTPConnectionEvent.swift
[2116/2469] Compiling AsyncHTTPClient HTTPConnectionPool+Factory.swift
[2117/2469] Compiling AsyncHTTPClient HTTPConnectionPool+Manager.swift
[2118/2469] Compiling AsyncHTTPClient HTTPConnectionPool.swift
[2119/2469] Compiling AsyncHTTPClient HTTPExecutableRequest.swift
[2120/2469] Compiling AsyncHTTPClient HTTPRequestStateMachine+Demand.swift
[2121/2469] Compiling AsyncHTTPClient HTTPRequestStateMachine.swift
[2122/2469] Compiling AsyncHTTPClient RequestBodyLength.swift
[2123/2469] Compiling AsyncHTTPClient RequestFramingMetadata.swift
[2124/2469] Compiling AsyncHTTPClient DeconstructedURL.swift
[2125/2469] Compiling AsyncHTTPClient FileDownloadDelegate.swift
[2126/2469] Compiling AsyncHTTPClient FoundationExtensions.swift
[2127/2469] Compiling AsyncHTTPClient HTTPClient+HTTPCookie.swift
[2128/2469] Compiling AsyncHTTPClient HTTPClient+Proxy.swift
[2129/2469] Compiling AsyncHTTPClient HTTPClient+StructuredConcurrency.swift
[2130/2469] Compiling AsyncHTTPClient HTTPClient.swift
[2131/2469] Compiling AsyncHTTPClient HTTPClientConfiguration+SwiftConfiguration.swift
[2132/2469] Compiling AsyncHTTPClient HTTPHandler.swift
[2133/2469] Compiling AsyncHTTPClient HTTPClientResponse.swift
[2134/2469] Compiling AsyncHTTPClient SingleIteratorPrecondition.swift
[2135/2469] Compiling AsyncHTTPClient Transaction+StateMachine.swift
[2136/2469] Compiling AsyncHTTPClient Transaction.swift
[2137/2469] Compiling AsyncHTTPClient Base64.swift
[2138/2469] Compiling AsyncHTTPClient BasicAuth.swift
[2139/2469] Compiling AsyncHTTPClient BestEffortHashableTLSConfiguration.swift
[2140/2469] Compiling AsyncHTTPClient Configuration+BrowserLike.swift
[2141/2469] Compiling AsyncHTTPClient ConnectionPool.swift
[2142/2470] Wrapping AST for AsyncHTTPClient for debugging
[2144/2493] Emitting module GoogleAuth
[2145/2496] Compiling GoogleAuth AnonymousCredentials.swift
[2146/2496] Compiling GoogleAuth ApiKeyCredentials.swift
[2147/2496] Compiling GoogleAuth ExternalAccountCredentials.swift
[2148/2496] Compiling GoogleAuth UserAccountData.swift
[2149/2496] Compiling GoogleAuth UserAccountTokenProvider.swift
[2150/2496] Compiling GoogleAuth UserCredentials.swift
[2151/2496] Compiling GoogleAuth ADC.swift
[2152/2496] Compiling GoogleAuth ADCPath.swift
[2153/2496] Compiling GoogleAuth ADCResolver.swift
[2154/2496] Compiling GoogleAuth AuthHeaders.swift
[2155/2496] Compiling GoogleAuth CredentialParserRegistry.swift
[2156/2496] Compiling GoogleAuth Credentials.swift
[2157/2496] Compiling GoogleAuth CredentialsError.swift
[2158/2496] Compiling GoogleAuth SubjectTokenProvider.swift
[2159/2496] Compiling GoogleAuth MDSAccessTokenProvider.swift
[2160/2496] Compiling GoogleAuth MDSCredentials.swift
[2161/2496] Compiling GoogleAuth ServiceAccountCredentials.swift
[2162/2496] Compiling GoogleAuth ServiceAccountData.swift
[2163/2496] Compiling GoogleAuth ServiceAccountTokenProvider.swift
[2164/2496] Compiling GoogleAuth AuthHTTPClient.swift
[2165/2496] Compiling GoogleAuth AuthHTTPError.swift
[2166/2496] Compiling GoogleAuth RetryEngine.swift
[2167/2496] Compiling GoogleAuth STSHandler.swift
[2168/2496] Compiling GoogleAuth TokenCache.swift
[2169/2496] Compiling GoogleAuth PackageVersion.swift
[2170/2497] Wrapping AST for GoogleAuth for debugging
[2172/2555] Compiling GoogleGax Pagination.swift
/host/spi-builder-workspace/.build/checkouts/swift-google-gax/Sources/GoogleGax/Pagination.swift:44:22: error: cannot convert '@Sendable (String) async throws -> (response: ResponseType, items: [Item], nextToken: String)' to 'nonisolated(nonsending) @Sendable (String) async throws -> (response: ResponseType, items: [Item], nextToken: String)' because crossing of an isolation boundary requires parameter and result types to conform to 'Sendable' protocol
 42 |   ) where ResponseType: _PaginatedResponse<Item> {
 43 |     self.initialPageToken = initialPageToken ?? ""
 44 |     self.fetchPage = { token in
    |                      |- error: cannot convert '@Sendable (String) async throws -> (response: ResponseType, items: [Item], nextToken: String)' to 'nonisolated(nonsending) @Sendable (String) async throws -> (response: ResponseType, items: [Item], nextToken: String)' because crossing of an isolation boundary requires parameter and result types to conform to 'Sendable' protocol
    |                      `- note: type 'Item' does not conform to 'Sendable' protocol
 45 |       let response = try await listRpc(token)
 46 |       return (response, response._getPaginatedItems(), response._nextPageToken())
[2173/2555] Compiling GoogleGax PollingBackoffPolicy.swift
/host/spi-builder-workspace/.build/checkouts/swift-google-gax/Sources/GoogleGax/Pagination.swift:44:22: error: cannot convert '@Sendable (String) async throws -> (response: ResponseType, items: [Item], nextToken: String)' to 'nonisolated(nonsending) @Sendable (String) async throws -> (response: ResponseType, items: [Item], nextToken: String)' because crossing of an isolation boundary requires parameter and result types to conform to 'Sendable' protocol
 42 |   ) where ResponseType: _PaginatedResponse<Item> {
 43 |     self.initialPageToken = initialPageToken ?? ""
 44 |     self.fetchPage = { token in
    |                      |- error: cannot convert '@Sendable (String) async throws -> (response: ResponseType, items: [Item], nextToken: String)' to 'nonisolated(nonsending) @Sendable (String) async throws -> (response: ResponseType, items: [Item], nextToken: String)' because crossing of an isolation boundary requires parameter and result types to conform to 'Sendable' protocol
    |                      `- note: type 'Item' does not conform to 'Sendable' protocol
 45 |       let response = try await listRpc(token)
 46 |       return (response, response._getPaginatedItems(), response._nextPageToken())
[2174/2555] Compiling GoogleGax PollingErrorPolicy.swift
/host/spi-builder-workspace/.build/checkouts/swift-google-gax/Sources/GoogleGax/Pagination.swift:44:22: error: cannot convert '@Sendable (String) async throws -> (response: ResponseType, items: [Item], nextToken: String)' to 'nonisolated(nonsending) @Sendable (String) async throws -> (response: ResponseType, items: [Item], nextToken: String)' because crossing of an isolation boundary requires parameter and result types to conform to 'Sendable' protocol
 42 |   ) where ResponseType: _PaginatedResponse<Item> {
 43 |     self.initialPageToken = initialPageToken ?? ""
 44 |     self.fetchPage = { token in
    |                      |- error: cannot convert '@Sendable (String) async throws -> (response: ResponseType, items: [Item], nextToken: String)' to 'nonisolated(nonsending) @Sendable (String) async throws -> (response: ResponseType, items: [Item], nextToken: String)' because crossing of an isolation boundary requires parameter and result types to conform to 'Sendable' protocol
    |                      `- note: type 'Item' does not conform to 'Sendable' protocol
 45 |       let response = try await listRpc(token)
 46 |       return (response, response._getPaginatedItems(), response._nextPageToken())
[2175/2555] Compiling GoogleGax PollingResult.swift
/host/spi-builder-workspace/.build/checkouts/swift-google-gax/Sources/GoogleGax/Pagination.swift:44:22: error: cannot convert '@Sendable (String) async throws -> (response: ResponseType, items: [Item], nextToken: String)' to 'nonisolated(nonsending) @Sendable (String) async throws -> (response: ResponseType, items: [Item], nextToken: String)' because crossing of an isolation boundary requires parameter and result types to conform to 'Sendable' protocol
 42 |   ) where ResponseType: _PaginatedResponse<Item> {
 43 |     self.initialPageToken = initialPageToken ?? ""
 44 |     self.fetchPage = { token in
    |                      |- error: cannot convert '@Sendable (String) async throws -> (response: ResponseType, items: [Item], nextToken: String)' to 'nonisolated(nonsending) @Sendable (String) async throws -> (response: ResponseType, items: [Item], nextToken: String)' because crossing of an isolation boundary requires parameter and result types to conform to 'Sendable' protocol
    |                      `- note: type 'Item' does not conform to 'Sendable' protocol
 45 |       let response = try await listRpc(token)
 46 |       return (response, response._getPaginatedItems(), response._nextPageToken())
[2176/2555] Compiling GoogleGax PollingState.swift
/host/spi-builder-workspace/.build/checkouts/swift-google-gax/Sources/GoogleGax/Pagination.swift:44:22: error: cannot convert '@Sendable (String) async throws -> (response: ResponseType, items: [Item], nextToken: String)' to 'nonisolated(nonsending) @Sendable (String) async throws -> (response: ResponseType, items: [Item], nextToken: String)' because crossing of an isolation boundary requires parameter and result types to conform to 'Sendable' protocol
 42 |   ) where ResponseType: _PaginatedResponse<Item> {
 43 |     self.initialPageToken = initialPageToken ?? ""
 44 |     self.fetchPage = { token in
    |                      |- error: cannot convert '@Sendable (String) async throws -> (response: ResponseType, items: [Item], nextToken: String)' to 'nonisolated(nonsending) @Sendable (String) async throws -> (response: ResponseType, items: [Item], nextToken: String)' because crossing of an isolation boundary requires parameter and result types to conform to 'Sendable' protocol
    |                      `- note: type 'Item' does not conform to 'Sendable' protocol
 45 |       let response = try await listRpc(token)
 46 |       return (response, response._getPaginatedItems(), response._nextPageToken())
[2177/2555] Compiling GoogleGax ProtobufConversionError.swift
/host/spi-builder-workspace/.build/checkouts/swift-google-gax/Sources/GoogleGax/Pagination.swift:44:22: error: cannot convert '@Sendable (String) async throws -> (response: ResponseType, items: [Item], nextToken: String)' to 'nonisolated(nonsending) @Sendable (String) async throws -> (response: ResponseType, items: [Item], nextToken: String)' because crossing of an isolation boundary requires parameter and result types to conform to 'Sendable' protocol
 42 |   ) where ResponseType: _PaginatedResponse<Item> {
 43 |     self.initialPageToken = initialPageToken ?? ""
 44 |     self.fetchPage = { token in
    |                      |- error: cannot convert '@Sendable (String) async throws -> (response: ResponseType, items: [Item], nextToken: String)' to 'nonisolated(nonsending) @Sendable (String) async throws -> (response: ResponseType, items: [Item], nextToken: String)' because crossing of an isolation boundary requires parameter and result types to conform to 'Sendable' protocol
    |                      `- note: type 'Item' does not conform to 'Sendable' protocol
 45 |       let response = try await listRpc(token)
 46 |       return (response, response._getPaginatedItems(), response._nextPageToken())
[2178/2555] Compiling GoogleGax QueryParameter.swift
/host/spi-builder-workspace/.build/checkouts/swift-google-gax/Sources/GoogleGax/Pagination.swift:44:22: error: cannot convert '@Sendable (String) async throws -> (response: ResponseType, items: [Item], nextToken: String)' to 'nonisolated(nonsending) @Sendable (String) async throws -> (response: ResponseType, items: [Item], nextToken: String)' because crossing of an isolation boundary requires parameter and result types to conform to 'Sendable' protocol
 42 |   ) where ResponseType: _PaginatedResponse<Item> {
 43 |     self.initialPageToken = initialPageToken ?? ""
 44 |     self.fetchPage = { token in
    |                      |- error: cannot convert '@Sendable (String) async throws -> (response: ResponseType, items: [Item], nextToken: String)' to 'nonisolated(nonsending) @Sendable (String) async throws -> (response: ResponseType, items: [Item], nextToken: String)' because crossing of an isolation boundary requires parameter and result types to conform to 'Sendable' protocol
    |                      `- note: type 'Item' does not conform to 'Sendable' protocol
 45 |       let response = try await listRpc(token)
 46 |       return (response, response._getPaginatedItems(), response._nextPageToken())
[2179/2555] Compiling GoogleGax RequestError.swift
/host/spi-builder-workspace/.build/checkouts/swift-google-gax/Sources/GoogleGax/Pagination.swift:44:22: error: cannot convert '@Sendable (String) async throws -> (response: ResponseType, items: [Item], nextToken: String)' to 'nonisolated(nonsending) @Sendable (String) async throws -> (response: ResponseType, items: [Item], nextToken: String)' because crossing of an isolation boundary requires parameter and result types to conform to 'Sendable' protocol
 42 |   ) where ResponseType: _PaginatedResponse<Item> {
 43 |     self.initialPageToken = initialPageToken ?? ""
 44 |     self.fetchPage = { token in
    |                      |- error: cannot convert '@Sendable (String) async throws -> (response: ResponseType, items: [Item], nextToken: String)' to 'nonisolated(nonsending) @Sendable (String) async throws -> (response: ResponseType, items: [Item], nextToken: String)' because crossing of an isolation boundary requires parameter and result types to conform to 'Sendable' protocol
    |                      `- note: type 'Item' does not conform to 'Sendable' protocol
 45 |       let response = try await listRpc(token)
 46 |       return (response, response._getPaginatedItems(), response._nextPageToken())
[2180/2563] Compiling GoogleGax AIP194+PollingErrorPolicy.swift
[2181/2563] Compiling GoogleGax AIP194+RetryPolicy.swift
[2182/2563] Compiling GoogleGax AIP194.swift
[2183/2563] Compiling GoogleGax AdaptiveThrottler.swift
[2184/2563] Compiling GoogleGax AlwaysPoll.swift
[2185/2563] Compiling GoogleGax AlwaysRetry.swift
[2186/2563] Compiling GoogleGax ApiClientHeader.swift
[2187/2563] Compiling GoogleGax BackoffPolicy.swift
[2188/2563] Compiling GoogleGax BasePollingErrorPolicy.swift
[2189/2563] Emitting module GoogleGax
[2190/2563] Compiling GoogleGax LimitedAttemptCount+PollingErrorPolicy.swift
[2191/2563] Compiling GoogleGax LimitedAttemptCount+RetryPolicy.swift
[2192/2563] Compiling GoogleGax LimitedAttemptCount.swift
[2193/2563] Compiling GoogleGax LimitedElapsedTime+PollingErrorPolicy.swift
[2194/2563] Compiling GoogleGax LimitedElapsedTime+RetryPolicy.swift
[2195/2563] Compiling GoogleGax LimitedElapsedTime.swift
[2196/2563] Compiling GoogleGax LongRunningOperations.swift
[2197/2563] Compiling GoogleGax NeverRetry.swift
[2198/2563] Compiling GoogleGax ContinueOnIO.swift
[2199/2563] Compiling GoogleGax CredentialsProtocol.swift
[2200/2563] Compiling GoogleGax ErrorWrapper.swift
[2201/2563] Compiling GoogleGax ExponentialBackoff+BackoffPolicy.swift
[2202/2563] Compiling GoogleGax ExponentialBackoff+PollingBackoffPolicy.swift
[2203/2563] Compiling GoogleGax ExponentialBackoff.swift
[2204/2563] Compiling GoogleGax HTTPClient.swift
[2205/2563] Compiling GoogleGax HTTPClientHolder.swift
[2206/2563] Compiling GoogleGax ServiceError.swift
[2207/2563] Compiling GoogleGax StatusDetail.swift
[2208/2563] Compiling GoogleGax StrictIdempotency.swift
[2209/2563] Compiling GoogleGax ThrottleResult.swift
[2210/2563] Compiling GoogleGax TooManyRequests+PollingErrorPolicy.swift
[2211/2563] Compiling GoogleGax TooManyRequests+RetryPolicy.swift
[2212/2563] Compiling GoogleGax TooManyRequests.swift
[2213/2563] Compiling GoogleGax PackageVersion.swift
[2214/2563] Compiling GoogleGax BaseRetryPolicy.swift
[2215/2563] Compiling GoogleGax BindingError.swift
[2216/2563] Compiling GoogleGax CRC32C.swift
[2217/2563] Compiling GoogleGax CircuitBreaker.swift
[2218/2563] Compiling GoogleGax ClientError.swift
[2219/2563] Compiling GoogleGax ClientOptions.swift
[2220/2563] Compiling GoogleGax ContinueOnIO+PollingErrorPolicy.swift
[2221/2563] Compiling GoogleGax ContinueOnIO+RetryPolicy.swift
[2222/2563] Compiling GoogleGax RequestOptions.swift
[2223/2563] Compiling GoogleGax RetryLoop.swift
[2224/2563] Compiling GoogleGax RetryPolicy.swift
[2225/2563] Compiling GoogleGax RetryResult.swift
[2226/2563] Compiling GoogleGax RetryState.swift
[2227/2563] Compiling GoogleGax RetryThrottler.swift
[2228/2563] Compiling GoogleGax RetryThrottlerError.swift
[2229/2563] Compiling GoogleGax RoutingMatcher.swift
[2230/2563] Compiling GoogleGax HTTPClientProtocol.swift
[2231/2563] Compiling GoogleGax HTTPClientRequest.swift
[2232/2563] Compiling GoogleGax HTTPClientResponse.swift
[2233/2563] Compiling GoogleGax HTTPHeaders.swift
[2234/2563] Compiling GoogleGax HTTPResponseBody.swift
[2235/2563] Compiling GoogleGax HeaderNames.swift
[2236/2563] Compiling GoogleGax Host.swift
[2237/2563] Compiling GoogleGax InProgressResult.swift
BUILD FAILURE 6.2 android