The Swift Package Index logo.Swift Package Index

Build Information

Failed to build SpeziCHOIR, reference main (466ff8), with Swift 6.4 for visionOS using Xcode 27.0 on 22 Sep 2026 01:40:32 UTC.

Build Command

env DEVELOPER_DIR=/Applications/Xcode-27.0.0-Release.Candidate.app xcrun xcodebuild -IDEClonedSourcePackagesDirPathOverride=$PWD/.dependencies -skipMacroValidation -skipPackagePluginValidation -derivedDataPath $PWD/.derivedData build -scheme SpeziCHOIR-Package -destination generic/platform=xrOS

Build Log

CompileC /Users/admin/builder/spi-builder-workspace/.derivedData/Build/Intermediates.noindex/Firebase.build/Debug-xros/FirebaseInstallations-t.build/Objects-normal/arm64/FIRInstallations.o /Users/admin/builder/spi-builder-workspace/.dependencies/checkouts/firebase-ios-sdk/FirebaseInstallations/Source/Library/FIRInstallations.m normal arm64 objective-c com.apple.compilers.llvm.clang.1_0.compiler (in target 'FirebaseInstallations' from project 'Firebase')
    cd /Users/admin/builder/spi-builder-workspace/.swiftpm/xcode

    Using response file: /Users/admin/builder/spi-builder-workspace/.derivedData/Build/Intermediates.noindex/Firebase.build/Debug-xros/FirebaseInstallations-t.build/Objects-normal/arm64/e6072d4f65d7061329687fe24e3d63a7-common-args.resp

    /Applications/Xcode-27.0.0-Release.Candidate.app/Contents/Developer/Toolchains/XcodeDefault.xctoolchain/usr/bin/clang -x objective-c -ivfsstatcache /Users/admin/builder/spi-builder-workspace/.derivedData/SDKStatCaches.noindex/xros27.0-24M361-e829b21a6f8c9b70876ba0858053c044735bd543db762f57723cac368afd1ce4.sdkstatcache -target arm64-apple-xros1.0 -fmessage-length\=0 -fdiagnostics-show-note-include-stack -fmacro-backtrace-limit\=0 -fno-color-diagnostics -fmodules-prune-interval\=86400 -fmodules-prune-after\=345600 -fbuild-session-file\=/Users/admin/builder/spi-builder-workspace/.derivedData/ModuleCache.noindex/Session.modulevalidation -fmodules-validate-once-per-build-session -Wnon-modular-include-in-framework-module -Werror\=non-modular-include-in-framework-module -Wno-trigraphs -Wno-missing-field-initializers -Wno-missing-prototypes -Wno-return-type -Wno-implicit-atomic-properties -Wno-objc-interface-ivars -Wno-arc-repeated-use-of-weak -Wno-missing-braces -Wparentheses -Wswitch -Wno-unused-function -Wno-unused-label -Wno-unused-parameter -Wno-unused-variable -Wunused-value -Wno-empty-body -Wno-uninitialized -Wno-unknown-pragmas -w -Wno-shadow -Wno-four-char-constants -Wno-conversion -Wno-constant-conversion -Wno-int-conversion -Wno-bool-conversion -Wno-enum-conversion -Wno-float-conversion -Wno-non-literal-null-conversion -Wno-objc-literal-conversion -Wshorten-64-to-32 -Wpointer-sign -Wno-newline-eof -Wno-selector -Wno-strict-selector-match -Wno-undeclared-selector -Wno-deprecated-implementations -Wno-implicit-fallthrough -isysroot /Applications/Xcode-27.0.0-Release.Candidate.app/Contents/Developer/Platforms/XROS.platform/Developer/SDKs/XROS27.0.sdk -fstrict-aliasing -Wprotocol -Wdeprecated-declarations -Wno-sign-conversion -Wno-infinite-recursion -Wno-comma -Wno-block-capture-autoreleasing -Wno-strict-prototypes -Wno-semicolon-before-method-body -index-store-path /Users/admin/builder/spi-builder-workspace/.derivedData/Index.noindex/DataStore @/Users/admin/builder/spi-builder-workspace/.derivedData/Build/Intermediates.noindex/Firebase.build/Debug-xros/FirebaseInstallations-t.build/Objects-normal/arm64/e6072d4f65d7061329687fe24e3d63a7-common-args.resp -include /Users/admin/builder/spi-builder-workspace/.derivedData/Build/Intermediates.noindex/Firebase.build/Debug-xros/FirebaseInstallations-t.build/DerivedSources/resource_bundle_accessor.h -MMD -MT dependencies -MF /Users/admin/builder/spi-builder-workspace/.derivedData/Build/Intermediates.noindex/Firebase.build/Debug-xros/FirebaseInstallations-t.build/Objects-normal/arm64/FIRInstallations.d --serialize-diagnostics /Users/admin/builder/spi-builder-workspace/.derivedData/Build/Intermediates.noindex/Firebase.build/Debug-xros/FirebaseInstallations-t.build/Objects-normal/arm64/FIRInstallations.dia -c /Users/admin/builder/spi-builder-workspace/.dependencies/checkouts/firebase-ios-sdk/FirebaseInstallations/Source/Library/FIRInstallations.m -o /Users/admin/builder/spi-builder-workspace/.derivedData/Build/Intermediates.noindex/Firebase.build/Debug-xros/FirebaseInstallations-t.build/Objects-normal/arm64/FIRInstallations.o -index-unit-output-path /Firebase.build/Debug-xros/FirebaseInstallations-t.build/Objects-normal/arm64/FIRInstallations.o
CompileC /Users/admin/builder/spi-builder-workspace/.derivedData/Build/Intermediates.noindex/Firebase.build/Debug-xros/FirebaseInstallations-t.build/Objects-normal/arm64/FIRCurrentDateProvider.o /Users/admin/builder/spi-builder-workspace/.dependencies/checkouts/firebase-ios-sdk/FirebaseInstallations/Source/Library/InstallationsIDController/FIRCurrentDateProvider.m normal arm64 objective-c com.apple.compilers.llvm.clang.1_0.compiler (in target 'FirebaseInstallations' from project 'Firebase')
    cd /Users/admin/builder/spi-builder-workspace/.swiftpm/xcode

    Using response file: /Users/admin/builder/spi-builder-workspace/.derivedData/Build/Intermediates.noindex/Firebase.build/Debug-xros/FirebaseInstallations-t.build/Objects-normal/arm64/e6072d4f65d7061329687fe24e3d63a7-common-args.resp

    /Applications/Xcode-27.0.0-Release.Candidate.app/Contents/Developer/Toolchains/XcodeDefault.xctoolchain/usr/bin/clang -x objective-c -ivfsstatcache /Users/admin/builder/spi-builder-workspace/.derivedData/SDKStatCaches.noindex/xros27.0-24M361-e829b21a6f8c9b70876ba0858053c044735bd543db762f57723cac368afd1ce4.sdkstatcache -target arm64-apple-xros1.0 -fmessage-length\=0 -fdiagnostics-show-note-include-stack -fmacro-backtrace-limit\=0 -fno-color-diagnostics -fmodules-prune-interval\=86400 -fmodules-prune-after\=345600 -fbuild-session-file\=/Users/admin/builder/spi-builder-workspace/.derivedData/ModuleCache.noindex/Session.modulevalidation -fmodules-validate-once-per-build-session -Wnon-modular-include-in-framework-module -Werror\=non-modular-include-in-framework-module -Wno-trigraphs -Wno-missing-field-initializers -Wno-missing-prototypes -Wno-return-type -Wno-implicit-atomic-properties -Wno-objc-interface-ivars -Wno-arc-repeated-use-of-weak -Wno-missing-braces -Wparentheses -Wswitch -Wno-unused-function -Wno-unused-label -Wno-unused-parameter -Wno-unused-variable -Wunused-value -Wno-empty-body -Wno-uninitialized -Wno-unknown-pragmas -w -Wno-shadow -Wno-four-char-constants -Wno-conversion -Wno-constant-conversion -Wno-int-conversion -Wno-bool-conversion -Wno-enum-conversion -Wno-float-conversion -Wno-non-literal-null-conversion -Wno-objc-literal-conversion -Wshorten-64-to-32 -Wpointer-sign -Wno-newline-eof -Wno-selector -Wno-strict-selector-match -Wno-undeclared-selector -Wno-deprecated-implementations -Wno-implicit-fallthrough -isysroot /Applications/Xcode-27.0.0-Release.Candidate.app/Contents/Developer/Platforms/XROS.platform/Developer/SDKs/XROS27.0.sdk -fstrict-aliasing -Wprotocol -Wdeprecated-declarations -Wno-sign-conversion -Wno-infinite-recursion -Wno-comma -Wno-block-capture-autoreleasing -Wno-strict-prototypes -Wno-semicolon-before-method-body -index-store-path /Users/admin/builder/spi-builder-workspace/.derivedData/Index.noindex/DataStore @/Users/admin/builder/spi-builder-workspace/.derivedData/Build/Intermediates.noindex/Firebase.build/Debug-xros/FirebaseInstallations-t.build/Objects-normal/arm64/e6072d4f65d7061329687fe24e3d63a7-common-args.resp -include /Users/admin/builder/spi-builder-workspace/.derivedData/Build/Intermediates.noindex/Firebase.build/Debug-xros/FirebaseInstallations-t.build/DerivedSources/resource_bundle_accessor.h -MMD -MT dependencies -MF /Users/admin/builder/spi-builder-workspace/.derivedData/Build/Intermediates.noindex/Firebase.build/Debug-xros/FirebaseInstallations-t.build/Objects-normal/arm64/FIRCurrentDateProvider.d --serialize-diagnostics /Users/admin/builder/spi-builder-workspace/.derivedData/Build/Intermediates.noindex/Firebase.build/Debug-xros/FirebaseInstallations-t.build/Objects-normal/arm64/FIRCurrentDateProvider.dia -c /Users/admin/builder/spi-builder-workspace/.dependencies/checkouts/firebase-ios-sdk/FirebaseInstallations/Source/Library/InstallationsIDController/FIRCurrentDateProvider.m -o /Users/admin/builder/spi-builder-workspace/.derivedData/Build/Intermediates.noindex/Firebase.build/Debug-xros/FirebaseInstallations-t.build/Objects-normal/arm64/FIRCurrentDateProvider.o -index-unit-output-path /Firebase.build/Debug-xros/FirebaseInstallations-t.build/Objects-normal/arm64/FIRCurrentDateProvider.o
ExtractAppIntentsMetadata (in target 'OpenAPIKit' from project 'OpenAPIKit')
    cd /Users/admin/builder/spi-builder-workspace/.dependencies/checkouts/OpenAPIKit
    /Applications/Xcode-27.0.0-Release.Candidate.app/Contents/Developer/Toolchains/XcodeDefault.xctoolchain/usr/bin/appintentsmetadataprocessor --toolchain-dir /var/run/com.apple.security.cryptexd/mnt/com.apple.MobileAsset.MetalToolchain-v27.1.266.1.aIHAbS/Metal.xctoolchain --module-name OpenAPIKit --sdk-root /Applications/Xcode-27.0.0-Release.Candidate.app/Contents/Developer/Platforms/MacOSX.platform/Developer/SDKs/MacOSX27.0.sdk --xcode-version 27A266a --platform-family macOS --deployment-target 12.0 --bundle-identifier openapikit.OpenAPIKit --output /Users/admin/builder/spi-builder-workspace/.derivedData/Build/Products/Debug/OpenAPIKit.appintents --target-triple arm64-apple-macos12.0 --target-triple x86_64-apple-macos12.0 --binary-file /Users/admin/builder/spi-builder-workspace/.derivedData/Build/Products/Debug/OpenAPIKit.o --dependency-file /Users/admin/builder/spi-builder-workspace/.derivedData/Build/Intermediates.noindex/OpenAPIKit.build/Debug/OpenAPIKit-t.build/Objects-normal/arm64/OpenAPIKit_dependency_info.dat --dependency-file /Users/admin/builder/spi-builder-workspace/.derivedData/Build/Intermediates.noindex/OpenAPIKit.build/Debug/OpenAPIKit-t.build/Objects-normal/x86_64/OpenAPIKit_dependency_info.dat --stringsdata-file /Users/admin/builder/spi-builder-workspace/.derivedData/Build/Intermediates.noindex/OpenAPIKit.build/Debug/OpenAPIKit-t.build/Objects-normal/arm64/ExtractedAppShortcutsMetadata.stringsdata --stringsdata-file /Users/admin/builder/spi-builder-workspace/.derivedData/Build/Intermediates.noindex/OpenAPIKit.build/Debug/OpenAPIKit-t.build/Objects-normal/x86_64/ExtractedAppShortcutsMetadata.stringsdata --source-file-list /Users/admin/builder/spi-builder-workspace/.derivedData/Build/Intermediates.noindex/OpenAPIKit.build/Debug/OpenAPIKit-t.build/Objects-normal/arm64/OpenAPIKit.SwiftFileList --source-file-list /Users/admin/builder/spi-builder-workspace/.derivedData/Build/Intermediates.noindex/OpenAPIKit.build/Debug/OpenAPIKit-t.build/Objects-normal/x86_64/OpenAPIKit.SwiftFileList --metadata-file-list /Users/admin/builder/spi-builder-workspace/.derivedData/Build/Intermediates.noindex/OpenAPIKit.build/Debug/OpenAPIKit-t.build/OpenAPIKit.DependencyMetadataFileList --static-metadata-file-list /Users/admin/builder/spi-builder-workspace/.derivedData/Build/Intermediates.noindex/OpenAPIKit.build/Debug/OpenAPIKit-t.build/OpenAPIKit.DependencyStaticMetadataFileList --swift-const-vals-list /Users/admin/builder/spi-builder-workspace/.derivedData/Build/Intermediates.noindex/OpenAPIKit.build/Debug/OpenAPIKit-t.build/Objects-normal/arm64/OpenAPIKit.SwiftConstValuesFileList --swift-const-vals-list /Users/admin/builder/spi-builder-workspace/.derivedData/Build/Intermediates.noindex/OpenAPIKit.build/Debug/OpenAPIKit-t.build/Objects-normal/x86_64/OpenAPIKit.SwiftConstValuesFileList --force --compile-time-extraction --deployment-aware-processing --no-app-shortcuts-localization
2026-09-21 21:39:49.972 appintentsmetadataprocessor[4473:20681] Starting appintentsmetadataprocessor export
2026-09-21 21:39:50.109 appintentsmetadataprocessor[4473:20681] Extracted no relevant App Intents symbols, skipping writing output
ScanDependencies /Users/admin/builder/spi-builder-workspace/.derivedData/Build/Intermediates.noindex/Firebase.build/Debug-xros/FirebaseFirestoreTarget-t.build/Objects-normal/arm64/dummy.o /Users/admin/builder/spi-builder-workspace/.dependencies/checkouts/firebase-ios-sdk/SwiftPM-PlatformExclude/FirebaseFirestoreWrap/dummy.m normal arm64 objective-c com.apple.compilers.llvm.clang.1_0.compiler (in target 'FirebaseFirestoreTarget' from project 'Firebase')
    cd /Users/admin/builder/spi-builder-workspace/.swiftpm/xcode

    Using response file: /Users/admin/builder/spi-builder-workspace/.derivedData/Build/Intermediates.noindex/Firebase.build/Debug-xros/FirebaseFirestoreTarget-t.build/Objects-normal/arm64/e6072d4f65d7061329687fe24e3d63a7-common-args.resp

    builtin-ScanDependencies -o /Users/admin/builder/spi-builder-workspace/.derivedData/Build/Intermediates.noindex/Firebase.build/Debug-xros/FirebaseFirestoreTarget-t.build/Objects-normal/arm64/dummy.o.scan -- /Applications/Xcode-27.0.0-Release.Candidate.app/Contents/Developer/Toolchains/XcodeDefault.xctoolchain/usr/bin/clang -x objective-c -ivfsstatcache /Users/admin/builder/spi-builder-workspace/.derivedData/SDKStatCaches.noindex/xros27.0-24M361-e829b21a6f8c9b70876ba0858053c044735bd543db762f57723cac368afd1ce4.sdkstatcache -target arm64-apple-xros1.0 -fmessage-length\=0 -fdiagnostics-show-note-include-stack -fmacro-backtrace-limit\=0 -fno-color-diagnostics -fmodules-prune-interval\=86400 -fmodules-prune-after\=345600 -fbuild-session-file\=/Users/admin/builder/spi-builder-workspace/.derivedData/ModuleCache.noindex/Session.modulevalidation -fmodules-validate-once-per-build-session -Wnon-modular-include-in-framework-module -Werror\=non-modular-include-in-framework-module -Wno-trigraphs -Wno-missing-field-initializers -Wno-missing-prototypes -Wno-return-type -Wno-implicit-atomic-properties -Wno-objc-interface-ivars -Wno-arc-repeated-use-of-weak -Wno-missing-braces -Wparentheses -Wswitch -Wno-unused-function -Wno-unused-label -Wno-unused-parameter -Wno-unused-variable -Wunused-value -Wno-empty-body -Wno-uninitialized -Wno-unknown-pragmas -w -Wno-shadow -Wno-four-char-constants -Wno-conversion -Wno-constant-conversion -Wno-int-conversion -Wno-bool-conversion -Wno-enum-conversion -Wno-float-conversion -Wno-non-literal-null-conversion -Wno-objc-literal-conversion -Wshorten-64-to-32 -Wpointer-sign -Wno-newline-eof -Wno-selector -Wno-strict-selector-match -Wno-undeclared-selector -Wno-deprecated-implementations -Wno-implicit-fallthrough -isysroot /Applications/Xcode-27.0.0-Release.Candidate.app/Contents/Developer/Platforms/XROS.platform/Developer/SDKs/XROS27.0.sdk -fstrict-aliasing -Wprotocol -Wdeprecated-declarations -Wno-sign-conversion -Wno-infinite-recursion -Wno-comma -Wno-block-capture-autoreleasing -Wno-strict-prototypes -Wno-semicolon-before-method-body -index-store-path /Users/admin/builder/spi-builder-workspace/.derivedData/Index.noindex/DataStore @/Users/admin/builder/spi-builder-workspace/.derivedData/Build/Intermediates.noindex/Firebase.build/Debug-xros/FirebaseFirestoreTarget-t.build/Objects-normal/arm64/e6072d4f65d7061329687fe24e3d63a7-common-args.resp -MMD -MT dependencies -MF /Users/admin/builder/spi-builder-workspace/.derivedData/Build/Intermediates.noindex/Firebase.build/Debug-xros/FirebaseFirestoreTarget-t.build/Objects-normal/arm64/dummy.d --serialize-diagnostics /Users/admin/builder/spi-builder-workspace/.derivedData/Build/Intermediates.noindex/Firebase.build/Debug-xros/FirebaseFirestoreTarget-t.build/Objects-normal/arm64/dummy.dia -c /Users/admin/builder/spi-builder-workspace/.dependencies/checkouts/firebase-ios-sdk/SwiftPM-PlatformExclude/FirebaseFirestoreWrap/dummy.m -o /Users/admin/builder/spi-builder-workspace/.derivedData/Build/Intermediates.noindex/Firebase.build/Debug-xros/FirebaseFirestoreTarget-t.build/Objects-normal/arm64/dummy.o -index-unit-output-path /Firebase.build/Debug-xros/FirebaseFirestoreTarget-t.build/Objects-normal/arm64/dummy.o
Ld /Users/admin/builder/spi-builder-workspace/.derivedData/Build/Products/Debug-xros/MarkdownUI.o normal (in target 'MarkdownUI' from project 'swift-markdown-ui')
    cd /Users/admin/builder/spi-builder-workspace/.dependencies/checkouts/swift-markdown-ui
    /Applications/Xcode-27.0.0-Release.Candidate.app/Contents/Developer/Toolchains/XcodeDefault.xctoolchain/usr/bin/clang -Xlinker -reproducible -target arm64-apple-xros1.0 -r -isysroot /Applications/Xcode-27.0.0-Release.Candidate.app/Contents/Developer/Platforms/XROS.platform/Developer/SDKs/XROS27.0.sdk -O0 -w -Xlinker -no_warn_duplicate_libraries -F/Users/admin/builder/spi-builder-workspace/.derivedData/Build/Intermediates.noindex/EagerLinkingTBDs/Debug-xros -F/Users/admin/builder/spi-builder-workspace/.derivedData/Build/Products/Debug-xros/PackageFrameworks -F/Users/admin/builder/spi-builder-workspace/.derivedData/Build/Products/Debug-xros -iframework /Applications/Xcode-27.0.0-Release.Candidate.app/Contents/Developer/Platforms/XROS.platform/Developer/Library/Frameworks -iframework /Applications/Xcode-27.0.0-Release.Candidate.app/Contents/Developer/Platforms/XROS.platform/Developer/SDKs/XROS27.0.sdk/Developer/Library/Frameworks -filelist /Users/admin/builder/spi-builder-workspace/.derivedData/Build/Intermediates.noindex/swift-markdown-ui.build/Debug-xros/MarkdownUI-t.build/Objects-normal/arm64/MarkdownUI.LinkFileList -nostdlib -Xlinker -object_path_lto -Xlinker /Users/admin/builder/spi-builder-workspace/.derivedData/Build/Intermediates.noindex/swift-markdown-ui.build/Debug-xros/MarkdownUI-t.build/Objects-normal/arm64/MarkdownUI_lto.o -Xlinker -no_deduplicate -Xlinker -debug_variant -Xlinker -dependency_info -Xlinker /Users/admin/builder/spi-builder-workspace/.derivedData/Build/Intermediates.noindex/swift-markdown-ui.build/Debug-xros/MarkdownUI-t.build/Objects-normal/arm64/MarkdownUI_dependency_info.dat -fobjc-link-runtime -L/Applications/Xcode-27.0.0-Release.Candidate.app/Contents/Developer/Toolchains/XcodeDefault.xctoolchain/usr/lib/swift/xros -L/usr/lib/swift -Xlinker -add_ast_path -Xlinker /Users/admin/builder/spi-builder-workspace/.derivedData/Build/Intermediates.noindex/swift-markdown-ui.build/Debug-xros/MarkdownUI-t.build/Objects-normal/arm64/MarkdownUI.swiftmodule -o /Users/admin/builder/spi-builder-workspace/.derivedData/Build/Products/Debug-xros/MarkdownUI.o
Ld /Users/admin/builder/spi-builder-workspace/.derivedData/Build/Products/Debug-xros/OrderedCollections.o normal (in target 'OrderedCollections' from project 'swift-collections')
    cd /Users/admin/builder/spi-builder-workspace/.dependencies/checkouts/swift-collections
    /Applications/Xcode-27.0.0-Release.Candidate.app/Contents/Developer/Toolchains/XcodeDefault.xctoolchain/usr/bin/clang -Xlinker -reproducible -target arm64-apple-xros1.0 -r -isysroot /Applications/Xcode-27.0.0-Release.Candidate.app/Contents/Developer/Platforms/XROS.platform/Developer/SDKs/XROS27.0.sdk -O0 -w -Xlinker -no_warn_duplicate_libraries -F/Users/admin/builder/spi-builder-workspace/.derivedData/Build/Intermediates.noindex/EagerLinkingTBDs/Debug-xros -F/Users/admin/builder/spi-builder-workspace/.derivedData/Build/Products/Debug-xros/PackageFrameworks -F/Users/admin/builder/spi-builder-workspace/.derivedData/Build/Products/Debug-xros -iframework /Applications/Xcode-27.0.0-Release.Candidate.app/Contents/Developer/Platforms/XROS.platform/Developer/Library/Frameworks -iframework /Applications/Xcode-27.0.0-Release.Candidate.app/Contents/Developer/Platforms/XROS.platform/Developer/SDKs/XROS27.0.sdk/Developer/Library/Frameworks -filelist /Users/admin/builder/spi-builder-workspace/.derivedData/Build/Intermediates.noindex/swift-collections.build/Debug-xros/OrderedCollections-t.build/Objects-normal/arm64/OrderedCollections.LinkFileList -nostdlib -Xlinker -object_path_lto -Xlinker /Users/admin/builder/spi-builder-workspace/.derivedData/Build/Intermediates.noindex/swift-collections.build/Debug-xros/OrderedCollections-t.build/Objects-normal/arm64/OrderedCollections_lto.o -Xlinker -no_deduplicate -Xlinker -debug_variant -Xlinker -dependency_info -Xlinker /Users/admin/builder/spi-builder-workspace/.derivedData/Build/Intermediates.noindex/swift-collections.build/Debug-xros/OrderedCollections-t.build/Objects-normal/arm64/OrderedCollections_dependency_info.dat -fobjc-link-runtime -L/Applications/Xcode-27.0.0-Release.Candidate.app/Contents/Developer/Toolchains/XcodeDefault.xctoolchain/usr/lib/swift/xros -L/usr/lib/swift -Xlinker -add_ast_path -Xlinker /Users/admin/builder/spi-builder-workspace/.derivedData/Build/Intermediates.noindex/swift-collections.build/Debug-xros/OrderedCollections-t.build/Objects-normal/arm64/OrderedCollections.swiftmodule -o /Users/admin/builder/spi-builder-workspace/.derivedData/Build/Products/Debug-xros/OrderedCollections.o
Ld /Users/admin/builder/spi-builder-workspace/.derivedData/Build/Products/Debug-xros/OpenAPIRuntime.o normal (in target 'OpenAPIRuntime' from project 'swift-openapi-runtime')
    cd /Users/admin/builder/spi-builder-workspace/.dependencies/checkouts/swift-openapi-runtime
    /Applications/Xcode-27.0.0-Release.Candidate.app/Contents/Developer/Toolchains/XcodeDefault.xctoolchain/usr/bin/clang -Xlinker -reproducible -target arm64-apple-xros1.0 -r -isysroot /Applications/Xcode-27.0.0-Release.Candidate.app/Contents/Developer/Platforms/XROS.platform/Developer/SDKs/XROS27.0.sdk -O0 -w -Xlinker -no_warn_duplicate_libraries -F/Users/admin/builder/spi-builder-workspace/.derivedData/Build/Intermediates.noindex/EagerLinkingTBDs/Debug-xros -F/Users/admin/builder/spi-builder-workspace/.derivedData/Build/Products/Debug-xros/PackageFrameworks -F/Users/admin/builder/spi-builder-workspace/.derivedData/Build/Products/Debug-xros -iframework /Applications/Xcode-27.0.0-Release.Candidate.app/Contents/Developer/Platforms/XROS.platform/Developer/Library/Frameworks -iframework /Applications/Xcode-27.0.0-Release.Candidate.app/Contents/Developer/Platforms/XROS.platform/Developer/SDKs/XROS27.0.sdk/Developer/Library/Frameworks -filelist /Users/admin/builder/spi-builder-workspace/.derivedData/Build/Intermediates.noindex/swift-openapi-runtime.build/Debug-xros/OpenAPIRuntime-t.build/Objects-normal/arm64/OpenAPIRuntime.LinkFileList -nostdlib -Xlinker -object_path_lto -Xlinker /Users/admin/builder/spi-builder-workspace/.derivedData/Build/Intermediates.noindex/swift-openapi-runtime.build/Debug-xros/OpenAPIRuntime-t.build/Objects-normal/arm64/OpenAPIRuntime_lto.o -Xlinker -no_deduplicate -Xlinker -debug_variant -Xlinker -dependency_info -Xlinker /Users/admin/builder/spi-builder-workspace/.derivedData/Build/Intermediates.noindex/swift-openapi-runtime.build/Debug-xros/OpenAPIRuntime-t.build/Objects-normal/arm64/OpenAPIRuntime_dependency_info.dat -fobjc-link-runtime -L/Applications/Xcode-27.0.0-Release.Candidate.app/Contents/Developer/Toolchains/XcodeDefault.xctoolchain/usr/lib/swift/xros -L/usr/lib/swift -Xlinker -add_ast_path -Xlinker /Users/admin/builder/spi-builder-workspace/.derivedData/Build/Intermediates.noindex/swift-openapi-runtime.build/Debug-xros/OpenAPIRuntime-t.build/Objects-normal/arm64/OpenAPIRuntime.swiftmodule -o /Users/admin/builder/spi-builder-workspace/.derivedData/Build/Products/Debug-xros/OpenAPIRuntime.o
PrecompileModule /Users/admin/builder/spi-builder-workspace/.derivedData/Build/Intermediates.noindex/ExplicitPrecompiledModules/ptrcheck-51VQUKPMO2WPBF208TVQX10FT.scan
    cd /
    builtin-precompileModule /Users/admin/builder/spi-builder-workspace/.derivedData/Build/Intermediates.noindex/ExplicitPrecompiledModules/ptrcheck-51VQUKPMO2WPBF208TVQX10FT.scan
PrecompileModule /Users/admin/builder/spi-builder-workspace/.derivedData/Build/Intermediates.noindex/ExplicitPrecompiledModules/_AvailabilityInternal-1RM5V6IA11IALJO9EHC9QJ8GY.scan
    cd /
    builtin-precompileModule /Users/admin/builder/spi-builder-workspace/.derivedData/Build/Intermediates.noindex/ExplicitPrecompiledModules/_AvailabilityInternal-1RM5V6IA11IALJO9EHC9QJ8GY.scan
PrecompileModule /Users/admin/builder/spi-builder-workspace/.derivedData/Build/Intermediates.noindex/ExplicitPrecompiledModules/_Builtin_float-E267NHXVGWR7W531BEWE2IIFU.scan
    cd /
    builtin-precompileModule /Users/admin/builder/spi-builder-workspace/.derivedData/Build/Intermediates.noindex/ExplicitPrecompiledModules/_Builtin_float-E267NHXVGWR7W531BEWE2IIFU.scan
ExtractAppIntentsMetadata (in target 'OrderedCollections' from project 'swift-collections')
    cd /Users/admin/builder/spi-builder-workspace/.dependencies/checkouts/swift-collections
    /Applications/Xcode-27.0.0-Release.Candidate.app/Contents/Developer/Toolchains/XcodeDefault.xctoolchain/usr/bin/appintentsmetadataprocessor --toolchain-dir /var/run/com.apple.security.cryptexd/mnt/com.apple.MobileAsset.MetalToolchain-v27.1.266.1.aIHAbS/Metal.xctoolchain --module-name OrderedCollections --sdk-root /Applications/Xcode-27.0.0-Release.Candidate.app/Contents/Developer/Platforms/XROS.platform/Developer/SDKs/XROS27.0.sdk --xcode-version 27A266a --platform-family xrOS --deployment-target 1.0 --bundle-identifier swift-collections.OrderedCollections --output /Users/admin/builder/spi-builder-workspace/.derivedData/Build/Products/Debug-xros/OrderedCollections.appintents --target-triple arm64-apple-xros1.0 --binary-file /Users/admin/builder/spi-builder-workspace/.derivedData/Build/Products/Debug-xros/OrderedCollections.o --dependency-file /Users/admin/builder/spi-builder-workspace/.derivedData/Build/Intermediates.noindex/swift-collections.build/Debug-xros/OrderedCollections-t.build/Objects-normal/arm64/OrderedCollections_dependency_info.dat --stringsdata-file /Users/admin/builder/spi-builder-workspace/.derivedData/Build/Intermediates.noindex/swift-collections.build/Debug-xros/OrderedCollections-t.build/Objects-normal/arm64/ExtractedAppShortcutsMetadata.stringsdata --source-file-list /Users/admin/builder/spi-builder-workspace/.derivedData/Build/Intermediates.noindex/swift-collections.build/Debug-xros/OrderedCollections-t.build/Objects-normal/arm64/OrderedCollections.SwiftFileList --metadata-file-list /Users/admin/builder/spi-builder-workspace/.derivedData/Build/Intermediates.noindex/swift-collections.build/Debug-xros/OrderedCollections-t.build/OrderedCollections.DependencyMetadataFileList --static-metadata-file-list /Users/admin/builder/spi-builder-workspace/.derivedData/Build/Intermediates.noindex/swift-collections.build/Debug-xros/OrderedCollections-t.build/OrderedCollections.DependencyStaticMetadataFileList --swift-const-vals-list /Users/admin/builder/spi-builder-workspace/.derivedData/Build/Intermediates.noindex/swift-collections.build/Debug-xros/OrderedCollections-t.build/Objects-normal/arm64/OrderedCollections.SwiftConstValuesFileList --force --compile-time-extraction --deployment-aware-processing --no-app-shortcuts-localization
2026-09-21 21:39:50.057 appintentsmetadataprocessor[4485:20776] Starting appintentsmetadataprocessor export
ExtractAppIntentsMetadata (in target 'OpenAPIRuntime' from project 'swift-openapi-runtime')
    cd /Users/admin/builder/spi-builder-workspace/.dependencies/checkouts/swift-openapi-runtime
    /Applications/Xcode-27.0.0-Release.Candidate.app/Contents/Developer/Toolchains/XcodeDefault.xctoolchain/usr/bin/appintentsmetadataprocessor --toolchain-dir /var/run/com.apple.security.cryptexd/mnt/com.apple.MobileAsset.MetalToolchain-v27.1.266.1.aIHAbS/Metal.xctoolchain --module-name OpenAPIRuntime --sdk-root /Applications/Xcode-27.0.0-Release.Candidate.app/Contents/Developer/Platforms/XROS.platform/Developer/SDKs/XROS27.0.sdk --xcode-version 27A266a --platform-family xrOS --deployment-target 1.0 --bundle-identifier swift-openapi-runtime.OpenAPIRuntime --output /Users/admin/builder/spi-builder-workspace/.derivedData/Build/Products/Debug-xros/OpenAPIRuntime.appintents --target-triple arm64-apple-xros1.0 --binary-file /Users/admin/builder/spi-builder-workspace/.derivedData/Build/Products/Debug-xros/OpenAPIRuntime.o --dependency-file /Users/admin/builder/spi-builder-workspace/.derivedData/Build/Intermediates.noindex/swift-openapi-runtime.build/Debug-xros/OpenAPIRuntime-t.build/Objects-normal/arm64/OpenAPIRuntime_dependency_info.dat --stringsdata-file /Users/admin/builder/spi-builder-workspace/.derivedData/Build/Intermediates.noindex/swift-openapi-runtime.build/Debug-xros/OpenAPIRuntime-t.build/Objects-normal/arm64/ExtractedAppShortcutsMetadata.stringsdata --source-file-list /Users/admin/builder/spi-builder-workspace/.derivedData/Build/Intermediates.noindex/swift-openapi-runtime.build/Debug-xros/OpenAPIRuntime-t.build/Objects-normal/arm64/OpenAPIRuntime.SwiftFileList --metadata-file-list /Users/admin/builder/spi-builder-workspace/.derivedData/Build/Intermediates.noindex/swift-openapi-runtime.build/Debug-xros/OpenAPIRuntime-t.build/OpenAPIRuntime.DependencyMetadataFileList --static-metadata-file-list /Users/admin/builder/spi-builder-workspace/.derivedData/Build/Intermediates.noindex/swift-openapi-runtime.build/Debug-xros/OpenAPIRuntime-t.build/OpenAPIRuntime.DependencyStaticMetadataFileList --swift-const-vals-list /Users/admin/builder/spi-builder-workspace/.derivedData/Build/Intermediates.noindex/swift-openapi-runtime.build/Debug-xros/OpenAPIRuntime-t.build/Objects-normal/arm64/OpenAPIRuntime.SwiftConstValuesFileList --force --compile-time-extraction --deployment-aware-processing --no-app-shortcuts-localization
2026-09-21 21:39:50.061 appintentsmetadataprocessor[4486:20781] Starting appintentsmetadataprocessor export
ExtractAppIntentsMetadata (in target 'MarkdownUI' from project 'swift-markdown-ui')
    cd /Users/admin/builder/spi-builder-workspace/.dependencies/checkouts/swift-markdown-ui
    /Applications/Xcode-27.0.0-Release.Candidate.app/Contents/Developer/Toolchains/XcodeDefault.xctoolchain/usr/bin/appintentsmetadataprocessor --toolchain-dir /var/run/com.apple.security.cryptexd/mnt/com.apple.MobileAsset.MetalToolchain-v27.1.266.1.aIHAbS/Metal.xctoolchain --module-name MarkdownUI --sdk-root /Applications/Xcode-27.0.0-Release.Candidate.app/Contents/Developer/Platforms/XROS.platform/Developer/SDKs/XROS27.0.sdk --xcode-version 27A266a --platform-family xrOS --deployment-target 1.0 --bundle-identifier swift-markdown-ui.MarkdownUI --output /Users/admin/builder/spi-builder-workspace/.derivedData/Build/Products/Debug-xros/MarkdownUI.appintents --target-triple arm64-apple-xros1.0 --binary-file /Users/admin/builder/spi-builder-workspace/.derivedData/Build/Products/Debug-xros/MarkdownUI.o --dependency-file /Users/admin/builder/spi-builder-workspace/.derivedData/Build/Intermediates.noindex/swift-markdown-ui.build/Debug-xros/MarkdownUI-t.build/Objects-normal/arm64/MarkdownUI_dependency_info.dat --stringsdata-file /Users/admin/builder/spi-builder-workspace/.derivedData/Build/Intermediates.noindex/swift-markdown-ui.build/Debug-xros/MarkdownUI-t.build/Objects-normal/arm64/ExtractedAppShortcutsMetadata.stringsdata --source-file-list /Users/admin/builder/spi-builder-workspace/.derivedData/Build/Intermediates.noindex/swift-markdown-ui.build/Debug-xros/MarkdownUI-t.build/Objects-normal/arm64/MarkdownUI.SwiftFileList --metadata-file-list /Users/admin/builder/spi-builder-workspace/.derivedData/Build/Intermediates.noindex/swift-markdown-ui.build/Debug-xros/MarkdownUI-t.build/MarkdownUI.DependencyMetadataFileList --static-metadata-file-list /Users/admin/builder/spi-builder-workspace/.derivedData/Build/Intermediates.noindex/swift-markdown-ui.build/Debug-xros/MarkdownUI-t.build/MarkdownUI.DependencyStaticMetadataFileList --swift-const-vals-list /Users/admin/builder/spi-builder-workspace/.derivedData/Build/Intermediates.noindex/swift-markdown-ui.build/Debug-xros/MarkdownUI-t.build/Objects-normal/arm64/MarkdownUI.SwiftConstValuesFileList --force --compile-time-extraction --deployment-aware-processing --no-app-shortcuts-localization
2026-09-21 21:39:50.066 appintentsmetadataprocessor[4487:20782] Starting appintentsmetadataprocessor export
Ld /Users/admin/builder/spi-builder-workspace/.derivedData/Build/Products/Debug-xros/GoogleUtilities-Logger.o normal (in target 'GoogleUtilities-Logger' from project 'GoogleUtilities')
    cd /Users/admin/builder/spi-builder-workspace/.dependencies/checkouts/GoogleUtilities
    /Applications/Xcode-27.0.0-Release.Candidate.app/Contents/Developer/Toolchains/XcodeDefault.xctoolchain/usr/bin/clang -Xlinker -reproducible -target arm64-apple-xros1.0 -r -isysroot /Applications/Xcode-27.0.0-Release.Candidate.app/Contents/Developer/Platforms/XROS.platform/Developer/SDKs/XROS27.0.sdk -O0 -w -Xlinker -no_warn_duplicate_libraries -F/Users/admin/builder/spi-builder-workspace/.derivedData/Build/Intermediates.noindex/EagerLinkingTBDs/Debug-xros -F/Users/admin/builder/spi-builder-workspace/.derivedData/Build/Products/Debug-xros/PackageFrameworks -F/Users/admin/builder/spi-builder-workspace/.derivedData/Build/Products/Debug-xros -iframework /Applications/Xcode-27.0.0-Release.Candidate.app/Contents/Developer/Platforms/XROS.platform/Developer/Library/Frameworks -iframework /Applications/Xcode-27.0.0-Release.Candidate.app/Contents/Developer/Platforms/XROS.platform/Developer/SDKs/XROS27.0.sdk/Developer/Library/Frameworks -filelist /Users/admin/builder/spi-builder-workspace/.derivedData/Build/Intermediates.noindex/GoogleUtilities.build/Debug-xros/GoogleUtilities-Logger-t.build/Objects-normal/arm64/GoogleUtilities-Logger.LinkFileList -nostdlib -Xlinker -object_path_lto -Xlinker /Users/admin/builder/spi-builder-workspace/.derivedData/Build/Intermediates.noindex/GoogleUtilities.build/Debug-xros/GoogleUtilities-Logger-t.build/Objects-normal/arm64/GoogleUtilities-Logger_lto.o -Xlinker -no_deduplicate -Xlinker -debug_variant -Xlinker -dependency_info -Xlinker /Users/admin/builder/spi-builder-workspace/.derivedData/Build/Intermediates.noindex/GoogleUtilities.build/Debug-xros/GoogleUtilities-Logger-t.build/Objects-normal/arm64/GoogleUtilities-Logger_dependency_info.dat -fobjc-arc -fobjc-link-runtime -o /Users/admin/builder/spi-builder-workspace/.derivedData/Build/Products/Debug-xros/GoogleUtilities-Logger.o
PrecompileModule /Users/admin/builder/spi-builder-workspace/.derivedData/Build/Intermediates.noindex/ExplicitPrecompiledModules/_DarwinFoundation1-6LXC3XG3ZI5LUWAAPOBV86OAV.scan
    cd /
    builtin-precompileModule /Users/admin/builder/spi-builder-workspace/.derivedData/Build/Intermediates.noindex/ExplicitPrecompiledModules/_DarwinFoundation1-6LXC3XG3ZI5LUWAAPOBV86OAV.scan
Ld /Users/admin/builder/spi-builder-workspace/.derivedData/Build/Products/Debug-xros/FirebaseCoreInternal.o normal (in target 'FirebaseCoreInternal' from project 'Firebase')
    cd /Users/admin/builder/spi-builder-workspace/.dependencies/checkouts/firebase-ios-sdk
    /Applications/Xcode-27.0.0-Release.Candidate.app/Contents/Developer/Toolchains/XcodeDefault.xctoolchain/usr/bin/clang -Xlinker -reproducible -target arm64-apple-xros1.0 -r -isysroot /Applications/Xcode-27.0.0-Release.Candidate.app/Contents/Developer/Platforms/XROS.platform/Developer/SDKs/XROS27.0.sdk -O0 -w -Xlinker -no_warn_duplicate_libraries -F/Users/admin/builder/spi-builder-workspace/.derivedData/Build/Intermediates.noindex/EagerLinkingTBDs/Debug-xros -F/Users/admin/builder/spi-builder-workspace/.derivedData/Build/Products/Debug-xros/PackageFrameworks -F/Users/admin/builder/spi-builder-workspace/.derivedData/Build/Products/Debug-xros -iframework /Applications/Xcode-27.0.0-Release.Candidate.app/Contents/Developer/Platforms/XROS.platform/Developer/Library/Frameworks -iframework /Applications/Xcode-27.0.0-Release.Candidate.app/Contents/Developer/Platforms/XROS.platform/Developer/SDKs/XROS27.0.sdk/Developer/Library/Frameworks -filelist /Users/admin/builder/spi-builder-workspace/.derivedData/Build/Intermediates.noindex/Firebase.build/Debug-xros/FirebaseCoreInternal-t.build/Objects-normal/arm64/FirebaseCoreInternal.LinkFileList -nostdlib -Xlinker -object_path_lto -Xlinker /Users/admin/builder/spi-builder-workspace/.derivedData/Build/Intermediates.noindex/Firebase.build/Debug-xros/FirebaseCoreInternal-t.build/Objects-normal/arm64/FirebaseCoreInternal_lto.o -Xlinker -no_deduplicate -Xlinker -debug_variant -Xlinker -dependency_info -Xlinker /Users/admin/builder/spi-builder-workspace/.derivedData/Build/Intermediates.noindex/Firebase.build/Debug-xros/FirebaseCoreInternal-t.build/Objects-normal/arm64/FirebaseCoreInternal_dependency_info.dat -fobjc-link-runtime -L/Applications/Xcode-27.0.0-Release.Candidate.app/Contents/Developer/Toolchains/XcodeDefault.xctoolchain/usr/lib/swift/xros -L/usr/lib/swift -Xlinker -add_ast_path -Xlinker /Users/admin/builder/spi-builder-workspace/.derivedData/Build/Intermediates.noindex/Firebase.build/Debug-xros/FirebaseCoreInternal-t.build/Objects-normal/arm64/FirebaseCoreInternal.swiftmodule -o /Users/admin/builder/spi-builder-workspace/.derivedData/Build/Products/Debug-xros/FirebaseCoreInternal.o
CompileC /Users/admin/builder/spi-builder-workspace/.derivedData/Build/Intermediates.noindex/Firebase.build/Debug-xros/FirebaseFirestoreTarget-t.build/Objects-normal/arm64/dummy.o /Users/admin/builder/spi-builder-workspace/.dependencies/checkouts/firebase-ios-sdk/SwiftPM-PlatformExclude/FirebaseFirestoreWrap/dummy.m normal arm64 objective-c com.apple.compilers.llvm.clang.1_0.compiler (in target 'FirebaseFirestoreTarget' from project 'Firebase')
    cd /Users/admin/builder/spi-builder-workspace/.swiftpm/xcode

    Using response file: /Users/admin/builder/spi-builder-workspace/.derivedData/Build/Intermediates.noindex/Firebase.build/Debug-xros/FirebaseFirestoreTarget-t.build/Objects-normal/arm64/e6072d4f65d7061329687fe24e3d63a7-common-args.resp

    /Applications/Xcode-27.0.0-Release.Candidate.app/Contents/Developer/Toolchains/XcodeDefault.xctoolchain/usr/bin/clang -x objective-c -ivfsstatcache /Users/admin/builder/spi-builder-workspace/.derivedData/SDKStatCaches.noindex/xros27.0-24M361-e829b21a6f8c9b70876ba0858053c044735bd543db762f57723cac368afd1ce4.sdkstatcache -target arm64-apple-xros1.0 -fmessage-length\=0 -fdiagnostics-show-note-include-stack -fmacro-backtrace-limit\=0 -fno-color-diagnostics -fmodules-prune-interval\=86400 -fmodules-prune-after\=345600 -fbuild-session-file\=/Users/admin/builder/spi-builder-workspace/.derivedData/ModuleCache.noindex/Session.modulevalidation -fmodules-validate-once-per-build-session -Wnon-modular-include-in-framework-module -Werror\=non-modular-include-in-framework-module -Wno-trigraphs -Wno-missing-field-initializers -Wno-missing-prototypes -Wno-return-type -Wno-implicit-atomic-properties -Wno-objc-interface-ivars -Wno-arc-repeated-use-of-weak -Wno-missing-braces -Wparentheses -Wswitch -Wno-unused-function -Wno-unused-label -Wno-unused-parameter -Wno-unused-variable -Wunused-value -Wno-empty-body -Wno-uninitialized -Wno-unknown-pragmas -w -Wno-shadow -Wno-four-char-constants -Wno-conversion -Wno-constant-conversion -Wno-int-conversion -Wno-bool-conversion -Wno-enum-conversion -Wno-float-conversion -Wno-non-literal-null-conversion -Wno-objc-literal-conversion -Wshorten-64-to-32 -Wpointer-sign -Wno-newline-eof -Wno-selector -Wno-strict-selector-match -Wno-undeclared-selector -Wno-deprecated-implementations -Wno-implicit-fallthrough -isysroot /Applications/Xcode-27.0.0-Release.Candidate.app/Contents/Developer/Platforms/XROS.platform/Developer/SDKs/XROS27.0.sdk -fstrict-aliasing -Wprotocol -Wdeprecated-declarations -Wno-sign-conversion -Wno-infinite-recursion -Wno-comma -Wno-block-capture-autoreleasing -Wno-strict-prototypes -Wno-semicolon-before-method-body -index-store-path /Users/admin/builder/spi-builder-workspace/.derivedData/Index.noindex/DataStore @/Users/admin/builder/spi-builder-workspace/.derivedData/Build/Intermediates.noindex/Firebase.build/Debug-xros/FirebaseFirestoreTarget-t.build/Objects-normal/arm64/e6072d4f65d7061329687fe24e3d63a7-common-args.resp -MMD -MT dependencies -MF /Users/admin/builder/spi-builder-workspace/.derivedData/Build/Intermediates.noindex/Firebase.build/Debug-xros/FirebaseFirestoreTarget-t.build/Objects-normal/arm64/dummy.d --serialize-diagnostics /Users/admin/builder/spi-builder-workspace/.derivedData/Build/Intermediates.noindex/Firebase.build/Debug-xros/FirebaseFirestoreTarget-t.build/Objects-normal/arm64/dummy.dia -c /Users/admin/builder/spi-builder-workspace/.dependencies/checkouts/firebase-ios-sdk/SwiftPM-PlatformExclude/FirebaseFirestoreWrap/dummy.m -o /Users/admin/builder/spi-builder-workspace/.derivedData/Build/Intermediates.noindex/Firebase.build/Debug-xros/FirebaseFirestoreTarget-t.build/Objects-normal/arm64/dummy.o -index-unit-output-path /Firebase.build/Debug-xros/FirebaseFirestoreTarget-t.build/Objects-normal/arm64/dummy.o
/Users/admin/builder/spi-builder-workspace/.dependencies/checkouts/firebase-ios-sdk/SwiftPM-PlatformExclude/FirebaseFirestoreWrap/dummy.m:21:2: error: "Firebase Firestore's binary SPM distribution does not support visionOS. To enable the source distribution, quit Xcode and open the desired project from the command line with the FIREBASE_SOURCE_FIRESTORE environment variable: `open --env FIREBASE_SOURCE_FIRESTORE /path/to/project.xcodeproj`. To go back to using the binary distribution of Firestore, quit Xcode and open Xcode like normal, without the environment variable."
   21 | #error "Firebase Firestore's binary SPM distribution does not support \
      |  ^
1 error generated.
Failed frontend command:
/Applications/Xcode-27.0.0-Release.Candidate.app/Contents/Developer/Toolchains/XcodeDefault.xctoolchain/usr/bin/clang -cc1 -Wundef-prefix\=TARGET_OS_ -fdiagnostics-show-note-include-stack -fmacro-backtrace-limit\=0 -w -ferror-limit 19 -serialize-diagnostic-file /Users/admin/builder/spi-builder-workspace/.derivedData/Build/Intermediates.noindex/Firebase.build/Debug-xros/FirebaseFirestoreTarget-t.build/Objects-normal/arm64/dummy.dia -Wdeprecated-objc-isa-usage -Werror\=deprecated-objc-isa-usage -Werror\=implicit-function-declaration -Wnon-modular-include-in-framework-module -Werror\=non-modular-include-in-framework-module -Wno-trigraphs -Wno-missing-field-initializers -Wno-missing-prototypes -Wno-return-type -Wno-implicit-atomic-properties -Wno-objc-interface-ivars -Wno-arc-repeated-use-of-weak -Wno-missing-braces -Wparentheses -Wswitch -Wno-unused-function -Wno-unused-label -Wno-unused-parameter -Wno-unused-variable -Wunused-value -Wno-empty-body -Wno-uninitialized -Wno-unknown-pragmas -Wno-shadow -Wno-four-char-constants -Wno-conversion -Wno-constant-conversion -Wno-int-conversion -Wno-bool-conversion -Wno-enum-conversion -Wno-float-conversion -Wno-non-literal-null-conversion -Wno-objc-literal-conversion -Wshorten-64-to-32 -Wpointer-sign -Wno-newline-eof -Wno-selector -Wno-strict-selector-match -Wno-undeclared-selector -Wno-deprecated-implementations -Wno-implicit-fallthrough -Wprotocol -Wdeprecated-declarations -Wno-sign-conversion -Wno-infinite-recursion -Wno-comma -Wno-block-capture-autoreleasing -Wno-strict-prototypes -Wno-semicolon-before-method-body -Wno-elaborated-enum-base -Wno-error\=allocator-wrappers -index-store-path /Users/admin/builder/spi-builder-workspace/.derivedData/Index.noindex/DataStore -index-unit-output-path /Firebase.build/Debug-xros/FirebaseFirestoreTarget-t.build/Objects-normal/arm64/dummy.o -fmodule-map-file\=/Users/admin/builder/spi-builder-workspace/.derivedData/Build/Intermediates.noindex/GeneratedModuleMaps-xros/GoogleUtilities-NSData.modulemap -fmodule-map-file\=/Users/admin/builder/spi-builder-workspace/.derivedData/Build/Intermediates.noindex/GeneratedModuleMaps-xros/GoogleUtilities-Environment.modulemap -fmodule-map-file\=/Users/admin/builder/spi-builder-workspace/.derivedData/Build/Intermediates.noindex/GeneratedModuleMaps-xros/third-party-IsAppEncrypted.modulemap -fmodule-map-file\=/Users/admin/builder/spi-builder-workspace/.derivedData/Build/Intermediates.noindex/GeneratedModuleMaps-xros/GoogleUtilities-Logger.modulemap -fmodule-map-file\=/Users/admin/builder/spi-builder-workspace/.derivedData/Build/Intermediates.noindex/GeneratedModuleMaps-xros/nanopb.modulemap -fmodule-map-file\=/Users/admin/builder/spi-builder-workspace/.derivedData/Build/Intermediates.noindex/GeneratedModuleMaps-xros/leveldb.modulemap -fmodule-map-file\=/Users/admin/builder/spi-builder-workspace/.derivedData/Build/Intermediates.noindex/GeneratedModuleMaps-xros/FirebaseSharedSwift.modulemap -fmodule-map-file\=/Users/admin/builder/spi-builder-workspace/.derivedData/Build/Intermediates.noindex/GeneratedModuleMaps-xros/FirebaseCoreExtension.modulemap -fmodule-map-file\=/Users/admin/builder/spi-builder-workspace/.derivedData/Build/Intermediates.noindex/GeneratedModuleMaps-xros/FirebaseCore.modulemap -fmodule-map-file\=/Users/admin/builder/spi-builder-workspace/.derivedData/Build/Intermediates.noindex/GeneratedModuleMaps-xros/FirebaseCoreInternal.modulemap -fmodule-map-file\=/Users/admin/builder/spi-builder-workspace/.dependencies/checkouts/firebase-ios-sdk/CoreOnly/Sources/module.modulemap -fmodule-map-file\=/Users/admin/builder/spi-builder-workspace/.derivedData/Build/Intermediates.noindex/GeneratedModuleMaps-xros/FirebaseAppCheckInterop.modulemap -fmodule-map-file\=/Applications/Xcode-27.0.0-Release.Candidate.app/Contents/Developer/Platforms/XROS.platform/Developer/SDKs/XROS.sdk/usr/include/DarwinFoundation1.modulemap -o /Users/admin/builder/spi-builder-workspace/.derivedData/Build/Intermediates.noindex/Firebase.build/Debug-xros/FirebaseFirestoreTarget-t.build/Objects-normal/arm64/dummy.o -disable-free -emit-obj -x objective-c /Users/admin/builder/spi-builder-workspace/.dependencies/checkouts/firebase-ios-sdk/SwiftPM-PlatformExclude/FirebaseFirestoreWrap/dummy.m -target-abi darwinpcs -target-cpu apple-a12 -target-feature +v8.3a -target-feature +aes -target-feature +complxnum -target-feature +crc -target-feature +fp-armv8 -target-feature +fullfp16 -target-feature +jsconv -target-feature +lse -target-feature +neon -target-feature +pauth -target-feature +perfmon -target-feature +ras -target-feature +rcpc -target-feature +rdm -target-feature +sha2 -triple arm64-apple-xros1.0.0 -target-linker-version 1166.2 -target-sdk-version\=27.0 -fmodules-validate-system-headers -fno-modulemap-allow-subdirectory-search -isysroot /Applications/Xcode-27.0.0-Release.Candidate.app/Contents/Developer/Platforms/XROS.platform/Developer/SDKs/XROS27.0.sdk -resource-dir /Applications/Xcode-27.0.0-Release.Candidate.app/Contents/Developer/Toolchains/XcodeDefault.xctoolchain/usr/lib/clang/21 -fmodule-format\=obj -fmodule-file\=_DarwinFoundation1\=/Users/admin/builder/spi-builder-workspace/.derivedData/Build/Intermediates.noindex/ExplicitPrecompiledModules/_DarwinFoundation1-6LXC3XG3ZI5LUWAAPOBV86OAV.pcm -I /Users/admin/builder/spi-builder-workspace/.dependencies/checkouts/GoogleUtilities/GoogleUtilities/NSData+zlib/Public -I /Users/admin/builder/spi-builder-workspace/.dependencies/checkouts/GoogleUtilities/GoogleUtilities/Environment/Public -I /Users/admin/builder/spi-builder-workspace/.dependencies/checkouts/GoogleUtilities/third_party/IsAppEncrypted/Public -I /Users/admin/builder/spi-builder-workspace/.dependencies/checkouts/GoogleUtilities/GoogleUtilities/Logger/Public -I /Users/admin/builder/spi-builder-workspace/.dependencies/checkouts/nanopb/spm_headers -I /Users/admin/builder/spi-builder-workspace/.dependencies/checkouts/leveldb/include -I /Users/admin/builder/spi-builder-workspace/.dependencies/checkouts/firebase-ios-sdk/FirebaseCore/Extension -I /Users/admin/builder/spi-builder-workspace/.dependencies/checkouts/firebase-ios-sdk/FirebaseCore/Sources/Public -I /Users/admin/builder/spi-builder-workspace/.dependencies/checkouts/firebase-ios-sdk/CoreOnly/Sources -I /Users/admin/builder/spi-builder-workspace/.dependencies/checkouts/firebase-ios-sdk/FirebaseAppCheck/Interop/Public -I /Users/admin/builder/spi-builder-workspace/.derivedData/Build/Products/Debug-xros/include -I /Users/admin/builder/spi-builder-workspace/.dependencies/checkouts/firebase-ios-sdk/SwiftPM-PlatformExclude/FirebaseFirestoreWrap/include -I /Users/admin/builder/spi-builder-workspace/.derivedData/Build/Intermediates.noindex/Firebase.build/Debug-xros/FirebaseFirestoreTarget-t.build/DerivedSources-normal/arm64 -I /Users/admin/builder/spi-builder-workspace/.derivedData/Build/Intermediates.noindex/Firebase.build/Debug-xros/FirebaseFirestoreTarget-t.build/DerivedSources/arm64 -I /Users/admin/builder/spi-builder-workspace/.derivedData/Build/Intermediates.noindex/Firebase.build/Debug-xros/FirebaseFirestoreTarget-t.build/DerivedSources -F /Users/admin/builder/spi-builder-workspace/.derivedData/Build/Products/Debug-xros/PackageFrameworks -F /Users/admin/builder/spi-builder-workspace/.derivedData/Build/Products/Debug-xros -iframework /Applications/Xcode-27.0.0-Release.Candidate.app/Contents/Developer/Platforms/XROS.platform/Developer/Library/Frameworks -iframework /Applications/Xcode-27.0.0-Release.Candidate.app/Contents/Developer/Platforms/XROS.platform/Developer/SDKs/XROS27.0.sdk/Developer/Library/Frameworks -internal-isystem /Applications/Xcode-27.0.0-Release.Candidate.app/Contents/Developer/Platforms/XROS.platform/Developer/SDKs/XROS27.0.sdk/usr/local/include -internal-isystem /Applications/Xcode-27.0.0-Release.Candidate.app/Contents/Developer/Toolchains/XcodeDefault.xctoolchain/usr/lib/clang/21/include -internal-externc-isystem /Applications/Xcode-27.0.0-Release.Candidate.app/Contents/Developer/Platforms/XROS.platform/Developer/SDKs/XROS27.0.sdk/usr/include -internal-externc-isystem /Applications/Xcode-27.0.0-Release.Candidate.app/Contents/Developer/Toolchains/XcodeDefault.xctoolchain/usr/include -internal-iframework /Applications/Xcode-27.0.0-Release.Candidate.app/Contents/Developer/Platforms/XROS.platform/Developer/SDKs/XROS27.0.sdk/System/Library/Frameworks -internal-iframework /Applications/Xcode-27.0.0-Release.Candidate.app/Contents/Developer/Platforms/XROS.platform/Developer/SDKs/XROS27.0.sdk/System/Library/SubFrameworks -internal-iframework /Applications/Xcode-27.0.0-Release.Candidate.app/Contents/Developer/Platforms/XROS.platform/Developer/SDKs/XROS27.0.sdk/Library/Frameworks -ivfsstatcache /Users/admin/builder/spi-builder-workspace/.derivedData/SDKStatCaches.noindex/xros27.0-24M361-e829b21a6f8c9b70876ba0858053c044735bd543db762f57723cac368afd1ce4.sdkstatcache -std\=gnu11 -fexceptions -fskip-odr-check-in-gmf -fmodules -fmodule-name\=FirebaseFirestoreTarget -fno-implicit-modules -fobjc-exceptions -fmax-type-align\=16 -fpascal-strings -fstack-check -ftrivial-auto-var-init\=zero -fvisibility-inlines-hidden-static-local-var -mdarwin-stkchk-strong-link -fno-odr-hash-protocols -pic-level 2 -fencode-extended-block-signature -stack-protector 1 -fcompatibility-qualified-id-block-type-checking -fobjc-runtime\=ios-17.0.0 -fobjc-arc -fobjc-runtime-has-weak -fobjc-weak -fgnuc-version\=4.2.1 -fblocks -fno-convergent-functions -ffp-contract\=on -fclang-abi-compat\=4.0 -fno-experimental-relative-c++-abi-vtables -fno-file-reproducible -clang-vendor-feature\=+disableNonDependentMemberExprInCurrentInstantiation -clang-vendor-feature\=+enableAggressiveVLAFolding -clang-vendor-feature\=+revert09abecef7bbf -clang-vendor-feature\=+thisNoAlignAttr -clang-vendor-feature\=+thisNoNullAttr -clang-vendor-feature\=+disableAtImportPrivateFrameworkInImplementationError -O0 -fno-assume-unique-vtables -fdebug-compilation-dir\=/Users/admin/builder/spi-builder-workspace/.swiftpm/xcode -fcoverage-compilation-dir\=/Users/admin/builder/spi-builder-workspace/.swiftpm/xcode -fcoverage-mapping -fcommon -fdwarf2-cfi-asm -fobjc-msgsend-selector-stubs -fregister-global-dtors-with-atexit -fno-strict-return -dwarf-version\=4 -debugger-tuning\=lldb -disable-llvm-verifier -dwarf-ext-refs -funwind-tables\=1 -fprofile-instrument\=clang -enable-tlsdesc -clear-ast-before-backend -discard-value-names -main-file-name dummy.m -mframe-pointer\=non-leaf -debug-info-kind\=standalone -fno-loop-interchange -fdiagnostics-hotness-threshold\=0 -fdiagnostics-misexpect-tolerance\=0 -D DEBUG\=1 -D FIREBASE_BINARY_FIRESTORE\=1 -D OBJC_OLD_DISPATCH_PROTOTYPES\=1 -D SWIFT_PACKAGE -D Xcode -fdefine-target-os-macros -MT dependencies -dependency-file /Users/admin/builder/spi-builder-workspace/.derivedData/Build/Intermediates.noindex/Firebase.build/Debug-xros/FirebaseFirestoreTarget-t.build/Objects-normal/arm64/dummy.d -skip-unused-modulemap-deps -module-file-deps\=direct -fdepfile-entry\=/Applications/Xcode-27.0.0-Release.Candidate.app/Contents/Developer/Platforms/XROS.platform/Developer/SDKs/XROS27.0.sdk/SDKSettings.json
PruneExplicitPrecompiledModules /Users/admin/builder/spi-builder-workspace/.derivedData/SDKExplicitPrecompiledModules
PruneExplicitPrecompiledModules /Users/admin/builder/spi-builder-workspace/.derivedData/Build/Intermediates.noindex/ExplicitPrecompiledModules
PruneExplicitPrecompiledModules /Users/admin/builder/spi-builder-workspace/.derivedData/Build/Intermediates.noindex/SwiftExplicitPrecompiledModules
2026-09-21 21:38:58.970 xcodebuild[2577:12502] [MT] IDERunDestination: Supported platforms for the buildables in the current scheme is empty.
** BUILD FAILED **
The following build commands failed:
	CompileC /Users/admin/builder/spi-builder-workspace/.derivedData/Build/Intermediates.noindex/Firebase.build/Debug-xros/FirebaseFirestoreTarget-t.build/Objects-normal/arm64/dummy.o /Users/admin/builder/spi-builder-workspace/.dependencies/checkouts/firebase-ios-sdk/SwiftPM-PlatformExclude/FirebaseFirestoreWrap/dummy.m normal arm64 objective-c com.apple.compilers.llvm.clang.1_0.compiler (in target 'FirebaseFirestoreTarget' from project 'Firebase')
	Building workspace SpeziCHOIR with scheme SpeziCHOIR-Package
(2 failures)
Command line invocation:
    /Applications/Xcode-27.0.0-Release.Candidate.app/Contents/Developer/usr/bin/xcodebuild -IDEClonedSourcePackagesDirPathOverride=/Users/admin/builder/spi-builder-workspace/.dependencies -resolvePackageDependencies
Resolve Package Graph
failed to retrieve search paths with pkg-config; maybe pkg-config is not installedcouldn't find pc file for zlib
Resolved source packages:
  SwiftProtobuf: https://github.com/apple/swift-protobuf.git @ 1.38.1
  Promises: https://github.com/google/promises.git @ 2.4.1
  swift-openapi-urlsession: https://github.com/apple/swift-openapi-urlsession.git @ 1.3.1
  swift-http-types: https://github.com/apple/swift-http-types @ 1.8.0
  swift-argument-parser: https://github.com/apple/swift-argument-parser @ 1.8.2
  cmark-gfm: https://github.com/swiftlang/swift-cmark @ 0.9.0
  zstd: https://github.com/StanfordBDHG/zstd.git @ 1.5.8-beta.1
  abseil: https://github.com/google/abseil-cpp-binary.git @ 1.2024072200.0
  swift-collections: https://github.com/apple/swift-collections @ 1.6.0
  Spezi: https://github.com/StanfordSpezi/Spezi.git @ 1.10.2
  gRPC: https://github.com/google/grpc-binary.git @ 1.69.1
  SpeziStorage: https://github.com/StanfordSpezi/SpeziStorage.git @ 2.1.4
  InteropForGoogle: https://github.com/google/interop-ios-for-google-sdks.git @ 101.0.0
  swift-numerics: https://github.com/apple/swift-numerics.git @ 1.1.1
  SpeziAccount: https://github.com/StanfordSpezi/SpeziAccount.git @ 2.3.7
  GoogleUtilities: https://github.com/google/GoogleUtilities.git @ 8.1.3
  ResearchKit: https://github.com/StanfordBDHG/ResearchKit.git @ 4.0.0-beta.3
  SpeziCHOIR: /Users/admin/builder/spi-builder-workspace
  GTMSessionFetcher: https://github.com/google/gtm-session-fetcher.git @ 4.5.0
  swift-openapi-generator: https://github.com/apple/swift-openapi-generator.git @ 1.13.1
  swift-atomics: https://github.com/apple/swift-atomics.git @ 1.3.1
  swift-markdown-ui: https://github.com/gonzalezreal/swift-markdown-ui.git @ 2.4.1
  nanopb: https://github.com/firebase/nanopb.git @ 2.30910.1
  GoogleAppMeasurement: https://github.com/google/GoogleAppMeasurement.git @ 11.15.0
  SpeziFirebase: https://github.com/StanfordSpezi/SpeziFirebase.git @ 2.0.6
  swift-syntax: https://github.com/swiftlang/swift-syntax.git @ 602.0.0
  XCTestExtensions: https://github.com/StanfordBDHG/XCTestExtensions.git @ 1.2.6
  GoogleAdsOnDeviceConversion: https://github.com/googleads/google-ads-on-device-conversion-ios-sdk @ 2.3.0
  ThreadLocal: https://github.com/StanfordBDHG/ThreadLocal.git @ 0.1.3
  Firebase: https://github.com/firebase/firebase-ios-sdk.git @ 11.15.0
  RuntimeAssertions: https://github.com/StanfordBDHG/XCTRuntimeAssertions.git @ 2.2.0
  SpeziFoundation: https://github.com/StanfordSpezi/SpeziFoundation.git @ 2.7.7
  OpenAPIKit: https://github.com/mattpolzin/OpenAPIKit @ 6.4.0
  leveldb: https://github.com/firebase/leveldb.git @ 1.22.5
  swift-openapi-runtime: https://github.com/apple/swift-openapi-runtime.git @ 1.12.1
  NetworkImage: https://github.com/gonzalezreal/NetworkImage @ 6.0.1
  SpeziViews: https://github.com/StanfordSpezi/SpeziViews.git @ 1.12.14
  AppCheck: https://github.com/google/app-check.git @ 11.3.2
  GoogleDataTransport: https://github.com/google/GoogleDataTransport.git @ 10.1.1
  swift-log: https://github.com/apple/swift-log @ 1.15.1
  PhoneNumberKit: https://github.com/marmelroy/PhoneNumberKit @ 4.3.0
  Yams: https://github.com/jpsim/Yams @ 6.2.2
  swift-algorithms: https://github.com/apple/swift-algorithms.git @ 1.2.1
resolved source packages: SwiftProtobuf, Promises, swift-openapi-urlsession, swift-http-types, swift-argument-parser, cmark-gfm, zstd, abseil, swift-collections, Spezi, gRPC, SpeziStorage, InteropForGoogle, swift-numerics, SpeziAccount, GoogleUtilities, ResearchKit, SpeziCHOIR, GTMSessionFetcher, swift-openapi-generator, swift-atomics, swift-markdown-ui, nanopb, GoogleAppMeasurement, SpeziFirebase, swift-syntax, XCTestExtensions, GoogleAdsOnDeviceConversion, ThreadLocal, Firebase, RuntimeAssertions, SpeziFoundation, OpenAPIKit, leveldb, swift-openapi-runtime, NetworkImage, SpeziViews, AppCheck, GoogleDataTransport, swift-log, PhoneNumberKit, Yams, swift-algorithms
2026-09-21 21:39:58.287 xcodebuild[4494:20955] [MT] IDERunDestination: Supported platforms for the buildables in the current scheme is empty.
{
  "default_localization" : "en",
  "dependencies" : [
    {
      "identity" : "speziaccount",
      "requirement" : {
        "range" : [
          {
            "lower_bound" : "2.1.2",
            "upper_bound" : "3.0.0"
          }
        ]
      },
      "type" : "sourceControl",
      "url" : "https://github.com/StanfordSpezi/SpeziAccount.git"
    },
    {
      "identity" : "speziviews",
      "requirement" : {
        "range" : [
          {
            "lower_bound" : "1.9.1",
            "upper_bound" : "2.0.0"
          }
        ]
      },
      "type" : "sourceControl",
      "url" : "https://github.com/StanfordSpezi/SpeziViews.git"
    },
    {
      "identity" : "spezifirebase",
      "requirement" : {
        "range" : [
          {
            "lower_bound" : "2.0.1",
            "upper_bound" : "3.0.0"
          }
        ]
      },
      "type" : "sourceControl",
      "url" : "https://github.com/StanfordSpezi/SpeziFirebase.git"
    },
    {
      "identity" : "swift-openapi-generator",
      "requirement" : {
        "range" : [
          {
            "lower_bound" : "1.6.0",
            "upper_bound" : "2.0.0"
          }
        ]
      },
      "type" : "sourceControl",
      "url" : "https://github.com/apple/swift-openapi-generator.git"
    },
    {
      "identity" : "swift-openapi-runtime",
      "requirement" : {
        "range" : [
          {
            "lower_bound" : "1.7.0",
            "upper_bound" : "2.0.0"
          }
        ]
      },
      "type" : "sourceControl",
      "url" : "https://github.com/apple/swift-openapi-runtime.git"
    },
    {
      "identity" : "swift-openapi-urlsession",
      "requirement" : {
        "range" : [
          {
            "lower_bound" : "1.0.2",
            "upper_bound" : "2.0.0"
          }
        ]
      },
      "type" : "sourceControl",
      "url" : "https://github.com/apple/swift-openapi-urlsession.git"
    },
    {
      "identity" : "firebase-ios-sdk",
      "requirement" : {
        "range" : [
          {
            "lower_bound" : "11.6.0",
            "upper_bound" : "12.0.0"
          }
        ]
      },
      "type" : "sourceControl",
      "url" : "https://github.com/firebase/firebase-ios-sdk.git"
    },
    {
      "identity" : "researchkit",
      "requirement" : {
        "range" : [
          {
            "lower_bound" : "4.0.0-beta.3",
            "upper_bound" : "5.0.0"
          }
        ]
      },
      "type" : "sourceControl",
      "url" : "https://github.com/StanfordBDHG/ResearchKit.git"
    }
  ],
  "manifest_display_name" : "SpeziCHOIR",
  "name" : "SpeziCHOIR",
  "path" : "/Users/admin/builder/spi-builder-workspace",
  "platforms" : [
    {
      "name" : "ios",
      "version" : "18.0"
    }
  ],
  "products" : [
    {
      "name" : "SpeziCHOIR",
      "targets" : [
        "SpeziCHOIR"
      ],
      "type" : {
        "library" : [
          "automatic"
        ]
      }
    },
    {
      "name" : "SpeziCHOIRViews",
      "targets" : [
        "SpeziCHOIRViews"
      ],
      "type" : {
        "library" : [
          "automatic"
        ]
      }
    }
  ],
  "targets" : [
    {
      "c99name" : "SpeziCHOIRViews",
      "module_type" : "SwiftTarget",
      "name" : "SpeziCHOIRViews",
      "path" : "Sources/SpeziCHOIRViews",
      "product_dependencies" : [
        "SpeziViews",
        "ResearchKitSwiftUI",
        "ResearchKit"
      ],
      "product_memberships" : [
        "SpeziCHOIRViews"
      ],
      "sources" : [
        "AttributedText/AttributedString+html.swift",
        "AttributedText/HTMLConversionError.swift",
        "CHOIRFormField.swift",
        "CHOIRQuestions+ViewModel.swift",
        "CHOIRQuestions.swift",
        "CHOIRStep.swift",
        "Constants/Constants.swift",
        "Placeholder/ShapeStyle+CardColor.swift",
        "Placeholder/SkeletonCell.swift"
      ],
      "target_dependencies" : [
        "SpeziCHOIR"
      ],
      "type" : "library"
    },
    {
      "c99name" : "SpeziCHOIRTests",
      "module_type" : "SwiftTarget",
      "name" : "SpeziCHOIRTests",
      "path" : "Tests/SpeziCHOIRTests",
      "sources" : [
        "SpeziCHOIRTests.swift"
      ],
      "target_dependencies" : [
        "SpeziCHOIR"
      ],
      "type" : "test"
    },
    {
      "c99name" : "SpeziCHOIR",
      "module_type" : "SwiftTarget",
      "name" : "SpeziCHOIR",
      "path" : "Sources/SpeziCHOIR",
      "product_dependencies" : [
        "OpenAPIRuntime",
        "OpenAPIURLSession",
        "SpeziAccount",
        "SpeziFirebaseAccount",
        "FirebaseMessaging",
        "FirebaseFirestore",
        "OpenAPIGenerator"
      ],
      "product_memberships" : [
        "SpeziCHOIR",
        "SpeziCHOIRViews"
      ],
      "resources" : [
        {
          "path" : "/Users/admin/builder/spi-builder-workspace/Sources/SpeziCHOIR/Resources/MockData/Questions",
          "rule" : {
            "copy" : {
            }
          }
        },
        {
          "path" : "/Users/admin/builder/spi-builder-workspace/Sources/SpeziCHOIR/Resources/MockData/onboardingStep.json",
          "rule" : {
            "process" : {
            }
          }
        }
      ],
      "sources" : [
        "Account/AccountKeys.swift",
        "Account/AccountStorageProvider.swift",
        "Account/TestAccountStorageProvider.swift",
        "Network/CHOIRError+localizedDescription.swift",
        "Network/CHOIRError.swift",
        "Network/CHOIRModule.swift",
        "Network/FirebaseAuthMiddleware.swift"
      ],
      "type" : "library"
    }
  ],
  "tools_version" : "6.0"
}
{
  "workspace" : {
    "name" : "SpeziCHOIR",
    "schemes" : [
      "MarkdownUI",
      "SpeziCHOIR",
      "SpeziCHOIR-Package",
      "SpeziCHOIRViews"
    ]
  }
}
2026-09-21 21:40:07.870 xcodebuild[4535:21221] [MT] IDERunDestination: Supported platforms for the buildables in the current scheme is empty.
{
  "workspace" : {
    "name" : "SpeziCHOIR",
    "schemes" : [
      "MarkdownUI",
      "SpeziCHOIR",
      "SpeziCHOIR-Package",
      "SpeziCHOIRViews"
    ]
  }
}
2026-09-21 21:40:16.424 xcodebuild[4566:21459] [MT] IDERunDestination: Supported platforms for the buildables in the current scheme is empty.
Running build ...
env DEVELOPER_DIR=/Applications/Xcode-27.0.0-Release.Candidate.app xcrun xcodebuild -IDEClonedSourcePackagesDirPathOverride=$PWD/.dependencies -skipMacroValidation -skipPackagePluginValidation -derivedDataPath $PWD/.derivedData build -scheme SpeziCHOIR-Package -destination generic/platform=xrOS
Command line invocation:
    /Applications/Xcode-27.0.0-Release.Candidate.app/Contents/Developer/usr/bin/xcodebuild -IDEClonedSourcePackagesDirPathOverride=/Users/admin/builder/spi-builder-workspace/.dependencies -skipMacroValidation -skipPackagePluginValidation -derivedDataPath /Users/admin/builder/spi-builder-workspace/.derivedData build -scheme SpeziCHOIR-Package -destination generic/platform=xrOS
Resolve Package Graph
failed to retrieve search paths with pkg-config; maybe pkg-config is not installedcouldn't find pc file for zlib
Resolved source packages:
  swift-atomics: https://github.com/apple/swift-atomics.git @ 1.3.1
  SpeziFoundation: https://github.com/StanfordSpezi/SpeziFoundation.git @ 2.7.7
  swift-argument-parser: https://github.com/apple/swift-argument-parser @ 1.8.2
  Firebase: https://github.com/firebase/firebase-ios-sdk.git @ 11.15.0
  swift-openapi-generator: https://github.com/apple/swift-openapi-generator.git @ 1.13.1
  GoogleUtilities: https://github.com/google/GoogleUtilities.git @ 8.1.3
  leveldb: https://github.com/firebase/leveldb.git @ 1.22.5
  Promises: https://github.com/google/promises.git @ 2.4.1
  nanopb: https://github.com/firebase/nanopb.git @ 2.30910.1
  swift-log: https://github.com/apple/swift-log @ 1.15.1
  swift-http-types: https://github.com/apple/swift-http-types @ 1.8.0
  swift-openapi-runtime: https://github.com/apple/swift-openapi-runtime.git @ 1.12.1
  ResearchKit: https://github.com/StanfordBDHG/ResearchKit.git @ 4.0.0-beta.3
  GTMSessionFetcher: https://github.com/google/gtm-session-fetcher.git @ 4.5.0
  SpeziCHOIR: /Users/admin/builder/spi-builder-workspace
  zstd: https://github.com/StanfordBDHG/zstd.git @ 1.5.8-beta.1
  cmark-gfm: https://github.com/swiftlang/swift-cmark @ 0.9.0
  swift-syntax: https://github.com/swiftlang/swift-syntax.git @ 602.0.0
  XCTestExtensions: https://github.com/StanfordBDHG/XCTestExtensions.git @ 1.2.6
  GoogleAppMeasurement: https://github.com/google/GoogleAppMeasurement.git @ 11.15.0
  SpeziStorage: https://github.com/StanfordSpezi/SpeziStorage.git @ 2.1.4
  GoogleDataTransport: https://github.com/google/GoogleDataTransport.git @ 10.1.1
  SwiftProtobuf: https://github.com/apple/swift-protobuf.git @ 1.38.1
  swift-markdown-ui: https://github.com/gonzalezreal/swift-markdown-ui.git @ 2.4.1
  gRPC: https://github.com/google/grpc-binary.git @ 1.69.1
  swift-collections: https://github.com/apple/swift-collections @ 1.6.0
  NetworkImage: https://github.com/gonzalezreal/NetworkImage @ 6.0.1
  InteropForGoogle: https://github.com/google/interop-ios-for-google-sdks.git @ 101.0.0
  RuntimeAssertions: https://github.com/StanfordBDHG/XCTRuntimeAssertions.git @ 2.2.0
  ThreadLocal: https://github.com/StanfordBDHG/ThreadLocal.git @ 0.1.3
  SpeziViews: https://github.com/StanfordSpezi/SpeziViews.git @ 1.12.14
  Yams: https://github.com/jpsim/Yams @ 6.2.2
  SpeziAccount: https://github.com/StanfordSpezi/SpeziAccount.git @ 2.3.7
  OpenAPIKit: https://github.com/mattpolzin/OpenAPIKit @ 6.4.0
  PhoneNumberKit: https://github.com/marmelroy/PhoneNumberKit @ 4.3.0
  swift-numerics: https://github.com/apple/swift-numerics.git @ 1.1.1
  AppCheck: https://github.com/google/app-check.git @ 11.3.2
  swift-algorithms: https://github.com/apple/swift-algorithms.git @ 1.2.1
  abseil: https://github.com/google/abseil-cpp-binary.git @ 1.2024072200.0
  GoogleAdsOnDeviceConversion: https://github.com/googleads/google-ads-on-device-conversion-ios-sdk @ 2.3.0
  SpeziFirebase: https://github.com/StanfordSpezi/SpeziFirebase.git @ 2.0.6
  Spezi: https://github.com/StanfordSpezi/Spezi.git @ 1.10.2
  swift-openapi-urlsession: https://github.com/apple/swift-openapi-urlsession.git @ 1.3.1
ComputePackagePrebuildTargetDependencyGraph
Prepare packages
Compile plug-in “OpenAPIGenerator” in package “swift-openapi-generator”
[debug]: Compiling plugin to executable at /Users/admin/builder/spi-builder-workspace/.derivedData/Build/Products/PluginExecutables/OpenAPIGenerator
[debug]: Using compiler /Applications/Xcode-27.0.0-Release.Candidate.app/Contents/Developer/Toolchains/XcodeDefault.xctoolchain/usr/bin/swiftc
[debug]: Plugin compilation output directory '/Users/admin/builder/spi-builder-workspace/.derivedData/Build/Products/PluginExecutables'
[debug]: Computed hash of plugin compilation inputs: a8345d4ccea40cb1c2c0bd3d8213530e121a6add873cb6b63ddbe1b4ef080872
Apply build tool plug-in “OpenAPIGenerator” to target “SpeziCHOIR” in package “spi-builder-workspace”
Process build tool plug-in results
package: <IDESwiftPackageCore.IDESwiftPackage:0x8c1f93000 path:'/Users/admin/builder/spi-builder-workspace'>
    target: SpeziCHOIR
        prebuildCommandOutputPaths: []
        buildCommands: [SwiftPM.SPMCustomBuildCommand(displayName: Optional("Running swift-openapi-generator"), executable: "/${BUILD_DIR}/${CONFIGURATION}/swift-openapi-generator", arguments: ["generate", "/Users/admin/builder/spi-builder-workspace/Sources/SpeziCHOIR/Network/openapi.yml", "--config", "/Users/admin/builder/spi-builder-workspace/Sources/SpeziCHOIR/Network/openapi-generator-config.yml", "--output-directory", "/Users/admin/builder/spi-builder-workspace/.derivedData/Build/Intermediates.noindex/BuildToolPluginIntermediates/spi-builder-workspace.output/SpeziCHOIR/OpenAPIGenerator/GeneratedSources", "--plugin-source", "build"], environment: [:], workingDir: nil, inputPaths: [SwiftPM.SPMAbsolutePath(absolutePath: <AbsolutePath:"/Users/admin/builder/spi-builder-workspace/Sources/SpeziCHOIR/Network/openapi-generator-config.yml">), SwiftPM.SPMAbsolutePath(absolutePath: <AbsolutePath:"/Users/admin/builder/spi-builder-workspace/Sources/SpeziCHOIR/Network/openapi.yml">)], outputPaths: ["/Users/admin/builder/spi-builder-workspace/.derivedData/Build/Intermediates.noindex/BuildToolPluginIntermediates/spi-builder-workspace.output/SpeziCHOIR/OpenAPIGenerator/GeneratedSources/Types.swift", "/Users/admin/builder/spi-builder-workspace/.derivedData/Build/Intermediates.noindex/BuildToolPluginIntermediates/spi-builder-workspace.output/SpeziCHOIR/OpenAPIGenerator/GeneratedSources/Types+Components.swift", "/Users/admin/builder/spi-builder-workspace/.derivedData/Build/Intermediates.noindex/BuildToolPluginIntermediates/spi-builder-workspace.output/SpeziCHOIR/OpenAPIGenerator/GeneratedSources/Types+Operations.swift", "/Users/admin/builder/spi-builder-workspace/.derivedData/Build/Intermediates.noindex/BuildToolPluginIntermediates/spi-builder-workspace.output/SpeziCHOIR/OpenAPIGenerator/GeneratedSources/Types+Components+Schemas.swift", "/Users/admin/builder/spi-builder-workspace/.derivedData/Build/Intermediates.noindex/BuildToolPluginIntermediates/spi-builder-workspace.output/SpeziCHOIR/OpenAPIGenerator/GeneratedSources/Types+Components+Parameters.swift", "/Users/admin/builder/spi-builder-workspace/.derivedData/Build/Intermediates.noindex/BuildToolPluginIntermediates/spi-builder-workspace.output/SpeziCHOIR/OpenAPIGenerator/GeneratedSources/Types+Components+RequestBodies.swift", "/Users/admin/builder/spi-builder-workspace/.derivedData/Build/Intermediates.noindex/BuildToolPluginIntermediates/spi-builder-workspace.output/SpeziCHOIR/OpenAPIGenerator/GeneratedSources/Types+Components+Responses.swift", "/Users/admin/builder/spi-builder-workspace/.derivedData/Build/Intermediates.noindex/BuildToolPluginIntermediates/spi-builder-workspace.output/SpeziCHOIR/OpenAPIGenerator/GeneratedSources/Types+Components+Headers.swift", "/Users/admin/builder/spi-builder-workspace/.derivedData/Build/Intermediates.noindex/BuildToolPluginIntermediates/spi-builder-workspace.output/SpeziCHOIR/OpenAPIGenerator/GeneratedSources/Client.swift", "/Users/admin/builder/spi-builder-workspace/.derivedData/Build/Intermediates.noindex/BuildToolPluginIntermediates/spi-builder-workspace.output/SpeziCHOIR/OpenAPIGenerator/GeneratedSources/Server.swift"], pluginOutputDir: SwiftPM.SPMAbsolutePath(absolutePath: <AbsolutePath:"/Users/admin/builder/spi-builder-workspace/.derivedData/Build/Intermediates.noindex/BuildToolPluginIntermediates/spi-builder-workspace.output/SpeziCHOIR/OpenAPIGenerator">), sandboxProfile: Optional(SwiftPM.SPMSandboxProfile(strictness: Basics.Sandbox.Strictness.writableTemporaryDirectory, writableDirectories: [<AbsolutePath:"/Users/admin/builder/spi-builder-workspace/.derivedData/Build/Intermediates.noindex/BuildToolPluginIntermediates/spi-builder-workspace.output/SpeziCHOIR/OpenAPIGenerator">], readOnlyDirectories: [<AbsolutePath:"/Users/admin/builder/spi-builder-workspace">])))]
        allDerivedOutputPaths: [SwiftPM.SPMAbsolutePath(absolutePath: <AbsolutePath:"/Users/admin/builder/spi-builder-workspace/.derivedData/Build/Intermediates.noindex/BuildToolPluginIntermediates/spi-builder-workspace.output/SpeziCHOIR/OpenAPIGenerator/GeneratedSources/Types.swift">), SwiftPM.SPMAbsolutePath(absolutePath: <AbsolutePath:"/Users/admin/builder/spi-builder-workspace/.derivedData/Build/Intermediates.noindex/BuildToolPluginIntermediates/spi-builder-workspace.output/SpeziCHOIR/OpenAPIGenerator/GeneratedSources/Types+Components.swift">), SwiftPM.SPMAbsolutePath(absolutePath: <AbsolutePath:"/Users/admin/builder/spi-builder-workspace/.derivedData/Build/Intermediates.noindex/BuildToolPluginIntermediates/spi-builder-workspace.output/SpeziCHOIR/OpenAPIGenerator/GeneratedSources/Types+Operations.swift">), SwiftPM.SPMAbsolutePath(absolutePath: <AbsolutePath:"/Users/admin/builder/spi-builder-workspace/.derivedData/Build/Intermediates.noindex/BuildToolPluginIntermediates/spi-builder-workspace.output/SpeziCHOIR/OpenAPIGenerator/GeneratedSources/Types+Components+Schemas.swift">), SwiftPM.SPMAbsolutePath(absolutePath: <AbsolutePath:"/Users/admin/builder/spi-builder-workspace/.derivedData/Build/Intermediates.noindex/BuildToolPluginIntermediates/spi-builder-workspace.output/SpeziCHOIR/OpenAPIGenerator/GeneratedSources/Types+Components+Parameters.swift">), SwiftPM.SPMAbsolutePath(absolutePath: <AbsolutePath:"/Users/admin/builder/spi-builder-workspace/.derivedData/Build/Intermediates.noindex/BuildToolPluginIntermediates/spi-builder-workspace.output/SpeziCHOIR/OpenAPIGenerator/GeneratedSources/Types+Components+RequestBodies.swift">), SwiftPM.SPMAbsolutePath(absolutePath: <AbsolutePath:"/Users/admin/builder/spi-builder-workspace/.derivedData/Build/Intermediates.noindex/BuildToolPluginIntermediates/spi-builder-workspace.output/SpeziCHOIR/OpenAPIGenerator/GeneratedSources/Types+Components+Responses.swift">), SwiftPM.SPMAbsolutePath(absolutePath: <AbsolutePath:"/Users/admin/builder/spi-builder-workspace/.derivedData/Build/Intermediates.noindex/BuildToolPluginIntermediates/spi-builder-workspace.output/SpeziCHOIR/OpenAPIGenerator/GeneratedSources/Types+Components+Headers.swift">), SwiftPM.SPMAbsolutePath(absolutePath: <AbsolutePath:"/Users/admin/builder/spi-builder-workspace/.derivedData/Build/Intermediates.noindex/BuildToolPluginIntermediates/spi-builder-workspace.output/SpeziCHOIR/OpenAPIGenerator/GeneratedSources/Client.swift">), SwiftPM.SPMAbsolutePath(absolutePath: <AbsolutePath:"/Users/admin/builder/spi-builder-workspace/.derivedData/Build/Intermediates.noindex/BuildToolPluginIntermediates/spi-builder-workspace.output/SpeziCHOIR/OpenAPIGenerator/GeneratedSources/Server.swift">)]
CreateBuildRequest
SendProjectDescription
CreateBuildOperation
ComputeTargetDependencyGraph
note: Building targets in dependency order
note: Target dependency graph (157 targets)
    Target 'SpeziCHOIRViews-product' in project 'SpeziCHOIR'
        ➜ Explicit dependency on target 'SpeziCHOIRViews' in project 'SpeziCHOIR'
        ➜ Explicit dependency on target 'SpeziCHOIR_SpeziCHOIRViews' in project 'SpeziCHOIR'
        ➜ Explicit dependency on target 'OpenAPIGenerator-product' in project 'swift-openapi-generator'
        ➜ Explicit dependency on target 'SpeziCHOIR' in project 'SpeziCHOIR'
        ➜ Explicit dependency on target 'OpenAPIRuntime-product' in project 'swift-openapi-runtime'
        ➜ Explicit dependency on target 'OpenAPIURLSession-product' in project 'swift-openapi-urlsession'
        ➜ Explicit dependency on target 'SpeziAccount-product' in project 'SpeziAccount'
        ➜ Explicit dependency on target 'SpeziFirebaseAccount-product' in project 'SpeziFirebase'
        ➜ Explicit dependency on target 'FirebaseMessaging-product' in project 'Firebase'
        ➜ Explicit dependency on target 'FirebaseFirestore-product' in project 'Firebase'
        ➜ Explicit dependency on target 'SpeziViews-product' in project 'SpeziViews'
        ➜ Explicit dependency on target 'ResearchKitSwiftUI-product' in project 'ResearchKit'
        ➜ Explicit dependency on target 'ResearchKit-product' in project 'ResearchKit'
    Target 'SpeziCHOIRViews' in project 'SpeziCHOIR'
        ➜ Explicit dependency on target 'SpeziCHOIR_SpeziCHOIRViews' in project 'SpeziCHOIR'
        ➜ Explicit dependency on target 'OpenAPIGenerator-product' in project 'swift-openapi-generator'
        ➜ Explicit dependency on target 'SpeziCHOIR' in project 'SpeziCHOIR'
        ➜ Explicit dependency on target 'OpenAPIRuntime-product' in project 'swift-openapi-runtime'
        ➜ Explicit dependency on target 'OpenAPIURLSession-product' in project 'swift-openapi-urlsession'
        ➜ Explicit dependency on target 'SpeziAccount-product' in project 'SpeziAccount'
        ➜ Explicit dependency on target 'SpeziFirebaseAccount-product' in project 'SpeziFirebase'
        ➜ Explicit dependency on target 'FirebaseMessaging-product' in project 'Firebase'
        ➜ Explicit dependency on target 'FirebaseFirestore-product' in project 'Firebase'
        ➜ Explicit dependency on target 'SpeziViews-product' in project 'SpeziViews'
        ➜ Explicit dependency on target 'ResearchKitSwiftUI-product' in project 'ResearchKit'
        ➜ Explicit dependency on target 'ResearchKit-product' in project 'ResearchKit'
    Target 'ResearchKit-product' in project 'ResearchKit' (no dependencies)
    Target 'ResearchKitSwiftUI-product' in project 'ResearchKit'
        ➜ Explicit dependency on target 'ResearchKitSwiftUI' in project 'ResearchKit'
        ➜ Explicit dependency on target 'ResearchKit_ResearchKitSwiftUI' in project 'ResearchKit'
        ➜ Explicit dependency on target 'SpeziFoundation-product' in project 'SpeziFoundation'
    Target 'ResearchKitSwiftUI' in project 'ResearchKit'
        ➜ Explicit dependency on target 'ResearchKit_ResearchKitSwiftUI' in project 'ResearchKit'
        ➜ Explicit dependency on target 'SpeziFoundation-product' in project 'SpeziFoundation'
    Target 'ResearchKit_ResearchKitSwiftUI' in project 'ResearchKit' (no dependencies)
    Target 'SpeziCHOIR_SpeziCHOIRViews' in project 'SpeziCHOIR' (no dependencies)
    Target 'SpeziCHOIR-product' in project 'SpeziCHOIR'
        ➜ Explicit dependency on target 'SpeziCHOIR' in project 'SpeziCHOIR'
        ➜ Explicit dependency on target 'SpeziCHOIR_SpeziCHOIR' in project 'SpeziCHOIR'
        ➜ Explicit dependency on target 'OpenAPIGenerator-product' in project 'swift-openapi-generator'
        ➜ Explicit dependency on target 'OpenAPIRuntime-product' in project 'swift-openapi-runtime'
        ➜ Explicit dependency on target 'OpenAPIURLSession-product' in project 'swift-openapi-urlsession'
        ➜ Explicit dependency on target 'SpeziAccount-product' in project 'SpeziAccount'
        ➜ Explicit dependency on target 'SpeziFirebaseAccount-product' in project 'SpeziFirebase'
        ➜ Explicit dependency on target 'FirebaseMessaging-product' in project 'Firebase'
        ➜ Explicit dependency on target 'FirebaseFirestore-product' in project 'Firebase'
    Target 'SpeziCHOIR' in project 'SpeziCHOIR'
        ➜ Explicit dependency on target 'SpeziCHOIR_SpeziCHOIR' in project 'SpeziCHOIR'
        ➜ Explicit dependency on target 'OpenAPIGenerator-product' in project 'swift-openapi-generator'
        ➜ Explicit dependency on target 'OpenAPIRuntime-product' in project 'swift-openapi-runtime'
        ➜ Explicit dependency on target 'OpenAPIURLSession-product' in project 'swift-openapi-urlsession'
        ➜ Explicit dependency on target 'SpeziAccount-product' in project 'SpeziAccount'
        ➜ Explicit dependency on target 'SpeziFirebaseAccount-product' in project 'SpeziFirebase'
        ➜ Explicit dependency on target 'FirebaseMessaging-product' in project 'Firebase'
        ➜ Explicit dependency on target 'FirebaseFirestore-product' in project 'Firebase'
    Target 'FirebaseMessaging-product' in project 'Firebase'
        ➜ Explicit dependency on target 'FirebaseMessaging' in project 'Firebase'
        ➜ Explicit dependency on target 'Firebase_FirebaseMessaging' in project 'Firebase'
        ➜ Explicit dependency on target 'Firebase' in project 'Firebase'
        ➜ Explicit dependency on target 'FirebaseCoreInternal' in project 'Firebase'
        ➜ Explicit dependency on target 'FirebaseCore' in project 'Firebase'
        ➜ Explicit dependency on target 'FirebaseInstallations' in project 'Firebase'
        ➜ Explicit dependency on target 'GULNSData-product' in project 'GoogleUtilities'
        ➜ Explicit dependency on target 'GULEnvironment-product' in project 'GoogleUtilities'
        ➜ Explicit dependency on target 'GULLogger-product' in project 'GoogleUtilities'
        ➜ Explicit dependency on target 'FBLPromises-product' in project 'Promises'
        ➜ Explicit dependency on target 'GULUserDefaults-product' in project 'GoogleUtilities'
        ➜ Explicit dependency on target 'GULAppDelegateSwizzler-product' in project 'GoogleUtilities'
        ➜ Explicit dependency on target 'GULReachability-product' in project 'GoogleUtilities'
        ➜ Explicit dependency on target 'GoogleDataTransport-product' in project 'GoogleDataTransport'
        ➜ Explicit dependency on target 'nanopb-product' in project 'nanopb'
    Target 'FirebaseMessaging' in project 'Firebase'
        ➜ Explicit dependency on target 'Firebase_FirebaseMessaging' in project 'Firebase'
        ➜ Explicit dependency on target 'Firebase' in project 'Firebase'
        ➜ Explicit dependency on target 'FirebaseCoreInternal' in project 'Firebase'
        ➜ Explicit dependency on target 'FirebaseCore' in project 'Firebase'
        ➜ Explicit dependency on target 'FirebaseInstallations' in project 'Firebase'
        ➜ Explicit dependency on target 'GULNSData-product' in project 'GoogleUtilities'
        ➜ Explicit dependency on target 'GULEnvironment-product' in project 'GoogleUtilities'
        ➜ Explicit dependency on target 'GULLogger-product' in project 'GoogleUtilities'
        ➜ Explicit dependency on target 'FBLPromises-product' in project 'Promises'
        ➜ Explicit dependency on target 'GULUserDefaults-product' in project 'GoogleUtilities'
        ➜ Explicit dependency on target 'GULAppDelegateSwizzler-product' in project 'GoogleUtilities'
        ➜ Explicit dependency on target 'GULReachability-product' in project 'GoogleUtilities'
        ➜ Explicit dependency on target 'GoogleDataTransport-product' in project 'GoogleDataTransport'
        ➜ Explicit dependency on target 'nanopb-product' in project 'nanopb'
    Target 'GoogleDataTransport-product' in project 'GoogleDataTransport'
        ➜ Explicit dependency on target 'GoogleDataTransport' in project 'GoogleDataTransport'
        ➜ Explicit dependency on target 'GoogleDataTransport_GoogleDataTransport' in project 'GoogleDataTransport'
        ➜ Explicit dependency on target 'nanopb-product' in project 'nanopb'
        ➜ Explicit dependency on target 'FBLPromises-product' in project 'Promises'
    Target 'GoogleDataTransport' in project 'GoogleDataTransport'
        ➜ Explicit dependency on target 'GoogleDataTransport_GoogleDataTransport' in project 'GoogleDataTransport'
        ➜ Explicit dependency on target 'nanopb-product' in project 'nanopb'
        ➜ Explicit dependency on target 'FBLPromises-product' in project 'Promises'
    Target 'GoogleDataTransport_GoogleDataTransport' in project 'GoogleDataTransport' (no dependencies)
    Target 'GULReachability-product' in project 'GoogleUtilities'
        ➜ Explicit dependency on target 'GoogleUtilities-Reachability' in project 'GoogleUtilities'
        ➜ Explicit dependency on target 'GoogleUtilities_GoogleUtilities-Reachability' in project 'GoogleUtilities'
        ➜ Explicit dependency on target 'third-party-IsAppEncrypted' in project 'GoogleUtilities'
        ➜ Explicit dependency on target 'GoogleUtilities-Environment' in project 'GoogleUtilities'
        ➜ Explicit dependency on target 'GoogleUtilities-Logger' in project 'GoogleUtilities'
    Target 'FirebaseInstallations' in project 'Firebase'
        ➜ Explicit dependency on target 'Firebase_FirebaseInstallations' in project 'Firebase'
        ➜ Explicit dependency on target 'Firebase' in project 'Firebase'
        ➜ Explicit dependency on target 'FirebaseCoreInternal' in project 'Firebase'
        ➜ Explicit dependency on target 'FirebaseCore' in project 'Firebase'
        ➜ Explicit dependency on target 'GULNSData-product' in project 'GoogleUtilities'
        ➜ Explicit dependency on target 'GULEnvironment-product' in project 'GoogleUtilities'
        ➜ Explicit dependency on target 'GULLogger-product' in project 'GoogleUtilities'
        ➜ Explicit dependency on target 'FBLPromises-product' in project 'Promises'
        ➜ Explicit dependency on target 'GULUserDefaults-product' in project 'GoogleUtilities'
    Target 'GULUserDefaults-product' in project 'GoogleUtilities'
        ➜ Explicit dependency on target 'GoogleUtilities-UserDefaults' in project 'GoogleUtilities'
        ➜ Explicit dependency on target 'GoogleUtilities_GoogleUtilities-UserDefaults' in project 'GoogleUtilities'
        ➜ Explicit dependency on target 'third-party-IsAppEncrypted' in project 'GoogleUtilities'
        ➜ Explicit dependency on target 'GoogleUtilities-Environment' in project 'GoogleUtilities'
        ➜ Explicit dependency on target 'GoogleUtilities-Logger' in project 'GoogleUtilities'
    Target 'GoogleUtilities-UserDefaults' in project 'GoogleUtilities'
        ➜ Explicit dependency on target 'GoogleUtilities_GoogleUtilities-UserDefaults' in project 'GoogleUtilities'
        ➜ Explicit dependency on target 'third-party-IsAppEncrypted' in project 'GoogleUtilities'
        ➜ Explicit dependency on target 'GoogleUtilities-Environment' in project 'GoogleUtilities'
        ➜ Explicit dependency on target 'GoogleUtilities-Logger' in project 'GoogleUtilities'
    Target 'GoogleUtilities_GoogleUtilities-UserDefaults' in project 'GoogleUtilities' (no dependencies)
    Target 'FBLPromises-product' in project 'Promises'
        ➜ Explicit dependency on target 'FBLPromises' in project 'Promises'
        ➜ Explicit dependency on target 'Promises_FBLPromises' in project 'Promises'
    Target 'FBLPromises' in project 'Promises'
        ➜ Explicit dependency on target 'Promises_FBLPromises' in project 'Promises'
    Target 'Promises_FBLPromises' in project 'Promises' (no dependencies)
    Target 'Firebase_FirebaseInstallations' in project 'Firebase' (no dependencies)
    Target 'Firebase_FirebaseMessaging' in project 'Firebase' (no dependencies)
    Target 'SpeziFirebaseAccount-product' in project 'SpeziFirebase'
        ➜ Explicit dependency on target 'SpeziFirebaseAccount' in project 'SpeziFirebase'
        ➜ Explicit dependency on target 'SpeziFirebase_SpeziFirebaseAccount' in project 'SpeziFirebase'
        ➜ Explicit dependency on target 'SpeziFirebaseConfiguration' in project 'SpeziFirebase'
        ➜ Explicit dependency on target 'Spezi-product' in project 'Spezi'
        ➜ Explicit dependency on target 'FirebaseFirestore-product' in project 'Firebase'
        ➜ Explicit dependency on target 'SpeziFoundation-product' in project 'SpeziFoundation'
        ➜ Explicit dependency on target 'SpeziValidation-product' in project 'SpeziViews'
        ➜ Explicit dependency on target 'SpeziAccount-product' in project 'SpeziAccount'
        ➜ Explicit dependency on target 'SpeziLocalStorage-product' in project 'SpeziStorage'
        ➜ Explicit dependency on target 'SpeziKeychainStorage-product' in project 'SpeziStorage'
        ➜ Explicit dependency on target 'FirebaseAuth-product' in project 'Firebase'
    Target 'SpeziFirebaseAccount' in project 'SpeziFirebase'
        ➜ Explicit dependency on target 'SpeziFirebase_SpeziFirebaseAccount' in project 'SpeziFirebase'
        ➜ Explicit dependency on target 'SpeziFirebaseConfiguration' in project 'SpeziFirebase'
        ➜ Explicit dependency on target 'Spezi-product' in project 'Spezi'
        ➜ Explicit dependency on target 'FirebaseFirestore-product' in project 'Firebase'
        ➜ Explicit dependency on target 'SpeziFoundation-product' in project 'SpeziFoundation'
        ➜ Explicit dependency on target 'SpeziValidation-product' in project 'SpeziViews'
        ➜ Explicit dependency on target 'SpeziAccount-product' in project 'SpeziAccount'
        ➜ Explicit dependency on target 'SpeziLocalStorage-product' in project 'SpeziStorage'
        ➜ Explicit dependency on target 'SpeziKeychainStorage-product' in project 'SpeziStorage'
        ➜ Explicit dependency on target 'FirebaseAuth-product' in project 'Firebase'
    Target 'FirebaseAuth-product' in project 'Firebase'
        ➜ Explicit dependency on target 'FirebaseAuth' in project 'Firebase'
        ➜ Explicit dependency on target 'Firebase_FirebaseAuth' in project 'Firebase'
        ➜ Explicit dependency on target 'FirebaseAppCheckInterop' in project 'Firebase'
        ➜ Explicit dependency on target 'FirebaseAuthInterop' in project 'Firebase'
        ➜ Explicit dependency on target 'FirebaseAuthInternal' in project 'Firebase'
        ➜ Explicit dependency on target 'Firebase' in project 'Firebase'
        ➜ Explicit dependency on target 'FirebaseCoreInternal' in project 'Firebase'
        ➜ Explicit dependency on target 'FirebaseCore' in project 'Firebase'
        ➜ Explicit dependency on target 'FirebaseCoreExtension' in project 'Firebase'
        ➜ Explicit dependency on target 'RecaptchaInterop-product' in project 'InteropForGoogle'
        ➜ Explicit dependency on target 'GULNSData-product' in project 'GoogleUtilities'
        ➜ Explicit dependency on target 'GULEnvironment-product' in project 'GoogleUtilities'
        ➜ Explicit dependency on target 'GULLogger-product' in project 'GoogleUtilities'
        ➜ Explicit dependency on target 'GULAppDelegateSwizzler-product' in project 'GoogleUtilities'
        ➜ Explicit dependency on target 'GTMSessionFetcherCore-product' in project 'GTMSessionFetcher'
    Target 'FirebaseAuth' in project 'Firebase'
        ➜ Explicit dependency on target 'Firebase_FirebaseAuth' in project 'Firebase'
        ➜ Explicit dependency on target 'FirebaseAppCheckInterop' in project 'Firebase'
        ➜ Explicit dependency on target 'FirebaseAuthInterop' in project 'Firebase'
        ➜ Explicit dependency on target 'FirebaseAuthInternal' in project 'Firebase'
        ➜ Explicit dependency on target 'Firebase' in project 'Firebase'
        ➜ Explicit dependency on target 'FirebaseCoreInternal' in project 'Firebase'
        ➜ Explicit dependency on target 'FirebaseCore' in project 'Firebase'
        ➜ Explicit dependency on target 'FirebaseCoreExtension' in project 'Firebase'
        ➜ Explicit dependency on target 'RecaptchaInterop-product' in project 'InteropForGoogle'
        ➜ Explicit dependency on target 'GULNSData-product' in project 'GoogleUtilities'
        ➜ Explicit dependency on target 'GULEnvironment-product' in project 'GoogleUtilities'
        ➜ Explicit dependency on target 'GULLogger-product' in project 'GoogleUtilities'
        ➜ Explicit dependency on target 'GULAppDelegateSwizzler-product' in project 'GoogleUtilities'
        ➜ Explicit dependency on target 'GTMSessionFetcherCore-product' in project 'GTMSessionFetcher'
    Target 'GTMSessionFetcherCore-product' in project 'GTMSessionFetcher'
        ➜ Explicit dependency on target 'GTMSessionFetcherCore' in project 'GTMSessionFetcher'
        ➜ Explicit dependency on target 'GTMSessionFetcher_GTMSessionFetcherCore' in project 'GTMSessionFetcher'
    Target 'GTMSessionFetcherCore' in project 'GTMSessionFetcher'
        ➜ Explicit dependency on target 'GTMSessionFetcher_GTMSessionFetcherCore' in project 'GTMSessionFetcher'
    Target 'GTMSessionFetcher_GTMSessionFetcherCore' in project 'GTMSessionFetcher' (no dependencies)
    Target 'GULAppDelegateSwizzler-product' in project 'GoogleUtilities'
        ➜ Explicit dependency on target 'GoogleUtilities-AppDelegateSwizzler' in project 'GoogleUtilities'
        ➜ Explicit dependency on target 'GoogleUtilities_GoogleUtilities-AppDelegateSwizzler' in project 'GoogleUtilities'
        ➜ Explicit dependency on target 'third-party-IsAppEncrypted' in project 'GoogleUtilities'
        ➜ Explicit dependency on target 'GoogleUtilities-Environment' in project 'GoogleUtilities'
        ➜ Explicit dependency on target 'GoogleUtilities-Logger' in project 'GoogleUtilities'
        ➜ Explicit dependency on target 'GoogleUtilities-NSData' in project 'GoogleUtilities'
        ➜ Explicit dependency on target 'GoogleUtilities-Reachability' in project 'GoogleUtilities'
        ➜ Explicit dependency on target 'GoogleUtilities-Network' in project 'GoogleUtilities'
    Target 'GoogleUtilities-AppDelegateSwizzler' in project 'GoogleUtilities'
        ➜ Explicit dependency on target 'GoogleUtilities_GoogleUtilities-AppDelegateSwizzler' in project 'GoogleUtilities'
        ➜ Explicit dependency on target 'third-party-IsAppEncrypted' in project 'GoogleUtilities'
        ➜ Explicit dependency on target 'GoogleUtilities-Environment' in project 'GoogleUtilities'
        ➜ Explicit dependency on target 'GoogleUtilities-Logger' in project 'GoogleUtilities'
        ➜ Explicit dependency on target 'GoogleUtilities-NSData' in project 'GoogleUtilities'
        ➜ Explicit dependency on target 'GoogleUtilities-Reachability' in project 'GoogleUtilities'
        ➜ Explicit dependency on target 'GoogleUtilities-Network' in project 'GoogleUtilities'
    Target 'GoogleUtilities-Network' in project 'GoogleUtilities'
        ➜ Explicit dependency on target 'GoogleUtilities_GoogleUtilities-Network' in project 'GoogleUtilities'
        ➜ Explicit dependency on target 'third-party-IsAppEncrypted' in project 'GoogleUtilities'
        ➜ Explicit dependency on target 'GoogleUtilities-Environment' in project 'GoogleUtilities'
        ➜ Explicit dependency on target 'GoogleUtilities-Logger' in project 'GoogleUtilities'
        ➜ Explicit dependency on target 'GoogleUtilities-NSData' in project 'GoogleUtilities'
        ➜ Explicit dependency on target 'GoogleUtilities-Reachability' in project 'GoogleUtilities'
    Target 'GoogleUtilities_GoogleUtilities-Network' in project 'GoogleUtilities' (no dependencies)
    Target 'GoogleUtilities-Reachability' in project 'GoogleUtilities'
        ➜ Explicit dependency on target 'GoogleUtilities_GoogleUtilities-Reachability' in project 'GoogleUtilities'
        ➜ Explicit dependency on target 'third-party-IsAppEncrypted' in project 'GoogleUtilities'
        ➜ Explicit dependency on target 'GoogleUtilities-Environment' in project 'GoogleUtilities'
        ➜ Explicit dependency on target 'GoogleUtilities-Logger' in project 'GoogleUtilities'
    Target 'GoogleUtilities_GoogleUtilities-Reachability' in project 'GoogleUtilities' (no dependencies)
    Target 'GoogleUtilities_GoogleUtilities-AppDelegateSwizzler' in project 'GoogleUtilities' (no dependencies)
    Target 'FirebaseAuthInternal' in project 'Firebase'
        ➜ Explicit dependency on target 'RecaptchaInterop-product' in project 'InteropForGoogle'
    Target 'RecaptchaInterop-product' in project 'InteropForGoogle'
        ➜ Explicit dependency on target 'RecaptchaInterop' in project 'InteropForGoogle'
    Target 'RecaptchaInterop' in project 'InteropForGoogle' (no dependencies)
    Target 'FirebaseAuthInterop' in project 'Firebase' (no dependencies)
    Target 'Firebase_FirebaseAuth' in project 'Firebase' (no dependencies)
    Target 'SpeziKeychainStorage-product' in project 'SpeziStorage'
        ➜ Explicit dependency on target 'SpeziKeychainStorage' in project 'SpeziStorage'
        ➜ Explicit dependency on target 'Spezi-product' in project 'Spezi'
        ➜ Explicit dependency on target 'RuntimeAssertions-product' in project 'RuntimeAssertions'
    Target 'SpeziFirebaseConfiguration' in project 'SpeziFirebase'
        ➜ Explicit dependency on target 'Spezi-product' in project 'Spezi'
        ➜ Explicit dependency on target 'FirebaseFirestore-product' in project 'Firebase'
    Target 'FirebaseFirestore-product' in project 'Firebase'
        ➜ Explicit dependency on target 'FirebaseFirestoreTarget' in project 'Firebase'
        ➜ Explicit dependency on target 'FirebaseAppCheckInterop' in project 'Firebase'
        ➜ Explicit dependency on target 'Firebase' in project 'Firebase'
        ➜ Explicit dependency on target 'FirebaseCoreInternal' in project 'Firebase'
        ➜ Explicit dependency on target 'FirebaseCore' in project 'Firebase'
        ➜ Explicit dependency on target 'FirebaseCoreExtension' in project 'Firebase'
        ➜ Explicit dependency on target 'FirebaseSharedSwift' in project 'Firebase'
        ➜ Explicit dependency on target 'GULNSData-product' in project 'GoogleUtilities'
        ➜ Explicit dependency on target 'GULEnvironment-product' in project 'GoogleUtilities'
        ➜ Explicit dependency on target 'GULLogger-product' in project 'GoogleUtilities'
        ➜ Explicit dependency on target 'nanopb-product' in project 'nanopb'
        ➜ Explicit dependency on target 'leveldb-product' in project 'leveldb'
    Target 'FirebaseFirestoreTarget' in project 'Firebase'
        ➜ Explicit dependency on target 'FirebaseAppCheckInterop' in project 'Firebase'
        ➜ Explicit dependency on target 'Firebase' in project 'Firebase'
        ➜ Explicit dependency on target 'FirebaseCoreInternal' in project 'Firebase'
        ➜ Explicit dependency on target 'FirebaseCore' in project 'Firebase'
        ➜ Explicit dependency on target 'FirebaseCoreExtension' in project 'Firebase'
        ➜ Explicit dependency on target 'FirebaseSharedSwift' in project 'Firebase'
        ➜ Explicit dependency on target 'GULNSData-product' in project 'GoogleUtilities'
        ➜ Explicit dependency on target 'GULEnvironment-product' in project 'GoogleUtilities'
        ➜ Explicit dependency on target 'GULLogger-product' in project 'GoogleUtilities'
        ➜ Explicit dependency on target 'nanopb-product' in project 'nanopb'
        ➜ Explicit dependency on target 'leveldb-product' in project 'leveldb'
    Target 'leveldb-product' in project 'leveldb'
        ➜ Explicit dependency on target 'leveldb' in project 'leveldb'
        ➜ Explicit dependency on target 'leveldb_leveldb' in project 'leveldb'
    Target 'leveldb' in project 'leveldb'
        ➜ Explicit dependency on target 'leveldb_leveldb' in project 'leveldb'
    Target 'leveldb_leveldb' in project 'leveldb' (no dependencies)
    Target 'nanopb-product' in project 'nanopb'
        ➜ Explicit dependency on target 'nanopb' in project 'nanopb'
        ➜ Explicit dependency on target 'nanopb_nanopb' in project 'nanopb'
    Target 'nanopb' in project 'nanopb'
        ➜ Explicit dependency on target 'nanopb_nanopb' in project 'nanopb'
    Target 'nanopb_nanopb' in project 'nanopb' (no dependencies)
    Target 'FirebaseSharedSwift' in project 'Firebase' (no dependencies)
    Target 'FirebaseCoreExtension' in project 'Firebase'
        ➜ Explicit dependency on target 'Firebase_FirebaseCoreExtension' in project 'Firebase'
    Target 'Firebase_FirebaseCoreExtension' in project 'Firebase' (no dependencies)
    Target 'FirebaseCore' in project 'Firebase'
        ➜ Explicit dependency on target 'Firebase_FirebaseCore' in project 'Firebase'
        ➜ Explicit dependency on target 'Firebase' in project 'Firebase'
        ➜ Explicit dependency on target 'FirebaseCoreInternal' in project 'Firebase'
        ➜ Explicit dependency on target 'GULNSData-product' in project 'GoogleUtilities'
        ➜ Explicit dependency on target 'GULEnvironment-product' in project 'GoogleUtilities'
        ➜ Explicit dependency on target 'GULLogger-product' in project 'GoogleUtilities'
    Target 'GULLogger-product' in project 'GoogleUtilities'
        ➜ Explicit dependency on target 'GoogleUtilities-Logger' in project 'GoogleUtilities'
        ➜ Explicit dependency on target 'GoogleUtilities_GoogleUtilities-Logger' in project 'GoogleUtilities'
        ➜ Explicit dependency on target 'third-party-IsAppEncrypted' in project 'GoogleUtilities'
        ➜ Explicit dependency on target 'GoogleUtilities-Environment' in project 'GoogleUtilities'
    Target 'GoogleUtilities-Logger' in project 'GoogleUtilities'
        ➜ Explicit dependency on target 'GoogleUtilities_GoogleUtilities-Logger' in project 'GoogleUtilities'
        ➜ Explicit dependency on target 'third-party-IsAppEncrypted' in project 'GoogleUtilities'
        ➜ Explicit dependency on target 'GoogleUtilities-Environment' in project 'GoogleUtilities'
    Target 'GoogleUtilities_GoogleUtilities-Logger' in project 'GoogleUtilities' (no dependencies)
    Target 'GULEnvironment-product' in project 'GoogleUtilities'
        ➜ Explicit dependency on target 'GoogleUtilities-Environment' in project 'GoogleUtilities'
        ➜ Explicit dependency on target 'GoogleUtilities_GoogleUtilities-Environment' in project 'GoogleUtilities'
        ➜ Explicit dependency on target 'third-party-IsAppEncrypted' in project 'GoogleUtilities'
    Target 'GoogleUtilities-Environment' in project 'GoogleUtilities'
        ➜ Explicit dependency on target 'GoogleUtilities_GoogleUtilities-Environment' in project 'GoogleUtilities'
        ➜ Explicit dependency on target 'third-party-IsAppEncrypted' in project 'GoogleUtilities'
    Target 'third-party-IsAppEncrypted' in project 'GoogleUtilities' (no dependencies)
    Target 'GoogleUtilities_GoogleUtilities-Environment' in project 'GoogleUtilities' (no dependencies)
    Target 'Firebase_FirebaseCore' in project 'Firebase' (no dependencies)
    Target 'FirebaseCoreInternal' in project 'Firebase'
        ➜ Explicit dependency on target 'Firebase_FirebaseCoreInternal' in project 'Firebase'
        ➜ Explicit dependency on target 'GULNSData-product' in project 'GoogleUtilities'
    Target 'GULNSData-product' in project 'GoogleUtilities'
        ➜ Explicit dependency on target 'GoogleUtilities-NSData' in project 'GoogleUtilities'
        ➜ Explicit dependency on target 'GoogleUtilities_GoogleUtilities-NSData' in project 'GoogleUtilities'
    Target 'GoogleUtilities-NSData' in project 'GoogleUtilities'
        ➜ Explicit dependency on target 'GoogleUtilities_GoogleUtilities-NSData' in project 'GoogleUtilities'
    Target 'GoogleUtilities_GoogleUtilities-NSData' in project 'GoogleUtilities' (no dependencies)
    Target 'Firebase_FirebaseCoreInternal' in project 'Firebase' (no dependencies)
    Target 'Firebase' in project 'Firebase' (no dependencies)
    Target 'FirebaseAppCheckInterop' in project 'Firebase' (no dependencies)
    Target 'SpeziFirebase_SpeziFirebaseAccount' in project 'SpeziFirebase' (no dependencies)
    Target 'SpeziAccount-product' in project 'SpeziAccount'
        ➜ Explicit dependency on target 'SpeziAccount' in project 'SpeziAccount'
        ➜ Explicit dependency on target 'SpeziAccount_SpeziAccount' in project 'SpeziAccount'
        ➜ Explicit dependency on target 'SpeziAccountMacros' in project 'SpeziAccount'
        ➜ Explicit dependency on target 'SpeziFoundation-product' in project 'SpeziFoundation'
        ➜ Explicit dependency on target 'Spezi-product' in project 'Spezi'
        ➜ Explicit dependency on target 'SpeziViews-product' in project 'SpeziViews'
        ➜ Explicit dependency on target 'SpeziPersonalInfo-product' in project 'SpeziViews'
        ➜ Explicit dependency on target 'SpeziValidation-product' in project 'SpeziViews'
        ➜ Explicit dependency on target 'SpeziLocalStorage-product' in project 'SpeziStorage'
        ➜ Explicit dependency on target 'RuntimeAssertions-product' in project 'RuntimeAssertions'
        ➜ Explicit dependency on target 'OrderedCollections-product' in project 'swift-collections'
        ➜ Explicit dependency on target 'Atomics-product' in project 'swift-atomics'
    Target 'SpeziAccount' in project 'SpeziAccount'
        ➜ Explicit dependency on target 'SpeziAccount_SpeziAccount' in project 'SpeziAccount'
        ➜ Explicit dependency on target 'SpeziAccountMacros' in project 'SpeziAccount'
        ➜ Explicit dependency on target 'SpeziFoundation-product' in project 'SpeziFoundation'
        ➜ Explicit dependency on target 'Spezi-product' in project 'Spezi'
        ➜ Explicit dependency on target 'SpeziViews-product' in project 'SpeziViews'
        ➜ Explicit dependency on target 'SpeziPersonalInfo-product' in project 'SpeziViews'
        ➜ Explicit dependency on target 'SpeziValidation-product' in project 'SpeziViews'
        ➜ Explicit dependency on target 'SpeziLocalStorage-product' in project 'SpeziStorage'
        ➜ Explicit dependency on target 'RuntimeAssertions-product' in project 'RuntimeAssertions'
        ➜ Explicit dependency on target 'OrderedCollections-product' in project 'swift-collections'
        ➜ Explicit dependency on target 'Atomics-product' in project 'swift-atomics'
    Target 'SpeziLocalStorage-product' in project 'SpeziStorage'
        ➜ Explicit dependency on target 'SpeziLocalStorage' in project 'SpeziStorage'
        ➜ Explicit dependency on target 'SpeziKeychainStorage' in project 'SpeziStorage'
        ➜ Explicit dependency on target 'Spezi-product' in project 'Spezi'
        ➜ Explicit dependency on target 'RuntimeAssertions-product' in project 'RuntimeAssertions'
        ➜ Explicit dependency on target 'SpeziFoundation-product' in project 'SpeziFoundation'
    Target 'SpeziLocalStorage' in project 'SpeziStorage'
        ➜ Explicit dependency on target 'SpeziKeychainStorage' in project 'SpeziStorage'
        ➜ Explicit dependency on target 'Spezi-product' in project 'Spezi'
        ➜ Explicit dependency on target 'RuntimeAssertions-product' in project 'RuntimeAssertions'
        ➜ Explicit dependency on target 'SpeziFoundation-product' in project 'SpeziFoundation'
    Target 'SpeziKeychainStorage' in project 'SpeziStorage'
        ➜ Explicit dependency on target 'Spezi-product' in project 'Spezi'
        ➜ Explicit dependency on target 'RuntimeAssertions-product' in project 'RuntimeAssertions'
    Target 'SpeziValidation-product' in project 'SpeziViews'
        ➜ Explicit dependency on target 'SpeziValidation' in project 'SpeziViews'
        ➜ Explicit dependency on target 'SpeziViews_SpeziValidation' in project 'SpeziViews'
        ➜ Explicit dependency on target 'SpeziViews' in project 'SpeziViews'
        ➜ Explicit dependency on target 'Spezi-product' in project 'Spezi'
        ➜ Explicit dependency on target 'SpeziFoundation-product' in project 'SpeziFoundation'
        ➜ Explicit dependency on target 'SpeziLocalization-product' in project 'SpeziFoundation'
        ➜ Explicit dependency on target 'MarkdownUI-product' in project 'swift-markdown-ui'
        ➜ Explicit dependency on target 'OrderedCollections-product' in project 'swift-collections'
    Target 'SpeziValidation' in project 'SpeziViews'
        ➜ Explicit dependency on target 'SpeziViews_SpeziValidation' in project 'SpeziViews'
        ➜ Explicit dependency on target 'SpeziViews' in project 'SpeziViews'
        ➜ Explicit dependency on target 'Spezi-product' in project 'Spezi'
        ➜ Explicit dependency on target 'SpeziFoundation-product' in project 'SpeziFoundation'
        ➜ Explicit dependency on target 'SpeziLocalization-product' in project 'SpeziFoundation'
        ➜ Explicit dependency on target 'MarkdownUI-product' in project 'swift-markdown-ui'
        ➜ Explicit dependency on target 'OrderedCollections-product' in project 'swift-collections'
    Target 'SpeziViews_SpeziValidation' in project 'SpeziViews' (no dependencies)
    Target 'SpeziPersonalInfo-product' in project 'SpeziViews'
        ➜ Explicit dependency on target 'SpeziPersonalInfo' in project 'SpeziViews'
        ➜ Explicit dependency on target 'SpeziViews_SpeziPersonalInfo' in project 'SpeziViews'
        ➜ Explicit dependency on target 'SpeziViews' in project 'SpeziViews'
        ➜ Explicit dependency on target 'Spezi-product' in project 'Spezi'
        ➜ Explicit dependency on target 'SpeziFoundation-product' in project 'SpeziFoundation'
        ➜ Explicit dependency on target 'SpeziLocalization-product' in project 'SpeziFoundation'
        ➜ Explicit dependency on target 'MarkdownUI-product' in project 'swift-markdown-ui'
    Target 'SpeziPersonalInfo' in project 'SpeziViews'
        ➜ Explicit dependency on target 'SpeziViews_SpeziPersonalInfo' in project 'SpeziViews'
        ➜ Explicit dependency on target 'SpeziViews' in project 'SpeziViews'
        ➜ Explicit dependency on target 'Spezi-product' in project 'Spezi'
        ➜ Explicit dependency on target 'SpeziFoundation-product' in project 'SpeziFoundation'
        ➜ Explicit dependency on target 'SpeziLocalization-product' in project 'SpeziFoundation'
        ➜ Explicit dependency on target 'MarkdownUI-product' in project 'swift-markdown-ui'
    Target 'SpeziViews_SpeziPersonalInfo' in project 'SpeziViews' (no dependencies)
    Target 'SpeziViews-product' in project 'SpeziViews'
        ➜ Explicit dependency on target 'SpeziViews' in project 'SpeziViews'
        ➜ Explicit dependency on target 'SpeziViews_SpeziViews' in project 'SpeziViews'
        ➜ Explicit dependency on target 'Spezi-product' in project 'Spezi'
        ➜ Explicit dependency on target 'SpeziFoundation-product' in project 'SpeziFoundation'
        ➜ Explicit dependency on target 'SpeziLocalization-product' in project 'SpeziFoundation'
        ➜ Explicit dependency on target 'MarkdownUI-product' in project 'swift-markdown-ui'
    Target 'SpeziViews' in project 'SpeziViews'
        ➜ Explicit dependency on target 'SpeziViews_SpeziViews' in project 'SpeziViews'
        ➜ Explicit dependency on target 'Spezi-product' in project 'Spezi'
        ➜ Explicit dependency on target 'SpeziFoundation-product' in project 'SpeziFoundation'
        ➜ Explicit dependency on target 'SpeziLocalization-product' in project 'SpeziFoundation'
        ➜ Explicit dependency on target 'MarkdownUI-product' in project 'swift-markdown-ui'
    Target 'MarkdownUI-product' in project 'swift-markdown-ui'
        ➜ Explicit dependency on target 'MarkdownUI' in project 'swift-markdown-ui'
        ➜ Explicit dependency on target 'cmark-gfm-product' in project 'cmark-gfm'
        ➜ Explicit dependency on target 'cmark-gfm-extensions-product' in project 'cmark-gfm'
        ➜ Explicit dependency on target 'NetworkImage-product' in project 'NetworkImage'
    Target 'MarkdownUI' in project 'swift-markdown-ui'
        ➜ Explicit dependency on target 'cmark-gfm-product' in project 'cmark-gfm'
        ➜ Explicit dependency on target 'cmark-gfm-extensions-product' in project 'cmark-gfm'
        ➜ Explicit dependency on target 'NetworkImage-product' in project 'NetworkImage'
    Target 'NetworkImage-product' in project 'NetworkImage'
        ➜ Explicit dependency on target 'NetworkImage' in project 'NetworkImage'
    Target 'NetworkImage' in project 'NetworkImage' (no dependencies)
    Target 'cmark-gfm-extensions-product' in project 'cmark-gfm'
        ➜ Explicit dependency on target 'cmark-gfm-extensions' in project 'cmark-gfm'
        ➜ Explicit dependency on target 'cmark-gfm' in project 'cmark-gfm'
    Target 'cmark-gfm-extensions' in project 'cmark-gfm'
        ➜ Explicit dependency on target 'cmark-gfm' in project 'cmark-gfm'
    Target 'cmark-gfm-product' in project 'cmark-gfm'
        ➜ Explicit dependency on target 'cmark-gfm' in project 'cmark-gfm'
    Target 'cmark-gfm' in project 'cmark-gfm' (no dependencies)
    Target 'SpeziLocalization-product' in project 'SpeziFoundation'
        ➜ Explicit dependency on target 'SpeziLocalization' in project 'SpeziFoundation'
        ➜ Explicit dependency on target 'SpeziFoundationObjC' in project 'SpeziFoundation'
        ➜ Explicit dependency on target 'SpeziFoundation' in project 'SpeziFoundation'
        ➜ Explicit dependency on target 'libzstd-product' in project 'zstd'
        ➜ Explicit dependency on target 'Atomics-product' in project 'swift-atomics'
        ➜ Explicit dependency on target 'Algorithms-product' in project 'swift-algorithms'
        ➜ Explicit dependency on target 'RuntimeAssertions-product' in project 'RuntimeAssertions'
        ➜ Explicit dependency on target 'Logging-product' in project 'swift-log'
        ➜ Explicit dependency on target 'ThreadLocal-product' in project 'ThreadLocal'
    Target 'SpeziLocalization' in project 'SpeziFoundation'
        ➜ Explicit dependency on target 'SpeziFoundationObjC' in project 'SpeziFoundation'
        ➜ Explicit dependency on target 'SpeziFoundation' in project 'SpeziFoundation'
        ➜ Explicit dependency on target 'libzstd-product' in project 'zstd'
        ➜ Explicit dependency on target 'Atomics-product' in project 'swift-atomics'
        ➜ Explicit dependency on target 'Algorithms-product' in project 'swift-algorithms'
        ➜ Explicit dependency on target 'RuntimeAssertions-product' in project 'RuntimeAssertions'
        ➜ Explicit dependency on target 'Logging-product' in project 'swift-log'
        ➜ Explicit dependency on target 'ThreadLocal-product' in project 'ThreadLocal'
    Target 'SpeziViews_SpeziViews' in project 'SpeziViews' (no dependencies)
    Target 'Spezi-product' in project 'Spezi'
        ➜ Explicit dependency on target 'Spezi' in project 'Spezi'
        ➜ Explicit dependency on target 'SpeziFoundation-product' in project 'SpeziFoundation'
        ➜ Explicit dependency on target 'RuntimeAssertions-product' in project 'RuntimeAssertions'
        ➜ Explicit dependency on target 'OrderedCollections-product' in project 'swift-collections'
    Target 'Spezi' in project 'Spezi'
        ➜ Explicit dependency on target 'SpeziFoundation-product' in project 'SpeziFoundation'
        ➜ Explicit dependency on target 'RuntimeAssertions-product' in project 'RuntimeAssertions'
        ➜ Explicit dependency on target 'OrderedCollections-product' in project 'swift-collections'
    Target 'OrderedCollections-product' in project 'swift-collections'
        ➜ Explicit dependency on target 'OrderedCollections' in project 'swift-collections'
        ➜ Explicit dependency on target 'InternalCollectionsUtilities' in project 'swift-collections'
    Target 'OrderedCollections' in project 'swift-collections'
        ➜ Explicit dependency on target 'InternalCollectionsUtilities' in project 'swift-collections'
    Target 'SpeziFoundation-product' in project 'SpeziFoundation'
        ➜ Explicit dependency on target 'SpeziFoundation' in project 'SpeziFoundation'
        ➜ Explicit dependency on target 'SpeziFoundation_SpeziFoundation' in project 'SpeziFoundation'
        ➜ Explicit dependency on target 'SpeziFoundationObjC' in project 'SpeziFoundation'
        ➜ Explicit dependency on target 'libzstd-product' in project 'zstd'
        ➜ Explicit dependency on target 'Atomics-product' in project 'swift-atomics'
        ➜ Explicit dependency on target 'Algorithms-product' in project 'swift-algorithms'
        ➜ Explicit dependency on target 'RuntimeAssertions-product' in project 'RuntimeAssertions'
        ➜ Explicit dependency on target 'Logging-product' in project 'swift-log'
        ➜ Explicit dependency on target 'ThreadLocal-product' in project 'ThreadLocal'
    Target 'SpeziFoundation' in project 'SpeziFoundation'
        ➜ Explicit dependency on target 'SpeziFoundation_SpeziFoundation' in project 'SpeziFoundation'
        ➜ Explicit dependency on target 'SpeziFoundationObjC' in project 'SpeziFoundation'
        ➜ Explicit dependency on target 'libzstd-product' in project 'zstd'
        ➜ Explicit dependency on target 'Atomics-product' in project 'swift-atomics'
        ➜ Explicit dependency on target 'Algorithms-product' in project 'swift-algorithms'
        ➜ Explicit dependency on target 'RuntimeAssertions-product' in project 'RuntimeAssertions'
        ➜ Explicit dependency on target 'Logging-product' in project 'swift-log'
        ➜ Explicit dependency on target 'ThreadLocal-product' in project 'ThreadLocal'
    Target 'ThreadLocal-product' in project 'ThreadLocal'
        ➜ Explicit dependency on target 'ThreadLocal' in project 'ThreadLocal'
        ➜ Explicit dependency on target 'ThreadLocalMacros' in project 'ThreadLocal'
    Target 'ThreadLocal' in project 'ThreadLocal'
        ➜ Explicit dependency on target 'ThreadLocalMacros' in project 'ThreadLocal'
    Target 'ThreadLocalMacros' in project 'ThreadLocal' (no dependencies)
    Target 'Logging-product' in project 'swift-log'
        ➜ Explicit dependency on target 'Logging' in project 'swift-log'
    Target 'Logging' in project 'swift-log' (no dependencies)
    Target 'RuntimeAssertions-product' in project 'RuntimeAssertions'
        ➜ Explicit dependency on target 'RuntimeAssertions' in project 'RuntimeAssertions'
    Target 'RuntimeAssertions' in project 'RuntimeAssertions' (no dependencies)
    Target 'Algorithms-product' in project 'swift-algorithms'
        ➜ Explicit dependency on target 'Algorithms' in project 'swift-algorithms'
        ➜ Explicit dependency on target 'RealModule-product' in project 'swift-numerics'
    Target 'Algorithms' in project 'swift-algorithms'
        ➜ Explicit dependency on target 'RealModule-product' in project 'swift-numerics'
    Target 'RealModule-product' in project 'swift-numerics'
        ➜ Explicit dependency on target 'RealModule' in project 'swift-numerics'
        ➜ Explicit dependency on target '_NumericsShims' in project 'swift-numerics'
    Target 'RealModule' in project 'swift-numerics'
        ➜ Explicit dependency on target '_NumericsShims' in project 'swift-numerics'
    Target '_NumericsShims' in project 'swift-numerics' (no dependencies)
    Target 'Atomics-product' in project 'swift-atomics'
        ➜ Explicit dependency on target 'Atomics' in project 'swift-atomics'
        ➜ Explicit dependency on target '_AtomicsShims' in project 'swift-atomics'
    Target 'Atomics' in project 'swift-atomics'
        ➜ Explicit dependency on target '_AtomicsShims' in project 'swift-atomics'
    Target '_AtomicsShims' in project 'swift-atomics' (no dependencies)
    Target 'libzstd-product' in project 'zstd'
        ➜ Explicit dependency on target 'libzstd' in project 'zstd'
    Target 'libzstd' in project 'zstd' (no dependencies)
    Target 'SpeziFoundationObjC' in project 'SpeziFoundation' (no dependencies)
    Target 'SpeziFoundation_SpeziFoundation' in project 'SpeziFoundation' (no dependencies)
    Target 'SpeziAccountMacros' in project 'SpeziAccount' (no dependencies)
    Target 'SpeziAccount_SpeziAccount' in project 'SpeziAccount' (no dependencies)
    Target 'OpenAPIURLSession-product' in project 'swift-openapi-urlsession'
        ➜ Explicit dependency on target 'OpenAPIURLSession' in project 'swift-openapi-urlsession'
        ➜ Explicit dependency on target 'DequeModule-product' in project 'swift-collections'
        ➜ Explicit dependency on target 'OpenAPIRuntime-product' in project 'swift-openapi-runtime'
        ➜ Explicit dependency on target 'HTTPTypes-product' in project 'swift-http-types'
    Target 'OpenAPIURLSession' in project 'swift-openapi-urlsession'
        ➜ Explicit dependency on target 'DequeModule-product' in project 'swift-collections'
        ➜ Explicit dependency on target 'OpenAPIRuntime-product' in project 'swift-openapi-runtime'
        ➜ Explicit dependency on target 'HTTPTypes-product' in project 'swift-http-types'
    Target 'DequeModule-product' in project 'swift-collections'
        ➜ Explicit dependency on target 'DequeModule' in project 'swift-collections'
        ➜ Explicit dependency on target 'InternalCollectionsUtilities' in project 'swift-collections'
        ➜ Explicit dependency on target 'ContainersPreview' in project 'swift-collections'
    Target 'DequeModule' in project 'swift-collections'
        ➜ Explicit dependency on target 'InternalCollectionsUtilities' in project 'swift-collections'
        ➜ Explicit dependency on target 'ContainersPreview' in project 'swift-collections'
    Target 'ContainersPreview' in project 'swift-collections'
        ➜ Explicit dependency on target 'InternalCollectionsUtilities' in project 'swift-collections'
    Target 'InternalCollectionsUtilities' in project 'swift-collections' (no dependencies)
    Target 'OpenAPIRuntime-product' in project 'swift-openapi-runtime'
        ➜ Explicit dependency on target 'OpenAPIRuntime' in project 'swift-openapi-runtime'
        ➜ Explicit dependency on target 'HTTPTypes-product' in project 'swift-http-types'
    Target 'OpenAPIRuntime' in project 'swift-openapi-runtime'
        ➜ Explicit dependency on target 'HTTPTypes-product' in project 'swift-http-types'
    Target 'HTTPTypes-product' in project 'swift-http-types'
        ➜ Explicit dependency on target 'HTTPTypes' in project 'swift-http-types'
    Target 'HTTPTypes' in project 'swift-http-types' (no dependencies)
    Target 'OpenAPIGenerator-product' in project 'swift-openapi-generator'
        ➜ Explicit dependency on target 'OpenAPIGenerator' in project 'swift-openapi-generator'
    Target 'SpeziCHOIR_SpeziCHOIR' in project 'SpeziCHOIR'
        ➜ Explicit dependency on target 'OpenAPIGenerator' in project 'swift-openapi-generator'
    Target 'OpenAPIGenerator' in project 'swift-openapi-generator'
        ➜ Explicit dependency on target '_OpenAPIGeneratorCore' in project 'swift-openapi-generator'
        ➜ Explicit dependency on target 'swift-openapi-generator-product' in project 'swift-openapi-generator'
        ➜ Explicit dependency on target 'OpenAPIKit-product' in project 'OpenAPIKit'
        ➜ Explicit dependency on target 'OpenAPIKit30-product' in project 'OpenAPIKit'
        ➜ Explicit dependency on target 'OpenAPIKitCompat-product' in project 'OpenAPIKit'
        ➜ Explicit dependency on target 'Algorithms-product' in project 'swift-algorithms'
        ➜ Explicit dependency on target 'Yams-product' in project 'Yams'
        ➜ Explicit dependency on target 'ArgumentParser-product' in project 'swift-argument-parser'
    Target 'swift-openapi-generator-product' in project 'swift-openapi-generator'
        ➜ Explicit dependency on target '_OpenAPIGeneratorCore' in project 'swift-openapi-generator'
        ➜ Explicit dependency on target 'OpenAPIKit-product' in project 'OpenAPIKit'
        ➜ Explicit dependency on target 'OpenAPIKit30-product' in project 'OpenAPIKit'
        ➜ Explicit dependency on target 'OpenAPIKitCompat-product' in project 'OpenAPIKit'
        ➜ Explicit dependency on target 'Algorithms-product' in project 'swift-algorithms'
        ➜ Explicit dependency on target 'Yams-product' in project 'Yams'
        ➜ Explicit dependency on target 'ArgumentParser-product' in project 'swift-argument-parser'
    Target 'ArgumentParser-product' in project 'swift-argument-parser'
        ➜ Explicit dependency on target 'ArgumentParser' in project 'swift-argument-parser'
        ➜ Explicit dependency on target 'ArgumentParserToolInfo' in project 'swift-argument-parser'
    Target 'ArgumentParser' in project 'swift-argument-parser'
        ➜ Explicit dependency on target 'ArgumentParserToolInfo' in project 'swift-argument-parser'
    Target 'ArgumentParserToolInfo' in project 'swift-argument-parser' (no dependencies)
    Target '_OpenAPIGeneratorCore' in project 'swift-openapi-generator'
        ➜ Explicit dependency on target 'OpenAPIKit-product' in project 'OpenAPIKit'
        ➜ Explicit dependency on target 'OpenAPIKit30-product' in project 'OpenAPIKit'
        ➜ Explicit dependency on target 'OpenAPIKitCompat-product' in project 'OpenAPIKit'
        ➜ Explicit dependency on target 'Algorithms-product' in project 'swift-algorithms'
        ➜ Explicit dependency on target 'Yams-product' in project 'Yams'
    Target 'Yams-product' in project 'Yams'
        ➜ Explicit dependency on target 'Yams' in project 'Yams'
        ➜ Explicit dependency on target 'CYaml' in project 'Yams'
    Target 'Yams' in project 'Yams'
        ➜ Explicit dependency on target 'CYaml' in project 'Yams'
    Target 'CYaml' in project 'Yams' (no dependencies)
    Target 'Algorithms-product' in project 'swift-algorithms'
        ➜ Explicit dependency on target 'Algorithms' in project 'swift-algorithms'
        ➜ Explicit dependency on target 'RealModule-product' in project 'swift-numerics'
    Target 'Algorithms' in project 'swift-algorithms'
        ➜ Explicit dependency on target 'RealModule-product' in project 'swift-numerics'
    Target 'RealModule-product' in project 'swift-numerics'
        ➜ Explicit dependency on target 'RealModule' in project 'swift-numerics'
        ➜ Explicit dependency on target '_NumericsShims' in project 'swift-numerics'
    Target 'RealModule' in project 'swift-numerics'
        ➜ Explicit dependency on target '_NumericsShims' in project 'swift-numerics'
    Target '_NumericsShims' in project 'swift-numerics' (no dependencies)
    Target 'OpenAPIKitCompat-product' in project 'OpenAPIKit'
        ➜ Explicit dependency on target 'OpenAPIKitCompat' in project 'OpenAPIKit'
        ➜ Explicit dependency on target 'OpenAPIKitCore' in project 'OpenAPIKit'
        ➜ Explicit dependency on target 'OpenAPIKit30' in project 'OpenAPIKit'
        ➜ Explicit dependency on target 'OpenAPIKit' in project 'OpenAPIKit'
    Target 'OpenAPIKitCompat' in project 'OpenAPIKit'
        ➜ Explicit dependency on target 'OpenAPIKitCore' in project 'OpenAPIKit'
        ➜ Explicit dependency on target 'OpenAPIKit30' in project 'OpenAPIKit'
        ➜ Explicit dependency on target 'OpenAPIKit' in project 'OpenAPIKit'
    Target 'OpenAPIKit30-product' in project 'OpenAPIKit'
        ➜ Explicit dependency on target 'OpenAPIKit30' in project 'OpenAPIKit'
        ➜ Explicit dependency on target 'OpenAPIKitCore' in project 'OpenAPIKit'
    Target 'OpenAPIKit30' in project 'OpenAPIKit'
        ➜ Explicit dependency on target 'OpenAPIKitCore' in project 'OpenAPIKit'
    Target 'OpenAPIKit-product' in project 'OpenAPIKit'
        ➜ Explicit dependency on target 'OpenAPIKit' in project 'OpenAPIKit'
        ➜ Explicit dependency on target 'OpenAPIKitCore' in project 'OpenAPIKit'
    Target 'OpenAPIKit' in project 'OpenAPIKit'
        ➜ Explicit dependency on target 'OpenAPIKitCore' in project 'OpenAPIKit'
    Target 'OpenAPIKitCore' in project 'OpenAPIKit' (no dependencies)
GatherProvisioningInputs
CreateBuildDescription
ClangStatCache /Applications/Xcode-27.0.0-Release.Candidate.app/Contents/Developer/Toolchains/XcodeDefault.xctoolchain/usr/bin/clang-stat-cache /Applications/Xcode-27.0.0-Release.Candidate.app/Contents/Developer/Platforms/XROS.platform/Developer/SDKs/XROS27.0.sdk /Users/admin/builder/spi-builder-workspace/.derivedData/SDKStatCaches.noindex/xros27.0-24M361-e829b21a6f8c9b70876ba0858053c044735bd543db762f57723cac368afd1ce4.sdkstatcache
    cd /Users/admin/builder/spi-builder-workspace/.swiftpm/xcode
    /Applications/Xcode-27.0.0-Release.Candidate.app/Contents/Developer/Toolchains/XcodeDefault.xctoolchain/usr/bin/clang-stat-cache /Applications/Xcode-27.0.0-Release.Candidate.app/Contents/Developer/Platforms/XROS.platform/Developer/SDKs/XROS27.0.sdk -o /Users/admin/builder/spi-builder-workspace/.derivedData/SDKStatCaches.noindex/xros27.0-24M361-e829b21a6f8c9b70876ba0858053c044735bd543db762f57723cac368afd1ce4.sdkstatcache
ClangStatCache /Applications/Xcode-27.0.0-Release.Candidate.app/Contents/Developer/Toolchains/XcodeDefault.xctoolchain/usr/bin/clang-stat-cache /Applications/Xcode-27.0.0-Release.Candidate.app/Contents/Developer/Platforms/MacOSX.platform/Developer/SDKs/MacOSX27.0.sdk /Users/admin/builder/spi-builder-workspace/.derivedData/SDKStatCaches.noindex/macosx27.0-26A425-e829b21a6f8c9b70876ba0858053c0446a22442a12e9d48fe1a705f55a1adfc4.sdkstatcache
    cd /Users/admin/builder/spi-builder-workspace/.swiftpm/xcode
    /Applications/Xcode-27.0.0-Release.Candidate.app/Contents/Developer/Toolchains/XcodeDefault.xctoolchain/usr/bin/clang-stat-cache /Applications/Xcode-27.0.0-Release.Candidate.app/Contents/Developer/Platforms/MacOSX.platform/Developer/SDKs/MacOSX27.0.sdk -o /Users/admin/builder/spi-builder-workspace/.derivedData/SDKStatCaches.noindex/macosx27.0-26A425-e829b21a6f8c9b70876ba0858053c0446a22442a12e9d48fe1a705f55a1adfc4.sdkstatcache
ExtractAppIntentsMetadata (in target 'OrderedCollections' from project 'swift-collections')
    cd /Users/admin/builder/spi-builder-workspace/.dependencies/checkouts/swift-collections
    /Applications/Xcode-27.0.0-Release.Candidate.app/Contents/Developer/Toolchains/XcodeDefault.xctoolchain/usr/bin/appintentsmetadataprocessor --toolchain-dir /var/run/com.apple.security.cryptexd/mnt/com.apple.MobileAsset.MetalToolchain-v27.1.266.1.aIHAbS/Metal.xctoolchain --module-name OrderedCollections --sdk-root /Applications/Xcode-27.0.0-Release.Candidate.app/Contents/Developer/Platforms/XROS.platform/Developer/SDKs/XROS27.0.sdk --xcode-version 27A266a --platform-family xrOS --deployment-target 1.0 --bundle-identifier swift-collections.OrderedCollections --output /Users/admin/builder/spi-builder-workspace/.derivedData/Build/Products/Debug-xros/OrderedCollections.appintents --target-triple arm64-apple-xros1.0 --binary-file /Users/admin/builder/spi-builder-workspace/.derivedData/Build/Products/Debug-xros/OrderedCollections.o --dependency-file /Users/admin/builder/spi-builder-workspace/.derivedData/Build/Intermediates.noindex/swift-collections.build/Debug-xros/OrderedCollections-t.build/Objects-normal/arm64/OrderedCollections_dependency_info.dat --stringsdata-file /Users/admin/builder/spi-builder-workspace/.derivedData/Build/Intermediates.noindex/swift-collections.build/Debug-xros/OrderedCollections-t.build/Objects-normal/arm64/ExtractedAppShortcutsMetadata.stringsdata --source-file-list /Users/admin/builder/spi-builder-workspace/.derivedData/Build/Intermediates.noindex/swift-collections.build/Debug-xros/OrderedCollections-t.build/Objects-normal/arm64/OrderedCollections.SwiftFileList --metadata-file-list /Users/admin/builder/spi-builder-workspace/.derivedData/Build/Intermediates.noindex/swift-collections.build/Debug-xros/OrderedCollections-t.build/OrderedCollections.DependencyMetadataFileList --static-metadata-file-list /Users/admin/builder/spi-builder-workspace/.derivedData/Build/Intermediates.noindex/swift-collections.build/Debug-xros/OrderedCollections-t.build/OrderedCollections.DependencyStaticMetadataFileList --swift-const-vals-list /Users/admin/builder/spi-builder-workspace/.derivedData/Build/Intermediates.noindex/swift-collections.build/Debug-xros/OrderedCollections-t.build/Objects-normal/arm64/OrderedCollections.SwiftConstValuesFileList --force --compile-time-extraction --deployment-aware-processing --no-app-shortcuts-localization
2026-09-21 21:40:31.901 appintentsmetadataprocessor[4630:21933] Starting appintentsmetadataprocessor export
2026-09-21 21:40:31.969 appintentsmetadataprocessor[4630:21933] Extracted no relevant App Intents symbols, skipping writing output
ExtractAppIntentsMetadata (in target 'OpenAPIRuntime' from project 'swift-openapi-runtime')
    cd /Users/admin/builder/spi-builder-workspace/.dependencies/checkouts/swift-openapi-runtime
    /Applications/Xcode-27.0.0-Release.Candidate.app/Contents/Developer/Toolchains/XcodeDefault.xctoolchain/usr/bin/appintentsmetadataprocessor --toolchain-dir /var/run/com.apple.security.cryptexd/mnt/com.apple.MobileAsset.MetalToolchain-v27.1.266.1.aIHAbS/Metal.xctoolchain --module-name OpenAPIRuntime --sdk-root /Applications/Xcode-27.0.0-Release.Candidate.app/Contents/Developer/Platforms/XROS.platform/Developer/SDKs/XROS27.0.sdk --xcode-version 27A266a --platform-family xrOS --deployment-target 1.0 --bundle-identifier swift-openapi-runtime.OpenAPIRuntime --output /Users/admin/builder/spi-builder-workspace/.derivedData/Build/Products/Debug-xros/OpenAPIRuntime.appintents --target-triple arm64-apple-xros1.0 --binary-file /Users/admin/builder/spi-builder-workspace/.derivedData/Build/Products/Debug-xros/OpenAPIRuntime.o --dependency-file /Users/admin/builder/spi-builder-workspace/.derivedData/Build/Intermediates.noindex/swift-openapi-runtime.build/Debug-xros/OpenAPIRuntime-t.build/Objects-normal/arm64/OpenAPIRuntime_dependency_info.dat --stringsdata-file /Users/admin/builder/spi-builder-workspace/.derivedData/Build/Intermediates.noindex/swift-openapi-runtime.build/Debug-xros/OpenAPIRuntime-t.build/Objects-normal/arm64/ExtractedAppShortcutsMetadata.stringsdata --source-file-list /Users/admin/builder/spi-builder-workspace/.derivedData/Build/Intermediates.noindex/swift-openapi-runtime.build/Debug-xros/OpenAPIRuntime-t.build/Objects-normal/arm64/OpenAPIRuntime.SwiftFileList --metadata-file-list /Users/admin/builder/spi-builder-workspace/.derivedData/Build/Intermediates.noindex/swift-openapi-runtime.build/Debug-xros/OpenAPIRuntime-t.build/OpenAPIRuntime.DependencyMetadataFileList --static-metadata-file-list /Users/admin/builder/spi-builder-workspace/.derivedData/Build/Intermediates.noindex/swift-openapi-runtime.build/Debug-xros/OpenAPIRuntime-t.build/OpenAPIRuntime.DependencyStaticMetadataFileList --swift-const-vals-list /Users/admin/builder/spi-builder-workspace/.derivedData/Build/Intermediates.noindex/swift-openapi-runtime.build/Debug-xros/OpenAPIRuntime-t.build/Objects-normal/arm64/OpenAPIRuntime.SwiftConstValuesFileList --force --compile-time-extraction --deployment-aware-processing --no-app-shortcuts-localization
2026-09-21 21:40:31.903 appintentsmetadataprocessor[4629:21932] Starting appintentsmetadataprocessor export
2026-09-21 21:40:31.970 appintentsmetadataprocessor[4629:21932] Extracted no relevant App Intents symbols, skipping writing output
ExtractAppIntentsMetadata (in target 'MarkdownUI' from project 'swift-markdown-ui')
    cd /Users/admin/builder/spi-builder-workspace/.dependencies/checkouts/swift-markdown-ui
    /Applications/Xcode-27.0.0-Release.Candidate.app/Contents/Developer/Toolchains/XcodeDefault.xctoolchain/usr/bin/appintentsmetadataprocessor --toolchain-dir /var/run/com.apple.security.cryptexd/mnt/com.apple.MobileAsset.MetalToolchain-v27.1.266.1.aIHAbS/Metal.xctoolchain --module-name MarkdownUI --sdk-root /Applications/Xcode-27.0.0-Release.Candidate.app/Contents/Developer/Platforms/XROS.platform/Developer/SDKs/XROS27.0.sdk --xcode-version 27A266a --platform-family xrOS --deployment-target 1.0 --bundle-identifier swift-markdown-ui.MarkdownUI --output /Users/admin/builder/spi-builder-workspace/.derivedData/Build/Products/Debug-xros/MarkdownUI.appintents --target-triple arm64-apple-xros1.0 --binary-file /Users/admin/builder/spi-builder-workspace/.derivedData/Build/Products/Debug-xros/MarkdownUI.o --dependency-file /Users/admin/builder/spi-builder-workspace/.derivedData/Build/Intermediates.noindex/swift-markdown-ui.build/Debug-xros/MarkdownUI-t.build/Objects-normal/arm64/MarkdownUI_dependency_info.dat --stringsdata-file /Users/admin/builder/spi-builder-workspace/.derivedData/Build/Intermediates.noindex/swift-markdown-ui.build/Debug-xros/MarkdownUI-t.build/Objects-normal/arm64/ExtractedAppShortcutsMetadata.stringsdata --source-file-list /Users/admin/builder/spi-builder-workspace/.derivedData/Build/Intermediates.noindex/swift-markdown-ui.build/Debug-xros/MarkdownUI-t.build/Objects-normal/arm64/MarkdownUI.SwiftFileList --metadata-file-list /Users/admin/builder/spi-builder-workspace/.derivedData/Build/Intermediates.noindex/swift-markdown-ui.build/Debug-xros/MarkdownUI-t.build/MarkdownUI.DependencyMetadataFileList --static-metadata-file-list /Users/admin/builder/spi-builder-workspace/.derivedData/Build/Intermediates.noindex/swift-markdown-ui.build/Debug-xros/MarkdownUI-t.build/MarkdownUI.DependencyStaticMetadataFileList --swift-const-vals-list /Users/admin/builder/spi-builder-workspace/.derivedData/Build/Intermediates.noindex/swift-markdown-ui.build/Debug-xros/MarkdownUI-t.build/Objects-normal/arm64/MarkdownUI.SwiftConstValuesFileList --force --compile-time-extraction --deployment-aware-processing --no-app-shortcuts-localization
2026-09-21 21:40:31.904 appintentsmetadataprocessor[4631:21934] Starting appintentsmetadataprocessor export
2026-09-21 21:40:31.974 appintentsmetadataprocessor[4631:21934] Extracted no relevant App Intents symbols, skipping writing output
SwiftDriver FirebaseAuth normal arm64 com.apple.xcode.tools.swift.compiler (in target 'FirebaseAuth' from project 'Firebase')
    cd /Users/admin/builder/spi-builder-workspace/.swiftpm/xcode
    builtin-SwiftDriver -- /Applications/Xcode-27.0.0-Release.Candidate.app/Contents/Developer/Toolchains/XcodeDefault.xctoolchain/usr/bin/swiftc -parse-as-library -module-name FirebaseAuth -Onone @/Users/admin/builder/spi-builder-workspace/.derivedData/Build/Intermediates.noindex/Firebase.build/Debug-xros/FirebaseAuth-t.build/Objects-normal/arm64/FirebaseAuth.SwiftFileList -DSWIFT_PACKAGE -DDEBUG -DSWIFT_MODULE_RESOURCE_BUNDLE_AVAILABLE -Xcc -fmodule-map-file\=/Users/admin/builder/spi-builder-workspace/.derivedData/Build/Intermediates.noindex/GeneratedModuleMaps-xros/RecaptchaInterop.modulemap -Xcc -fmodule-map-file\=/Users/admin/builder/spi-builder-workspace/.derivedData/Build/Intermediates.noindex/GeneratedModuleMaps-xros/GoogleUtilities-Network.modulemap -Xcc -fmodule-map-file\=/Users/admin/builder/spi-builder-workspace/.derivedData/Build/Intermediates.noindex/GeneratedModuleMaps-xros/GoogleUtilities-Reachability.modulemap -Xcc -fmodule-map-file\=/Users/admin/builder/spi-builder-workspace/.derivedData/Build/Intermediates.noindex/GeneratedModuleMaps-xros/GoogleUtilities-NSData.modulemap -Xcc -fmodule-map-file\=/Users/admin/builder/spi-builder-workspace/.derivedData/Build/Intermediates.noindex/GeneratedModuleMaps-xros/GoogleUtilities-Logger.modulemap -Xcc -fmodule-map-file\=/Users/admin/builder/spi-builder-workspace/.derivedData/Build/Intermediates.noindex/GeneratedModuleMaps-xros/GoogleUtilities-Environment.modulemap -Xcc -fmodule-map-file\=/Users/admin/builder/spi-builder-workspace/.derivedData/Build/Intermediates.noindex/GeneratedModuleMaps-xros/third-party-IsAppEncrypted.modulemap -Xcc -fmodule-map-file\=/Users/admin/builder/spi-builder-workspace/.derivedData/Build/Intermediates.noindex/GeneratedModuleMaps-xros/GoogleUtilities-AppDelegateSwizzler.modulemap -Xcc -fmodule-map-file\=/Users/admin/builder/spi-builder-workspace/.derivedData/Build/Intermediates.noindex/GeneratedModuleMaps-xros/GTMSessionFetcherCore.modulemap -Xcc -fmodule-map-file\=/Users/admin/builder/spi-builder-workspace/.derivedData/Build/Intermediates.noindex/GeneratedModuleMaps-xros/FirebaseCoreExtension.modulemap -Xcc -fmodule-map-file\=/Users/admin/builder/spi-builder-workspace/.derivedData/Build/Intermediates.noindex/GeneratedModuleMaps-xros/FirebaseCore.modulemap -Xcc -fmodule-map-file\=/Users/admin/builder/spi-builder-workspace/.dependencies/checkouts/firebase-ios-sdk/CoreOnly/Sources/module.modulemap -Xcc -fmodule-map-file\=/Users/admin/builder/spi-builder-workspace/.derivedData/Build/Intermediates.noindex/GeneratedModuleMaps-xros/FirebaseAuthInternal.modulemap -Xcc -fmodule-map-file\=/Users/admin/builder/spi-builder-workspace/.derivedData/Build/Intermediates.noindex/GeneratedModuleMaps-xros/FirebaseAuthInterop.modulemap -Xcc -fmodule-map-file\=/Users/admin/builder/spi-builder-workspace/.derivedData/Build/Intermediates.noindex/GeneratedModuleMaps-xros/FirebaseAppCheckInterop.modulemap -DXcode -plugin-path /Applications/Xcode-27.0.0-Release.Candidate.app/Contents/Developer/Toolchains/XcodeDefault.xctoolchain/usr/lib/swift/host/plugins/testing -enable-experimental-feature DebugDescriptionMacro -sdk /Applications/Xcode-27.0.0-Release.Candidate.app/Contents/Developer/Platforms/XROS.platform/Developer/SDKs/XROS27.0.sdk -target arm64-apple-xros1.0 -g -module-cache-path /Users/admin/builder/spi-builder-workspace/.derivedData/ModuleCache.noindex -Xfrontend -serialize-debugging-options -profile-coverage-mapping -profile-generate -enable-testing -suppress-warnings -index-store-path /Users/admin/builder/spi-builder-workspace/.derivedData/Index.noindex/DataStore -Xcc -D_LIBCPP_HARDENING_MODE\=_LIBCPP_HARDENING_MODE_DEBUG -swift-version 5 -I /Users/admin/builder/spi-builder-workspace/.derivedData/Build/Products/Debug-xros -Isystem /Applications/Xcode-27.0.0-Release.Candidate.app/Contents/Developer/Platforms/XROS.platform/Developer/usr/lib -F /Users/admin/builder/spi-builder-workspace/.derivedData/Build/Products/Debug-xros/PackageFrameworks -F /Users/admin/builder/spi-builder-workspace/.derivedData/Build/Products/Debug-xros -F /Applications/Xcode-27.0.0-Release.Candidate.app/Contents/Developer/Platforms/XROS.platform/Developer/Library/Frameworks -F /Applications/Xcode-27.0.0-Release.Candidate.app/Contents/Developer/Platforms/XROS.platform/Developer/SDKs/XROS27.0.sdk/Developer/Library/Frameworks -c -j10 -enable-batch-mode -incremental -Xcc -ivfsstatcache -Xcc /Users/admin/builder/spi-builder-workspace/.derivedData/SDKStatCaches.noindex/xros27.0-24M361-e829b21a6f8c9b70876ba0858053c044735bd543db762f57723cac368afd1ce4.sdkstatcache -output-file-map /Users/admin/builder/spi-builder-workspace/.derivedData/Build/Intermediates.noindex/Firebase.build/Debug-xros/FirebaseAuth-t.build/Objects-normal/arm64/FirebaseAuth-OutputFileMap.json -save-temps -no-color-diagnostics -explicit-module-build -module-cache-path /Users/admin/builder/spi-builder-workspace/.derivedData/Build/Intermediates.noindex/SwiftExplicitPrecompiledModules -clang-scanner-module-cache-path /Users/admin/builder/spi-builder-workspace/.derivedData/ModuleCache.noindex -sdk-module-cache-path /Users/admin/builder/spi-builder-workspace/.derivedData/SDKExplicitPrecompiledModules -emit-dependencies -emit-module -emit-module-path /Users/admin/builder/spi-builder-workspace/.derivedData/Build/Intermediates.noindex/Firebase.build/Debug-xros/FirebaseAuth-t.build/Objects-normal/arm64/FirebaseAuth.swiftmodule -serialize-diagnostics -dependency-scan-serialize-diagnostics-path /Users/admin/builder/spi-builder-workspace/.derivedData/Build/Intermediates.noindex/Firebase.build/Debug-xros/FirebaseAuth-t.build/Objects-normal/arm64/FirebaseAuth-dependency-scan.dia -validate-clang-modules-once -clang-build-session-file /Users/admin/builder/spi-builder-workspace/.derivedData/ModuleCache.noindex/Session.modulevalidation -Xcc -fmodules-prune-interval\=86400 -Xcc -fmodules-prune-after\=345600 -package-name firebase_ios_sdk -emit-const-values -const-gather-protocols-list /Users/admin/builder/spi-builder-workspace/.derivedData/Build/Intermediates.noindex/Firebase.build/Debug-xros/FirebaseAuth-t.build/Objects-normal/arm64/FirebaseAuth_const_extract_protocols.json -Xcc -I/Users/admin/builder/spi-builder-workspace/.dependencies/checkouts/interop-ios-for-google-sdks/RecaptchaEnterprise/RecaptchaInterop/Public -Xcc -I/Users/admin/builder/spi-builder-workspace/.dependencies/checkouts/GoogleUtilities/GoogleUtilities/Network/Public -Xcc -I/Users/admin/builder/spi-builder-workspace/.dependencies/checkouts/GoogleUtilities/GoogleUtilities/Reachability/Public -Xcc -I/Users/admin/builder/spi-builder-workspace/.dependencies/checkouts/GoogleUtilities/GoogleUtilities/NSData+zlib/Public -Xcc -I/Users/admin/builder/spi-builder-workspace/.dependencies/checkouts/GoogleUtilities/GoogleUtilities/Logger/Public -Xcc -I/Users/admin/builder/spi-builder-workspace/.dependencies/checkouts/GoogleUtilities/GoogleUtilities/Environment/Public -Xcc -I/Users/admin/builder/spi-builder-workspace/.dependencies/checkouts/GoogleUtilities/third_party/IsAppEncrypted/Public -Xcc -I/Users/admin/builder/spi-builder-workspace/.dependencies/checkouts/GoogleUtilities/GoogleUtilities/AppDelegateSwizzler/Public -Xcc -I/Users/admin/builder/spi-builder-workspace/.dependencies/checkouts/gtm-session-fetcher/Sources/Core/Public -Xcc -I/Users/admin/builder/spi-builder-workspace/.dependencies/checkouts/firebase-ios-sdk/FirebaseCore/Extension -Xcc -I/Users/admin/builder/spi-builder-workspace/.dependencies/checkouts/firebase-ios-sdk/FirebaseCore/Sources/Public -Xcc -I/Users/admin/builder/spi-builder-workspace/.dependencies/checkouts/firebase-ios-sdk/CoreOnly/Sources -Xcc -I/Users/admin/builder/spi-builder-workspace/.dependencies/checkouts/firebase-ios-sdk/FirebaseAuth/Sources/Public -Xcc -I/Users/admin/builder/spi-builder-workspace/.dependencies/checkouts/firebase-ios-sdk/FirebaseAuth/Interop/Public -Xcc -I/Users/admin/builder/spi-builder-workspace/.dependencies/checkouts/firebase-ios-sdk/FirebaseAppCheck/Interop/Public -Xcc -I/Users/admin/builder/spi-builder-workspace/.derivedData/Build/Products/Debug-xros/include -Xcc -I/Users/admin/builder/spi-builder-workspace/.derivedData/Build/Intermediates.noindex/Firebase.build/Debug-xros/FirebaseAuth-t.build/DerivedSources-normal/arm64 -Xcc -I/Users/admin/builder/spi-builder-workspace/.derivedData/Build/Intermediates.noindex/Firebase.build/Debug-xros/FirebaseAuth-t.build/DerivedSources/arm64 -Xcc -I/Users/admin/builder/spi-builder-workspace/.derivedData/Build/Intermediates.noindex/Firebase.build/Debug-xros/FirebaseAuth-t.build/DerivedSources -Xcc -DSWIFT_PACKAGE -Xcc -DDEBUG\=1 -emit-objc-header -emit-objc-header-path /Users/admin/builder/spi-builder-workspace/.derivedData/Build/Intermediates.noindex/Firebase.build/Debug-xros/FirebaseAuth-t.build/Objects-normal/arm64/FirebaseAuth-Swift.h -working-directory /Users/admin/builder/spi-builder-workspace/.swiftpm/xcode -experimental-emit-module-separately -disable-cmo
PrecompileModule /Users/admin/builder/spi-builder-workspace/.derivedData/Build/Intermediates.noindex/ExplicitPrecompiledModules/UIKit-CRMGNXC7F16A5QXHBV4PCFXME.scan
    cd /
    builtin-precompileModule /Users/admin/builder/spi-builder-workspace/.derivedData/Build/Intermediates.noindex/ExplicitPrecompiledModules/UIKit-CRMGNXC7F16A5QXHBV4PCFXME.scan
CompileC /Users/admin/builder/spi-builder-workspace/.derivedData/Build/Intermediates.noindex/Firebase.build/Debug-xros/FirebaseFirestoreTarget-t.build/Objects-normal/arm64/dummy.o /Users/admin/builder/spi-builder-workspace/.dependencies/checkouts/firebase-ios-sdk/SwiftPM-PlatformExclude/FirebaseFirestoreWrap/dummy.m normal arm64 objective-c com.apple.compilers.llvm.clang.1_0.compiler (in target 'FirebaseFirestoreTarget' from project 'Firebase')
    cd /Users/admin/builder/spi-builder-workspace/.swiftpm/xcode

    Using response file: /Users/admin/builder/spi-builder-workspace/.derivedData/Build/Intermediates.noindex/Firebase.build/Debug-xros/FirebaseFirestoreTarget-t.build/Objects-normal/arm64/e6072d4f65d7061329687fe24e3d63a7-common-args.resp

    /Applications/Xcode-27.0.0-Release.Candidate.app/Contents/Developer/Toolchains/XcodeDefault.xctoolchain/usr/bin/clang -x objective-c -ivfsstatcache /Users/admin/builder/spi-builder-workspace/.derivedData/SDKStatCaches.noindex/xros27.0-24M361-e829b21a6f8c9b70876ba0858053c044735bd543db762f57723cac368afd1ce4.sdkstatcache -target arm64-apple-xros1.0 -fmessage-length\=0 -fdiagnostics-show-note-include-stack -fmacro-backtrace-limit\=0 -fno-color-diagnostics -fmodules-prune-interval\=86400 -fmodules-prune-after\=345600 -fbuild-session-file\=/Users/admin/builder/spi-builder-workspace/.derivedData/ModuleCache.noindex/Session.modulevalidation -fmodules-validate-once-per-build-session -Wnon-modular-include-in-framework-module -Werror\=non-modular-include-in-framework-module -Wno-trigraphs -Wno-missing-field-initializers -Wno-missing-prototypes -Wno-return-type -Wno-implicit-atomic-properties -Wno-objc-interface-ivars -Wno-arc-repeated-use-of-weak -Wno-missing-braces -Wparentheses -Wswitch -Wno-unused-function -Wno-unused-label -Wno-unused-parameter -Wno-unused-variable -Wunused-value -Wno-empty-body -Wno-uninitialized -Wno-unknown-pragmas -w -Wno-shadow -Wno-four-char-constants -Wno-conversion -Wno-constant-conversion -Wno-int-conversion -Wno-bool-conversion -Wno-enum-conversion -Wno-float-conversion -Wno-non-literal-null-conversion -Wno-objc-literal-conversion -Wshorten-64-to-32 -Wpointer-sign -Wno-newline-eof -Wno-selector -Wno-strict-selector-match -Wno-undeclared-selector -Wno-deprecated-implementations -Wno-implicit-fallthrough -isysroot /Applications/Xcode-27.0.0-Release.Candidate.app/Contents/Developer/Platforms/XROS.platform/Developer/SDKs/XROS27.0.sdk -fstrict-aliasing -Wprotocol -Wdeprecated-declarations -Wno-sign-conversion -Wno-infinite-recursion -Wno-comma -Wno-block-capture-autoreleasing -Wno-strict-prototypes -Wno-semicolon-before-method-body -index-store-path /Users/admin/builder/spi-builder-workspace/.derivedData/Index.noindex/DataStore @/Users/admin/builder/spi-builder-workspace/.derivedData/Build/Intermediates.noindex/Firebase.build/Debug-xros/FirebaseFirestoreTarget-t.build/Objects-normal/arm64/e6072d4f65d7061329687fe24e3d63a7-common-args.resp -MMD -MT dependencies -MF /Users/admin/builder/spi-builder-workspace/.derivedData/Build/Intermediates.noindex/Firebase.build/Debug-xros/FirebaseFirestoreTarget-t.build/Objects-normal/arm64/dummy.d --serialize-diagnostics /Users/admin/builder/spi-builder-workspace/.derivedData/Build/Intermediates.noindex/Firebase.build/Debug-xros/FirebaseFirestoreTarget-t.build/Objects-normal/arm64/dummy.dia -c /Users/admin/builder/spi-builder-workspace/.dependencies/checkouts/firebase-ios-sdk/SwiftPM-PlatformExclude/FirebaseFirestoreWrap/dummy.m -o /Users/admin/builder/spi-builder-workspace/.derivedData/Build/Intermediates.noindex/Firebase.build/Debug-xros/FirebaseFirestoreTarget-t.build/Objects-normal/arm64/dummy.o -index-unit-output-path /Firebase.build/Debug-xros/FirebaseFirestoreTarget-t.build/Objects-normal/arm64/dummy.o
/Users/admin/builder/spi-builder-workspace/.dependencies/checkouts/firebase-ios-sdk/SwiftPM-PlatformExclude/FirebaseFirestoreWrap/dummy.m:21:2: error: "Firebase Firestore's binary SPM distribution does not support visionOS. To enable the source distribution, quit Xcode and open the desired project from the command line with the FIREBASE_SOURCE_FIRESTORE environment variable: `open --env FIREBASE_SOURCE_FIRESTORE /path/to/project.xcodeproj`. To go back to using the binary distribution of Firestore, quit Xcode and open Xcode like normal, without the environment variable."
   21 | #error "Firebase Firestore's binary SPM distribution does not support \
      |  ^
1 error generated.
Failed frontend command:
/Applications/Xcode-27.0.0-Release.Candidate.app/Contents/Developer/Toolchains/XcodeDefault.xctoolchain/usr/bin/clang -cc1 -Wundef-prefix\=TARGET_OS_ -fdiagnostics-show-note-include-stack -fmacro-backtrace-limit\=0 -w -ferror-limit 19 -serialize-diagnostic-file /Users/admin/builder/spi-builder-workspace/.derivedData/Build/Intermediates.noindex/Firebase.build/Debug-xros/FirebaseFirestoreTarget-t.build/Objects-normal/arm64/dummy.dia -Wdeprecated-objc-isa-usage -Werror\=deprecated-objc-isa-usage -Werror\=implicit-function-declaration -Wnon-modular-include-in-framework-module -Werror\=non-modular-include-in-framework-module -Wno-trigraphs -Wno-missing-field-initializers -Wno-missing-prototypes -Wno-return-type -Wno-implicit-atomic-properties -Wno-objc-interface-ivars -Wno-arc-repeated-use-of-weak -Wno-missing-braces -Wparentheses -Wswitch -Wno-unused-function -Wno-unused-label -Wno-unused-parameter -Wno-unused-variable -Wunused-value -Wno-empty-body -Wno-uninitialized -Wno-unknown-pragmas -Wno-shadow -Wno-four-char-constants -Wno-conversion -Wno-constant-conversion -Wno-int-conversion -Wno-bool-conversion -Wno-enum-conversion -Wno-float-conversion -Wno-non-literal-null-conversion -Wno-objc-literal-conversion -Wshorten-64-to-32 -Wpointer-sign -Wno-newline-eof -Wno-selector -Wno-strict-selector-match -Wno-undeclared-selector -Wno-deprecated-implementations -Wno-implicit-fallthrough -Wprotocol -Wdeprecated-declarations -Wno-sign-conversion -Wno-infinite-recursion -Wno-comma -Wno-block-capture-autoreleasing -Wno-strict-prototypes -Wno-semicolon-before-method-body -Wno-elaborated-enum-base -Wno-error\=allocator-wrappers -index-store-path /Users/admin/builder/spi-builder-workspace/.derivedData/Index.noindex/DataStore -index-unit-output-path /Firebase.build/Debug-xros/FirebaseFirestoreTarget-t.build/Objects-normal/arm64/dummy.o -fmodule-map-file\=/Users/admin/builder/spi-builder-workspace/.derivedData/Build/Intermediates.noindex/GeneratedModuleMaps-xros/GoogleUtilities-NSData.modulemap -fmodule-map-file\=/Users/admin/builder/spi-builder-workspace/.derivedData/Build/Intermediates.noindex/GeneratedModuleMaps-xros/GoogleUtilities-Environment.modulemap -fmodule-map-file\=/Users/admin/builder/spi-builder-workspace/.derivedData/Build/Intermediates.noindex/GeneratedModuleMaps-xros/third-party-IsAppEncrypted.modulemap -fmodule-map-file\=/Users/admin/builder/spi-builder-workspace/.derivedData/Build/Intermediates.noindex/GeneratedModuleMaps-xros/GoogleUtilities-Logger.modulemap -fmodule-map-file\=/Users/admin/builder/spi-builder-workspace/.derivedData/Build/Intermediates.noindex/GeneratedModuleMaps-xros/nanopb.modulemap -fmodule-map-file\=/Users/admin/builder/spi-builder-workspace/.derivedData/Build/Intermediates.noindex/GeneratedModuleMaps-xros/leveldb.modulemap -fmodule-map-file\=/Users/admin/builder/spi-builder-workspace/.derivedData/Build/Intermediates.noindex/GeneratedModuleMaps-xros/FirebaseSharedSwift.modulemap -fmodule-map-file\=/Users/admin/builder/spi-builder-workspace/.derivedData/Build/Intermediates.noindex/GeneratedModuleMaps-xros/FirebaseCoreExtension.modulemap -fmodule-map-file\=/Users/admin/builder/spi-builder-workspace/.derivedData/Build/Intermediates.noindex/GeneratedModuleMaps-xros/FirebaseCore.modulemap -fmodule-map-file\=/Users/admin/builder/spi-builder-workspace/.derivedData/Build/Intermediates.noindex/GeneratedModuleMaps-xros/FirebaseCoreInternal.modulemap -fmodule-map-file\=/Users/admin/builder/spi-builder-workspace/.dependencies/checkouts/firebase-ios-sdk/CoreOnly/Sources/module.modulemap -fmodule-map-file\=/Users/admin/builder/spi-builder-workspace/.derivedData/Build/Intermediates.noindex/GeneratedModuleMaps-xros/FirebaseAppCheckInterop.modulemap -fmodule-map-file\=/Applications/Xcode-27.0.0-Release.Candidate.app/Contents/Developer/Platforms/XROS.platform/Developer/SDKs/XROS.sdk/usr/include/DarwinFoundation1.modulemap -o /Users/admin/builder/spi-builder-workspace/.derivedData/Build/Intermediates.noindex/Firebase.build/Debug-xros/FirebaseFirestoreTarget-t.build/Objects-normal/arm64/dummy.o -disable-free -emit-obj -x objective-c /Users/admin/builder/spi-builder-workspace/.dependencies/checkouts/firebase-ios-sdk/SwiftPM-PlatformExclude/FirebaseFirestoreWrap/dummy.m -target-abi darwinpcs -target-cpu apple-a12 -target-feature +v8.3a -target-feature +aes -target-feature +complxnum -target-feature +crc -target-feature +fp-armv8 -target-feature +fullfp16 -target-feature +jsconv -target-feature +lse -target-feature +neon -target-feature +pauth -target-feature +perfmon -target-feature +ras -target-feature +rcpc -target-feature +rdm -target-feature +sha2 -triple arm64-apple-xros1.0.0 -target-linker-version 1166.2 -target-sdk-version\=27.0 -fmodules-validate-system-headers -fno-modulemap-allow-subdirectory-search -isysroot /Applications/Xcode-27.0.0-Release.Candidate.app/Contents/Developer/Platforms/XROS.platform/Developer/SDKs/XROS27.0.sdk -resource-dir /Applications/Xcode-27.0.0-Release.Candidate.app/Contents/Developer/Toolchains/XcodeDefault.xctoolchain/usr/lib/clang/21 -fmodule-format\=obj -fmodule-file\=_DarwinFoundation1\=/Users/admin/builder/spi-builder-workspace/.derivedData/Build/Intermediates.noindex/ExplicitPrecompiledModules/_DarwinFoundation1-6LXC3XG3ZI5LUWAAPOBV86OAV.pcm -I /Users/admin/builder/spi-builder-workspace/.dependencies/checkouts/GoogleUtilities/GoogleUtilities/NSData+zlib/Public -I /Users/admin/builder/spi-builder-workspace/.dependencies/checkouts/GoogleUtilities/GoogleUtilities/Environment/Public -I /Users/admin/builder/spi-builder-workspace/.dependencies/checkouts/GoogleUtilities/third_party/IsAppEncrypted/Public -I /Users/admin/builder/spi-builder-workspace/.dependencies/checkouts/GoogleUtilities/GoogleUtilities/Logger/Public -I /Users/admin/builder/spi-builder-workspace/.dependencies/checkouts/nanopb/spm_headers -I /Users/admin/builder/spi-builder-workspace/.dependencies/checkouts/leveldb/include -I /Users/admin/builder/spi-builder-workspace/.dependencies/checkouts/firebase-ios-sdk/FirebaseCore/Extension -I /Users/admin/builder/spi-builder-workspace/.dependencies/checkouts/firebase-ios-sdk/FirebaseCore/Sources/Public -I /Users/admin/builder/spi-builder-workspace/.dependencies/checkouts/firebase-ios-sdk/CoreOnly/Sources -I /Users/admin/builder/spi-builder-workspace/.dependencies/checkouts/firebase-ios-sdk/FirebaseAppCheck/Interop/Public -I /Users/admin/builder/spi-builder-workspace/.derivedData/Build/Products/Debug-xros/include -I /Users/admin/builder/spi-builder-workspace/.dependencies/checkouts/firebase-ios-sdk/SwiftPM-PlatformExclude/FirebaseFirestoreWrap/include -I /Users/admin/builder/spi-builder-workspace/.derivedData/Build/Intermediates.noindex/Firebase.build/Debug-xros/FirebaseFirestoreTarget-t.build/DerivedSources-normal/arm64 -I /Users/admin/builder/spi-builder-workspace/.derivedData/Build/Intermediates.noindex/Firebase.build/Debug-xros/FirebaseFirestoreTarget-t.build/DerivedSources/arm64 -I /Users/admin/builder/spi-builder-workspace/.derivedData/Build/Intermediates.noindex/Firebase.build/Debug-xros/FirebaseFirestoreTarget-t.build/DerivedSources -F /Users/admin/builder/spi-builder-workspace/.derivedData/Build/Products/Debug-xros/PackageFrameworks -F /Users/admin/builder/spi-builder-workspace/.derivedData/Build/Products/Debug-xros -iframework /Applications/Xcode-27.0.0-Release.Candidate.app/Contents/Developer/Platforms/XROS.platform/Developer/Library/Frameworks -iframework /Applications/Xcode-27.0.0-Release.Candidate.app/Contents/Developer/Platforms/XROS.platform/Developer/SDKs/XROS27.0.sdk/Developer/Library/Frameworks -internal-isystem /Applications/Xcode-27.0.0-Release.Candidate.app/Contents/Developer/Platforms/XROS.platform/Developer/SDKs/XROS27.0.sdk/usr/local/include -internal-isystem /Applications/Xcode-27.0.0-Release.Candidate.app/Contents/Developer/Toolchains/XcodeDefault.xctoolchain/usr/lib/clang/21/include -internal-externc-isystem /Applications/Xcode-27.0.0-Release.Candidate.app/Contents/Developer/Platforms/XROS.platform/Developer/SDKs/XROS27.0.sdk/usr/include -internal-externc-isystem /Applications/Xcode-27.0.0-Release.Candidate.app/Contents/Developer/Toolchains/XcodeDefault.xctoolchain/usr/include -internal-iframework /Applications/Xcode-27.0.0-Release.Candidate.app/Contents/Developer/Platforms/XROS.platform/Developer/SDKs/XROS27.0.sdk/System/Library/Frameworks -internal-iframework /Applications/Xcode-27.0.0-Release.Candidate.app/Contents/Developer/Platforms/XROS.platform/Developer/SDKs/XROS27.0.sdk/System/Library/SubFrameworks -internal-iframework /Applications/Xcode-27.0.0-Release.Candidate.app/Contents/Developer/Platforms/XROS.platform/Developer/SDKs/XROS27.0.sdk/Library/Frameworks -ivfsstatcache /Users/admin/builder/spi-builder-workspace/.derivedData/SDKStatCaches.noindex/xros27.0-24M361-e829b21a6f8c9b70876ba0858053c044735bd543db762f57723cac368afd1ce4.sdkstatcache -std\=gnu11 -fexceptions -fskip-odr-check-in-gmf -fmodules -fmodule-name\=FirebaseFirestoreTarget -fno-implicit-modules -fobjc-exceptions -fmax-type-align\=16 -fpascal-strings -fstack-check -ftrivial-auto-var-init\=zero -fvisibility-inlines-hidden-static-local-var -mdarwin-stkchk-strong-link -fno-odr-hash-protocols -pic-level 2 -fencode-extended-block-signature -stack-protector 1 -fcompatibility-qualified-id-block-type-checking -fobjc-runtime\=ios-17.0.0 -fobjc-arc -fobjc-runtime-has-weak -fobjc-weak -fgnuc-version\=4.2.1 -fblocks -fno-convergent-functions -ffp-contract\=on -fclang-abi-compat\=4.0 -fno-experimental-relative-c++-abi-vtables -fno-file-reproducible -clang-vendor-feature\=+disableNonDependentMemberExprInCurrentInstantiation -clang-vendor-feature\=+enableAggressiveVLAFolding -clang-vendor-feature\=+revert09abecef7bbf -clang-vendor-feature\=+thisNoAlignAttr -clang-vendor-feature\=+thisNoNullAttr -clang-vendor-feature\=+disableAtImportPrivateFrameworkInImplementationError -O0 -fno-assume-unique-vtables -fdebug-compilation-dir\=/Users/admin/builder/spi-builder-workspace/.swiftpm/xcode -fcoverage-compilation-dir\=/Users/admin/builder/spi-builder-workspace/.swiftpm/xcode -fcoverage-mapping -fcommon -fdwarf2-cfi-asm -fobjc-msgsend-selector-stubs -fregister-global-dtors-with-atexit -fno-strict-return -dwarf-version\=4 -debugger-tuning\=lldb -disable-llvm-verifier -dwarf-ext-refs -funwind-tables\=1 -fprofile-instrument\=clang -enable-tlsdesc -clear-ast-before-backend -discard-value-names -main-file-name dummy.m -mframe-pointer\=non-leaf -debug-info-kind\=standalone -fno-loop-interchange -fdiagnostics-hotness-threshold\=0 -fdiagnostics-misexpect-tolerance\=0 -D DEBUG\=1 -D FIREBASE_BINARY_FIRESTORE\=1 -D OBJC_OLD_DISPATCH_PROTOTYPES\=1 -D SWIFT_PACKAGE -D Xcode -fdefine-target-os-macros -MT dependencies -dependency-file /Users/admin/builder/spi-builder-workspace/.derivedData/Build/Intermediates.noindex/Firebase.build/Debug-xros/FirebaseFirestoreTarget-t.build/Objects-normal/arm64/dummy.d -skip-unused-modulemap-deps -module-file-deps\=direct -fdepfile-entry\=/Applications/Xcode-27.0.0-Release.Candidate.app/Contents/Developer/Platforms/XROS.platform/Developer/SDKs/XROS27.0.sdk/SDKSettings.json
SwiftDriver OpenAPIKitCompat normal arm64 com.apple.xcode.tools.swift.compiler (in target 'OpenAPIKitCompat' from project 'OpenAPIKit')
    cd /Users/admin/builder/spi-builder-workspace/.swiftpm/xcode
    builtin-SwiftDriver -- /Applications/Xcode-27.0.0-Release.Candidate.app/Contents/Developer/Toolchains/XcodeDefault.xctoolchain/usr/bin/swiftc -parse-as-library -module-name OpenAPIKitCompat -Onone @/Users/admin/builder/spi-builder-workspace/.derivedData/Build/Intermediates.noindex/OpenAPIKit.build/Debug/OpenAPIKitCompat-t.build/Objects-normal/arm64/OpenAPIKitCompat.SwiftFileList -DSWIFT_PACKAGE -DDEBUG -DSWIFT_MODULE_RESOURCE_BUNDLE_UNAVAILABLE -DXcode -plugin-path /Applications/Xcode-27.0.0-Release.Candidate.app/Contents/Developer/Toolchains/XcodeDefault.xctoolchain/usr/lib/swift/host/plugins/testing -enable-experimental-feature DebugDescriptionMacro -sdk /Applications/Xcode-27.0.0-Release.Candidate.app/Contents/Developer/Platforms/MacOSX.platform/Developer/SDKs/MacOSX27.0.sdk -target arm64-apple-macos12.0 -g -module-cache-path /Users/admin/builder/spi-builder-workspace/.derivedData/ModuleCache.noindex -Xfrontend -serialize-debugging-options -profile-coverage-mapping -profile-generate -enable-testing -suppress-warnings -index-store-path /Users/admin/builder/spi-builder-workspace/.derivedData/Index.noindex/DataStore -Xcc -D_LIBCPP_HARDENING_MODE\=_LIBCPP_HARDENING_MODE_DEBUG -swift-version 6 -I /Users/admin/builder/spi-builder-workspace/.derivedData/Build/Products/Debug -Isystem /Applications/Xcode-27.0.0-Release.Candidate.app/Contents/Developer/Platforms/MacOSX.platform/Developer/usr/lib -F /Users/admin/builder/spi-builder-workspace/.derivedData/Build/Products/Debug/PackageFrameworks -F /Users/admin/builder/spi-builder-workspace/.derivedData/Build/Products/Debug -F /Applications/Xcode-27.0.0-Release.Candidate.app/Contents/Developer/Platforms/MacOSX.platform/Developer/Library/Frameworks -c -j10 -enable-batch-mode -incremental -Xcc -ivfsstatcache -Xcc /Users/admin/builder/spi-builder-workspace/.derivedData/SDKStatCaches.noindex/macosx27.0-26A425-e829b21a6f8c9b70876ba0858053c0446a22442a12e9d48fe1a705f55a1adfc4.sdkstatcache -output-file-map /Users/admin/builder/spi-builder-workspace/.derivedData/Build/Intermediates.noindex/OpenAPIKit.build/Debug/OpenAPIKitCompat-t.build/Objects-normal/arm64/OpenAPIKitCompat-OutputFileMap.json -save-temps -no-color-diagnostics -explicit-module-build -module-cache-path /Users/admin/builder/spi-builder-workspace/.derivedData/Build/Intermediates.noindex/SwiftExplicitPrecompiledModules -clang-scanner-module-cache-path /Users/admin/builder/spi-builder-workspace/.derivedData/ModuleCache.noindex -sdk-module-cache-path /Users/admin/builder/spi-builder-workspace/.derivedData/SDKExplicitPrecompiledModules -emit-dependencies -emit-module -emit-module-path /Users/admin/builder/spi-builder-workspace/.derivedData/Build/Intermediates.noindex/OpenAPIKit.build/Debug/OpenAPIKitCompat-t.build/Objects-normal/arm64/OpenAPIKitCompat.swiftmodule -serialize-diagnostics -dependency-scan-serialize-diagnostics-path /Users/admin/builder/spi-builder-workspace/.derivedData/Build/Intermediates.noindex/OpenAPIKit.build/Debug/OpenAPIKitCompat-t.build/Objects-normal/arm64/OpenAPIKitCompat-dependency-scan.dia -user-module-version 6.4.0 -validate-clang-modules-once -clang-build-session-file /Users/admin/builder/spi-builder-workspace/.derivedData/ModuleCache.noindex/Session.modulevalidation -Xcc -fmodules-prune-interval\=86400 -Xcc -fmodules-prune-after\=345600 -package-name openapikit -emit-const-values -const-gather-protocols-list /Users/admin/builder/spi-builder-workspace/.derivedData/Build/Intermediates.noindex/OpenAPIKit.build/Debug/OpenAPIKitCompat-t.build/Objects-normal/arm64/OpenAPIKitCompat_const_extract_protocols.json -Xcc -I/Users/admin/builder/spi-builder-workspace/.derivedData/Build/Products/Debug/include -Xcc -I/Users/admin/builder/spi-builder-workspace/.derivedData/Build/Intermediates.noindex/OpenAPIKit.build/Debug/OpenAPIKitCompat-t.build/DerivedSources-normal/arm64 -Xcc -I/Users/admin/builder/spi-builder-workspace/.derivedData/Build/Intermediates.noindex/OpenAPIKit.build/Debug/OpenAPIKitCompat-t.build/DerivedSources/arm64 -Xcc -I/Users/admin/builder/spi-builder-workspace/.derivedData/Build/Intermediates.noindex/OpenAPIKit.build/Debug/OpenAPIKitCompat-t.build/DerivedSources -Xcc -DSWIFT_PACKAGE -Xcc -DDEBUG\=1 -emit-objc-header -emit-objc-header-path /Users/admin/builder/spi-builder-workspace/.derivedData/Build/Intermediates.noindex/OpenAPIKit.build/Debug/OpenAPIKitCompat-t.build/Objects-normal/arm64/OpenAPIKitCompat-Swift.h -working-directory /Users/admin/builder/spi-builder-workspace/.swiftpm/xcode -experimental-emit-module-separately -disable-cmo
SwiftDriver OpenAPIKitCompat normal x86_64 com.apple.xcode.tools.swift.compiler (in target 'OpenAPIKitCompat' from project 'OpenAPIKit')
    cd /Users/admin/builder/spi-builder-workspace/.swiftpm/xcode
    builtin-SwiftDriver -- /Applications/Xcode-27.0.0-Release.Candidate.app/Contents/Developer/Toolchains/XcodeDefault.xctoolchain/usr/bin/swiftc -parse-as-library -module-name OpenAPIKitCompat -Onone @/Users/admin/builder/spi-builder-workspace/.derivedData/Build/Intermediates.noindex/OpenAPIKit.build/Debug/OpenAPIKitCompat-t.build/Objects-normal/x86_64/OpenAPIKitCompat.SwiftFileList -DSWIFT_PACKAGE -DDEBUG -DSWIFT_MODULE_RESOURCE_BUNDLE_UNAVAILABLE -DXcode -plugin-path /Applications/Xcode-27.0.0-Release.Candidate.app/Contents/Developer/Toolchains/XcodeDefault.xctoolchain/usr/lib/swift/host/plugins/testing -enable-experimental-feature DebugDescriptionMacro -sdk /Applications/Xcode-27.0.0-Release.Candidate.app/Contents/Developer/Platforms/MacOSX.platform/Developer/SDKs/MacOSX27.0.sdk -target x86_64-apple-macos12.0 -g -module-cache-path /Users/admin/builder/spi-builder-workspace/.derivedData/ModuleCache.noindex -Xfrontend -serialize-debugging-options -profile-coverage-mapping -profile-generate -enable-testing -suppress-warnings -index-store-path /Users/admin/builder/spi-builder-workspace/.derivedData/Index.noindex/DataStore -Xcc -D_LIBCPP_HARDENING_MODE\=_LIBCPP_HARDENING_MODE_DEBUG -swift-version 6 -I /Users/admin/builder/spi-builder-workspace/.derivedData/Build/Products/Debug -Isystem /Applications/Xcode-27.0.0-Release.Candidate.app/Contents/Developer/Platforms/MacOSX.platform/Developer/usr/lib -F /Users/admin/builder/spi-builder-workspace/.derivedData/Build/Products/Debug/PackageFrameworks -F /Users/admin/builder/spi-builder-workspace/.derivedData/Build/Products/Debug -F /Applications/Xcode-27.0.0-Release.Candidate.app/Contents/Developer/Platforms/MacOSX.platform/Developer/Library/Frameworks -c -j10 -enable-batch-mode -incremental -Xcc -ivfsstatcache -Xcc /Users/admin/builder/spi-builder-workspace/.derivedData/SDKStatCaches.noindex/macosx27.0-26A425-e829b21a6f8c9b70876ba0858053c0446a22442a12e9d48fe1a705f55a1adfc4.sdkstatcache -output-file-map /Users/admin/builder/spi-builder-workspace/.derivedData/Build/Intermediates.noindex/OpenAPIKit.build/Debug/OpenAPIKitCompat-t.build/Objects-normal/x86_64/OpenAPIKitCompat-OutputFileMap.json -save-temps -no-color-diagnostics -explicit-module-build -module-cache-path /Users/admin/builder/spi-builder-workspace/.derivedData/Build/Intermediates.noindex/SwiftExplicitPrecompiledModules -clang-scanner-module-cache-path /Users/admin/builder/spi-builder-workspace/.derivedData/ModuleCache.noindex -sdk-module-cache-path /Users/admin/builder/spi-builder-workspace/.derivedData/SDKExplicitPrecompiledModules -emit-dependencies -emit-module -emit-module-path /Users/admin/builder/spi-builder-workspace/.derivedData/Build/Intermediates.noindex/OpenAPIKit.build/Debug/OpenAPIKitCompat-t.build/Objects-normal/x86_64/OpenAPIKitCompat.swiftmodule -serialize-diagnostics -dependency-scan-serialize-diagnostics-path /Users/admin/builder/spi-builder-workspace/.derivedData/Build/Intermediates.noindex/OpenAPIKit.build/Debug/OpenAPIKitCompat-t.build/Objects-normal/x86_64/OpenAPIKitCompat-dependency-scan.dia -user-module-version 6.4.0 -validate-clang-modules-once -clang-build-session-file /Users/admin/builder/spi-builder-workspace/.derivedData/ModuleCache.noindex/Session.modulevalidation -Xcc -fmodules-prune-interval\=86400 -Xcc -fmodules-prune-after\=345600 -package-name openapikit -emit-const-values -const-gather-protocols-list /Users/admin/builder/spi-builder-workspace/.derivedData/Build/Intermediates.noindex/OpenAPIKit.build/Debug/OpenAPIKitCompat-t.build/Objects-normal/x86_64/OpenAPIKitCompat_const_extract_protocols.json -Xcc -I/Users/admin/builder/spi-builder-workspace/.derivedData/Build/Products/Debug/include -Xcc -I/Users/admin/builder/spi-builder-workspace/.derivedData/Build/Intermediates.noindex/OpenAPIKit.build/Debug/OpenAPIKitCompat-t.build/DerivedSources-normal/x86_64 -Xcc -I/Users/admin/builder/spi-builder-workspace/.derivedData/Build/Intermediates.noindex/OpenAPIKit.build/Debug/OpenAPIKitCompat-t.build/DerivedSources/x86_64 -Xcc -I/Users/admin/builder/spi-builder-workspace/.derivedData/Build/Intermediates.noindex/OpenAPIKit.build/Debug/OpenAPIKitCompat-t.build/DerivedSources -Xcc -DSWIFT_PACKAGE -Xcc -DDEBUG\=1 -emit-objc-header -emit-objc-header-path /Users/admin/builder/spi-builder-workspace/.derivedData/Build/Intermediates.noindex/OpenAPIKit.build/Debug/OpenAPIKitCompat-t.build/Objects-normal/x86_64/OpenAPIKitCompat-Swift.h -working-directory /Users/admin/builder/spi-builder-workspace/.swiftpm/xcode -experimental-emit-module-separately -disable-cmo
ScanDependencies /Users/admin/builder/spi-builder-workspace/.derivedData/Build/Intermediates.noindex/Firebase.build/Debug-xros/FirebaseCore-t.build/Objects-normal/arm64/FIRVersion.o /Users/admin/builder/spi-builder-workspace/.dependencies/checkouts/firebase-ios-sdk/FirebaseCore/Sources/FIRVersion.m normal arm64 objective-c com.apple.compilers.llvm.clang.1_0.compiler (in target 'FirebaseCore' from project 'Firebase')
    cd /Users/admin/builder/spi-builder-workspace/.swiftpm/xcode

    Using response file: /Users/admin/builder/spi-builder-workspace/.derivedData/Build/Intermediates.noindex/Firebase.build/Debug-xros/FirebaseCore-t.build/Objects-normal/arm64/e6072d4f65d7061329687fe24e3d63a7-common-args.resp

    builtin-ScanDependencies -o /Users/admin/builder/spi-builder-workspace/.derivedData/Build/Intermediates.noindex/Firebase.build/Debug-xros/FirebaseCore-t.build/Objects-normal/arm64/FIRVersion.o.scan -- /Applications/Xcode-27.0.0-Release.Candidate.app/Contents/Developer/Toolchains/XcodeDefault.xctoolchain/usr/bin/clang -x objective-c -ivfsstatcache /Users/admin/builder/spi-builder-workspace/.derivedData/SDKStatCaches.noindex/xros27.0-24M361-e829b21a6f8c9b70876ba0858053c044735bd543db762f57723cac368afd1ce4.sdkstatcache -target arm64-apple-xros1.0 -fmessage-length\=0 -fdiagnostics-show-note-include-stack -fmacro-backtrace-limit\=0 -fno-color-diagnostics -fmodules-prune-interval\=86400 -fmodules-prune-after\=345600 -fbuild-session-file\=/Users/admin/builder/spi-builder-workspace/.derivedData/ModuleCache.noindex/Session.modulevalidation -fmodules-validate-once-per-build-session -Wnon-modular-include-in-framework-module -Werror\=non-modular-include-in-framework-module -Wno-trigraphs -Wno-missing-field-initializers -Wno-missing-prototypes -Wno-return-type -Wno-implicit-atomic-properties -Wno-objc-interface-ivars -Wno-arc-repeated-use-of-weak -Wno-missing-braces -Wparentheses -Wswitch -Wno-unused-function -Wno-unused-label -Wno-unused-parameter -Wno-unused-variable -Wunused-value -Wno-empty-body -Wno-uninitialized -Wno-unknown-pragmas -w -Wno-shadow -Wno-four-char-constants -Wno-conversion -Wno-constant-conversion -Wno-int-conversion -Wno-bool-conversion -Wno-enum-conversion -Wno-float-conversion -Wno-non-literal-null-conversion -Wno-objc-literal-conversion -Wshorten-64-to-32 -Wpointer-sign -Wno-newline-eof -Wno-selector -Wno-strict-selector-match -Wno-undeclared-selector -Wno-deprecated-implementations -Wno-implicit-fallthrough -isysroot /Applications/Xcode-27.0.0-Release.Candidate.app/Contents/Developer/Platforms/XROS.platform/Developer/SDKs/XROS27.0.sdk -fstrict-aliasing -Wprotocol -Wdeprecated-declarations -Wno-sign-conversion -Wno-infinite-recursion -Wno-comma -Wno-block-capture-autoreleasing -Wno-strict-prototypes -Wno-semicolon-before-method-body -index-store-path /Users/admin/builder/spi-builder-workspace/.derivedData/Index.noindex/DataStore @/Users/admin/builder/spi-builder-workspace/.derivedData/Build/Intermediates.noindex/Firebase.build/Debug-xros/FirebaseCore-t.build/Objects-normal/arm64/e6072d4f65d7061329687fe24e3d63a7-common-args.resp -include /Users/admin/builder/spi-builder-workspace/.derivedData/Build/Intermediates.noindex/Firebase.build/Debug-xros/FirebaseCore-t.build/DerivedSources/resource_bundle_accessor.h -MMD -MT dependencies -MF /Users/admin/builder/spi-builder-workspace/.derivedData/Build/Intermediates.noindex/Firebase.build/Debug-xros/FirebaseCore-t.build/Objects-normal/arm64/FIRVersion.d --serialize-diagnostics /Users/admin/builder/spi-builder-workspace/.derivedData/Build/Intermediates.noindex/Firebase.build/Debug-xros/FirebaseCore-t.build/Objects-normal/arm64/FIRVersion.dia -c /Users/admin/builder/spi-builder-workspace/.dependencies/checkouts/firebase-ios-sdk/FirebaseCore/Sources/FIRVersion.m -o /Users/admin/builder/spi-builder-workspace/.derivedData/Build/Intermediates.noindex/Firebase.build/Debug-xros/FirebaseCore-t.build/Objects-normal/arm64/FIRVersion.o -index-unit-output-path /Firebase.build/Debug-xros/FirebaseCore-t.build/Objects-normal/arm64/FIRVersion.o
ExtractAppIntentsMetadata (in target 'FirebaseCoreInternal' from project 'Firebase')
    cd /Users/admin/builder/spi-builder-workspace/.dependencies/checkouts/firebase-ios-sdk
    /Applications/Xcode-27.0.0-Release.Candidate.app/Contents/Developer/Toolchains/XcodeDefault.xctoolchain/usr/bin/appintentsmetadataprocessor --toolchain-dir /var/run/com.apple.security.cryptexd/mnt/com.apple.MobileAsset.MetalToolchain-v27.1.266.1.aIHAbS/Metal.xctoolchain --module-name FirebaseCoreInternal --sdk-root /Applications/Xcode-27.0.0-Release.Candidate.app/Contents/Developer/Platforms/XROS.platform/Developer/SDKs/XROS27.0.sdk --xcode-version 27A266a --platform-family xrOS --deployment-target 1.0 --bundle-identifier firebase-ios-sdk.FirebaseCoreInternal --output /Users/admin/builder/spi-builder-workspace/.derivedData/Build/Products/Debug-xros/FirebaseCoreInternal.appintents --target-triple arm64-apple-xros1.0 --binary-file /Users/admin/builder/spi-builder-workspace/.derivedData/Build/Products/Debug-xros/FirebaseCoreInternal.o --dependency-file /Users/admin/builder/spi-builder-workspace/.derivedData/Build/Intermediates.noindex/Firebase.build/Debug-xros/FirebaseCoreInternal-t.build/Objects-normal/arm64/FirebaseCoreInternal_dependency_info.dat --stringsdata-file /Users/admin/builder/spi-builder-workspace/.derivedData/Build/Intermediates.noindex/Firebase.build/Debug-xros/FirebaseCoreInternal-t.build/Objects-normal/arm64/ExtractedAppShortcutsMetadata.stringsdata --source-file-list /Users/admin/builder/spi-builder-workspace/.derivedData/Build/Intermediates.noindex/Firebase.build/Debug-xros/FirebaseCoreInternal-t.build/Objects-normal/arm64/FirebaseCoreInternal.SwiftFileList --metadata-file-list /Users/admin/builder/spi-builder-workspace/.derivedData/Build/Intermediates.noindex/Firebase.build/Debug-xros/FirebaseCoreInternal-t.build/FirebaseCoreInternal.DependencyMetadataFileList --static-metadata-file-list /Users/admin/builder/spi-builder-workspace/.derivedData/Build/Intermediates.noindex/Firebase.build/Debug-xros/FirebaseCoreInternal-t.build/FirebaseCoreInternal.DependencyStaticMetadataFileList --swift-const-vals-list /Users/admin/builder/spi-builder-workspace/.derivedData/Build/Intermediates.noindex/Firebase.build/Debug-xros/FirebaseCoreInternal-t.build/Objects-normal/arm64/FirebaseCoreInternal.SwiftConstValuesFileList --force --compile-time-extraction --deployment-aware-processing --no-app-shortcuts-localization
2026-09-21 21:40:32.009 appintentsmetadataprocessor[4638:21951] Starting appintentsmetadataprocessor export
ScanDependencies /Users/admin/builder/spi-builder-workspace/.derivedData/Build/Intermediates.noindex/Firebase.build/Debug-xros/FirebaseCore-t.build/Objects-normal/arm64/FIRTimestamp.o /Users/admin/builder/spi-builder-workspace/.dependencies/checkouts/firebase-ios-sdk/FirebaseCore/Sources/FIRTimestamp.m normal arm64 objective-c com.apple.compilers.llvm.clang.1_0.compiler (in target 'FirebaseCore' from project 'Firebase')
    cd /Users/admin/builder/spi-builder-workspace/.swiftpm/xcode

    Using response file: /Users/admin/builder/spi-builder-workspace/.derivedData/Build/Intermediates.noindex/Firebase.build/Debug-xros/FirebaseCore-t.build/Objects-normal/arm64/e6072d4f65d7061329687fe24e3d63a7-common-args.resp

    builtin-ScanDependencies -o /Users/admin/builder/spi-builder-workspace/.derivedData/Build/Intermediates.noindex/Firebase.build/Debug-xros/FirebaseCore-t.build/Objects-normal/arm64/FIRTimestamp.o.scan -- /Applications/Xcode-27.0.0-Release.Candidate.app/Contents/Developer/Toolchains/XcodeDefault.xctoolchain/usr/bin/clang -x objective-c -ivfsstatcache /Users/admin/builder/spi-builder-workspace/.derivedData/SDKStatCaches.noindex/xros27.0-24M361-e829b21a6f8c9b70876ba0858053c044735bd543db762f57723cac368afd1ce4.sdkstatcache -target arm64-apple-xros1.0 -fmessage-length\=0 -fdiagnostics-show-note-include-stack -fmacro-backtrace-limit\=0 -fno-color-diagnostics -fmodules-prune-interval\=86400 -fmodules-prune-after\=345600 -fbuild-session-file\=/Users/admin/builder/spi-builder-workspace/.derivedData/ModuleCache.noindex/Session.modulevalidation -fmodules-validate-once-per-build-session -Wnon-modular-include-in-framework-module -Werror\=non-modular-include-in-framework-module -Wno-trigraphs -Wno-missing-field-initializers -Wno-missing-prototypes -Wno-return-type -Wno-implicit-atomic-properties -Wno-objc-interface-ivars -Wno-arc-repeated-use-of-weak -Wno-missing-braces -Wparentheses -Wswitch -Wno-unused-function -Wno-unused-label -Wno-unused-parameter -Wno-unused-variable -Wunused-value -Wno-empty-body -Wno-uninitialized -Wno-unknown-pragmas -w -Wno-shadow -Wno-four-char-constants -Wno-conversion -Wno-constant-conversion -Wno-int-conversion -Wno-bool-conversion -Wno-enum-conversion -Wno-float-conversion -Wno-non-literal-null-conversion -Wno-objc-literal-conversion -Wshorten-64-to-32 -Wpointer-sign -Wno-newline-eof -Wno-selector -Wno-strict-selector-match -Wno-undeclared-selector -Wno-deprecated-implementations -Wno-implicit-fallthrough -isysroot /Applications/Xcode-27.0.0-Release.Candidate.app/Contents/Developer/Platforms/XROS.platform/Developer/SDKs/XROS27.0.sdk -fstrict-aliasing -Wprotocol -Wdeprecated-declarations -Wno-sign-conversion -Wno-infinite-recursion -Wno-comma -Wno-block-capture-autoreleasing -Wno-strict-prototypes -Wno-semicolon-before-method-body -index-store-path /Users/admin/builder/spi-builder-workspace/.derivedData/Index.noindex/DataStore @/Users/admin/builder/spi-builder-workspace/.derivedData/Build/Intermediates.noindex/Firebase.build/Debug-xros/FirebaseCore-t.build/Objects-normal/arm64/e6072d4f65d7061329687fe24e3d63a7-common-args.resp -include /Users/admin/builder/spi-builder-workspace/.derivedData/Build/Intermediates.noindex/Firebase.build/Debug-xros/FirebaseCore-t.build/DerivedSources/resource_bundle_accessor.h -MMD -MT dependencies -MF /Users/admin/builder/spi-builder-workspace/.derivedData/Build/Intermediates.noindex/Firebase.build/Debug-xros/FirebaseCore-t.build/Objects-normal/arm64/FIRTimestamp.d --serialize-diagnostics /Users/admin/builder/spi-builder-workspace/.derivedData/Build/Intermediates.noindex/Firebase.build/Debug-xros/FirebaseCore-t.build/Objects-normal/arm64/FIRTimestamp.dia -c /Users/admin/builder/spi-builder-workspace/.dependencies/checkouts/firebase-ios-sdk/FirebaseCore/Sources/FIRTimestamp.m -o /Users/admin/builder/spi-builder-workspace/.derivedData/Build/Intermediates.noindex/Firebase.build/Debug-xros/FirebaseCore-t.build/Objects-normal/arm64/FIRTimestamp.o -index-unit-output-path /Firebase.build/Debug-xros/FirebaseCore-t.build/Objects-normal/arm64/FIRTimestamp.o
ScanDependencies /Users/admin/builder/spi-builder-workspace/.derivedData/Build/Intermediates.noindex/Firebase.build/Debug-xros/FirebaseCore-t.build/Objects-normal/arm64/FIROptions.o /Users/admin/builder/spi-builder-workspace/.dependencies/checkouts/firebase-ios-sdk/FirebaseCore/Sources/FIROptions.m normal arm64 objective-c com.apple.compilers.llvm.clang.1_0.compiler (in target 'FirebaseCore' from project 'Firebase')
    cd /Users/admin/builder/spi-builder-workspace/.swiftpm/xcode

    Using response file: /Users/admin/builder/spi-builder-workspace/.derivedData/Build/Intermediates.noindex/Firebase.build/Debug-xros/FirebaseCore-t.build/Objects-normal/arm64/e6072d4f65d7061329687fe24e3d63a7-common-args.resp

    builtin-ScanDependencies -o /Users/admin/builder/spi-builder-workspace/.derivedData/Build/Intermediates.noindex/Firebase.build/Debug-xros/FirebaseCore-t.build/Objects-normal/arm64/FIROptions.o.scan -- /Applications/Xcode-27.0.0-Release.Candidate.app/Contents/Developer/Toolchains/XcodeDefault.xctoolchain/usr/bin/clang -x objective-c -ivfsstatcache /Users/admin/builder/spi-builder-workspace/.derivedData/SDKStatCaches.noindex/xros27.0-24M361-e829b21a6f8c9b70876ba0858053c044735bd543db762f57723cac368afd1ce4.sdkstatcache -target arm64-apple-xros1.0 -fmessage-length\=0 -fdiagnostics-show-note-include-stack -fmacro-backtrace-limit\=0 -fno-color-diagnostics -fmodules-prune-interval\=86400 -fmodules-prune-after\=345600 -fbuild-session-file\=/Users/admin/builder/spi-builder-workspace/.derivedData/ModuleCache.noindex/Session.modulevalidation -fmodules-validate-once-per-build-session -Wnon-modular-include-in-framework-module -Werror\=non-modular-include-in-framework-module -Wno-trigraphs -Wno-missing-field-initializers -Wno-missing-prototypes -Wno-return-type -Wno-implicit-atomic-properties -Wno-objc-interface-ivars -Wno-arc-repeated-use-of-weak -Wno-missing-braces -Wparentheses -Wswitch -Wno-unused-function -Wno-unused-label -Wno-unused-parameter -Wno-unused-variable -Wunused-value -Wno-empty-body -Wno-uninitialized -Wno-unknown-pragmas -w -Wno-shadow -Wno-four-char-constants -Wno-conversion -Wno-constant-conversion -Wno-int-conversion -Wno-bool-conversion -Wno-enum-conversion -Wno-float-conversion -Wno-non-literal-null-conversion -Wno-objc-literal-conversion -Wshorten-64-to-32 -Wpointer-sign -Wno-newline-eof -Wno-selector -Wno-strict-selector-match -Wno-undeclared-selector -Wno-deprecated-implementations -Wno-implicit-fallthrough -isysroot /Applications/Xcode-27.0.0-Release.Candidate.app/Contents/Developer/Platforms/XROS.platform/Developer/SDKs/XROS27.0.sdk -fstrict-aliasing -Wprotocol -Wdeprecated-declarations -Wno-sign-conversion -Wno-infinite-recursion -Wno-comma -Wno-block-capture-autoreleasing -Wno-strict-prototypes -Wno-semicolon-before-method-body -index-store-path /Users/admin/builder/spi-builder-workspace/.derivedData/Index.noindex/DataStore @/Users/admin/builder/spi-builder-workspace/.derivedData/Build/Intermediates.noindex/Firebase.build/Debug-xros/FirebaseCore-t.build/Objects-normal/arm64/e6072d4f65d7061329687fe24e3d63a7-common-args.resp -include /Users/admin/builder/spi-builder-workspace/.derivedData/Build/Intermediates.noindex/Firebase.build/Debug-xros/FirebaseCore-t.build/DerivedSources/resource_bundle_accessor.h -MMD -MT dependencies -MF /Users/admin/builder/spi-builder-workspace/.derivedData/Build/Intermediates.noindex/Firebase.build/Debug-xros/FirebaseCore-t.build/Objects-normal/arm64/FIROptions.d --serialize-diagnostics /Users/admin/builder/spi-builder-workspace/.derivedData/Build/Intermediates.noindex/Firebase.build/Debug-xros/FirebaseCore-t.build/Objects-normal/arm64/FIROptions.dia -c /Users/admin/builder/spi-builder-workspace/.dependencies/checkouts/firebase-ios-sdk/FirebaseCore/Sources/FIROptions.m -o /Users/admin/builder/spi-builder-workspace/.derivedData/Build/Intermediates.noindex/Firebase.build/Debug-xros/FirebaseCore-t.build/Objects-normal/arm64/FIROptions.o -index-unit-output-path /Firebase.build/Debug-xros/FirebaseCore-t.build/Objects-normal/arm64/FIROptions.o
ScanDependencies /Users/admin/builder/spi-builder-workspace/.derivedData/Build/Intermediates.noindex/Firebase.build/Debug-xros/FirebaseCore-t.build/Objects-normal/arm64/FIRLogger.o /Users/admin/builder/spi-builder-workspace/.dependencies/checkouts/firebase-ios-sdk/FirebaseCore/Sources/FIRLogger.m normal arm64 objective-c com.apple.compilers.llvm.clang.1_0.compiler (in target 'FirebaseCore' from project 'Firebase')
    cd /Users/admin/builder/spi-builder-workspace/.swiftpm/xcode

    Using response file: /Users/admin/builder/spi-builder-workspace/.derivedData/Build/Intermediates.noindex/Firebase.build/Debug-xros/FirebaseCore-t.build/Objects-normal/arm64/e6072d4f65d7061329687fe24e3d63a7-common-args.resp

    builtin-ScanDependencies -o /Users/admin/builder/spi-builder-workspace/.derivedData/Build/Intermediates.noindex/Firebase.build/Debug-xros/FirebaseCore-t.build/Objects-normal/arm64/FIRLogger.o.scan -- /Applications/Xcode-27.0.0-Release.Candidate.app/Contents/Developer/Toolchains/XcodeDefault.xctoolchain/usr/bin/clang -x objective-c -ivfsstatcache /Users/admin/builder/spi-builder-workspace/.derivedData/SDKStatCaches.noindex/xros27.0-24M361-e829b21a6f8c9b70876ba0858053c044735bd543db762f57723cac368afd1ce4.sdkstatcache -target arm64-apple-xros1.0 -fmessage-length\=0 -fdiagnostics-show-note-include-stack -fmacro-backtrace-limit\=0 -fno-color-diagnostics -fmodules-prune-interval\=86400 -fmodules-prune-after\=345600 -fbuild-session-file\=/Users/admin/builder/spi-builder-workspace/.derivedData/ModuleCache.noindex/Session.modulevalidation -fmodules-validate-once-per-build-session -Wnon-modular-include-in-framework-module -Werror\=non-modular-include-in-framework-module -Wno-trigraphs -Wno-missing-field-initializers -Wno-missing-prototypes -Wno-return-type -Wno-implicit-atomic-properties -Wno-objc-interface-ivars -Wno-arc-repeated-use-of-weak -Wno-missing-braces -Wparentheses -Wswitch -Wno-unused-function -Wno-unused-label -Wno-unused-parameter -Wno-unused-variable -Wunused-value -Wno-empty-body -Wno-uninitialized -Wno-unknown-pragmas -w -Wno-shadow -Wno-four-char-constants -Wno-conversion -Wno-constant-conversion -Wno-int-conversion -Wno-bool-conversion -Wno-enum-conversion -Wno-float-conversion -Wno-non-literal-null-conversion -Wno-objc-literal-conversion -Wshorten-64-to-32 -Wpointer-sign -Wno-newline-eof -Wno-selector -Wno-strict-selector-match -Wno-undeclared-selector -Wno-deprecated-implementations -Wno-implicit-fallthrough -isysroot /Applications/Xcode-27.0.0-Release.Candidate.app/Contents/Developer/Platforms/XROS.platform/Developer/SDKs/XROS27.0.sdk -fstrict-aliasing -Wprotocol -Wdeprecated-declarations -Wno-sign-conversion -Wno-infinite-recursion -Wno-comma -Wno-block-capture-autoreleasing -Wno-strict-prototypes -Wno-semicolon-before-method-body -index-store-path /Users/admin/builder/spi-builder-workspace/.derivedData/Index.noindex/DataStore @/Users/admin/builder/spi-builder-workspace/.derivedData/Build/Intermediates.noindex/Firebase.build/Debug-xros/FirebaseCore-t.build/Objects-normal/arm64/e6072d4f65d7061329687fe24e3d63a7-common-args.resp -include /Users/admin/builder/spi-builder-workspace/.derivedData/Build/Intermediates.noindex/Firebase.build/Debug-xros/FirebaseCore-t.build/DerivedSources/resource_bundle_accessor.h -MMD -MT dependencies -MF /Users/admin/builder/spi-builder-workspace/.derivedData/Build/Intermediates.noindex/Firebase.build/Debug-xros/FirebaseCore-t.build/Objects-normal/arm64/FIRLogger.d --serialize-diagnostics /Users/admin/builder/spi-builder-workspace/.derivedData/Build/Intermediates.noindex/Firebase.build/Debug-xros/FirebaseCore-t.build/Objects-normal/arm64/FIRLogger.dia -c /Users/admin/builder/spi-builder-workspace/.dependencies/checkouts/firebase-ios-sdk/FirebaseCore/Sources/FIRLogger.m -o /Users/admin/builder/spi-builder-workspace/.derivedData/Build/Intermediates.noindex/Firebase.build/Debug-xros/FirebaseCore-t.build/Objects-normal/arm64/FIRLogger.o -index-unit-output-path /Firebase.build/Debug-xros/FirebaseCore-t.build/Objects-normal/arm64/FIRLogger.o
SwiftDriver ContainersPreview normal arm64 com.apple.xcode.tools.swift.compiler (in target 'ContainersPreview' from project 'swift-collections')
    cd /Users/admin/builder/spi-builder-workspace/.swiftpm/xcode
    builtin-SwiftDriver -- /Applications/Xcode-27.0.0-Release.Candidate.app/Contents/Developer/Toolchains/XcodeDefault.xctoolchain/usr/bin/swiftc -parse-as-library -module-name ContainersPreview -Onone @/Users/admin/builder/spi-builder-workspace/.derivedData/Build/Intermediates.noindex/swift-collections.build/Debug-xros/ContainersPreview-t.build/Objects-normal/arm64/ContainersPreview.SwiftFileList -DSWIFT_PACKAGE -DDEBUG -DSWIFT_MODULE_RESOURCE_BUNDLE_UNAVAILABLE -DCOLLECTIONS_RANDOMIZED_TESTING -DXcode -enable-experimental-feature AvailabilityMacro\=SwiftStdlib\ 5.0:\ macOS\ 10.14.4,\ iOS\ 12.2,\ watchOS\ 5.2,\ tvOS\ 12.2 -enable-experimental-feature AvailabilityMacro\=SwiftStdlib\ 5.1:\ macOS\ 10.15,\ iOS\ 13.0,\ watchOS\ 6.0,\ tvOS\ 13.0 -enable-experimental-feature AvailabilityMacro\=SwiftStdlib\ 5.6:\ macOS\ 12.3,\ iOS\ 15.4,\ watchOS\ 8.5,\ tvOS\ 15.4 -enable-experimental-feature AvailabilityMacro\=SwiftStdlib\ 5.7:\ macOS\ 13.0,\ iOS\ 16.0,\ watchOS\ 9.0,\ tvOS\ 16.0 -enable-experimental-feature AvailabilityMacro\=SwiftStdlib\ 5.8:\ macOS\ 13.3,\ iOS\ 16.4,\ watchOS\ 9.4,\ tvOS\ 16.4 -enable-experimental-feature AvailabilityMacro\=SwiftStdlib\ 5.9:\ macOS\ 14.0,\ iOS\ 17.0,\ watchOS\ 10.0,\ tvOS\ 17.0 -enable-experimental-feature AvailabilityMacro\=SwiftStdlib\ 5.10:\ macOS\ 14.4,\ iOS\ 17.4,\ watchOS\ 10.4,\ tvOS\ 17.4,\ visionOS\ 1.1 -enable-experimental-feature AvailabilityMacro\=SwiftStdlib\ 6.0:\ macOS\ 15.0,\ iOS\ 18.0,\ watchOS\ 11.0,\ tvOS\ 18.0,\ visionOS\ 2.0 -enable-experimental-feature AvailabilityMacro\=SwiftStdlib\ 6.1:\ macOS\ 15.4,\ iOS\ 18.4,\ watchOS\ 11.4,\ tvOS\ 18.4,\ visionOS\ 2.4 -enable-experimental-feature AvailabilityMacro\=SwiftStdlib\ 6.2:\ macOS\ 26.0,\ iOS\ 26.0,\ watchOS\ 26.0,\ tvOS\ 26.0,\ visionOS\ 26.0 -enable-experimental-feature AvailabilityMacro\=SwiftStdlib\ 6.3:\ macOS\ 26.4,\ iOS\ 26.4,\ watchOS\ 26.4,\ tvOS\ 26.4,\ visionOS\ 26.4 -enable-experimental-feature AvailabilityMacro\=SwiftStdlib\ 6.4:\ macOS\ 9999,\ iOS\ 9999,\ watchOS\ 9999,\ tvOS\ 9999,\ visionOS\ 9999 -enable-experimental-feature AvailabilityMacro\=SwiftStdlib\ 6.5:\ macOS\ 9999,\ iOS\ 9999,\ watchOS\ 9999,\ tvOS\ 9999,\ visionOS\ 9999 -enable-upcoming-feature MemberImportVisibility -enable-experimental-feature BuiltinModule -enable-experimental-feature Lifetimes -enable-experimental-feature InoutLifetimeDependence -enable-experimental-feature AddressableParameters -enable-experimental-feature AddressableTypes -enable-experimental-feature SuppressedAssociatedTypesWithDefaults -plugin-path /Applications/Xcode-27.0.0-Release.Candidate.app/Contents/Developer/Toolchains/XcodeDefault.xctoolchain/usr/lib/swift/host/plugins/testing -enable-experimental-feature DebugDescriptionMacro -sdk /Applications/Xcode-27.0.0-Release.Candidate.app/Contents/Developer/Platforms/XROS.platform/Developer/SDKs/XROS27.0.sdk -target arm64-apple-xros1.0 -g -module-cache-path /Users/admin/builder/spi-builder-workspace/.derivedData/ModuleCache.noindex -Xfrontend -serialize-debugging-options -profile-coverage-mapping -profile-generate -enable-testing -suppress-warnings -index-store-path /Users/admin/builder/spi-builder-workspace/.derivedData/Index.noindex/DataStore -Xcc -D_LIBCPP_HARDENING_MODE\=_LIBCPP_HARDENING_MODE_DEBUG -swift-version 6 -I /Users/admin/builder/spi-builder-workspace/.derivedData/Build/Products/Debug-xros -Isystem /Applications/Xcode-27.0.0-Release.Candidate.app/Contents/Developer/Platforms/XROS.platform/Developer/usr/lib -F /Users/admin/builder/spi-builder-workspace/.derivedData/Build/Products/Debug-xros/PackageFrameworks -F /Users/admin/builder/spi-builder-workspace/.derivedData/Build/Products/Debug-xros -F /Applications/Xcode-27.0.0-Release.Candidate.app/Contents/Developer/Platforms/XROS.platform/Developer/Library/Frameworks -F /Applications/Xcode-27.0.0-Release.Candidate.app/Contents/Developer/Platforms/XROS.platform/Developer/SDKs/XROS27.0.sdk/Developer/Library/Frameworks -c -j10 -enable-batch-mode -incremental -Xcc -ivfsstatcache -Xcc /Users/admin/builder/spi-builder-workspace/.derivedData/SDKStatCaches.noindex/xros27.0-24M361-e829b21a6f8c9b70876ba0858053c044735bd543db762f57723cac368afd1ce4.sdkstatcache -output-file-map /Users/admin/builder/spi-builder-workspace/.derivedData/Build/Intermediates.noindex/swift-collections.build/Debug-xros/ContainersPreview-t.build/Objects-normal/arm64/ContainersPreview-OutputFileMap.json -save-temps -no-color-diagnostics -explicit-module-build -module-cache-path /Users/admin/builder/spi-builder-workspace/.derivedData/Build/Intermediates.noindex/SwiftExplicitPrecompiledModules -clang-scanner-module-cache-path /Users/admin/builder/spi-builder-workspace/.derivedData/ModuleCache.noindex -sdk-module-cache-path /Users/admin/builder/spi-builder-workspace/.derivedData/SDKExplicitPrecompiledModules -emit-dependencies -emit-module -emit-module-path /Users/admin/builder/spi-builder-workspace/.derivedData/Build/Intermediates.noindex/swift-collections.build/Debug-xros/ContainersPreview-t.build/Objects-normal/arm64/ContainersPreview.swiftmodule -serialize-diagnostics -dependency-scan-serialize-diagnostics-path /Users/admin/builder/spi-builder-workspace/.derivedData/Build/Intermediates.noindex/swift-collections.build/Debug-xros/ContainersPreview-t.build/Objects-normal/arm64/ContainersPreview-dependency-scan.dia -user-module-version 1.6.0 -validate-clang-modules-once -clang-build-session-file /Users/admin/builder/spi-builder-workspace/.derivedData/ModuleCache.noindex/Session.modulevalidation -Xcc -fmodules-prune-interval\=86400 -Xcc -fmodules-prune-after\=345600 -package-name swift_collections -emit-const-values -const-gather-protocols-list /Users/admin/builder/spi-builder-workspace/.derivedData/Build/Intermediates.noindex/swift-collections.build/Debug-xros/ContainersPreview-t.build/Objects-normal/arm64/ContainersPreview_const_extract_protocols.json -Xcc -I/Users/admin/builder/spi-builder-workspace/.derivedData/Build/Products/Debug-xros/include -Xcc -I/Users/admin/builder/spi-builder-workspace/.derivedData/Build/Intermediates.noindex/swift-collections.build/Debug-xros/ContainersPreview-t.build/DerivedSources-normal/arm64 -Xcc -I/Users/admin/builder/spi-builder-workspace/.derivedData/Build/Intermediates.noindex/swift-collections.build/Debug-xros/ContainersPreview-t.build/DerivedSources/arm64 -Xcc -I/Users/admin/builder/spi-builder-workspace/.derivedData/Build/Intermediates.noindex/swift-collections.build/Debug-xros/ContainersPreview-t.build/DerivedSources -Xcc -DSWIFT_PACKAGE -Xcc -DDEBUG\=1 -emit-objc-header -emit-objc-header-path /Users/admin/builder/spi-builder-workspace/.derivedData/Build/Intermediates.noindex/swift-collections.build/Debug-xros/ContainersPreview-t.build/Objects-normal/arm64/ContainersPreview-Swift.h -working-directory /Users/admin/builder/spi-builder-workspace/.swiftpm/xcode -experimental-emit-module-separately -disable-cmo
PruneExplicitPrecompiledModules /Users/admin/builder/spi-builder-workspace/.derivedData/SDKExplicitPrecompiledModules
PruneExplicitPrecompiledModules /Users/admin/builder/spi-builder-workspace/.derivedData/Build/Intermediates.noindex/ExplicitPrecompiledModules
PruneExplicitPrecompiledModules /Users/admin/builder/spi-builder-workspace/.derivedData/Build/Intermediates.noindex/SwiftExplicitPrecompiledModules
2026-09-21 21:40:25.024 xcodebuild[4595:21666] [MT] IDERunDestination: Supported platforms for the buildables in the current scheme is empty.
** BUILD FAILED **
The following build commands failed:
	CompileC /Users/admin/builder/spi-builder-workspace/.derivedData/Build/Intermediates.noindex/Firebase.build/Debug-xros/FirebaseFirestoreTarget-t.build/Objects-normal/arm64/dummy.o /Users/admin/builder/spi-builder-workspace/.dependencies/checkouts/firebase-ios-sdk/SwiftPM-PlatformExclude/FirebaseFirestoreWrap/dummy.m normal arm64 objective-c com.apple.compilers.llvm.clang.1_0.compiler (in target 'FirebaseFirestoreTarget' from project 'Firebase')
	Building workspace SpeziCHOIR with scheme SpeziCHOIR-Package
(2 failures)
BUILD FAILURE 6.4 visionOS