Build Information
Failed to build SwiftEmail, reference 0.7.3 (c6a490), with Swift 6.1 for Wasm on 15 Sep 2026 01:49:13 UTC.
Build Command
bash -c docker run --pull=always --rm -v "checkouts-53886769-0":/host -w "$PWD" -e JAVA_HOME="/root/.sdkman/candidates/java/current" -e SPI_BUILD="1" -e SPI_PROCESSING="1" registry.gitlab.com/saguaro1/spi-images:wasm-6.1-latest swift build --swift-sdk wasm32-unknown-wasi 2>&1Build Log
========================================
RunAll
========================================
Builder version: 5.0.2
Interrupt handler set up.
========================================
Checkout
========================================
Clone URL: https://github.com/rosecoder/swift-email.git
Reference: 0.7.3
Initialized empty Git repository in /host/spi-builder-workspace/.git/
hint: Using 'master' as the name for the initial branch. This default branch name
hint: is subject to change. To configure the initial branch name to use in all
hint: of your new repositories, which will suppress this warning, call:
hint:
hint: git config --global init.defaultBranch <name>
hint:
hint: Names commonly chosen instead of 'master' are 'main', 'trunk' and
hint: 'development'. The just-created branch can be renamed via this command:
hint:
hint: git branch -m <name>
From https://github.com/rosecoder/swift-email
* tag 0.7.3 -> FETCH_HEAD
HEAD is now at c6a490d chore: Support swift-crypto 4
Cloned https://github.com/rosecoder/swift-email.git
Revision (git rev-parse @):
c6a490d943583d84091fe7839fecdc9bec0f58d0
SUCCESS checkout https://github.com/rosecoder/swift-email.git at 0.7.3
========================================
Build
========================================
Selected platform: wasm
Swift version: 6.1
Building package at path: $PWD
https://github.com/rosecoder/swift-email.git
https://github.com/rosecoder/swift-email.git
WARNING: environment variable SUPPRESS_SWIFT_6_FLAGS is not set
Running build ...
bash -c docker run --pull=always --rm -v "checkouts-53886769-0":/host -w "$PWD" -e JAVA_HOME="/root/.sdkman/candidates/java/current" -e SPI_BUILD="1" -e SPI_PROCESSING="1" registry.gitlab.com/saguaro1/spi-images:wasm-6.1-latest swift build --swift-sdk wasm32-unknown-wasi -Xswiftc -Xfrontend -Xswiftc -stats-output-dir -Xswiftc -Xfrontend -Xswiftc .stats -Xswiftc -strict-concurrency=complete -Xswiftc -enable-upcoming-feature -Xswiftc StrictConcurrency -Xswiftc -enable-upcoming-feature -Xswiftc DisableOutwardActorInference -Xswiftc -enable-upcoming-feature -Xswiftc GlobalActorIsolatedTypesUsability -Xswiftc -enable-upcoming-feature -Xswiftc InferSendableFromCaptures 2>&1
wasm-6.1-latest: Pulling from saguaro1/spi-images
Digest: sha256:beceeede496da67681f4fa220a6b97cc098a0178841a413735f598dc6bbaf4c8
Status: Image is up to date for registry.gitlab.com/saguaro1/spi-images:wasm-6.1-latest
Fetching https://github.com/apple/swift-crypto.git
Fetching https://github.com/apple/swift-log.git
Fetching https://github.com/pointfreeco/swift-snapshot-testing.git
[1/18498] Fetching swift-crypto
[186/26564] Fetching swift-crypto, swift-log
[26565/42967] Fetching swift-crypto, swift-log, swift-snapshot-testing
Fetched https://github.com/apple/swift-crypto.git from cache (1.19s)
[9379/24469] Fetching swift-log, swift-snapshot-testing
Fetched https://github.com/apple/swift-log.git from cache (2.12s)
Fetched https://github.com/pointfreeco/swift-snapshot-testing.git from cache (2.15s)
Computing version for https://github.com/pointfreeco/swift-snapshot-testing.git
Computed https://github.com/pointfreeco/swift-snapshot-testing.git at 1.19.4 (2.38s)
Fetching https://github.com/swiftlang/swift-syntax
Fetching https://github.com/pointfreeco/swift-custom-dump
[1/5656] Fetching swift-custom-dump
Fetched https://github.com/pointfreeco/swift-custom-dump from cache (0.52s)
[1/79849] Fetching swift-syntax
Fetched https://github.com/swiftlang/swift-syntax from cache (2.94s)
Computing version for https://github.com/pointfreeco/swift-custom-dump
Computed https://github.com/pointfreeco/swift-custom-dump at 1.7.3 (3.17s)
Fetching https://github.com/pointfreeco/xctest-dynamic-overlay
[1/2727] Fetching xctest-dynamic-overlay
Fetched https://github.com/pointfreeco/xctest-dynamic-overlay from cache (0.68s)
Computing version for https://github.com/pointfreeco/xctest-dynamic-overlay
Computed https://github.com/pointfreeco/xctest-dynamic-overlay at 1.13.1 (1.63s)
Computing version for https://github.com/swiftlang/swift-syntax
Computed https://github.com/swiftlang/swift-syntax at 603.0.2 (1.00s)
Computing version for https://github.com/apple/swift-log.git
Computed https://github.com/apple/swift-log.git at 1.15.1 (0.22s)
Computing version for https://github.com/apple/swift-crypto.git
Computed https://github.com/apple/swift-crypto.git at 4.5.2 (0.77s)
Fetching https://github.com/apple/swift-asn1.git
[1/1983] Fetching swift-asn1
Fetched https://github.com/apple/swift-asn1.git from cache (0.50s)
Computing version for https://github.com/apple/swift-asn1.git
Computed https://github.com/apple/swift-asn1.git at 1.7.2 (0.75s)
Creating working copy for https://github.com/swiftlang/swift-syntax
Working copy of https://github.com/swiftlang/swift-syntax resolved at 603.0.2
Creating working copy for https://github.com/apple/swift-crypto.git
Working copy of https://github.com/apple/swift-crypto.git resolved at 4.5.2
Creating working copy for https://github.com/apple/swift-asn1.git
Working copy of https://github.com/apple/swift-asn1.git resolved at 1.7.2
Creating working copy for https://github.com/pointfreeco/swift-custom-dump
Working copy of https://github.com/pointfreeco/swift-custom-dump resolved at 1.7.3
Creating working copy for https://github.com/pointfreeco/swift-snapshot-testing.git
Working copy of https://github.com/pointfreeco/swift-snapshot-testing.git resolved at 1.19.4
Creating working copy for https://github.com/apple/swift-log.git
Working copy of https://github.com/apple/swift-log.git resolved at 1.15.1
Creating working copy for https://github.com/pointfreeco/xctest-dynamic-overlay
Working copy of https://github.com/pointfreeco/xctest-dynamic-overlay resolved at 1.13.1
Building for debugging...
[0/379] Write sources
[6/379] Compiling CXKCPShims shims.c
[7/379] Compiling SimpleFIPS202.c
[8/379] Compiling KeccakHash.c
[9/379] Compiling KeccakSponge.c
[10/379] Compiling fiat_p256_adx_sqr.S
[11/379] Compiling fiat_p256_adx_mul.S
[12/379] Compiling fiat_curve25519_adx_square.S
[13/379] Compiling fiat_curve25519_adx_mul.S
[14/379] Compiling md5-x86_64-linux.S
[15/379] Compiling md5-x86_64-apple.S
[16/379] Compiling md5-586-apple.S
[17/379] Compiling md5-586-linux.S
[18/379] Compiling chacha20_poly1305_x86_64-linux.S
[19/379] Compiling chacha20_poly1305_x86_64-apple.S
[20/379] Compiling chacha20_poly1305_armv8-win.S
[21/379] Compiling chacha20_poly1305_armv8-linux.S
[22/379] Compiling chacha20_poly1305_armv8-apple.S
[23/379] Compiling chacha-x86_64-linux.S
[24/379] Compiling CCryptoBoringSSLShims shims.c
[25/379] Compiling chacha-x86_64-apple.S
[26/379] Compiling chacha-x86-linux.S
[27/379] Compiling chacha-x86-apple.S
[28/379] Compiling chacha-armv8-win.S
[29/379] Compiling chacha-armv8-linux.S
[30/379] Compiling chacha-armv8-apple.S
[31/379] Compiling chacha-armv4-linux.S
[32/379] Compiling aes128gcmsiv-x86_64-linux.S
[33/379] Compiling aes128gcmsiv-x86_64-apple.S
[34/379] Compiling x86_64-mont5-linux.S
[35/379] Compiling x86_64-mont5-apple.S
[36/379] Compiling x86_64-mont-linux.S
[37/379] Compiling x86_64-mont-apple.S
[38/379] Compiling x86-mont-linux.S
[39/379] Compiling x86-mont-apple.S
[40/379] Compiling vpaes-x86_64-linux.S
[41/379] Compiling vpaes-x86_64-apple.S
[42/379] Compiling vpaes-x86-apple.S
[43/379] Compiling vpaes-armv8-win.S
[44/379] Compiling vpaes-x86-linux.S
[45/379] Compiling asn1_par.cc
[46/379] Compiling vpaes-armv7-linux.S
[47/379] Compiling vpaes-armv8-apple.S
[48/379] Compiling vpaes-armv8-linux.S
[49/379] Compiling sha512-x86_64-linux.S
[50/379] Compiling err_data.cc
[51/379] Compiling sha512-x86_64-apple.S
[52/379] Compiling sha512-armv8-linux.S
[53/379] Compiling sha512-armv8-win.S
[54/379] Compiling sha512-armv4-linux.S
[55/379] Compiling sha512-armv8-apple.S
[56/379] Compiling sha512-586-linux.S
[57/379] Compiling sha256-x86_64-linux.S
[58/379] Compiling sha512-586-apple.S
[59/379] Compiling asn1_lib.cc
[60/379] Compiling sha256-x86_64-apple.S
[61/379] Compiling sha256-armv8-win.S
[62/379] Compiling sha256-armv8-linux.S
[63/379] Compiling sha256-armv4-linux.S
[64/379] Compiling sha256-armv8-apple.S
[65/379] Compiling sha256-586-linux.S
[66/379] Compiling sha1-x86_64-apple.S
[67/379] Compiling sha256-586-apple.S
[68/379] Compiling sha1-x86_64-linux.S
[69/379] Compiling sha1-armv8-win.S
[70/379] Compiling sha1-armv8-linux.S
[71/379] Compiling sha1-armv8-apple.S
[72/379] Compiling sha1-armv4-large-linux.S
[73/379] Compiling sha1-586-linux.S
[74/379] Compiling sha1-586-apple.S
[75/379] Compiling rsaz-avx2-linux.S
[76/379] Compiling rdrand-x86_64-linux.S
[77/379] Compiling rsaz-avx2-apple.S
[78/379] Compiling rdrand-x86_64-apple.S
[79/379] Compiling p256_beeu-x86_64-asm-linux.S
[80/379] Compiling p256_beeu-armv8-asm-linux.S
[81/379] Compiling p256_beeu-x86_64-asm-apple.S
[82/379] Compiling p256_beeu-armv8-asm-win.S
[83/379] Compiling p256_beeu-armv8-asm-apple.S
[84/379] Compiling p256-x86_64-asm-linux.S
[85/379] Compiling p256-x86_64-asm-apple.S
[86/379] Compiling p256-armv8-asm-win.S
[86/379] Compiling p256-armv8-asm-linux.S
[88/379] Compiling p256-armv8-asm-apple.S
[89/379] Compiling ghashv8-armv8-win.S
[90/379] Compiling ghashv8-armv8-linux.S
[91/379] Compiling ghashv8-armv8-apple.S
[92/379] Compiling ghash-x86_64-linux.S
[93/379] Compiling ghashv8-armv7-linux.S
[94/379] Compiling ghash-x86_64-apple.S
[95/379] Compiling ghash-x86-linux.S
[96/379] Compiling ghash-x86-apple.S
[97/379] Compiling ghash-ssse3-x86_64-linux.S
[98/379] Compiling ghash-ssse3-x86_64-apple.S
[99/379] Compiling ghash-ssse3-x86-linux.S
[100/379] Compiling ghash-ssse3-x86-apple.S
[101/379] Compiling ghash-neon-armv8-win.S
[102/379] Compiling ghash-neon-armv8-linux.S
[103/379] Compiling ghash-neon-armv8-apple.S
[104/379] Compiling ghash-armv4-linux.S
[105/379] Compiling co-586-linux.S
[106/379] Compiling co-586-apple.S
[107/379] Compiling bsaes-armv7-linux.S
[108/379] Compiling bn-armv8-win.S
[109/379] Compiling bn-armv8-linux.S
[110/379] Compiling bn-armv8-apple.S
[111/379] Compiling bn-586-linux.S
[112/379] Compiling bn-586-apple.S
[113/379] Compiling armv8-mont-win.S
[114/379] Compiling armv8-mont-linux.S
[115/379] Compiling armv8-mont-apple.S
[116/379] Compiling armv4-mont-linux.S
[117/379] Compiling aesv8-gcm-armv8-linux.S
[118/379] Compiling aesv8-gcm-armv8-apple.S
[118/379] Compiling aesv8-gcm-armv8-win.S
[120/379] Compiling aesv8-armv8-win.S
[121/379] Compiling aesv8-armv8-linux.S
[122/379] Compiling aesv8-armv8-apple.S
[123/379] Compiling aesv8-armv7-linux.S
[124/379] Compiling aesni-x86_64-linux.S
[125/379] Compiling aesni-x86-linux.S
[126/379] Compiling aesni-x86_64-apple.S
[127/379] Compiling aesni-x86-apple.S
[128/379] Compiling aesni-gcm-x86_64-linux.S
[129/379] Compiling aes-gcm-avx512-x86_64-linux.S
[130/379] Compiling aesni-gcm-x86_64-apple.S
[131/379] Compiling aes-gcm-avx2-x86_64-linux.S
[132/379] Compiling aes-gcm-avx512-x86_64-apple.S
[133/379] Compiling aes-gcm-avx2-x86_64-apple.S
[134/379] Compiling xwing.cc
[135/379] Compiling x_spki.cc
[136/379] Compiling x_sig.cc
[137/379] Compiling x_x509a.cc
[138/379] Compiling x_req.cc
[139/379] Compiling x_pubkey.cc
[140/379] Compiling x_x509.cc
[141/379] Compiling x_all.cc
[142/379] Compiling x_exten.cc
[143/379] Compiling x_crl.cc
[144/379] Compiling x_attrib.cc
[145/379] Compiling x_name.cc
[146/379] Compiling x_algor.cc
[147/379] Compiling x509spki.cc
[148/379] Compiling x509name.cc
[149/379] Compiling x509rset.cc
[150/379] Compiling x509cset.cc
[151/379] Compiling x509_vpm.cc
[152/379] Compiling x509_vfy.cc
[153/379] Compiling x509_req.cc
[154/379] Compiling x509_trs.cc
[155/379] Compiling x509_v3.cc
[156/379] Compiling x509_txt.cc
[157/379] Compiling x509_set.cc
[158/379] Compiling x509_obj.cc
[159/379] Compiling x509_def.cc
[160/379] Compiling x509_d2.cc
[161/379] Compiling x509_ext.cc
[162/379] Compiling x509_lu.cc
[163/379] Write swift-version-24593BA9C3E375BF.txt
[163/379] Compiling KeccakP-1600-opt64.c
[165/379] Compiling x509_cmp.cc
[166/410] Compiling x509_att.cc
[167/410] Compiling x509.cc
[168/421] Compiling v3_skey.cc
[169/421] Compiling v3_purp.cc
[170/421] Compiling v3_prn.cc
[171/421] Compiling v3_utl.cc
[172/421] Compiling v3_pmaps.cc
[173/421] Compiling v3_pcons.cc
[174/421] Compiling v3_ocsp.cc
[175/421] Compiling v3_info.cc
[176/421] Compiling v3_lib.cc
[177/421] Compiling v3_int.cc
[178/421] Compiling v3_ncons.cc
[179/421] Compiling v3_ia5.cc
[180/421] Compiling v3_genn.cc
error: emit-module command failed with exit code 1 (use -v to see invocation)
[182/421] Emitting module SnapshotTesting
/host/spi-builder-workspace/.build/checkouts/swift-snapshot-testing/Sources/SnapshotTesting/AssertSnapshot.swift:577:10: error: no such module 'CoreServices'
575 |
576 | #if !os(Android) && !os(Linux) && !os(Windows)
577 | import CoreServices
| `- error: no such module 'CoreServices'
578 |
579 | func uniformTypeIdentifier(fromExtension pathExtension: String) -> String? {
[182/425] Compiling v3_enum.cc
[183/425] Compiling v3_extku.cc
[184/425] Compiling v3_cpols.cc
[185/425] Compiling v3_conf.cc
[186/425] Compiling v3_crld.cc
[187/425] Compiling v3_bitst.cc
[189/425] Compiling Logging LoggingSystem.swift
<unknown>:0: warning: upcoming feature 'InferSendableFromCaptures' is already enabled as of Swift version 6
<unknown>:0: warning: upcoming feature 'GlobalActorIsolatedTypesUsability' is already enabled as of Swift version 6
<unknown>:0: warning: upcoming feature 'DisableOutwardActorInference' is already enabled as of Swift version 6
[190/426] Compiling Logging Logger.swift
<unknown>:0: warning: upcoming feature 'InferSendableFromCaptures' is already enabled as of Swift version 6
<unknown>:0: warning: upcoming feature 'GlobalActorIsolatedTypesUsability' is already enabled as of Swift version 6
<unknown>:0: warning: upcoming feature 'DisableOutwardActorInference' is already enabled as of Swift version 6
[191/426] Compiling Logging LogEvent.swift
<unknown>:0: warning: upcoming feature 'InferSendableFromCaptures' is already enabled as of Swift version 6
<unknown>:0: warning: upcoming feature 'GlobalActorIsolatedTypesUsability' is already enabled as of Swift version 6
<unknown>:0: warning: upcoming feature 'DisableOutwardActorInference' is already enabled as of Swift version 6
[192/426] Compiling Logging LogHandler.swift
<unknown>:0: warning: upcoming feature 'InferSendableFromCaptures' is already enabled as of Swift version 6
<unknown>:0: warning: upcoming feature 'GlobalActorIsolatedTypesUsability' is already enabled as of Swift version 6
<unknown>:0: warning: upcoming feature 'DisableOutwardActorInference' is already enabled as of Swift version 6
[193/426] Compiling Logging Logger+Attributes.swift
<unknown>:0: warning: upcoming feature 'InferSendableFromCaptures' is already enabled as of Swift version 6
<unknown>:0: warning: upcoming feature 'GlobalActorIsolatedTypesUsability' is already enabled as of Swift version 6
<unknown>:0: warning: upcoming feature 'DisableOutwardActorInference' is already enabled as of Swift version 6
[194/426] Compiling Logging Logger+With.swift
unable to find node: pound
unable to find node: pound
<unknown>:0: warning: upcoming feature 'InferSendableFromCaptures' is already enabled as of Swift version 6
<unknown>:0: warning: upcoming feature 'GlobalActorIsolatedTypesUsability' is already enabled as of Swift version 6
<unknown>:0: warning: upcoming feature 'DisableOutwardActorInference' is already enabled as of Swift version 6
[194/426] Compiling v3_bcons.cc
[196/426] Compiling SnapshotTesting UIImage.swift
/host/spi-builder-workspace/.build/checkouts/swift-snapshot-testing/Sources/SnapshotTesting/AssertSnapshot.swift:577:10: error: no such module 'CoreServices'
575 |
576 | #if !os(Android) && !os(Linux) && !os(Windows)
577 | import CoreServices
| `- error: no such module 'CoreServices'
578 |
579 | func uniformTypeIdentifier(fromExtension pathExtension: String) -> String? {
[197/426] Compiling SnapshotTesting UIView.swift
/host/spi-builder-workspace/.build/checkouts/swift-snapshot-testing/Sources/SnapshotTesting/AssertSnapshot.swift:577:10: error: no such module 'CoreServices'
575 |
576 | #if !os(Android) && !os(Linux) && !os(Windows)
577 | import CoreServices
| `- error: no such module 'CoreServices'
578 |
579 | func uniformTypeIdentifier(fromExtension pathExtension: String) -> String? {
[198/426] Compiling SnapshotTesting UIViewController.swift
/host/spi-builder-workspace/.build/checkouts/swift-snapshot-testing/Sources/SnapshotTesting/AssertSnapshot.swift:577:10: error: no such module 'CoreServices'
575 |
576 | #if !os(Android) && !os(Linux) && !os(Windows)
577 | import CoreServices
| `- error: no such module 'CoreServices'
578 |
579 | func uniformTypeIdentifier(fromExtension pathExtension: String) -> String? {
[199/426] Compiling SnapshotTesting URLRequest.swift
/host/spi-builder-workspace/.build/checkouts/swift-snapshot-testing/Sources/SnapshotTesting/AssertSnapshot.swift:577:10: error: no such module 'CoreServices'
575 |
576 | #if !os(Android) && !os(Linux) && !os(Windows)
577 | import CoreServices
| `- error: no such module 'CoreServices'
578 |
579 | func uniformTypeIdentifier(fromExtension pathExtension: String) -> String? {
[199/426] Compiling v3_akeya.cc
[200/426] Compiling v3_alt.cc
[202/426] Compiling Logging MetadataProvider.swift
<unknown>:0: warning: upcoming feature 'InferSendableFromCaptures' is already enabled as of Swift version 6
<unknown>:0: warning: upcoming feature 'GlobalActorIsolatedTypesUsability' is already enabled as of Swift version 6
<unknown>:0: warning: upcoming feature 'DisableOutwardActorInference' is already enabled as of Swift version 6
[203/426] Compiling Logging SwiftLogNoOpLogHandler.swift
<unknown>:0: warning: upcoming feature 'InferSendableFromCaptures' is already enabled as of Swift version 6
<unknown>:0: warning: upcoming feature 'GlobalActorIsolatedTypesUsability' is already enabled as of Swift version 6
<unknown>:0: warning: upcoming feature 'DisableOutwardActorInference' is already enabled as of Swift version 6
[204/426] Compiling Logging Locks.swift
<unknown>:0: warning: upcoming feature 'InferSendableFromCaptures' is already enabled as of Swift version 6
<unknown>:0: warning: upcoming feature 'GlobalActorIsolatedTypesUsability' is already enabled as of Swift version 6
<unknown>:0: warning: upcoming feature 'DisableOutwardActorInference' is already enabled as of Swift version 6
[204/426] Compiling t_x509a.cc
[206/426] Compiling SnapshotTesting SpriteKit.swift
/host/spi-builder-workspace/.build/checkouts/swift-snapshot-testing/Sources/SnapshotTesting/AssertSnapshot.swift:577:10: error: no such module 'CoreServices'
575 |
576 | #if !os(Android) && !os(Linux) && !os(Windows)
577 | import CoreServices
| `- error: no such module 'CoreServices'
578 |
579 | func uniformTypeIdentifier(fromExtension pathExtension: String) -> String? {
[207/426] Compiling SnapshotTesting String.swift
/host/spi-builder-workspace/.build/checkouts/swift-snapshot-testing/Sources/SnapshotTesting/AssertSnapshot.swift:577:10: error: no such module 'CoreServices'
575 |
576 | #if !os(Android) && !os(Linux) && !os(Windows)
577 | import CoreServices
| `- error: no such module 'CoreServices'
578 |
579 | func uniformTypeIdentifier(fromExtension pathExtension: String) -> String? {
[208/426] Compiling SnapshotTesting SwiftUIView.swift
/host/spi-builder-workspace/.build/checkouts/swift-snapshot-testing/Sources/SnapshotTesting/AssertSnapshot.swift:577:10: error: no such module 'CoreServices'
575 |
576 | #if !os(Android) && !os(Linux) && !os(Windows)
577 | import CoreServices
| `- error: no such module 'CoreServices'
578 |
579 | func uniformTypeIdentifier(fromExtension pathExtension: String) -> String? {
[209/426] Compiling SnapshotTesting UIBezierPath.swift
/host/spi-builder-workspace/.build/checkouts/swift-snapshot-testing/Sources/SnapshotTesting/AssertSnapshot.swift:577:10: error: no such module 'CoreServices'
575 |
576 | #if !os(Android) && !os(Linux) && !os(Windows)
577 | import CoreServices
| `- error: no such module 'CoreServices'
578 |
579 | func uniformTypeIdentifier(fromExtension pathExtension: String) -> String? {
[210/426] Compiling SnapshotTesting NSImage.swift
/host/spi-builder-workspace/.build/checkouts/swift-snapshot-testing/Sources/SnapshotTesting/AssertSnapshot.swift:577:10: error: no such module 'CoreServices'
575 |
576 | #if !os(Android) && !os(Linux) && !os(Windows)
577 | import CoreServices
| `- error: no such module 'CoreServices'
578 |
579 | func uniformTypeIdentifier(fromExtension pathExtension: String) -> String? {
[211/426] Compiling SnapshotTesting NSView.swift
/host/spi-builder-workspace/.build/checkouts/swift-snapshot-testing/Sources/SnapshotTesting/AssertSnapshot.swift:577:10: error: no such module 'CoreServices'
575 |
576 | #if !os(Android) && !os(Linux) && !os(Windows)
577 | import CoreServices
| `- error: no such module 'CoreServices'
578 |
579 | func uniformTypeIdentifier(fromExtension pathExtension: String) -> String? {
[212/426] Compiling SnapshotTesting NSViewController.swift
/host/spi-builder-workspace/.build/checkouts/swift-snapshot-testing/Sources/SnapshotTesting/AssertSnapshot.swift:577:10: error: no such module 'CoreServices'
575 |
576 | #if !os(Android) && !os(Linux) && !os(Windows)
577 | import CoreServices
| `- error: no such module 'CoreServices'
578 |
579 | func uniformTypeIdentifier(fromExtension pathExtension: String) -> String? {
[213/426] Compiling SnapshotTesting SceneKit.swift
/host/spi-builder-workspace/.build/checkouts/swift-snapshot-testing/Sources/SnapshotTesting/AssertSnapshot.swift:577:10: error: no such module 'CoreServices'
575 |
576 | #if !os(Android) && !os(Linux) && !os(Windows)
577 | import CoreServices
| `- error: no such module 'CoreServices'
578 |
579 | func uniformTypeIdentifier(fromExtension pathExtension: String) -> String? {
[214/426] Emitting module Logging
unable to find node: pound
unable to find node: pound
<unknown>:0: warning: upcoming feature 'InferSendableFromCaptures' is already enabled as of Swift version 6
<unknown>:0: warning: upcoming feature 'GlobalActorIsolatedTypesUsability' is already enabled as of Swift version 6
<unknown>:0: warning: upcoming feature 'DisableOutwardActorInference' is already enabled as of Swift version 6
[215/426] Compiling Logging MultiplexLogHandler.swift
<unknown>:0: warning: upcoming feature 'InferSendableFromCaptures' is already enabled as of Swift version 6
<unknown>:0: warning: upcoming feature 'GlobalActorIsolatedTypesUsability' is already enabled as of Swift version 6
<unknown>:0: warning: upcoming feature 'DisableOutwardActorInference' is already enabled as of Swift version 6
[216/426] Compiling Logging StreamLogHandler.swift
<unknown>:0: warning: upcoming feature 'InferSendableFromCaptures' is already enabled as of Swift version 6
<unknown>:0: warning: upcoming feature 'GlobalActorIsolatedTypesUsability' is already enabled as of Swift version 6
<unknown>:0: warning: upcoming feature 'DisableOutwardActorInference' is already enabled as of Swift version 6
[217/426] Compiling SnapshotTesting Snapshotting.swift
/host/spi-builder-workspace/.build/checkouts/swift-snapshot-testing/Sources/SnapshotTesting/AssertSnapshot.swift:577:10: error: no such module 'CoreServices'
575 |
576 | #if !os(Android) && !os(Linux) && !os(Windows)
577 | import CoreServices
| `- error: no such module 'CoreServices'
578 |
579 | func uniformTypeIdentifier(fromExtension pathExtension: String) -> String? {
[218/426] Compiling SnapshotTesting Any.swift
/host/spi-builder-workspace/.build/checkouts/swift-snapshot-testing/Sources/SnapshotTesting/AssertSnapshot.swift:577:10: error: no such module 'CoreServices'
575 |
576 | #if !os(Android) && !os(Linux) && !os(Windows)
577 | import CoreServices
| `- error: no such module 'CoreServices'
578 |
579 | func uniformTypeIdentifier(fromExtension pathExtension: String) -> String? {
[219/426] Compiling SnapshotTesting CALayer.swift
/host/spi-builder-workspace/.build/checkouts/swift-snapshot-testing/Sources/SnapshotTesting/AssertSnapshot.swift:577:10: error: no such module 'CoreServices'
575 |
576 | #if !os(Android) && !os(Linux) && !os(Windows)
577 | import CoreServices
| `- error: no such module 'CoreServices'
578 |
579 | func uniformTypeIdentifier(fromExtension pathExtension: String) -> String? {
[220/426] Compiling SnapshotTesting CGPath.swift
/host/spi-builder-workspace/.build/checkouts/swift-snapshot-testing/Sources/SnapshotTesting/AssertSnapshot.swift:577:10: error: no such module 'CoreServices'
575 |
576 | #if !os(Android) && !os(Linux) && !os(Windows)
577 | import CoreServices
| `- error: no such module 'CoreServices'
578 |
579 | func uniformTypeIdentifier(fromExtension pathExtension: String) -> String? {
[221/427] Compiling v3_akey.cc
[223/427] Compiling SnapshotTesting CaseIterable.swift
/host/spi-builder-workspace/.build/checkouts/swift-snapshot-testing/Sources/SnapshotTesting/AssertSnapshot.swift:577:10: error: no such module 'CoreServices'
575 |
576 | #if !os(Android) && !os(Linux) && !os(Windows)
577 | import CoreServices
| `- error: no such module 'CoreServices'
578 |
579 | func uniformTypeIdentifier(fromExtension pathExtension: String) -> String? {
[224/427] Compiling SnapshotTesting Data.swift
/host/spi-builder-workspace/.build/checkouts/swift-snapshot-testing/Sources/SnapshotTesting/AssertSnapshot.swift:577:10: error: no such module 'CoreServices'
575 |
576 | #if !os(Android) && !os(Linux) && !os(Windows)
577 | import CoreServices
| `- error: no such module 'CoreServices'
578 |
579 | func uniformTypeIdentifier(fromExtension pathExtension: String) -> String? {
[225/427] Compiling SnapshotTesting Encodable.swift
/host/spi-builder-workspace/.build/checkouts/swift-snapshot-testing/Sources/SnapshotTesting/AssertSnapshot.swift:577:10: error: no such module 'CoreServices'
575 |
576 | #if !os(Android) && !os(Linux) && !os(Windows)
577 | import CoreServices
| `- error: no such module 'CoreServices'
578 |
579 | func uniformTypeIdentifier(fromExtension pathExtension: String) -> String? {
[226/427] Compiling SnapshotTesting NSBezierPath.swift
/host/spi-builder-workspace/.build/checkouts/swift-snapshot-testing/Sources/SnapshotTesting/AssertSnapshot.swift:577:10: error: no such module 'CoreServices'
575 |
576 | #if !os(Android) && !os(Linux) && !os(Windows)
577 | import CoreServices
| `- error: no such module 'CoreServices'
578 |
579 | func uniformTypeIdentifier(fromExtension pathExtension: String) -> String? {
/host/spi-builder-workspace/.build/checkouts/swift-snapshot-testing/Sources/SnapshotTesting/AssertSnapshot.swift:577:10: error: no such module 'CoreServices'
575 |
576 | #if !os(Android) && !os(Linux) && !os(Windows)
577 | import CoreServices
| `- error: no such module 'CoreServices'
578 |
579 | func uniformTypeIdentifier(fromExtension pathExtension: String) -> String? {
/host/spi-builder-workspace/.build/checkouts/swift-snapshot-testing/Sources/SnapshotTesting/AssertSnapshot.swift:577:10: error: no such module 'CoreServices'
575 |
576 | #if !os(Android) && !os(Linux) && !os(Windows)
577 | import CoreServices
| `- error: no such module 'CoreServices'
578 |
579 | func uniformTypeIdentifier(fromExtension pathExtension: String) -> String? {
/host/spi-builder-workspace/.build/checkouts/swift-snapshot-testing/Sources/SnapshotTesting/AssertSnapshot.swift:577:10: error: no such module 'CoreServices'
575 |
576 | #if !os(Android) && !os(Linux) && !os(Windows)
577 | import CoreServices
| `- error: no such module 'CoreServices'
578 |
579 | func uniformTypeIdentifier(fromExtension pathExtension: String) -> String? {
/host/spi-builder-workspace/.build/checkouts/swift-snapshot-testing/Sources/SnapshotTesting/AssertSnapshot.swift:577:10: error: no such module 'CoreServices'
575 |
576 | #if !os(Android) && !os(Linux) && !os(Windows)
577 | import CoreServices
| `- error: no such module 'CoreServices'
578 |
579 | func uniformTypeIdentifier(fromExtension pathExtension: String) -> String? {
/host/spi-builder-workspace/.build/checkouts/swift-snapshot-testing/Sources/SnapshotTesting/AssertSnapshot.swift:577:10: error: no such module 'CoreServices'
575 |
576 | #if !os(Android) && !os(Linux) && !os(Windows)
577 | import CoreServices
| `- error: no such module 'CoreServices'
578 |
579 | func uniformTypeIdentifier(fromExtension pathExtension: String) -> String? {
[232/427] Compiling SnapshotTesting Deprecations.swift
/host/spi-builder-workspace/.build/checkouts/swift-snapshot-testing/Sources/SnapshotTesting/AssertSnapshot.swift:577:10: error: no such module 'CoreServices'
575 |
576 | #if !os(Android) && !os(Linux) && !os(Windows)
577 | import CoreServices
| `- error: no such module 'CoreServices'
578 |
579 | func uniformTypeIdentifier(fromExtension pathExtension: String) -> String? {
[233/427] Compiling SnapshotTesting RecordIssue.swift
/host/spi-builder-workspace/.build/checkouts/swift-snapshot-testing/Sources/SnapshotTesting/AssertSnapshot.swift:577:10: error: no such module 'CoreServices'
575 |
576 | #if !os(Android) && !os(Linux) && !os(Windows)
577 | import CoreServices
| `- error: no such module 'CoreServices'
578 |
579 | func uniformTypeIdentifier(fromExtension pathExtension: String) -> String? {
[234/427] Compiling SnapshotTesting SnapshotTestingConfiguration.swift
/host/spi-builder-workspace/.build/checkouts/swift-snapshot-testing/Sources/SnapshotTesting/AssertSnapshot.swift:577:10: error: no such module 'CoreServices'
575 |
576 | #if !os(Android) && !os(Linux) && !os(Windows)
577 | import CoreServices
| `- error: no such module 'CoreServices'
578 |
579 | func uniformTypeIdentifier(fromExtension pathExtension: String) -> String? {
[235/427] Compiling SnapshotTesting SnapshotsTestTrait.swift
/host/spi-builder-workspace/.build/checkouts/swift-snapshot-testing/Sources/SnapshotTesting/AssertSnapshot.swift:577:10: error: no such module 'CoreServices'
575 |
576 | #if !os(Android) && !os(Linux) && !os(Windows)
577 | import CoreServices
| `- error: no such module 'CoreServices'
578 |
579 | func uniformTypeIdentifier(fromExtension pathExtension: String) -> String? {
/host/spi-builder-workspace/.build/checkouts/swift-snapshot-testing/Sources/SnapshotTesting/AssertSnapshot.swift:577:10: error: no such module 'CoreServices'
575 |
576 | #if !os(Android) && !os(Linux) && !os(Windows)
577 | import CoreServices
| `- error: no such module 'CoreServices'
578 |
579 | func uniformTypeIdentifier(fromExtension pathExtension: String) -> String? {
[237/427] Compiling SnapshotTesting Async.swift
/host/spi-builder-workspace/.build/checkouts/swift-snapshot-testing/Sources/SnapshotTesting/AssertSnapshot.swift:577:10: error: no such module 'CoreServices'
575 |
576 | #if !os(Android) && !os(Linux) && !os(Windows)
577 | import CoreServices
| `- error: no such module 'CoreServices'
578 |
579 | func uniformTypeIdentifier(fromExtension pathExtension: String) -> String? {
[238/427] Compiling SnapshotTesting Internal.swift
/host/spi-builder-workspace/.build/checkouts/swift-snapshot-testing/Sources/SnapshotTesting/AssertSnapshot.swift:577:10: error: no such module 'CoreServices'
575 |
576 | #if !os(Android) && !os(Linux) && !os(Windows)
577 | import CoreServices
| `- error: no such module 'CoreServices'
578 |
579 | func uniformTypeIdentifier(fromExtension pathExtension: String) -> String? {
[239/427] Compiling SnapshotTesting PlistEncoder.swift
/host/spi-builder-workspace/.build/checkouts/swift-snapshot-testing/Sources/SnapshotTesting/AssertSnapshot.swift:577:10: error: no such module 'CoreServices'
575 |
576 | #if !os(Android) && !os(Linux) && !os(Windows)
577 | import CoreServices
| `- error: no such module 'CoreServices'
578 |
579 | func uniformTypeIdentifier(fromExtension pathExtension: String) -> String? {
[240/427] Compiling SnapshotTesting String+SpecialCharacters.swift
/host/spi-builder-workspace/.build/checkouts/swift-snapshot-testing/Sources/SnapshotTesting/AssertSnapshot.swift:577:10: error: no such module 'CoreServices'
575 |
576 | #if !os(Android) && !os(Linux) && !os(Windows)
577 | import CoreServices
| `- error: no such module 'CoreServices'
578 |
579 | func uniformTypeIdentifier(fromExtension pathExtension: String) -> String? {
[240/427] Compiling name_print.cc
[240/427] Compiling i2d_pr.cc
[240/427] Compiling policy.cc
[240/427] Compiling t_x509.cc
[240/427] Compiling rsa_pss.cc
[240/427] Compiling t_req.cc
[240/427] Compiling t_crl.cc
Running build ...
bash -c docker run --pull=always --rm -v "checkouts-53886769-0":/host -w "$PWD" -e JAVA_HOME="/root/.sdkman/candidates/java/current" -e SPI_BUILD="1" -e SPI_PROCESSING="1" registry.gitlab.com/saguaro1/spi-images:wasm-6.1-latest swift build --swift-sdk wasm32-unknown-wasi 2>&1
wasm-6.1-latest: Pulling from saguaro1/spi-images
Digest: sha256:beceeede496da67681f4fa220a6b97cc098a0178841a413735f598dc6bbaf4c8
Status: Image is up to date for registry.gitlab.com/saguaro1/spi-images:wasm-6.1-latest
[0/1] Planning build
Building for debugging...
[0/188] Compiling i2d_pr.cc
[1/188] Write swift-version-24593BA9C3E375BF.txt
[2/188] Compiling name_print.cc
[3/188] Compiling by_file.cc
[4/188] Compiling t_crl.cc
[5/188] Compiling t_x509.cc
[5/188] Compiling t_req.cc
[7/188] Compiling rsa_pss.cc
[8/188] Compiling policy.cc
[10/230] Compiling SnapshotTesting SpriteKit.swift
/host/spi-builder-workspace/.build/checkouts/swift-snapshot-testing/Sources/SnapshotTesting/AssertSnapshot.swift:577:10: error: no such module 'CoreServices'
575 |
576 | #if !os(Android) && !os(Linux) && !os(Windows)
577 | import CoreServices
| `- error: no such module 'CoreServices'
578 |
579 | func uniformTypeIdentifier(fromExtension pathExtension: String) -> String? {
[11/230] Compiling SnapshotTesting String.swift
/host/spi-builder-workspace/.build/checkouts/swift-snapshot-testing/Sources/SnapshotTesting/AssertSnapshot.swift:577:10: error: no such module 'CoreServices'
575 |
576 | #if !os(Android) && !os(Linux) && !os(Windows)
577 | import CoreServices
| `- error: no such module 'CoreServices'
578 |
579 | func uniformTypeIdentifier(fromExtension pathExtension: String) -> String? {
[12/230] Compiling SnapshotTesting SwiftUIView.swift
/host/spi-builder-workspace/.build/checkouts/swift-snapshot-testing/Sources/SnapshotTesting/AssertSnapshot.swift:577:10: error: no such module 'CoreServices'
575 |
576 | #if !os(Android) && !os(Linux) && !os(Windows)
577 | import CoreServices
| `- error: no such module 'CoreServices'
578 |
579 | func uniformTypeIdentifier(fromExtension pathExtension: String) -> String? {
[13/230] Compiling SnapshotTesting UIBezierPath.swift
/host/spi-builder-workspace/.build/checkouts/swift-snapshot-testing/Sources/SnapshotTesting/AssertSnapshot.swift:577:10: error: no such module 'CoreServices'
575 |
576 | #if !os(Android) && !os(Linux) && !os(Windows)
577 | import CoreServices
| `- error: no such module 'CoreServices'
578 |
579 | func uniformTypeIdentifier(fromExtension pathExtension: String) -> String? {
[14/234] Compiling SnapshotTesting NSImage.swift
/host/spi-builder-workspace/.build/checkouts/swift-snapshot-testing/Sources/SnapshotTesting/AssertSnapshot.swift:577:10: error: no such module 'CoreServices'
575 |
576 | #if !os(Android) && !os(Linux) && !os(Windows)
577 | import CoreServices
| `- error: no such module 'CoreServices'
578 |
579 | func uniformTypeIdentifier(fromExtension pathExtension: String) -> String? {
[15/234] Compiling SnapshotTesting NSView.swift
/host/spi-builder-workspace/.build/checkouts/swift-snapshot-testing/Sources/SnapshotTesting/AssertSnapshot.swift:577:10: error: no such module 'CoreServices'
575 |
576 | #if !os(Android) && !os(Linux) && !os(Windows)
577 | import CoreServices
| `- error: no such module 'CoreServices'
578 |
579 | func uniformTypeIdentifier(fromExtension pathExtension: String) -> String? {
[16/234] Compiling SnapshotTesting NSViewController.swift
/host/spi-builder-workspace/.build/checkouts/swift-snapshot-testing/Sources/SnapshotTesting/AssertSnapshot.swift:577:10: error: no such module 'CoreServices'
575 |
576 | #if !os(Android) && !os(Linux) && !os(Windows)
577 | import CoreServices
| `- error: no such module 'CoreServices'
578 |
579 | func uniformTypeIdentifier(fromExtension pathExtension: String) -> String? {
[17/234] Compiling SnapshotTesting SceneKit.swift
/host/spi-builder-workspace/.build/checkouts/swift-snapshot-testing/Sources/SnapshotTesting/AssertSnapshot.swift:577:10: error: no such module 'CoreServices'
575 |
576 | #if !os(Android) && !os(Linux) && !os(Windows)
577 | import CoreServices
| `- error: no such module 'CoreServices'
578 |
579 | func uniformTypeIdentifier(fromExtension pathExtension: String) -> String? {
[18/234] Compiling Logging SwiftLogNoOpLogHandler.swift
[19/234] Compiling Logging Locks.swift
[20/235] Compiling SnapshotTesting CaseIterable.swift
/host/spi-builder-workspace/.build/checkouts/swift-snapshot-testing/Sources/SnapshotTesting/AssertSnapshot.swift:577:10: error: no such module 'CoreServices'
575 |
576 | #if !os(Android) && !os(Linux) && !os(Windows)
577 | import CoreServices
| `- error: no such module 'CoreServices'
578 |
579 | func uniformTypeIdentifier(fromExtension pathExtension: String) -> String? {
[21/235] Compiling SnapshotTesting Data.swift
/host/spi-builder-workspace/.build/checkouts/swift-snapshot-testing/Sources/SnapshotTesting/AssertSnapshot.swift:577:10: error: no such module 'CoreServices'
575 |
576 | #if !os(Android) && !os(Linux) && !os(Windows)
577 | import CoreServices
| `- error: no such module 'CoreServices'
578 |
579 | func uniformTypeIdentifier(fromExtension pathExtension: String) -> String? {
[22/235] Compiling SnapshotTesting Encodable.swift
/host/spi-builder-workspace/.build/checkouts/swift-snapshot-testing/Sources/SnapshotTesting/AssertSnapshot.swift:577:10: error: no such module 'CoreServices'
575 |
576 | #if !os(Android) && !os(Linux) && !os(Windows)
577 | import CoreServices
| `- error: no such module 'CoreServices'
578 |
579 | func uniformTypeIdentifier(fromExtension pathExtension: String) -> String? {
[23/235] Compiling SnapshotTesting NSBezierPath.swift
/host/spi-builder-workspace/.build/checkouts/swift-snapshot-testing/Sources/SnapshotTesting/AssertSnapshot.swift:577:10: error: no such module 'CoreServices'
575 |
576 | #if !os(Android) && !os(Linux) && !os(Windows)
577 | import CoreServices
| `- error: no such module 'CoreServices'
578 |
579 | func uniformTypeIdentifier(fromExtension pathExtension: String) -> String? {
[24/235] Compiling Logging LoggingSystem.swift
[25/235] Compiling SnapshotTesting UIImage.swift
/host/spi-builder-workspace/.build/checkouts/swift-snapshot-testing/Sources/SnapshotTesting/AssertSnapshot.swift:577:10: error: no such module 'CoreServices'
575 |
576 | #if !os(Android) && !os(Linux) && !os(Windows)
577 | import CoreServices
| `- error: no such module 'CoreServices'
578 |
579 | func uniformTypeIdentifier(fromExtension pathExtension: String) -> String? {
[26/235] Compiling SnapshotTesting UIView.swift
/host/spi-builder-workspace/.build/checkouts/swift-snapshot-testing/Sources/SnapshotTesting/AssertSnapshot.swift:577:10: error: no such module 'CoreServices'
575 |
576 | #if !os(Android) && !os(Linux) && !os(Windows)
577 | import CoreServices
| `- error: no such module 'CoreServices'
578 |
579 | func uniformTypeIdentifier(fromExtension pathExtension: String) -> String? {
[27/235] Compiling SnapshotTesting UIViewController.swift
/host/spi-builder-workspace/.build/checkouts/swift-snapshot-testing/Sources/SnapshotTesting/AssertSnapshot.swift:577:10: error: no such module 'CoreServices'
575 |
576 | #if !os(Android) && !os(Linux) && !os(Windows)
577 | import CoreServices
| `- error: no such module 'CoreServices'
578 |
579 | func uniformTypeIdentifier(fromExtension pathExtension: String) -> String? {
[28/235] Compiling SnapshotTesting URLRequest.swift
/host/spi-builder-workspace/.build/checkouts/swift-snapshot-testing/Sources/SnapshotTesting/AssertSnapshot.swift:577:10: error: no such module 'CoreServices'
575 |
576 | #if !os(Android) && !os(Linux) && !os(Windows)
577 | import CoreServices
| `- error: no such module 'CoreServices'
578 |
579 | func uniformTypeIdentifier(fromExtension pathExtension: String) -> String? {
/host/spi-builder-workspace/.build/checkouts/swift-snapshot-testing/Sources/SnapshotTesting/AssertSnapshot.swift:577:10: error: no such module 'CoreServices'
575 |
576 | #if !os(Android) && !os(Linux) && !os(Windows)
577 | import CoreServices
| `- error: no such module 'CoreServices'
578 |
579 | func uniformTypeIdentifier(fromExtension pathExtension: String) -> String? {
/host/spi-builder-workspace/.build/checkouts/swift-snapshot-testing/Sources/SnapshotTesting/AssertSnapshot.swift:577:10: error: no such module 'CoreServices'
575 |
576 | #if !os(Android) && !os(Linux) && !os(Windows)
577 | import CoreServices
| `- error: no such module 'CoreServices'
578 |
579 | func uniformTypeIdentifier(fromExtension pathExtension: String) -> String? {
[31/235] Compiling Logging MultiplexLogHandler.swift
/host/spi-builder-workspace/.build/checkouts/swift-snapshot-testing/Sources/SnapshotTesting/AssertSnapshot.swift:577:10: error: no such module 'CoreServices'
575 |
576 | #if !os(Android) && !os(Linux) && !os(Windows)
577 | import CoreServices
| `- error: no such module 'CoreServices'
578 |
579 | func uniformTypeIdentifier(fromExtension pathExtension: String) -> String? {
[32/235] Compiling Logging StreamLogHandler.swift
/host/spi-builder-workspace/.build/checkouts/swift-snapshot-testing/Sources/SnapshotTesting/AssertSnapshot.swift:577:10: error: no such module 'CoreServices'
575 |
576 | #if !os(Android) && !os(Linux) && !os(Windows)
577 | import CoreServices
| `- error: no such module 'CoreServices'
578 |
579 | func uniformTypeIdentifier(fromExtension pathExtension: String) -> String? {
[33/235] Compiling Logging LogEvent.swift
/host/spi-builder-workspace/.build/checkouts/swift-snapshot-testing/Sources/SnapshotTesting/AssertSnapshot.swift:577:10: error: no such module 'CoreServices'
575 |
576 | #if !os(Android) && !os(Linux) && !os(Windows)
577 | import CoreServices
| `- error: no such module 'CoreServices'
578 |
579 | func uniformTypeIdentifier(fromExtension pathExtension: String) -> String? {
[34/235] Compiling Logging MetadataProvider.swift
[35/235] Compiling SnapshotTesting Snapshotting.swift
/host/spi-builder-workspace/.build/checkouts/swift-snapshot-testing/Sources/SnapshotTesting/AssertSnapshot.swift:577:10: error: no such module 'CoreServices'
575 |
576 | #if !os(Android) && !os(Linux) && !os(Windows)
577 | import CoreServices
| `- error: no such module 'CoreServices'
578 |
579 | func uniformTypeIdentifier(fromExtension pathExtension: String) -> String? {
[36/235] Compiling SnapshotTesting Any.swift
/host/spi-builder-workspace/.build/checkouts/swift-snapshot-testing/Sources/SnapshotTesting/AssertSnapshot.swift:577:10: error: no such module 'CoreServices'
575 |
576 | #if !os(Android) && !os(Linux) && !os(Windows)
577 | import CoreServices
| `- error: no such module 'CoreServices'
578 |
579 | func uniformTypeIdentifier(fromExtension pathExtension: String) -> String? {
[37/235] Compiling SnapshotTesting CALayer.swift
/host/spi-builder-workspace/.build/checkouts/swift-snapshot-testing/Sources/SnapshotTesting/AssertSnapshot.swift:577:10: error: no such module 'CoreServices'
575 |
576 | #if !os(Android) && !os(Linux) && !os(Windows)
577 | import CoreServices
| `- error: no such module 'CoreServices'
578 |
579 | func uniformTypeIdentifier(fromExtension pathExtension: String) -> String? {
[38/235] Compiling SnapshotTesting CGPath.swift
/host/spi-builder-workspace/.build/checkouts/swift-snapshot-testing/Sources/SnapshotTesting/AssertSnapshot.swift:577:10: error: no such module 'CoreServices'
575 |
576 | #if !os(Android) && !os(Linux) && !os(Windows)
577 | import CoreServices
| `- error: no such module 'CoreServices'
578 |
579 | func uniformTypeIdentifier(fromExtension pathExtension: String) -> String? {
[39/235] Compiling SnapshotTesting Deprecations.swift
/host/spi-builder-workspace/.build/checkouts/swift-snapshot-testing/Sources/SnapshotTesting/AssertSnapshot.swift:577:10: error: no such module 'CoreServices'
575 |
576 | #if !os(Android) && !os(Linux) && !os(Windows)
577 | import CoreServices
| `- error: no such module 'CoreServices'
578 |
579 | func uniformTypeIdentifier(fromExtension pathExtension: String) -> String? {
[40/235] Compiling SnapshotTesting RecordIssue.swift
/host/spi-builder-workspace/.build/checkouts/swift-snapshot-testing/Sources/SnapshotTesting/AssertSnapshot.swift:577:10: error: no such module 'CoreServices'
575 |
576 | #if !os(Android) && !os(Linux) && !os(Windows)
577 | import CoreServices
| `- error: no such module 'CoreServices'
578 |
579 | func uniformTypeIdentifier(fromExtension pathExtension: String) -> String? {
[41/235] Compiling SnapshotTesting SnapshotTestingConfiguration.swift
/host/spi-builder-workspace/.build/checkouts/swift-snapshot-testing/Sources/SnapshotTesting/AssertSnapshot.swift:577:10: error: no such module 'CoreServices'
575 |
576 | #if !os(Android) && !os(Linux) && !os(Windows)
577 | import CoreServices
| `- error: no such module 'CoreServices'
578 |
579 | func uniformTypeIdentifier(fromExtension pathExtension: String) -> String? {
[42/235] Compiling SnapshotTesting SnapshotsTestTrait.swift
/host/spi-builder-workspace/.build/checkouts/swift-snapshot-testing/Sources/SnapshotTesting/AssertSnapshot.swift:577:10: error: no such module 'CoreServices'
575 |
576 | #if !os(Android) && !os(Linux) && !os(Windows)
577 | import CoreServices
| `- error: no such module 'CoreServices'
578 |
579 | func uniformTypeIdentifier(fromExtension pathExtension: String) -> String? {
[44/235] Compiling Logging LogHandler.swift
[44/235] Compiling a_sign.cc
[46/235] Compiling Logging Logger+With.swift
unable to find node: pound
unable to find node: pound
[47/235] Compiling Logging Logger+Attributes.swift
[48/235] Compiling Logging Logger.swift
[48/235] Compiling by_dir.cc
[49/235] Compiling a_digest.cc
[50/235] Compiling asn1_gen.cc
[51/235] Compiling a_verify.cc
[52/235] Compiling algorithm.cc
[56/235] Emitting module Logging
unable to find node: pound
unable to find node: pound
error: emit-module command failed with exit code 1 (use -v to see invocation)
[58/236] Emitting module SnapshotTesting
/host/spi-builder-workspace/.build/checkouts/swift-snapshot-testing/Sources/SnapshotTesting/AssertSnapshot.swift:577:10: error: no such module 'CoreServices'
575 |
576 | #if !os(Android) && !os(Linux) && !os(Windows)
577 | import CoreServices
| `- error: no such module 'CoreServices'
578 |
579 | func uniformTypeIdentifier(fromExtension pathExtension: String) -> String? {
/host/spi-builder-workspace/.build/checkouts/swift-snapshot-testing/Sources/SnapshotTesting/AssertSnapshot.swift:577:10: error: no such module 'CoreServices'
575 |
576 | #if !os(Android) && !os(Linux) && !os(Windows)
577 | import CoreServices
| `- error: no such module 'CoreServices'
578 |
579 | func uniformTypeIdentifier(fromExtension pathExtension: String) -> String? {
[60/236] Compiling SnapshotTesting Async.swift
/host/spi-builder-workspace/.build/checkouts/swift-snapshot-testing/Sources/SnapshotTesting/AssertSnapshot.swift:577:10: error: no such module 'CoreServices'
575 |
576 | #if !os(Android) && !os(Linux) && !os(Windows)
577 | import CoreServices
| `- error: no such module 'CoreServices'
578 |
579 | func uniformTypeIdentifier(fromExtension pathExtension: String) -> String? {
[61/236] Compiling SnapshotTesting Internal.swift
/host/spi-builder-workspace/.build/checkouts/swift-snapshot-testing/Sources/SnapshotTesting/AssertSnapshot.swift:577:10: error: no such module 'CoreServices'
575 |
576 | #if !os(Android) && !os(Linux) && !os(Windows)
577 | import CoreServices
| `- error: no such module 'CoreServices'
578 |
579 | func uniformTypeIdentifier(fromExtension pathExtension: String) -> String? {
[62/236] Compiling SnapshotTesting PlistEncoder.swift
/host/spi-builder-workspace/.build/checkouts/swift-snapshot-testing/Sources/SnapshotTesting/AssertSnapshot.swift:577:10: error: no such module 'CoreServices'
575 |
576 | #if !os(Android) && !os(Linux) && !os(Windows)
577 | import CoreServices
| `- error: no such module 'CoreServices'
578 |
579 | func uniformTypeIdentifier(fromExtension pathExtension: String) -> String? {
[63/236] Compiling SnapshotTesting String+SpecialCharacters.swift
/host/spi-builder-workspace/.build/checkouts/swift-snapshot-testing/Sources/SnapshotTesting/AssertSnapshot.swift:577:10: error: no such module 'CoreServices'
575 |
576 | #if !os(Android) && !os(Linux) && !os(Windows)
577 | import CoreServices
| `- error: no such module 'CoreServices'
578 |
579 | func uniformTypeIdentifier(fromExtension pathExtension: String) -> String? {
[63/236] Compiling thread_none.cc
[63/236] Compiling thread.cc
[63/236] Compiling pmbtoken.cc
[63/236] Compiling thread_pthread.cc
[63/236] Compiling trust_token.cc
[63/236] Compiling thread_win.cc
[63/236] Compiling voprf.cc
BUILD FAILURE 6.1 wasm