The Swift Package Index logo.Swift Package Index

Build Information

Failed to build swift-create-xcframework, reference v2.3.0 (0be3a6), with Swift 6.4 for watchOS using Xcode 27.0 on 18 Sep 2026 15:06:45 UTC.

Build Command

env DEVELOPER_DIR=/Applications/Xcode-27.0.0-Release.Candidate.app xcrun xcodebuild -IDEClonedSourcePackagesDirPathOverride=$PWD/.dependencies -skipMacroValidation -skipPackagePluginValidation -derivedDataPath $PWD/.derivedData build -scheme swift-create-xcframework -destination generic/platform=watchOS

Build Log

    cd /Users/admin/builder/spi-builder-workspace/.swiftpm/xcode
    builtin-SwiftPerFileCompile ResolverPrecomputationProvider.swift
SwiftCompile normal arm64_32 Compiling\ Diagnostics.swift,\ FileSystemPackageContainer.swift /Users/admin/builder/spi-builder-workspace/.dependencies/checkouts/swift-package-manager/Sources/Workspace/Diagnostics.swift /Users/admin/builder/spi-builder-workspace/.dependencies/checkouts/swift-package-manager/Sources/Workspace/FileSystemPackageContainer.swift (in target 'Workspace' from project 'SwiftPM')
SwiftCompile normal arm64_32 /Users/admin/builder/spi-builder-workspace/.dependencies/checkouts/swift-package-manager/Sources/Workspace/Diagnostics.swift (in target 'Workspace' from project 'SwiftPM')
    cd /Users/admin/builder/spi-builder-workspace/.swiftpm/xcode
    builtin-SwiftPerFileCompile Diagnostics.swift
SwiftCompile normal arm64_32 /Users/admin/builder/spi-builder-workspace/.dependencies/checkouts/swift-package-manager/Sources/Workspace/FileSystemPackageContainer.swift (in target 'Workspace' from project 'SwiftPM')
    cd /Users/admin/builder/spi-builder-workspace/.swiftpm/xcode
    builtin-SwiftPerFileCompile FileSystemPackageContainer.swift
SwiftDriverJobDiscovery normal arm64 Compiling BuildPlan.swift (in target 'Build' from project 'SwiftPM')
SwiftCompile normal arm64_32 Compiling\ CheckoutState.swift,\ DefaultPluginScriptRunner.swift /Users/admin/builder/spi-builder-workspace/.dependencies/checkouts/swift-package-manager/Sources/Workspace/CheckoutState.swift /Users/admin/builder/spi-builder-workspace/.dependencies/checkouts/swift-package-manager/Sources/Workspace/DefaultPluginScriptRunner.swift (in target 'Workspace' from project 'SwiftPM')
SwiftCompile normal arm64_32 /Users/admin/builder/spi-builder-workspace/.dependencies/checkouts/swift-package-manager/Sources/Workspace/CheckoutState.swift (in target 'Workspace' from project 'SwiftPM')
    cd /Users/admin/builder/spi-builder-workspace/.swiftpm/xcode
    builtin-SwiftPerFileCompile CheckoutState.swift
SwiftCompile normal arm64_32 /Users/admin/builder/spi-builder-workspace/.dependencies/checkouts/swift-package-manager/Sources/Workspace/DefaultPluginScriptRunner.swift (in target 'Workspace' from project 'SwiftPM')
    cd /Users/admin/builder/spi-builder-workspace/.swiftpm/xcode
    builtin-SwiftPerFileCompile DefaultPluginScriptRunner.swift
SwiftCompile normal arm64_32 Compiling\ ManagedDependency.swift,\ RegistryPackageContainer.swift /Users/admin/builder/spi-builder-workspace/.dependencies/checkouts/swift-package-manager/Sources/Workspace/ManagedDependency.swift /Users/admin/builder/spi-builder-workspace/.dependencies/checkouts/swift-package-manager/Sources/Workspace/RegistryPackageContainer.swift (in target 'Workspace' from project 'SwiftPM')
SwiftCompile normal arm64_32 /Users/admin/builder/spi-builder-workspace/.dependencies/checkouts/swift-package-manager/Sources/Workspace/ManagedDependency.swift (in target 'Workspace' from project 'SwiftPM')
    cd /Users/admin/builder/spi-builder-workspace/.swiftpm/xcode
    builtin-SwiftPerFileCompile ManagedDependency.swift
SwiftCompile normal arm64_32 /Users/admin/builder/spi-builder-workspace/.dependencies/checkouts/swift-package-manager/Sources/Workspace/RegistryPackageContainer.swift (in target 'Workspace' from project 'SwiftPM')
    cd /Users/admin/builder/spi-builder-workspace/.swiftpm/xcode
    builtin-SwiftPerFileCompile RegistryPackageContainer.swift
SwiftCompile normal arm64_32 Compiling\ Workspace+Configuration.swift /Users/admin/builder/spi-builder-workspace/.dependencies/checkouts/swift-package-manager/Sources/Workspace/Workspace+Configuration.swift (in target 'Workspace' from project 'SwiftPM')
SwiftCompile normal arm64_32 /Users/admin/builder/spi-builder-workspace/.dependencies/checkouts/swift-package-manager/Sources/Workspace/Workspace+Configuration.swift (in target 'Workspace' from project 'SwiftPM')
    cd /Users/admin/builder/spi-builder-workspace/.swiftpm/xcode
    builtin-SwiftPerFileCompile Workspace+Configuration.swift
SwiftDriverJobDiscovery normal arm64 Compiling Workspace+State.swift (in target 'Workspace' from project 'SwiftPM')
SwiftCompile normal arm64 Compiling\ Workspace+Configuration.swift /Users/admin/builder/spi-builder-workspace/.dependencies/checkouts/swift-package-manager/Sources/Workspace/Workspace+Configuration.swift (in target 'Workspace' from project 'SwiftPM')
SwiftCompile normal arm64 /Users/admin/builder/spi-builder-workspace/.dependencies/checkouts/swift-package-manager/Sources/Workspace/Workspace+Configuration.swift (in target 'Workspace' from project 'SwiftPM')
    cd /Users/admin/builder/spi-builder-workspace/.swiftpm/xcode
    builtin-SwiftPerFileCompile Workspace+Configuration.swift
SwiftDriverJobDiscovery normal arm64 Compiling SourceControlPackageContainer.swift, ToolsVersionSpecificationRewriter.swift (in target 'Workspace' from project 'SwiftPM')
SwiftCompile normal arm64_32 Compiling\ Workspace.swift /Users/admin/builder/spi-builder-workspace/.dependencies/checkouts/swift-package-manager/Sources/Workspace/Workspace.swift (in target 'Workspace' from project 'SwiftPM')
SwiftCompile normal arm64_32 /Users/admin/builder/spi-builder-workspace/.dependencies/checkouts/swift-package-manager/Sources/Workspace/Workspace.swift (in target 'Workspace' from project 'SwiftPM')
    cd /Users/admin/builder/spi-builder-workspace/.swiftpm/xcode
    builtin-SwiftPerFileCompile Workspace.swift
SwiftDriverJobDiscovery normal arm64_32 Compiling ResolvedFileWatcher.swift, ResolverPrecomputationProvider.swift (in target 'Workspace' from project 'SwiftPM')
SwiftCompile normal arm64_32 Compiling\ InitPackage.swift,\ ManagedArtifact.swift /Users/admin/builder/spi-builder-workspace/.dependencies/checkouts/swift-package-manager/Sources/Workspace/InitPackage.swift /Users/admin/builder/spi-builder-workspace/.dependencies/checkouts/swift-package-manager/Sources/Workspace/ManagedArtifact.swift (in target 'Workspace' from project 'SwiftPM')
SwiftCompile normal arm64_32 /Users/admin/builder/spi-builder-workspace/.dependencies/checkouts/swift-package-manager/Sources/Workspace/InitPackage.swift (in target 'Workspace' from project 'SwiftPM')
    cd /Users/admin/builder/spi-builder-workspace/.swiftpm/xcode
    builtin-SwiftPerFileCompile InitPackage.swift
SwiftCompile normal arm64_32 /Users/admin/builder/spi-builder-workspace/.dependencies/checkouts/swift-package-manager/Sources/Workspace/ManagedArtifact.swift (in target 'Workspace' from project 'SwiftPM')
    cd /Users/admin/builder/spi-builder-workspace/.swiftpm/xcode
    builtin-SwiftPerFileCompile ManagedArtifact.swift
SwiftDriverJobDiscovery normal arm64 Compiling InitPackage.swift, ManagedArtifact.swift (in target 'Workspace' from project 'SwiftPM')
SwiftCompile normal arm64_32 Compiling\ SourceControlPackageContainer.swift,\ ToolsVersionSpecificationRewriter.swift /Users/admin/builder/spi-builder-workspace/.dependencies/checkouts/swift-package-manager/Sources/Workspace/SourceControlPackageContainer.swift /Users/admin/builder/spi-builder-workspace/.dependencies/checkouts/swift-package-manager/Sources/Workspace/ToolsVersionSpecificationRewriter.swift (in target 'Workspace' from project 'SwiftPM')
SwiftCompile normal arm64_32 /Users/admin/builder/spi-builder-workspace/.dependencies/checkouts/swift-package-manager/Sources/Workspace/SourceControlPackageContainer.swift (in target 'Workspace' from project 'SwiftPM')
    cd /Users/admin/builder/spi-builder-workspace/.swiftpm/xcode
    builtin-SwiftPerFileCompile SourceControlPackageContainer.swift
SwiftCompile normal arm64_32 /Users/admin/builder/spi-builder-workspace/.dependencies/checkouts/swift-package-manager/Sources/Workspace/ToolsVersionSpecificationRewriter.swift (in target 'Workspace' from project 'SwiftPM')
    cd /Users/admin/builder/spi-builder-workspace/.swiftpm/xcode
    builtin-SwiftPerFileCompile ToolsVersionSpecificationRewriter.swift
SwiftDriverJobDiscovery normal arm64_32 Compiling Workspace+State.swift (in target 'Workspace' from project 'SwiftPM')
SwiftCompile normal arm64 Compiling\ ManagedDependency.swift,\ RegistryPackageContainer.swift /Users/admin/builder/spi-builder-workspace/.dependencies/checkouts/swift-package-manager/Sources/Workspace/ManagedDependency.swift /Users/admin/builder/spi-builder-workspace/.dependencies/checkouts/swift-package-manager/Sources/Workspace/RegistryPackageContainer.swift (in target 'Workspace' from project 'SwiftPM')
SwiftCompile normal arm64 /Users/admin/builder/spi-builder-workspace/.dependencies/checkouts/swift-package-manager/Sources/Workspace/ManagedDependency.swift (in target 'Workspace' from project 'SwiftPM')
    cd /Users/admin/builder/spi-builder-workspace/.swiftpm/xcode
    builtin-SwiftPerFileCompile ManagedDependency.swift
SwiftCompile normal arm64 /Users/admin/builder/spi-builder-workspace/.dependencies/checkouts/swift-package-manager/Sources/Workspace/RegistryPackageContainer.swift (in target 'Workspace' from project 'SwiftPM')
    cd /Users/admin/builder/spi-builder-workspace/.swiftpm/xcode
    builtin-SwiftPerFileCompile RegistryPackageContainer.swift
SwiftDriverJobDiscovery normal arm64 Compiling ResolvedFileWatcher.swift, ResolverPrecomputationProvider.swift (in target 'Workspace' from project 'SwiftPM')
SwiftCompile normal arm64 Compiling\ Workspace+BinaryArtifacts.swift /Users/admin/builder/spi-builder-workspace/.dependencies/checkouts/swift-package-manager/Sources/Workspace/Workspace+BinaryArtifacts.swift (in target 'Workspace' from project 'SwiftPM')
SwiftCompile normal arm64 /Users/admin/builder/spi-builder-workspace/.dependencies/checkouts/swift-package-manager/Sources/Workspace/Workspace+BinaryArtifacts.swift (in target 'Workspace' from project 'SwiftPM')
    cd /Users/admin/builder/spi-builder-workspace/.swiftpm/xcode
    builtin-SwiftPerFileCompile Workspace+BinaryArtifacts.swift
SwiftDriverJobDiscovery normal arm64_32 Compiling Diagnostics.swift, FileSystemPackageContainer.swift (in target 'Workspace' from project 'SwiftPM')
SwiftCompile normal arm64_32 Compiling\ Workspace+BinaryArtifacts.swift /Users/admin/builder/spi-builder-workspace/.dependencies/checkouts/swift-package-manager/Sources/Workspace/Workspace+BinaryArtifacts.swift (in target 'Workspace' from project 'SwiftPM')
SwiftCompile normal arm64_32 /Users/admin/builder/spi-builder-workspace/.dependencies/checkouts/swift-package-manager/Sources/Workspace/Workspace+BinaryArtifacts.swift (in target 'Workspace' from project 'SwiftPM')
    cd /Users/admin/builder/spi-builder-workspace/.swiftpm/xcode
    builtin-SwiftPerFileCompile Workspace+BinaryArtifacts.swift
SwiftDriverJobDiscovery normal arm64_32 Compiling ManagedDependency.swift, RegistryPackageContainer.swift (in target 'Workspace' from project 'SwiftPM')
SwiftCompile normal arm64 Compiling\ Diagnostics.swift,\ FileSystemPackageContainer.swift /Users/admin/builder/spi-builder-workspace/.dependencies/checkouts/swift-package-manager/Sources/Workspace/Diagnostics.swift /Users/admin/builder/spi-builder-workspace/.dependencies/checkouts/swift-package-manager/Sources/Workspace/FileSystemPackageContainer.swift (in target 'Workspace' from project 'SwiftPM')
SwiftCompile normal arm64 /Users/admin/builder/spi-builder-workspace/.dependencies/checkouts/swift-package-manager/Sources/Workspace/Diagnostics.swift (in target 'Workspace' from project 'SwiftPM')
    cd /Users/admin/builder/spi-builder-workspace/.swiftpm/xcode
    builtin-SwiftPerFileCompile Diagnostics.swift
SwiftCompile normal arm64 /Users/admin/builder/spi-builder-workspace/.dependencies/checkouts/swift-package-manager/Sources/Workspace/FileSystemPackageContainer.swift (in target 'Workspace' from project 'SwiftPM')
    cd /Users/admin/builder/spi-builder-workspace/.swiftpm/xcode
    builtin-SwiftPerFileCompile FileSystemPackageContainer.swift
SwiftDriverJobDiscovery normal arm64 Compiling Workspace+Configuration.swift (in target 'Workspace' from project 'SwiftPM')
SwiftCompile normal arm64_32 Compiling\ PluginInvocation.swift /Users/admin/builder/spi-builder-workspace/.dependencies/checkouts/swift-package-manager/Sources/SPMBuildCore/PluginInvocation.swift (in target 'SPMBuildCore' from project 'SwiftPM')
SwiftCompile normal arm64_32 /Users/admin/builder/spi-builder-workspace/.dependencies/checkouts/swift-package-manager/Sources/SPMBuildCore/PluginInvocation.swift (in target 'SPMBuildCore' from project 'SwiftPM')
    cd /Users/admin/builder/spi-builder-workspace/.swiftpm/xcode
    builtin-SwiftPerFileCompile PluginInvocation.swift
SwiftDriverJobDiscovery normal arm64_32 Compiling Workspace+Configuration.swift (in target 'Workspace' from project 'SwiftPM')
SwiftCompile normal arm64_32 Compiling\ PluginMessages.swift /Users/admin/builder/spi-builder-workspace/.dependencies/checkouts/swift-package-manager/Sources/SPMBuildCore/PluginMessages.swift (in target 'SPMBuildCore' from project 'SwiftPM')
SwiftCompile normal arm64_32 /Users/admin/builder/spi-builder-workspace/.dependencies/checkouts/swift-package-manager/Sources/SPMBuildCore/PluginMessages.swift (in target 'SPMBuildCore' from project 'SwiftPM')
    cd /Users/admin/builder/spi-builder-workspace/.swiftpm/xcode
    builtin-SwiftPerFileCompile PluginMessages.swift
SwiftDriverJobDiscovery normal arm64 Compiling ManagedDependency.swift, RegistryPackageContainer.swift (in target 'Workspace' from project 'SwiftPM')
SwiftCompile normal arm64 Compiling\ PluginMessages.swift /Users/admin/builder/spi-builder-workspace/.dependencies/checkouts/swift-package-manager/Sources/SPMBuildCore/PluginMessages.swift (in target 'SPMBuildCore' from project 'SwiftPM')
SwiftCompile normal arm64 /Users/admin/builder/spi-builder-workspace/.dependencies/checkouts/swift-package-manager/Sources/SPMBuildCore/PluginMessages.swift (in target 'SPMBuildCore' from project 'SwiftPM')
    cd /Users/admin/builder/spi-builder-workspace/.swiftpm/xcode
    builtin-SwiftPerFileCompile PluginMessages.swift
SwiftDriverJobDiscovery normal arm64_32 Compiling CheckoutState.swift, DefaultPluginScriptRunner.swift (in target 'Workspace' from project 'SwiftPM')
SwiftCompile normal arm64 Compiling\ Signature.swift /Users/admin/builder/spi-builder-workspace/.dependencies/checkouts/swift-package-manager/Sources/PackageCollectionsSigning/Signing/Signature.swift (in target 'PackageCollectionsSigning' from project 'SwiftPM')
SwiftCompile normal arm64 /Users/admin/builder/spi-builder-workspace/.dependencies/checkouts/swift-package-manager/Sources/PackageCollectionsSigning/Signing/Signature.swift (in target 'PackageCollectionsSigning' from project 'SwiftPM')
    cd /Users/admin/builder/spi-builder-workspace/.swiftpm/xcode
    builtin-SwiftPerFileCompile Signature.swift
SwiftDriverJobDiscovery normal arm64_32 Compiling InitPackage.swift, ManagedArtifact.swift (in target 'Workspace' from project 'SwiftPM')
SwiftCompile normal arm64_32 Compiling\ Signature.swift /Users/admin/builder/spi-builder-workspace/.dependencies/checkouts/swift-package-manager/Sources/PackageCollectionsSigning/Signing/Signature.swift (in target 'PackageCollectionsSigning' from project 'SwiftPM')
/Users/admin/builder/spi-builder-workspace/.dependencies/checkouts/swift-package-manager/Sources/PackageCollectionsSigning/Signing/Signature.swift:84:21: error: the compiler is unable to type-check this expression in reasonable time; try breaking up the expression into distinct sub-expressions
 82 |
 83 |         // Result: header.payload.signature
 84 |         let bytes = encodedHeader
    |                     `- error: the compiler is unable to type-check this expression in reasonable time; try breaking up the expression into distinct sub-expressions
 85 |             + .period
 86 |             + encodedPayload
Failed frontend command:
/Applications/Xcode-27.0.0-Release.Candidate.app/Contents/Developer/Toolchains/XcodeDefault.xctoolchain/usr/bin/swift-frontend -frontend -c /Users/admin/builder/spi-builder-workspace/.dependencies/checkouts/swift-package-manager/Sources/PackageCollectionsSigning/Certificate/Certificate.swift /Users/admin/builder/spi-builder-workspace/.dependencies/checkouts/swift-package-manager/Sources/PackageCollectionsSigning/Certificate/CertificatePolicy.swift /Users/admin/builder/spi-builder-workspace/.dependencies/checkouts/swift-package-manager/Sources/PackageCollectionsSigning/Key/ASN1/ASN1.swift /Users/admin/builder/spi-builder-workspace/.dependencies/checkouts/swift-package-manager/Sources/PackageCollectionsSigning/Key/ASN1/ASN1Error.swift /Users/admin/builder/spi-builder-workspace/.dependencies/checkouts/swift-package-manager/Sources/PackageCollectionsSigning/Key/ASN1/PEMDocument.swift /Users/admin/builder/spi-builder-workspace/.dependencies/checkouts/swift-package-manager/Sources/PackageCollectionsSigning/Key/ASN1/SEC1PrivateKey.swift /Users/admin/builder/spi-builder-workspace/.dependencies/checkouts/swift-package-manager/Sources/PackageCollectionsSigning/Key/ASN1/SubjectPublicKeyInfo.swift /Users/admin/builder/spi-builder-workspace/.dependencies/checkouts/swift-package-manager/Sources/PackageCollectionsSigning/Key/ASN1/Types/ASN1BitString.swift /Users/admin/builder/spi-builder-workspace/.dependencies/checkouts/swift-package-manager/Sources/PackageCollectionsSigning/Key/ASN1/Types/ASN1Identifier.swift /Users/admin/builder/spi-builder-workspace/.dependencies/checkouts/swift-package-manager/Sources/PackageCollectionsSigning/Key/ASN1/Types/ASN1Integer.swift /Users/admin/builder/spi-builder-workspace/.dependencies/checkouts/swift-package-manager/Sources/PackageCollectionsSigning/Key/ASN1/Types/ASN1ObjectIdentifier.swift /Users/admin/builder/spi-builder-workspace/.dependencies/checkouts/swift-package-manager/Sources/PackageCollectionsSigning/Key/ASN1/Types/ASN1OctetString.swift /Users/admin/builder/spi-builder-workspace/.dependencies/checkouts/swift-package-manager/Sources/PackageCollectionsSigning/Key/BoringSSLKey.swift /Users/admin/builder/spi-builder-workspace/.dependencies/checkouts/swift-package-manager/Sources/PackageCollectionsSigning/Key/Key+EC.swift /Users/admin/builder/spi-builder-workspace/.dependencies/checkouts/swift-package-manager/Sources/PackageCollectionsSigning/Key/Key+RSA.swift /Users/admin/builder/spi-builder-workspace/.dependencies/checkouts/swift-package-manager/Sources/PackageCollectionsSigning/Key/Key.swift /Users/admin/builder/spi-builder-workspace/.dependencies/checkouts/swift-package-manager/Sources/PackageCollectionsSigning/PackageCollectionSigning.swift /Users/admin/builder/spi-builder-workspace/.dependencies/checkouts/swift-package-manager/Sources/PackageCollectionsSigning/Signing/BoringSSLSigning.swift -primary-file /Users/admin/builder/spi-builder-workspace/.dependencies/checkouts/swift-package-manager/Sources/PackageCollectionsSigning/Signing/Signature.swift /Users/admin/builder/spi-builder-workspace/.dependencies/checkouts/swift-package-manager/Sources/PackageCollectionsSigning/Signing/Signing+ECKey.swift /Users/admin/builder/spi-builder-workspace/.dependencies/checkouts/swift-package-manager/Sources/PackageCollectionsSigning/Signing/Signing+RSAKey.swift /Users/admin/builder/spi-builder-workspace/.dependencies/checkouts/swift-package-manager/Sources/PackageCollectionsSigning/Signing/Signing.swift /Users/admin/builder/spi-builder-workspace/.dependencies/checkouts/swift-package-manager/Sources/PackageCollectionsSigning/Utilities/Base64URL.swift /Users/admin/builder/spi-builder-workspace/.dependencies/checkouts/swift-package-manager/Sources/PackageCollectionsSigning/Utilities/Utilities.swift -emit-dependencies-path /Users/admin/builder/spi-builder-workspace/.derivedData/Build/Intermediates.noindex/SwiftPM.build/Debug-watchos/PackageCollectionsSigning-t.build/Objects-normal/arm64_32/Signature.d -emit-const-values-path /Users/admin/builder/spi-builder-workspace/.derivedData/Build/Intermediates.noindex/SwiftPM.build/Debug-watchos/PackageCollectionsSigning-t.build/Objects-normal/arm64_32/Signature.swiftconstvalues -emit-reference-dependencies-path /Users/admin/builder/spi-builder-workspace/.derivedData/Build/Intermediates.noindex/SwiftPM.build/Debug-watchos/PackageCollectionsSigning-t.build/Objects-normal/arm64_32/Signature.swiftdeps -serialize-diagnostics-path /Users/admin/builder/spi-builder-workspace/.derivedData/Build/Intermediates.noindex/SwiftPM.build/Debug-watchos/PackageCollectionsSigning-t.build/Objects-normal/arm64_32/Signature.dia -target arm64_32-apple-watchos9.0 -disable-cross-import-overlay-search -load-resolved-plugin /Applications/Xcode-27.0.0-Release.Candidate.app/Contents/Developer/Platforms/WatchOS.platform/Developer/usr/lib/swift/host/plugins/libFoundationMacros.dylib\#/Applications/Xcode-27.0.0-Release.Candidate.app/Contents/Developer/Platforms/WatchOS.platform/Developer/usr/bin/swift-plugin-server\#FoundationMacros -load-resolved-plugin /Applications/Xcode-27.0.0-Release.Candidate.app/Contents/Developer/Platforms/WatchOS.platform/Developer/usr/lib/swift/host/plugins/libObservationMacros.dylib\#/Applications/Xcode-27.0.0-Release.Candidate.app/Contents/Developer/Platforms/WatchOS.platform/Developer/usr/bin/swift-plugin-server\#ObservationMacros -load-resolved-plugin /Applications/Xcode-27.0.0-Release.Candidate.app/Contents/Developer/Platforms/WatchOS.platform/Developer/usr/lib/swift/host/plugins/libSwiftMacros.dylib\#/Applications/Xcode-27.0.0-Release.Candidate.app/Contents/Developer/Platforms/WatchOS.platform/Developer/usr/bin/swift-plugin-server\#SwiftMacros -disable-implicit-swift-modules -Xcc -fno-implicit-modules -Xcc -fno-implicit-module-maps -explicit-swift-module-map-file /Users/admin/builder/spi-builder-workspace/.derivedData/Build/Intermediates.noindex/SwiftPM.build/Debug-watchos/PackageCollectionsSigning-t.build/Objects-normal/arm64_32/PackageCollectionsSigning-dependencies-2.json -enable-objc-interop -sdk /Applications/Xcode-27.0.0-Release.Candidate.app/Contents/Developer/Platforms/WatchOS.platform/Developer/SDKs/WatchOS27.0.sdk -I /Users/admin/builder/spi-builder-workspace/.derivedData/Build/Products/Debug-watchos -Isystem /Applications/Xcode-27.0.0-Release.Candidate.app/Contents/Developer/Platforms/WatchOS.platform/Developer/usr/lib -F /Users/admin/builder/spi-builder-workspace/.derivedData/Build/Products/Debug-watchos/PackageFrameworks -F /Users/admin/builder/spi-builder-workspace/.derivedData/Build/Products/Debug-watchos -F /Applications/Xcode-27.0.0-Release.Candidate.app/Contents/Developer/Platforms/WatchOS.platform/Developer/Library/Frameworks -F /Applications/Xcode-27.0.0-Release.Candidate.app/Contents/Developer/Platforms/WatchOS.platform/Developer/SDKs/WatchOS27.0.sdk/Developer/Library/Frameworks -module-cache-path /Users/admin/builder/spi-builder-workspace/.derivedData/Build/Intermediates.noindex/SwiftExplicitPrecompiledModules -no-color-diagnostics -Xcc -fno-color-diagnostics -enable-testing -g -debug-info-format\=dwarf -dwarf-version\=4 -suppress-warnings -profile-generate -profile-coverage-mapping -swift-version 5 -Onone -D SWIFT_PACKAGE -D DEBUG -D SWIFT_MODULE_RESOURCE_BUNDLE_UNAVAILABLE -D Xcode -serialize-debugging-options -enable-experimental-feature DebugDescriptionMacro -empty-abi-descriptor -validate-clang-modules-once -clang-build-session-file /Users/admin/builder/spi-builder-workspace/.derivedData/ModuleCache.noindex/Session.modulevalidation -Xcc -working-directory -Xcc /Users/admin/builder/spi-builder-workspace/.swiftpm/xcode -enable-anonymous-context-mangled-names -file-compilation-dir /Users/admin/builder/spi-builder-workspace/.swiftpm/xcode -Xcc -fmodule-map-file\=/Users/admin/builder/spi-builder-workspace/.dependencies/checkouts/swift-tools-support-core/Sources/TSCclibc/include/module.modulemap -Xcc -fmodule-map-file\=/Users/admin/builder/spi-builder-workspace/.dependencies/checkouts/swift-system/Sources/CSystem/include/module.modulemap -Xcc -fmodule-map-file\=/Users/admin/builder/spi-builder-workspace/.dependencies/checkouts/swift-crypto/Sources/CCryptoBoringSSLShims/include/module.modulemap -Xcc -fmodule-map-file\=/Users/admin/builder/spi-builder-workspace/.dependencies/checkouts/swift-crypto/Sources/CCryptoBoringSSL/include/module.modulemap -Xcc -D_LIBCPP_HARDENING_MODE\=_LIBCPP_HARDENING_MODE_DEBUG -Xcc -ivfsstatcache -Xcc /Users/admin/builder/spi-builder-workspace/.derivedData/SDKStatCaches.noindex/watchos27.0-24R360-e829b21a6f8c9b70876ba0858053c04477534ef55a1706bf4c1112bbb242f0a2.sdkstatcache -Xcc -fmodules-prune-interval\=86400 -Xcc -fmodules-prune-after\=345600 -Xcc -I/Users/admin/builder/spi-builder-workspace/.dependencies/checkouts/swift-tools-support-core/Sources/TSCclibc/include -Xcc -I/Users/admin/builder/spi-builder-workspace/.dependencies/checkouts/swift-system/Sources/CSystem/include -Xcc -I/Users/admin/builder/spi-builder-workspace/.dependencies/checkouts/swift-crypto/Sources/CCryptoBoringSSLShims/include -Xcc -I/Users/admin/builder/spi-builder-workspace/.dependencies/checkouts/swift-crypto/Sources/CCryptoBoringSSL/include -Xcc -I/Users/admin/builder/spi-builder-workspace/.derivedData/Build/Products/Debug-watchos/include -Xcc -I/Users/admin/builder/spi-builder-workspace/.derivedData/Build/Intermediates.noindex/SwiftPM.build/Debug-watchos/PackageCollectionsSigning-t.build/DerivedSources-normal/arm64_32 -Xcc -I/Users/admin/builder/spi-builder-workspace/.derivedData/Build/Intermediates.noindex/SwiftPM.build/Debug-watchos/PackageCollectionsSigning-t.build/DerivedSources/arm64_32 -Xcc -I/Users/admin/builder/spi-builder-workspace/.derivedData/Build/Intermediates.noindex/SwiftPM.build/Debug-watchos/PackageCollectionsSigning-t.build/DerivedSources -Xcc -DSWIFT_PACKAGE -Xcc -DDEBUG\=1 -no-auto-bridging-header-chaining -module-name PackageCollectionsSigning -const-gather-protocols-file /Users/admin/builder/spi-builder-workspace/.derivedData/Build/Intermediates.noindex/SwiftPM.build/Debug-watchos/PackageCollectionsSigning-t.build/Objects-normal/arm64_32/PackageCollectionsSigning_const_extract_protocols.json -disable-clang-spi -clang-target arm64_32-apple-watchos27.0 -target-sdk-version 27.0 -target-sdk-name watchos27.0 -in-process-plugin-server-path /Applications/Xcode-27.0.0-Release.Candidate.app/Contents/Developer/Toolchains/XcodeDefault.xctoolchain/usr/lib/swift/host/libSwiftInProcPluginServer.dylib -parse-as-library -o /Users/admin/builder/spi-builder-workspace/.derivedData/Build/Intermediates.noindex/SwiftPM.build/Debug-watchos/PackageCollectionsSigning-t.build/Objects-normal/arm64_32/Signature.o -debug-module-path /Users/admin/builder/spi-builder-workspace/.derivedData/Build/Intermediates.noindex/SwiftPM.build/Debug-watchos/PackageCollectionsSigning-t.build/Objects-normal/arm64_32/PackageCollectionsSigning.swiftmodule -index-unit-output-path /SwiftPM.build/Debug-watchos/PackageCollectionsSigning-t.build/Objects-normal/arm64_32/Signature.o -index-store-path /Users/admin/builder/spi-builder-workspace/.derivedData/Index.noindex/DataStore -index-system-modules
SwiftCompile normal arm64_32 /Users/admin/builder/spi-builder-workspace/.dependencies/checkouts/swift-package-manager/Sources/PackageCollectionsSigning/Signing/Signature.swift (in target 'PackageCollectionsSigning' from project 'SwiftPM')
    cd /Users/admin/builder/spi-builder-workspace/.swiftpm/xcode
    builtin-SwiftPerFileCompile Signature.swift
SwiftDriverJobDiscovery normal arm64_32 Compiling SourceControlPackageContainer.swift, ToolsVersionSpecificationRewriter.swift (in target 'Workspace' from project 'SwiftPM')
SwiftCompile normal arm64_32 Compiling\ Signing+ECKey.swift /Users/admin/builder/spi-builder-workspace/.dependencies/checkouts/swift-package-manager/Sources/PackageCollectionsSigning/Signing/Signing+ECKey.swift (in target 'PackageCollectionsSigning' from project 'SwiftPM')
SwiftCompile normal arm64_32 /Users/admin/builder/spi-builder-workspace/.dependencies/checkouts/swift-package-manager/Sources/PackageCollectionsSigning/Signing/Signing+ECKey.swift (in target 'PackageCollectionsSigning' from project 'SwiftPM')
    cd /Users/admin/builder/spi-builder-workspace/.swiftpm/xcode
    builtin-SwiftPerFileCompile Signing+ECKey.swift
SwiftDriverJobDiscovery normal arm64 Compiling Diagnostics.swift, FileSystemPackageContainer.swift (in target 'Workspace' from project 'SwiftPM')
SwiftCompile normal arm64 Compiling\ Signing+ECKey.swift /Users/admin/builder/spi-builder-workspace/.dependencies/checkouts/swift-package-manager/Sources/PackageCollectionsSigning/Signing/Signing+ECKey.swift (in target 'PackageCollectionsSigning' from project 'SwiftPM')
SwiftCompile normal arm64 /Users/admin/builder/spi-builder-workspace/.dependencies/checkouts/swift-package-manager/Sources/PackageCollectionsSigning/Signing/Signing+ECKey.swift (in target 'PackageCollectionsSigning' from project 'SwiftPM')
    cd /Users/admin/builder/spi-builder-workspace/.swiftpm/xcode
    builtin-SwiftPerFileCompile Signing+ECKey.swift
SwiftDriverJobDiscovery normal arm64 Compiling Workspace+BinaryArtifacts.swift (in target 'Workspace' from project 'SwiftPM')
SwiftCompile normal arm64_32 Compiling\ SwiftCompilerOutputParser.swift /Users/admin/builder/spi-builder-workspace/.dependencies/checkouts/swift-package-manager/Sources/Build/SwiftCompilerOutputParser.swift (in target 'Build' from project 'SwiftPM')
SwiftCompile normal arm64_32 /Users/admin/builder/spi-builder-workspace/.dependencies/checkouts/swift-package-manager/Sources/Build/SwiftCompilerOutputParser.swift (in target 'Build' from project 'SwiftPM')
    cd /Users/admin/builder/spi-builder-workspace/.swiftpm/xcode
    builtin-SwiftPerFileCompile SwiftCompilerOutputParser.swift
SwiftDriverJobDiscovery normal arm64_32 Compiling Signing+ECKey.swift (in target 'PackageCollectionsSigning' from project 'SwiftPM')
SwiftCompile normal arm64_32 Compiling\ Key+EC.swift /Users/admin/builder/spi-builder-workspace/.dependencies/checkouts/swift-package-manager/Sources/PackageCollectionsSigning/Key/Key+EC.swift (in target 'PackageCollectionsSigning' from project 'SwiftPM')
SwiftCompile normal arm64_32 /Users/admin/builder/spi-builder-workspace/.dependencies/checkouts/swift-package-manager/Sources/PackageCollectionsSigning/Key/Key+EC.swift (in target 'PackageCollectionsSigning' from project 'SwiftPM')
    cd /Users/admin/builder/spi-builder-workspace/.swiftpm/xcode
    builtin-SwiftPerFileCompile Key+EC.swift
SwiftDriverJobDiscovery normal arm64 Compiling Signing+ECKey.swift (in target 'PackageCollectionsSigning' from project 'SwiftPM')
SwiftCompile normal arm64 Compiling\ PackageCollectionSigning.swift /Users/admin/builder/spi-builder-workspace/.dependencies/checkouts/swift-package-manager/Sources/PackageCollectionsSigning/PackageCollectionSigning.swift (in target 'PackageCollectionsSigning' from project 'SwiftPM')
SwiftCompile normal arm64 /Users/admin/builder/spi-builder-workspace/.dependencies/checkouts/swift-package-manager/Sources/PackageCollectionsSigning/PackageCollectionSigning.swift (in target 'PackageCollectionsSigning' from project 'SwiftPM')
    cd /Users/admin/builder/spi-builder-workspace/.swiftpm/xcode
    builtin-SwiftPerFileCompile PackageCollectionSigning.swift
SwiftDriverJobDiscovery normal arm64_32 Compiling PluginInvocation.swift (in target 'SPMBuildCore' from project 'SwiftPM')
SwiftCompile normal arm64_32 Compiling\ PluginContextSerializer.swift /Users/admin/builder/spi-builder-workspace/.dependencies/checkouts/swift-package-manager/Sources/SPMBuildCore/PluginContextSerializer.swift (in target 'SPMBuildCore' from project 'SwiftPM')
SwiftCompile normal arm64_32 /Users/admin/builder/spi-builder-workspace/.dependencies/checkouts/swift-package-manager/Sources/SPMBuildCore/PluginContextSerializer.swift (in target 'SPMBuildCore' from project 'SwiftPM')
    cd /Users/admin/builder/spi-builder-workspace/.swiftpm/xcode
    builtin-SwiftPerFileCompile PluginContextSerializer.swift
SwiftDriverJobDiscovery normal arm64_32 Compiling Workspace+BinaryArtifacts.swift (in target 'Workspace' from project 'SwiftPM')
SwiftCompile normal arm64_32 Compiling\ PackageCollectionSigning.swift /Users/admin/builder/spi-builder-workspace/.dependencies/checkouts/swift-package-manager/Sources/PackageCollectionsSigning/PackageCollectionSigning.swift (in target 'PackageCollectionsSigning' from project 'SwiftPM')
SwiftCompile normal arm64_32 /Users/admin/builder/spi-builder-workspace/.dependencies/checkouts/swift-package-manager/Sources/PackageCollectionsSigning/PackageCollectionSigning.swift (in target 'PackageCollectionsSigning' from project 'SwiftPM')
    cd /Users/admin/builder/spi-builder-workspace/.swiftpm/xcode
    builtin-SwiftPerFileCompile PackageCollectionSigning.swift
SwiftDriverJobDiscovery normal arm64_32 Compiling Key+EC.swift (in target 'PackageCollectionsSigning' from project 'SwiftPM')
SwiftCompile normal arm64 Compiling\ Key+EC.swift /Users/admin/builder/spi-builder-workspace/.dependencies/checkouts/swift-package-manager/Sources/PackageCollectionsSigning/Key/Key+EC.swift (in target 'PackageCollectionsSigning' from project 'SwiftPM')
SwiftCompile normal arm64 /Users/admin/builder/spi-builder-workspace/.dependencies/checkouts/swift-package-manager/Sources/PackageCollectionsSigning/Key/Key+EC.swift (in target 'PackageCollectionsSigning' from project 'SwiftPM')
    cd /Users/admin/builder/spi-builder-workspace/.swiftpm/xcode
    builtin-SwiftPerFileCompile Key+EC.swift
SwiftDriverJobDiscovery normal arm64 Compiling PackageCollectionSigning.swift (in target 'PackageCollectionsSigning' from project 'SwiftPM')
SwiftCompile normal arm64_32 Compiling\ BuildPlan.swift /Users/admin/builder/spi-builder-workspace/.dependencies/checkouts/swift-package-manager/Sources/Build/BuildPlan.swift (in target 'Build' from project 'SwiftPM')
SwiftCompile normal arm64_32 /Users/admin/builder/spi-builder-workspace/.dependencies/checkouts/swift-package-manager/Sources/Build/BuildPlan.swift (in target 'Build' from project 'SwiftPM')
    cd /Users/admin/builder/spi-builder-workspace/.swiftpm/xcode
    builtin-SwiftPerFileCompile BuildPlan.swift
SwiftDriverJobDiscovery normal arm64_32 Compiling PluginContextSerializer.swift (in target 'SPMBuildCore' from project 'SwiftPM')
SwiftDriverJobDiscovery normal arm64_32 Compiling SwiftCompilerOutputParser.swift (in target 'Build' from project 'SwiftPM')
SwiftCompile normal arm64_32 Compiling\ BuildOperation.swift /Users/admin/builder/spi-builder-workspace/.dependencies/checkouts/swift-package-manager/Sources/Build/BuildOperation.swift (in target 'Build' from project 'SwiftPM')
SwiftCompile normal arm64_32 /Users/admin/builder/spi-builder-workspace/.dependencies/checkouts/swift-package-manager/Sources/Build/BuildOperation.swift (in target 'Build' from project 'SwiftPM')
    cd /Users/admin/builder/spi-builder-workspace/.swiftpm/xcode
    builtin-SwiftPerFileCompile BuildOperation.swift
SwiftDriverJobDiscovery normal arm64_32 Compiling PackageCollectionSigning.swift (in target 'PackageCollectionsSigning' from project 'SwiftPM')
SwiftCompile normal arm64_32 Compiling\ LLBuildManifestBuilder.swift /Users/admin/builder/spi-builder-workspace/.dependencies/checkouts/swift-package-manager/Sources/Build/LLBuildManifestBuilder.swift (in target 'Build' from project 'SwiftPM')
SwiftCompile normal arm64_32 /Users/admin/builder/spi-builder-workspace/.dependencies/checkouts/swift-package-manager/Sources/Build/LLBuildManifestBuilder.swift (in target 'Build' from project 'SwiftPM')
    cd /Users/admin/builder/spi-builder-workspace/.swiftpm/xcode
    builtin-SwiftPerFileCompile LLBuildManifestBuilder.swift
SwiftDriverJobDiscovery normal arm64 Compiling Key+EC.swift (in target 'PackageCollectionsSigning' from project 'SwiftPM')
SwiftCompile normal arm64 Compiling\ SwiftCompilerOutputParser.swift /Users/admin/builder/spi-builder-workspace/.dependencies/checkouts/swift-package-manager/Sources/Build/SwiftCompilerOutputParser.swift (in target 'Build' from project 'SwiftPM')
SwiftCompile normal arm64 /Users/admin/builder/spi-builder-workspace/.dependencies/checkouts/swift-package-manager/Sources/Build/SwiftCompilerOutputParser.swift (in target 'Build' from project 'SwiftPM')
    cd /Users/admin/builder/spi-builder-workspace/.swiftpm/xcode
    builtin-SwiftPerFileCompile SwiftCompilerOutputParser.swift
SwiftDriverJobDiscovery normal arm64 Compiling Workspace.swift (in target 'Workspace' from project 'SwiftPM')
SwiftCompile normal arm64 Compiling\ LLBuildManifestBuilder.swift /Users/admin/builder/spi-builder-workspace/.dependencies/checkouts/swift-package-manager/Sources/Build/LLBuildManifestBuilder.swift (in target 'Build' from project 'SwiftPM')
SwiftCompile normal arm64 /Users/admin/builder/spi-builder-workspace/.dependencies/checkouts/swift-package-manager/Sources/Build/LLBuildManifestBuilder.swift (in target 'Build' from project 'SwiftPM')
    cd /Users/admin/builder/spi-builder-workspace/.swiftpm/xcode
    builtin-SwiftPerFileCompile LLBuildManifestBuilder.swift
SwiftDriverJobDiscovery normal arm64 Compiling SwiftCompilerOutputParser.swift (in target 'Build' from project 'SwiftPM')
SwiftDriver\ Compilation Workspace normal arm64 com.apple.xcode.tools.swift.compiler (in target 'Workspace' from project 'SwiftPM')
    cd /Users/admin/builder/spi-builder-workspace/.swiftpm/xcode
    builtin-Swift-Compilation -- /Applications/Xcode-27.0.0-Release.Candidate.app/Contents/Developer/Toolchains/XcodeDefault.xctoolchain/usr/bin/swiftc -parse-as-library -module-name Workspace -Onone @/Users/admin/builder/spi-builder-workspace/.derivedData/Build/Intermediates.noindex/SwiftPM.build/Debug-watchos/Workspace-t.build/Objects-normal/arm64/Workspace.SwiftFileList -DSWIFT_PACKAGE -DDEBUG -DSWIFT_MODULE_RESOURCE_BUNDLE_UNAVAILABLE -Xcc -fmodule-map-file\=/Users/admin/builder/spi-builder-workspace/.dependencies/checkouts/swift-tools-support-core/Sources/TSCclibc/include/module.modulemap -Xcc -fmodule-map-file\=/Users/admin/builder/spi-builder-workspace/.dependencies/checkouts/swift-system/Sources/CSystem/include/module.modulemap -DXcode -plugin-path /Applications/Xcode-27.0.0-Release.Candidate.app/Contents/Developer/Toolchains/XcodeDefault.xctoolchain/usr/lib/swift/host/plugins/testing -enable-experimental-feature DebugDescriptionMacro -sdk /Applications/Xcode-27.0.0-Release.Candidate.app/Contents/Developer/Platforms/WatchOS.platform/Developer/SDKs/WatchOS27.0.sdk -target arm64-apple-watchos9.0 -g -module-cache-path /Users/admin/builder/spi-builder-workspace/.derivedData/ModuleCache.noindex -Xfrontend -serialize-debugging-options -profile-coverage-mapping -profile-generate -enable-testing -suppress-warnings -index-store-path /Users/admin/builder/spi-builder-workspace/.derivedData/Index.noindex/DataStore -Xcc -D_LIBCPP_HARDENING_MODE\=_LIBCPP_HARDENING_MODE_DEBUG -swift-version 5 -I /Users/admin/builder/spi-builder-workspace/.derivedData/Build/Products/Debug-watchos -Isystem /Applications/Xcode-27.0.0-Release.Candidate.app/Contents/Developer/Platforms/WatchOS.platform/Developer/usr/lib -F /Users/admin/builder/spi-builder-workspace/.derivedData/Build/Products/Debug-watchos/PackageFrameworks -F /Users/admin/builder/spi-builder-workspace/.derivedData/Build/Products/Debug-watchos -F /Applications/Xcode-27.0.0-Release.Candidate.app/Contents/Developer/Platforms/WatchOS.platform/Developer/Library/Frameworks -F /Applications/Xcode-27.0.0-Release.Candidate.app/Contents/Developer/Platforms/WatchOS.platform/Developer/SDKs/WatchOS27.0.sdk/Developer/Library/Frameworks -c -j10 -enable-batch-mode -incremental -Xcc -ivfsstatcache -Xcc /Users/admin/builder/spi-builder-workspace/.derivedData/SDKStatCaches.noindex/watchos27.0-24R360-e829b21a6f8c9b70876ba0858053c04477534ef55a1706bf4c1112bbb242f0a2.sdkstatcache -output-file-map /Users/admin/builder/spi-builder-workspace/.derivedData/Build/Intermediates.noindex/SwiftPM.build/Debug-watchos/Workspace-t.build/Objects-normal/arm64/Workspace-OutputFileMap.json -save-temps -no-color-diagnostics -explicit-module-build -module-cache-path /Users/admin/builder/spi-builder-workspace/.derivedData/Build/Intermediates.noindex/SwiftExplicitPrecompiledModules -clang-scanner-module-cache-path /Users/admin/builder/spi-builder-workspace/.derivedData/ModuleCache.noindex -sdk-module-cache-path /Users/admin/builder/spi-builder-workspace/.derivedData/SDKExplicitPrecompiledModules -emit-dependencies -emit-module -emit-module-path /Users/admin/builder/spi-builder-workspace/.derivedData/Build/Intermediates.noindex/SwiftPM.build/Debug-watchos/Workspace-t.build/Objects-normal/arm64/Workspace.swiftmodule -serialize-diagnostics -dependency-scan-serialize-diagnostics-path /Users/admin/builder/spi-builder-workspace/.derivedData/Build/Intermediates.noindex/SwiftPM.build/Debug-watchos/Workspace-t.build/Objects-normal/arm64/Workspace-dependency-scan.dia -validate-clang-modules-once -clang-build-session-file /Users/admin/builder/spi-builder-workspace/.derivedData/ModuleCache.noindex/Session.modulevalidation -Xcc -fmodules-prune-interval\=86400 -Xcc -fmodules-prune-after\=345600 -emit-const-values -const-gather-protocols-list /Users/admin/builder/spi-builder-workspace/.derivedData/Build/Intermediates.noindex/SwiftPM.build/Debug-watchos/Workspace-t.build/Objects-normal/arm64/Workspace_const_extract_protocols.json -Xcc -I/Users/admin/builder/spi-builder-workspace/.dependencies/checkouts/swift-tools-support-core/Sources/TSCclibc/include -Xcc -I/Users/admin/builder/spi-builder-workspace/.dependencies/checkouts/swift-system/Sources/CSystem/include -Xcc -I/Users/admin/builder/spi-builder-workspace/.derivedData/Build/Products/Debug-watchos/include -Xcc -I/Users/admin/builder/spi-builder-workspace/.derivedData/Build/Intermediates.noindex/SwiftPM.build/Debug-watchos/Workspace-t.build/DerivedSources-normal/arm64 -Xcc -I/Users/admin/builder/spi-builder-workspace/.derivedData/Build/Intermediates.noindex/SwiftPM.build/Debug-watchos/Workspace-t.build/DerivedSources/arm64 -Xcc -I/Users/admin/builder/spi-builder-workspace/.derivedData/Build/Intermediates.noindex/SwiftPM.build/Debug-watchos/Workspace-t.build/DerivedSources -Xcc -DSWIFT_PACKAGE -Xcc -DDEBUG\=1 -emit-objc-header -emit-objc-header-path /Users/admin/builder/spi-builder-workspace/.derivedData/Build/Intermediates.noindex/SwiftPM.build/Debug-watchos/Workspace-t.build/Objects-normal/arm64/Workspace-Swift.h -working-directory /Users/admin/builder/spi-builder-workspace/.swiftpm/xcode -experimental-emit-module-separately -disable-cmo
SwiftCompile normal arm64 Compiling\ BuildOperationBuildSystemDelegateHandler.swift /Users/admin/builder/spi-builder-workspace/.dependencies/checkouts/swift-package-manager/Sources/Build/BuildOperationBuildSystemDelegateHandler.swift (in target 'Build' from project 'SwiftPM')
SwiftCompile normal arm64 /Users/admin/builder/spi-builder-workspace/.dependencies/checkouts/swift-package-manager/Sources/Build/BuildOperationBuildSystemDelegateHandler.swift (in target 'Build' from project 'SwiftPM')
    cd /Users/admin/builder/spi-builder-workspace/.swiftpm/xcode
    builtin-SwiftPerFileCompile BuildOperationBuildSystemDelegateHandler.swift
SwiftCompile normal arm64_32 Compiling\ BuildOperationBuildSystemDelegateHandler.swift /Users/admin/builder/spi-builder-workspace/.dependencies/checkouts/swift-package-manager/Sources/Build/BuildOperationBuildSystemDelegateHandler.swift (in target 'Build' from project 'SwiftPM')
SwiftCompile normal arm64_32 /Users/admin/builder/spi-builder-workspace/.dependencies/checkouts/swift-package-manager/Sources/Build/BuildOperationBuildSystemDelegateHandler.swift (in target 'Build' from project 'SwiftPM')
    cd /Users/admin/builder/spi-builder-workspace/.swiftpm/xcode
    builtin-SwiftPerFileCompile BuildOperationBuildSystemDelegateHandler.swift
SwiftDriverJobDiscovery normal arm64_32 Compiling BuildOperation.swift (in target 'Build' from project 'SwiftPM')
SwiftDriverJobDiscovery normal arm64_32 Compiling LLBuildManifestBuilder.swift (in target 'Build' from project 'SwiftPM')
SwiftDriverJobDiscovery normal arm64 Compiling PluginMessages.swift (in target 'SPMBuildCore' from project 'SwiftPM')
SwiftCompile normal arm64 Compiling\ PluginContextSerializer.swift /Users/admin/builder/spi-builder-workspace/.dependencies/checkouts/swift-package-manager/Sources/SPMBuildCore/PluginContextSerializer.swift (in target 'SPMBuildCore' from project 'SwiftPM')
SwiftCompile normal arm64 /Users/admin/builder/spi-builder-workspace/.dependencies/checkouts/swift-package-manager/Sources/SPMBuildCore/PluginContextSerializer.swift (in target 'SPMBuildCore' from project 'SwiftPM')
    cd /Users/admin/builder/spi-builder-workspace/.swiftpm/xcode
    builtin-SwiftPerFileCompile PluginContextSerializer.swift
SwiftCompile normal arm64 Compiling\ PluginInvocation.swift /Users/admin/builder/spi-builder-workspace/.dependencies/checkouts/swift-package-manager/Sources/SPMBuildCore/PluginInvocation.swift (in target 'SPMBuildCore' from project 'SwiftPM')
SwiftCompile normal arm64 /Users/admin/builder/spi-builder-workspace/.dependencies/checkouts/swift-package-manager/Sources/SPMBuildCore/PluginInvocation.swift (in target 'SPMBuildCore' from project 'SwiftPM')
    cd /Users/admin/builder/spi-builder-workspace/.swiftpm/xcode
    builtin-SwiftPerFileCompile PluginInvocation.swift
SwiftDriverJobDiscovery normal arm64_32 Compiling PluginMessages.swift (in target 'SPMBuildCore' from project 'SwiftPM')
SwiftDriver\ Compilation SPMBuildCore normal arm64_32 com.apple.xcode.tools.swift.compiler (in target 'SPMBuildCore' from project 'SwiftPM')
    cd /Users/admin/builder/spi-builder-workspace/.swiftpm/xcode
    builtin-Swift-Compilation -- /Applications/Xcode-27.0.0-Release.Candidate.app/Contents/Developer/Toolchains/XcodeDefault.xctoolchain/usr/bin/swiftc -parse-as-library -module-name SPMBuildCore -Onone @/Users/admin/builder/spi-builder-workspace/.derivedData/Build/Intermediates.noindex/SwiftPM.build/Debug-watchos/SPMBuildCore-t.build/Objects-normal/arm64_32/SPMBuildCore.SwiftFileList -DSWIFT_PACKAGE -DDEBUG -DSWIFT_MODULE_RESOURCE_BUNDLE_UNAVAILABLE -Xcc -fmodule-map-file\=/Users/admin/builder/spi-builder-workspace/.dependencies/checkouts/swift-tools-support-core/Sources/TSCclibc/include/module.modulemap -Xcc -fmodule-map-file\=/Users/admin/builder/spi-builder-workspace/.dependencies/checkouts/swift-system/Sources/CSystem/include/module.modulemap -DXcode -plugin-path /Applications/Xcode-27.0.0-Release.Candidate.app/Contents/Developer/Toolchains/XcodeDefault.xctoolchain/usr/lib/swift/host/plugins/testing -enable-experimental-feature DebugDescriptionMacro -sdk /Applications/Xcode-27.0.0-Release.Candidate.app/Contents/Developer/Platforms/WatchOS.platform/Developer/SDKs/WatchOS27.0.sdk -target arm64_32-apple-watchos9.0 -g -module-cache-path /Users/admin/builder/spi-builder-workspace/.derivedData/ModuleCache.noindex -Xfrontend -serialize-debugging-options -profile-coverage-mapping -profile-generate -enable-testing -suppress-warnings -index-store-path /Users/admin/builder/spi-builder-workspace/.derivedData/Index.noindex/DataStore -Xcc -D_LIBCPP_HARDENING_MODE\=_LIBCPP_HARDENING_MODE_DEBUG -swift-version 5 -I /Users/admin/builder/spi-builder-workspace/.derivedData/Build/Products/Debug-watchos -Isystem /Applications/Xcode-27.0.0-Release.Candidate.app/Contents/Developer/Platforms/WatchOS.platform/Developer/usr/lib -F /Users/admin/builder/spi-builder-workspace/.derivedData/Build/Products/Debug-watchos/PackageFrameworks -F /Users/admin/builder/spi-builder-workspace/.derivedData/Build/Products/Debug-watchos -F /Applications/Xcode-27.0.0-Release.Candidate.app/Contents/Developer/Platforms/WatchOS.platform/Developer/Library/Frameworks -F /Applications/Xcode-27.0.0-Release.Candidate.app/Contents/Developer/Platforms/WatchOS.platform/Developer/SDKs/WatchOS27.0.sdk/Developer/Library/Frameworks -c -j10 -enable-batch-mode -incremental -Xcc -ivfsstatcache -Xcc /Users/admin/builder/spi-builder-workspace/.derivedData/SDKStatCaches.noindex/watchos27.0-24R360-e829b21a6f8c9b70876ba0858053c04477534ef55a1706bf4c1112bbb242f0a2.sdkstatcache -output-file-map /Users/admin/builder/spi-builder-workspace/.derivedData/Build/Intermediates.noindex/SwiftPM.build/Debug-watchos/SPMBuildCore-t.build/Objects-normal/arm64_32/SPMBuildCore-OutputFileMap.json -save-temps -no-color-diagnostics -explicit-module-build -module-cache-path /Users/admin/builder/spi-builder-workspace/.derivedData/Build/Intermediates.noindex/SwiftExplicitPrecompiledModules -clang-scanner-module-cache-path /Users/admin/builder/spi-builder-workspace/.derivedData/ModuleCache.noindex -sdk-module-cache-path /Users/admin/builder/spi-builder-workspace/.derivedData/SDKExplicitPrecompiledModules -emit-dependencies -emit-module -emit-module-path /Users/admin/builder/spi-builder-workspace/.derivedData/Build/Intermediates.noindex/SwiftPM.build/Debug-watchos/SPMBuildCore-t.build/Objects-normal/arm64_32/SPMBuildCore.swiftmodule -serialize-diagnostics -dependency-scan-serialize-diagnostics-path /Users/admin/builder/spi-builder-workspace/.derivedData/Build/Intermediates.noindex/SwiftPM.build/Debug-watchos/SPMBuildCore-t.build/Objects-normal/arm64_32/SPMBuildCore-dependency-scan.dia -validate-clang-modules-once -clang-build-session-file /Users/admin/builder/spi-builder-workspace/.derivedData/ModuleCache.noindex/Session.modulevalidation -Xcc -fmodules-prune-interval\=86400 -Xcc -fmodules-prune-after\=345600 -emit-const-values -const-gather-protocols-list /Users/admin/builder/spi-builder-workspace/.derivedData/Build/Intermediates.noindex/SwiftPM.build/Debug-watchos/SPMBuildCore-t.build/Objects-normal/arm64_32/SPMBuildCore_const_extract_protocols.json -Xcc -I/Users/admin/builder/spi-builder-workspace/.dependencies/checkouts/swift-tools-support-core/Sources/TSCclibc/include -Xcc -I/Users/admin/builder/spi-builder-workspace/.dependencies/checkouts/swift-system/Sources/CSystem/include -Xcc -I/Users/admin/builder/spi-builder-workspace/.derivedData/Build/Products/Debug-watchos/include -Xcc -I/Users/admin/builder/spi-builder-workspace/.derivedData/Build/Intermediates.noindex/SwiftPM.build/Debug-watchos/SPMBuildCore-t.build/DerivedSources-normal/arm64_32 -Xcc -I/Users/admin/builder/spi-builder-workspace/.derivedData/Build/Intermediates.noindex/SwiftPM.build/Debug-watchos/SPMBuildCore-t.build/DerivedSources/arm64_32 -Xcc -I/Users/admin/builder/spi-builder-workspace/.derivedData/Build/Intermediates.noindex/SwiftPM.build/Debug-watchos/SPMBuildCore-t.build/DerivedSources -Xcc -DSWIFT_PACKAGE -Xcc -DDEBUG\=1 -emit-objc-header -emit-objc-header-path /Users/admin/builder/spi-builder-workspace/.derivedData/Build/Intermediates.noindex/SwiftPM.build/Debug-watchos/SPMBuildCore-t.build/Objects-normal/arm64_32/SPMBuildCore-Swift.h -working-directory /Users/admin/builder/spi-builder-workspace/.swiftpm/xcode -experimental-emit-module-separately -disable-cmo
Ld /Users/admin/builder/spi-builder-workspace/.derivedData/Build/Intermediates.noindex/SwiftPM.build/Debug-watchos/SPMBuildCore-t.build/Objects-normal/arm64_32/Binary/SPMBuildCore.o normal arm64_32 (in target 'SPMBuildCore' from project 'SwiftPM')
    cd /Users/admin/builder/spi-builder-workspace/.dependencies/checkouts/swift-package-manager
    /Applications/Xcode-27.0.0-Release.Candidate.app/Contents/Developer/Toolchains/XcodeDefault.xctoolchain/usr/bin/clang -Xlinker -reproducible -target arm64_32-apple-watchos9.0 -r -isysroot /Applications/Xcode-27.0.0-Release.Candidate.app/Contents/Developer/Platforms/WatchOS.platform/Developer/SDKs/WatchOS27.0.sdk -O0 -w -Xlinker -no_warn_duplicate_libraries -F/Users/admin/builder/spi-builder-workspace/.derivedData/Build/Intermediates.noindex/EagerLinkingTBDs/Debug-watchos -F/Users/admin/builder/spi-builder-workspace/.derivedData/Build/Products/Debug-watchos/PackageFrameworks -F/Users/admin/builder/spi-builder-workspace/.derivedData/Build/Products/Debug-watchos -iframework /Applications/Xcode-27.0.0-Release.Candidate.app/Contents/Developer/Platforms/WatchOS.platform/Developer/Library/Frameworks -iframework /Applications/Xcode-27.0.0-Release.Candidate.app/Contents/Developer/Platforms/WatchOS.platform/Developer/SDKs/WatchOS27.0.sdk/Developer/Library/Frameworks -filelist /Users/admin/builder/spi-builder-workspace/.derivedData/Build/Intermediates.noindex/SwiftPM.build/Debug-watchos/SPMBuildCore-t.build/Objects-normal/arm64_32/SPMBuildCore.LinkFileList -nostdlib -Xlinker -object_path_lto -Xlinker /Users/admin/builder/spi-builder-workspace/.derivedData/Build/Intermediates.noindex/SwiftPM.build/Debug-watchos/SPMBuildCore-t.build/Objects-normal/arm64_32/SPMBuildCore_lto.o -Xlinker -no_deduplicate -Xlinker -debug_variant -Xlinker -dependency_info -Xlinker /Users/admin/builder/spi-builder-workspace/.derivedData/Build/Intermediates.noindex/SwiftPM.build/Debug-watchos/SPMBuildCore-t.build/Objects-normal/arm64_32/SPMBuildCore_dependency_info.dat -fobjc-link-runtime -L/Applications/Xcode-27.0.0-Release.Candidate.app/Contents/Developer/Toolchains/XcodeDefault.xctoolchain/usr/lib/swift/watchos -L/usr/lib/swift -Xlinker -add_ast_path -Xlinker /Users/admin/builder/spi-builder-workspace/.derivedData/Build/Intermediates.noindex/SwiftPM.build/Debug-watchos/SPMBuildCore-t.build/Objects-normal/arm64_32/SPMBuildCore.swiftmodule -o /Users/admin/builder/spi-builder-workspace/.derivedData/Build/Intermediates.noindex/SwiftPM.build/Debug-watchos/SPMBuildCore-t.build/Objects-normal/arm64_32/Binary/SPMBuildCore.o
SwiftDriver swift-create-xcframework normal arm64 com.apple.xcode.tools.swift.compiler (in target 'swift-create-xcframework-product' from project 'swift-create-xcframework')
    cd /Users/admin/builder/spi-builder-workspace/.swiftpm/xcode
    builtin-SwiftDriver -- /Applications/Xcode-27.0.0-Release.Candidate.app/Contents/Developer/Toolchains/XcodeDefault.xctoolchain/usr/bin/swiftc -module-name CreateXCFramework -Onone @/Users/admin/builder/spi-builder-workspace/.derivedData/Build/Intermediates.noindex/swift-create-xcframework.build/Debug-watchos/swift-create-xcframework-p.build/Objects-normal/arm64/swift-create-xcframework.SwiftFileList -DSWIFT_PACKAGE -DDEBUG -Xcc -fmodule-map-file\=/Users/admin/builder/spi-builder-workspace/.dependencies/checkouts/swift-crypto/Sources/CCryptoBoringSSLShims/include/module.modulemap -Xcc -fmodule-map-file\=/Users/admin/builder/spi-builder-workspace/.dependencies/checkouts/swift-crypto/Sources/CCryptoBoringSSL/include/module.modulemap -Xcc -fmodule-map-file\=/Users/admin/builder/spi-builder-workspace/.dependencies/checkouts/swift-llbuild/products/libllbuild/include/module.modulemap -Xcc -fmodule-map-file\=/Users/admin/builder/spi-builder-workspace/.derivedData/Build/Intermediates.noindex/GeneratedModuleMaps-watchos/llbuildNinja.modulemap -Xcc -fmodule-map-file\=/Users/admin/builder/spi-builder-workspace/.derivedData/Build/Intermediates.noindex/GeneratedModuleMaps-watchos/llbuildBuildSystem.modulemap -Xcc -fmodule-map-file\=/Users/admin/builder/spi-builder-workspace/.derivedData/Build/Intermediates.noindex/GeneratedModuleMaps-watchos/llbuildCore.modulemap -Xcc -fmodule-map-file\=/Users/admin/builder/spi-builder-workspace/.derivedData/Build/Intermediates.noindex/GeneratedModuleMaps-watchos/llbuildBasic.modulemap -Xcc -fmodule-map-file\=/Users/admin/builder/spi-builder-workspace/.derivedData/Build/Intermediates.noindex/GeneratedModuleMaps-watchos/llvmSupport.modulemap -Xcc -fmodule-map-file\=/Users/admin/builder/spi-builder-workspace/.derivedData/Build/Intermediates.noindex/GeneratedModuleMaps-watchos/llvmDemangle.modulemap -Xcc -fmodule-map-file\=/Users/admin/builder/spi-builder-workspace/.dependencies/checkouts/Yams/Sources/CYaml/include/module.modulemap -Xcc -fmodule-map-file\=/Users/admin/builder/spi-builder-workspace/.dependencies/checkouts/swift-driver/Sources/CSwiftScan/include/module.modulemap -Xcc -fmodule-map-file\=/Users/admin/builder/spi-builder-workspace/.dependencies/checkouts/swift-system/Sources/CSystem/include/module.modulemap -Xcc -fmodule-map-file\=/Users/admin/builder/spi-builder-workspace/.dependencies/checkouts/swift-tools-support-core/Sources/TSCclibc/include/module.modulemap -DXcode -plugin-path /Applications/Xcode-27.0.0-Release.Candidate.app/Contents/Developer/Toolchains/XcodeDefault.xctoolchain/usr/lib/swift/host/plugins/testing -enable-experimental-feature DebugDescriptionMacro -sdk /Applications/Xcode-27.0.0-Release.Candidate.app/Contents/Developer/Platforms/WatchOS.platform/Developer/SDKs/WatchOS27.0.sdk -target arm64-apple-watchos9.0 -g -module-cache-path /Users/admin/builder/spi-builder-workspace/.derivedData/ModuleCache.noindex -Xfrontend -serialize-debugging-options -profile-coverage-mapping -profile-generate -enable-testing -index-store-path /Users/admin/builder/spi-builder-workspace/.derivedData/Index.noindex/DataStore -Xcc -D_LIBCPP_HARDENING_MODE\=_LIBCPP_HARDENING_MODE_DEBUG -swift-version 5 -I /Users/admin/builder/spi-builder-workspace/.derivedData/Build/Products/Debug-watchos -Isystem /Applications/Xcode-27.0.0-Release.Candidate.app/Contents/Developer/Platforms/WatchOS.platform/Developer/usr/lib -F /Users/admin/builder/spi-builder-workspace/.derivedData/Build/Products/Debug-watchos/PackageFrameworks -F /Users/admin/builder/spi-builder-workspace/.derivedData/Build/Products/Debug-watchos -F /Applications/Xcode-27.0.0-Release.Candidate.app/Contents/Developer/Platforms/WatchOS.platform/Developer/Library/Frameworks -F /Applications/Xcode-27.0.0-Release.Candidate.app/Contents/Developer/Platforms/WatchOS.platform/Developer/SDKs/WatchOS27.0.sdk/Developer/Library/Frameworks -c -j10 -enable-batch-mode -incremental -Xcc -ivfsstatcache -Xcc /Users/admin/builder/spi-builder-workspace/.derivedData/SDKStatCaches.noindex/watchos27.0-24R360-e829b21a6f8c9b70876ba0858053c04477534ef55a1706bf4c1112bbb242f0a2.sdkstatcache -output-file-map /Users/admin/builder/spi-builder-workspace/.derivedData/Build/Intermediates.noindex/swift-create-xcframework.build/Debug-watchos/swift-create-xcframework-p.build/Objects-normal/arm64/swift-create-xcframework-OutputFileMap.json -save-temps -no-color-diagnostics -explicit-module-build -module-cache-path /Users/admin/builder/spi-builder-workspace/.derivedData/Build/Intermediates.noindex/SwiftExplicitPrecompiledModules -clang-scanner-module-cache-path /Users/admin/builder/spi-builder-workspace/.derivedData/ModuleCache.noindex -sdk-module-cache-path /Users/admin/builder/spi-builder-workspace/.derivedData/SDKExplicitPrecompiledModules -emit-dependencies -emit-module -emit-module-path /Users/admin/builder/spi-builder-workspace/.derivedData/Build/Intermediates.noindex/swift-create-xcframework.build/Debug-watchos/swift-create-xcframework-p.build/Objects-normal/arm64/CreateXCFramework.swiftmodule -serialize-diagnostics -dependency-scan-serialize-diagnostics-path /Users/admin/builder/spi-builder-workspace/.derivedData/Build/Intermediates.noindex/swift-create-xcframework.build/Debug-watchos/swift-create-xcframework-p.build/Objects-normal/arm64/CreateXCFramework-dependency-scan.dia -validate-clang-modules-once -clang-build-session-file /Users/admin/builder/spi-builder-workspace/.derivedData/ModuleCache.noindex/Session.modulevalidation -Xcc -fmodules-prune-interval\=86400 -Xcc -fmodules-prune-after\=345600 -emit-const-values -const-gather-protocols-list /Users/admin/builder/spi-builder-workspace/.derivedData/Build/Intermediates.noindex/swift-create-xcframework.build/Debug-watchos/swift-create-xcframework-p.build/Objects-normal/arm64/swift-create-xcframework_const_extract_protocols.json -Xcc -I/Users/admin/builder/spi-builder-workspace/.dependencies/checkouts/swift-crypto/Sources/CCryptoBoringSSLShims/include -Xcc -I/Users/admin/builder/spi-builder-workspace/.dependencies/checkouts/swift-crypto/Sources/CCryptoBoringSSL/include -Xcc -I/Users/admin/builder/spi-builder-workspace/.dependencies/checkouts/swift-llbuild/products/libllbuild/include -Xcc -I/Users/admin/builder/spi-builder-workspace/.dependencies/checkouts/swift-llbuild/lib/Ninja/include -Xcc -I/Users/admin/builder/spi-builder-workspace/.dependencies/checkouts/swift-llbuild/lib/BuildSystem/include -Xcc -I/Users/admin/builder/spi-builder-workspace/.dependencies/checkouts/swift-llbuild/lib/Core/include -Xcc -I/Users/admin/builder/spi-builder-workspace/.dependencies/checkouts/swift-llbuild/lib/Basic/include -Xcc -I/Users/admin/builder/spi-builder-workspace/.dependencies/checkouts/swift-llbuild/lib/llvm/Support/include -Xcc -I/Users/admin/builder/spi-builder-workspace/.dependencies/checkouts/swift-llbuild/lib/llvm/Demangle/include -Xcc -I/Users/admin/builder/spi-builder-workspace/.dependencies/checkouts/Yams/Sources/CYaml/include -Xcc -I/Users/admin/builder/spi-builder-workspace/.dependencies/checkouts/swift-driver/Sources/CSwiftScan/include -Xcc -I/Users/admin/builder/spi-builder-workspace/.dependencies/checkouts/swift-system/Sources/CSystem/include -Xcc -I/Users/admin/builder/spi-builder-workspace/.dependencies/checkouts/swift-tools-support-core/Sources/TSCclibc/include -Xcc -I/Users/admin/builder/spi-builder-workspace/.derivedData/Build/Products/Debug-watchos/include -Xcc -I/Users/admin/builder/spi-builder-workspace/.derivedData/Build/Intermediates.noindex/swift-create-xcframework.build/Debug-watchos/swift-create-xcframework-p.build/DerivedSources-normal/arm64 -Xcc -I/Users/admin/builder/spi-builder-workspace/.derivedData/Build/Intermediates.noindex/swift-create-xcframework.build/Debug-watchos/swift-create-xcframework-p.build/DerivedSources/arm64 -Xcc -I/Users/admin/builder/spi-builder-workspace/.derivedData/Build/Intermediates.noindex/swift-create-xcframework.build/Debug-watchos/swift-create-xcframework-p.build/DerivedSources -Xcc -DSWIFT_PACKAGE -Xcc -DDEBUG\=1 -working-directory /Users/admin/builder/spi-builder-workspace/.swiftpm/xcode -experimental-emit-module-separately -disable-cmo
/Users/admin/builder/spi-builder-workspace/Sources/CreateXCFramework/Command+Options.swift:49:16: warning: Extraneous whitespace between attribute name and '('; this is an error in the Swift 6 language mode (in target 'swift-create-xcframework-product' from project 'swift-create-xcframework')
/Users/admin/builder/spi-builder-workspace/Sources/CreateXCFramework/Command+Options.swift:64:16: warning: Extraneous whitespace between attribute name and '('; this is an error in the Swift 6 language mode (in target 'swift-create-xcframework-product' from project 'swift-create-xcframework')
SwiftDriver swift-create-xcframework normal arm64_32 com.apple.xcode.tools.swift.compiler (in target 'swift-create-xcframework-product' from project 'swift-create-xcframework')
    cd /Users/admin/builder/spi-builder-workspace/.swiftpm/xcode
    builtin-SwiftDriver -- /Applications/Xcode-27.0.0-Release.Candidate.app/Contents/Developer/Toolchains/XcodeDefault.xctoolchain/usr/bin/swiftc -module-name CreateXCFramework -Onone @/Users/admin/builder/spi-builder-workspace/.derivedData/Build/Intermediates.noindex/swift-create-xcframework.build/Debug-watchos/swift-create-xcframework-p.build/Objects-normal/arm64_32/swift-create-xcframework.SwiftFileList -DSWIFT_PACKAGE -DDEBUG -Xcc -fmodule-map-file\=/Users/admin/builder/spi-builder-workspace/.dependencies/checkouts/swift-crypto/Sources/CCryptoBoringSSLShims/include/module.modulemap -Xcc -fmodule-map-file\=/Users/admin/builder/spi-builder-workspace/.dependencies/checkouts/swift-crypto/Sources/CCryptoBoringSSL/include/module.modulemap -Xcc -fmodule-map-file\=/Users/admin/builder/spi-builder-workspace/.dependencies/checkouts/swift-llbuild/products/libllbuild/include/module.modulemap -Xcc -fmodule-map-file\=/Users/admin/builder/spi-builder-workspace/.derivedData/Build/Intermediates.noindex/GeneratedModuleMaps-watchos/llbuildNinja.modulemap -Xcc -fmodule-map-file\=/Users/admin/builder/spi-builder-workspace/.derivedData/Build/Intermediates.noindex/GeneratedModuleMaps-watchos/llbuildBuildSystem.modulemap -Xcc -fmodule-map-file\=/Users/admin/builder/spi-builder-workspace/.derivedData/Build/Intermediates.noindex/GeneratedModuleMaps-watchos/llbuildCore.modulemap -Xcc -fmodule-map-file\=/Users/admin/builder/spi-builder-workspace/.derivedData/Build/Intermediates.noindex/GeneratedModuleMaps-watchos/llbuildBasic.modulemap -Xcc -fmodule-map-file\=/Users/admin/builder/spi-builder-workspace/.derivedData/Build/Intermediates.noindex/GeneratedModuleMaps-watchos/llvmSupport.modulemap -Xcc -fmodule-map-file\=/Users/admin/builder/spi-builder-workspace/.derivedData/Build/Intermediates.noindex/GeneratedModuleMaps-watchos/llvmDemangle.modulemap -Xcc -fmodule-map-file\=/Users/admin/builder/spi-builder-workspace/.dependencies/checkouts/Yams/Sources/CYaml/include/module.modulemap -Xcc -fmodule-map-file\=/Users/admin/builder/spi-builder-workspace/.dependencies/checkouts/swift-driver/Sources/CSwiftScan/include/module.modulemap -Xcc -fmodule-map-file\=/Users/admin/builder/spi-builder-workspace/.dependencies/checkouts/swift-system/Sources/CSystem/include/module.modulemap -Xcc -fmodule-map-file\=/Users/admin/builder/spi-builder-workspace/.dependencies/checkouts/swift-tools-support-core/Sources/TSCclibc/include/module.modulemap -DXcode -plugin-path /Applications/Xcode-27.0.0-Release.Candidate.app/Contents/Developer/Toolchains/XcodeDefault.xctoolchain/usr/lib/swift/host/plugins/testing -enable-experimental-feature DebugDescriptionMacro -sdk /Applications/Xcode-27.0.0-Release.Candidate.app/Contents/Developer/Platforms/WatchOS.platform/Developer/SDKs/WatchOS27.0.sdk -target arm64_32-apple-watchos9.0 -g -module-cache-path /Users/admin/builder/spi-builder-workspace/.derivedData/ModuleCache.noindex -Xfrontend -serialize-debugging-options -profile-coverage-mapping -profile-generate -enable-testing -index-store-path /Users/admin/builder/spi-builder-workspace/.derivedData/Index.noindex/DataStore -Xcc -D_LIBCPP_HARDENING_MODE\=_LIBCPP_HARDENING_MODE_DEBUG -swift-version 5 -I /Users/admin/builder/spi-builder-workspace/.derivedData/Build/Products/Debug-watchos -Isystem /Applications/Xcode-27.0.0-Release.Candidate.app/Contents/Developer/Platforms/WatchOS.platform/Developer/usr/lib -F /Users/admin/builder/spi-builder-workspace/.derivedData/Build/Products/Debug-watchos/PackageFrameworks -F /Users/admin/builder/spi-builder-workspace/.derivedData/Build/Products/Debug-watchos -F /Applications/Xcode-27.0.0-Release.Candidate.app/Contents/Developer/Platforms/WatchOS.platform/Developer/Library/Frameworks -F /Applications/Xcode-27.0.0-Release.Candidate.app/Contents/Developer/Platforms/WatchOS.platform/Developer/SDKs/WatchOS27.0.sdk/Developer/Library/Frameworks -c -j10 -enable-batch-mode -incremental -Xcc -ivfsstatcache -Xcc /Users/admin/builder/spi-builder-workspace/.derivedData/SDKStatCaches.noindex/watchos27.0-24R360-e829b21a6f8c9b70876ba0858053c04477534ef55a1706bf4c1112bbb242f0a2.sdkstatcache -output-file-map /Users/admin/builder/spi-builder-workspace/.derivedData/Build/Intermediates.noindex/swift-create-xcframework.build/Debug-watchos/swift-create-xcframework-p.build/Objects-normal/arm64_32/swift-create-xcframework-OutputFileMap.json -save-temps -no-color-diagnostics -explicit-module-build -module-cache-path /Users/admin/builder/spi-builder-workspace/.derivedData/Build/Intermediates.noindex/SwiftExplicitPrecompiledModules -clang-scanner-module-cache-path /Users/admin/builder/spi-builder-workspace/.derivedData/ModuleCache.noindex -sdk-module-cache-path /Users/admin/builder/spi-builder-workspace/.derivedData/SDKExplicitPrecompiledModules -emit-dependencies -emit-module -emit-module-path /Users/admin/builder/spi-builder-workspace/.derivedData/Build/Intermediates.noindex/swift-create-xcframework.build/Debug-watchos/swift-create-xcframework-p.build/Objects-normal/arm64_32/CreateXCFramework.swiftmodule -serialize-diagnostics -dependency-scan-serialize-diagnostics-path /Users/admin/builder/spi-builder-workspace/.derivedData/Build/Intermediates.noindex/swift-create-xcframework.build/Debug-watchos/swift-create-xcframework-p.build/Objects-normal/arm64_32/CreateXCFramework-dependency-scan.dia -validate-clang-modules-once -clang-build-session-file /Users/admin/builder/spi-builder-workspace/.derivedData/ModuleCache.noindex/Session.modulevalidation -Xcc -fmodules-prune-interval\=86400 -Xcc -fmodules-prune-after\=345600 -emit-const-values -const-gather-protocols-list /Users/admin/builder/spi-builder-workspace/.derivedData/Build/Intermediates.noindex/swift-create-xcframework.build/Debug-watchos/swift-create-xcframework-p.build/Objects-normal/arm64_32/swift-create-xcframework_const_extract_protocols.json -Xcc -I/Users/admin/builder/spi-builder-workspace/.dependencies/checkouts/swift-crypto/Sources/CCryptoBoringSSLShims/include -Xcc -I/Users/admin/builder/spi-builder-workspace/.dependencies/checkouts/swift-crypto/Sources/CCryptoBoringSSL/include -Xcc -I/Users/admin/builder/spi-builder-workspace/.dependencies/checkouts/swift-llbuild/products/libllbuild/include -Xcc -I/Users/admin/builder/spi-builder-workspace/.dependencies/checkouts/swift-llbuild/lib/Ninja/include -Xcc -I/Users/admin/builder/spi-builder-workspace/.dependencies/checkouts/swift-llbuild/lib/BuildSystem/include -Xcc -I/Users/admin/builder/spi-builder-workspace/.dependencies/checkouts/swift-llbuild/lib/Core/include -Xcc -I/Users/admin/builder/spi-builder-workspace/.dependencies/checkouts/swift-llbuild/lib/Basic/include -Xcc -I/Users/admin/builder/spi-builder-workspace/.dependencies/checkouts/swift-llbuild/lib/llvm/Support/include -Xcc -I/Users/admin/builder/spi-builder-workspace/.dependencies/checkouts/swift-llbuild/lib/llvm/Demangle/include -Xcc -I/Users/admin/builder/spi-builder-workspace/.dependencies/checkouts/Yams/Sources/CYaml/include -Xcc -I/Users/admin/builder/spi-builder-workspace/.dependencies/checkouts/swift-driver/Sources/CSwiftScan/include -Xcc -I/Users/admin/builder/spi-builder-workspace/.dependencies/checkouts/swift-system/Sources/CSystem/include -Xcc -I/Users/admin/builder/spi-builder-workspace/.dependencies/checkouts/swift-tools-support-core/Sources/TSCclibc/include -Xcc -I/Users/admin/builder/spi-builder-workspace/.derivedData/Build/Products/Debug-watchos/include -Xcc -I/Users/admin/builder/spi-builder-workspace/.derivedData/Build/Intermediates.noindex/swift-create-xcframework.build/Debug-watchos/swift-create-xcframework-p.build/DerivedSources-normal/arm64_32 -Xcc -I/Users/admin/builder/spi-builder-workspace/.derivedData/Build/Intermediates.noindex/swift-create-xcframework.build/Debug-watchos/swift-create-xcframework-p.build/DerivedSources/arm64_32 -Xcc -I/Users/admin/builder/spi-builder-workspace/.derivedData/Build/Intermediates.noindex/swift-create-xcframework.build/Debug-watchos/swift-create-xcframework-p.build/DerivedSources -Xcc -DSWIFT_PACKAGE -Xcc -DDEBUG\=1 -working-directory /Users/admin/builder/spi-builder-workspace/.swiftpm/xcode -experimental-emit-module-separately -disable-cmo
/Users/admin/builder/spi-builder-workspace/Sources/CreateXCFramework/Command+Options.swift:49:16: warning: Extraneous whitespace between attribute name and '('; this is an error in the Swift 6 language mode (in target 'swift-create-xcframework-product' from project 'swift-create-xcframework')
/Users/admin/builder/spi-builder-workspace/Sources/CreateXCFramework/Command+Options.swift:64:16: warning: Extraneous whitespace between attribute name and '('; this is an error in the Swift 6 language mode (in target 'swift-create-xcframework-product' from project 'swift-create-xcframework')
SwiftDriverJobDiscovery normal arm64_32 Compiling Workspace.swift (in target 'Workspace' from project 'SwiftPM')
SwiftDriver\ Compilation Workspace normal arm64_32 com.apple.xcode.tools.swift.compiler (in target 'Workspace' from project 'SwiftPM')
    cd /Users/admin/builder/spi-builder-workspace/.swiftpm/xcode
    builtin-Swift-Compilation -- /Applications/Xcode-27.0.0-Release.Candidate.app/Contents/Developer/Toolchains/XcodeDefault.xctoolchain/usr/bin/swiftc -parse-as-library -module-name Workspace -Onone @/Users/admin/builder/spi-builder-workspace/.derivedData/Build/Intermediates.noindex/SwiftPM.build/Debug-watchos/Workspace-t.build/Objects-normal/arm64_32/Workspace.SwiftFileList -DSWIFT_PACKAGE -DDEBUG -DSWIFT_MODULE_RESOURCE_BUNDLE_UNAVAILABLE -Xcc -fmodule-map-file\=/Users/admin/builder/spi-builder-workspace/.dependencies/checkouts/swift-tools-support-core/Sources/TSCclibc/include/module.modulemap -Xcc -fmodule-map-file\=/Users/admin/builder/spi-builder-workspace/.dependencies/checkouts/swift-system/Sources/CSystem/include/module.modulemap -DXcode -plugin-path /Applications/Xcode-27.0.0-Release.Candidate.app/Contents/Developer/Toolchains/XcodeDefault.xctoolchain/usr/lib/swift/host/plugins/testing -enable-experimental-feature DebugDescriptionMacro -sdk /Applications/Xcode-27.0.0-Release.Candidate.app/Contents/Developer/Platforms/WatchOS.platform/Developer/SDKs/WatchOS27.0.sdk -target arm64_32-apple-watchos9.0 -g -module-cache-path /Users/admin/builder/spi-builder-workspace/.derivedData/ModuleCache.noindex -Xfrontend -serialize-debugging-options -profile-coverage-mapping -profile-generate -enable-testing -suppress-warnings -index-store-path /Users/admin/builder/spi-builder-workspace/.derivedData/Index.noindex/DataStore -Xcc -D_LIBCPP_HARDENING_MODE\=_LIBCPP_HARDENING_MODE_DEBUG -swift-version 5 -I /Users/admin/builder/spi-builder-workspace/.derivedData/Build/Products/Debug-watchos -Isystem /Applications/Xcode-27.0.0-Release.Candidate.app/Contents/Developer/Platforms/WatchOS.platform/Developer/usr/lib -F /Users/admin/builder/spi-builder-workspace/.derivedData/Build/Products/Debug-watchos/PackageFrameworks -F /Users/admin/builder/spi-builder-workspace/.derivedData/Build/Products/Debug-watchos -F /Applications/Xcode-27.0.0-Release.Candidate.app/Contents/Developer/Platforms/WatchOS.platform/Developer/Library/Frameworks -F /Applications/Xcode-27.0.0-Release.Candidate.app/Contents/Developer/Platforms/WatchOS.platform/Developer/SDKs/WatchOS27.0.sdk/Developer/Library/Frameworks -c -j10 -enable-batch-mode -incremental -Xcc -ivfsstatcache -Xcc /Users/admin/builder/spi-builder-workspace/.derivedData/SDKStatCaches.noindex/watchos27.0-24R360-e829b21a6f8c9b70876ba0858053c04477534ef55a1706bf4c1112bbb242f0a2.sdkstatcache -output-file-map /Users/admin/builder/spi-builder-workspace/.derivedData/Build/Intermediates.noindex/SwiftPM.build/Debug-watchos/Workspace-t.build/Objects-normal/arm64_32/Workspace-OutputFileMap.json -save-temps -no-color-diagnostics -explicit-module-build -module-cache-path /Users/admin/builder/spi-builder-workspace/.derivedData/Build/Intermediates.noindex/SwiftExplicitPrecompiledModules -clang-scanner-module-cache-path /Users/admin/builder/spi-builder-workspace/.derivedData/ModuleCache.noindex -sdk-module-cache-path /Users/admin/builder/spi-builder-workspace/.derivedData/SDKExplicitPrecompiledModules -emit-dependencies -emit-module -emit-module-path /Users/admin/builder/spi-builder-workspace/.derivedData/Build/Intermediates.noindex/SwiftPM.build/Debug-watchos/Workspace-t.build/Objects-normal/arm64_32/Workspace.swiftmodule -serialize-diagnostics -dependency-scan-serialize-diagnostics-path /Users/admin/builder/spi-builder-workspace/.derivedData/Build/Intermediates.noindex/SwiftPM.build/Debug-watchos/Workspace-t.build/Objects-normal/arm64_32/Workspace-dependency-scan.dia -validate-clang-modules-once -clang-build-session-file /Users/admin/builder/spi-builder-workspace/.derivedData/ModuleCache.noindex/Session.modulevalidation -Xcc -fmodules-prune-interval\=86400 -Xcc -fmodules-prune-after\=345600 -emit-const-values -const-gather-protocols-list /Users/admin/builder/spi-builder-workspace/.derivedData/Build/Intermediates.noindex/SwiftPM.build/Debug-watchos/Workspace-t.build/Objects-normal/arm64_32/Workspace_const_extract_protocols.json -Xcc -I/Users/admin/builder/spi-builder-workspace/.dependencies/checkouts/swift-tools-support-core/Sources/TSCclibc/include -Xcc -I/Users/admin/builder/spi-builder-workspace/.dependencies/checkouts/swift-system/Sources/CSystem/include -Xcc -I/Users/admin/builder/spi-builder-workspace/.derivedData/Build/Products/Debug-watchos/include -Xcc -I/Users/admin/builder/spi-builder-workspace/.derivedData/Build/Intermediates.noindex/SwiftPM.build/Debug-watchos/Workspace-t.build/DerivedSources-normal/arm64_32 -Xcc -I/Users/admin/builder/spi-builder-workspace/.derivedData/Build/Intermediates.noindex/SwiftPM.build/Debug-watchos/Workspace-t.build/DerivedSources/arm64_32 -Xcc -I/Users/admin/builder/spi-builder-workspace/.derivedData/Build/Intermediates.noindex/SwiftPM.build/Debug-watchos/Workspace-t.build/DerivedSources -Xcc -DSWIFT_PACKAGE -Xcc -DDEBUG\=1 -emit-objc-header -emit-objc-header-path /Users/admin/builder/spi-builder-workspace/.derivedData/Build/Intermediates.noindex/SwiftPM.build/Debug-watchos/Workspace-t.build/Objects-normal/arm64_32/Workspace-Swift.h -working-directory /Users/admin/builder/spi-builder-workspace/.swiftpm/xcode -experimental-emit-module-separately -disable-cmo
SwiftDriverJobDiscovery normal arm64 Compiling LLBuildManifestBuilder.swift (in target 'Build' from project 'SwiftPM')
SwiftDriverJobDiscovery normal arm64 Compiling PluginContextSerializer.swift (in target 'SPMBuildCore' from project 'SwiftPM')
SwiftCompile normal arm64 Compiling\ PackageModel+Extensions.swift /Users/admin/builder/spi-builder-workspace/Sources/CreateXCFramework/Extensions/PackageModel+Extensions.swift (in target 'swift-create-xcframework-product' from project 'swift-create-xcframework')
SwiftCompile normal arm64 /Users/admin/builder/spi-builder-workspace/Sources/CreateXCFramework/Extensions/PackageModel+Extensions.swift (in target 'swift-create-xcframework-product' from project 'swift-create-xcframework')
    cd /Users/admin/builder/spi-builder-workspace/.swiftpm/xcode
    builtin-SwiftPerFileCompile PackageModel+Extensions.swift
SwiftCompile normal arm64 Compiling\ Command.swift,\ Collection+Extensions.swift /Users/admin/builder/spi-builder-workspace/Sources/CreateXCFramework/Command.swift /Users/admin/builder/spi-builder-workspace/Sources/CreateXCFramework/Extensions/Collection+Extensions.swift (in target 'swift-create-xcframework-product' from project 'swift-create-xcframework')
/Users/admin/builder/spi-builder-workspace/Sources/CreateXCFramework/Command+Options.swift:49:16: warning: extraneous whitespace between attribute name and '('; this is an error in the Swift 6 language mode
47 |         // MARK: - Output Options
48 |
49 |         @Option (
   |                `- warning: extraneous whitespace between attribute name and '('; this is an error in the Swift 6 language mode
50 |             help: ArgumentHelp (
51 |                 "A list of platforms you want to build for. Can be specified multiple times."
/Users/admin/builder/spi-builder-workspace/Sources/CreateXCFramework/Command+Options.swift:64:16: warning: extraneous whitespace between attribute name and '('; this is an error in the Swift 6 language mode
62 |         var zip = false
63 |
64 |         @Option (
   |                `- warning: extraneous whitespace between attribute name and '('; this is an error in the Swift 6 language mode
65 |             help: ArgumentHelp (
66 |                 "The version number to append to the name of the zip file\n\nIf the target you are packaging is a dependency,"
SwiftCompile normal arm64 /Users/admin/builder/spi-builder-workspace/Sources/CreateXCFramework/Command.swift (in target 'swift-create-xcframework-product' from project 'swift-create-xcframework')
    cd /Users/admin/builder/spi-builder-workspace/.swiftpm/xcode
    builtin-SwiftPerFileCompile Command.swift
SwiftCompile normal arm64 /Users/admin/builder/spi-builder-workspace/Sources/CreateXCFramework/Extensions/Collection+Extensions.swift (in target 'swift-create-xcframework-product' from project 'swift-create-xcframework')
    cd /Users/admin/builder/spi-builder-workspace/.swiftpm/xcode
    builtin-SwiftPerFileCompile Collection+Extensions.swift
SwiftEmitModule normal arm64 Emitting\ module\ for\ CreateXCFramework (in target 'swift-create-xcframework-product' from project 'swift-create-xcframework')
/Users/admin/builder/spi-builder-workspace/Sources/CreateXCFramework/Command+Options.swift:49:16: warning: extraneous whitespace between attribute name and '('; this is an error in the Swift 6 language mode
47 |         // MARK: - Output Options
48 |
49 |         @Option (
   |                `- warning: extraneous whitespace between attribute name and '('; this is an error in the Swift 6 language mode
50 |             help: ArgumentHelp (
51 |                 "A list of platforms you want to build for. Can be specified multiple times."
/Users/admin/builder/spi-builder-workspace/Sources/CreateXCFramework/Command+Options.swift:64:16: warning: extraneous whitespace between attribute name and '('; this is an error in the Swift 6 language mode
62 |         var zip = false
63 |
64 |         @Option (
   |                `- warning: extraneous whitespace between attribute name and '('; this is an error in the Swift 6 language mode
65 |             help: ArgumentHelp (
66 |                 "The version number to append to the name of the zip file\n\nIf the target you are packaging is a dependency,"
/Users/admin/builder/spi-builder-workspace/Sources/CreateXCFramework/Command+Options.swift:88:1: warning: extension declares a conformance of imported type 'BuildConfiguration' to imported protocol 'ExpressibleByArgument'; this will not behave correctly if the owners of 'PackageModel' introduce this conformance in the future
86 | // MARK: - ParsableArguments Extensions
87 |
88 | extension PackageModel.BuildConfiguration: ExpressibleByArgument {}
   | |- warning: extension declares a conformance of imported type 'BuildConfiguration' to imported protocol 'ExpressibleByArgument'; this will not behave correctly if the owners of 'PackageModel' introduce this conformance in the future
   | `- note: add '@retroactive' to silence this warning
89 |
/Users/admin/builder/spi-builder-workspace/Sources/CreateXCFramework/PackageInfo.swift:273:1: warning: extension declares a conformance of imported type 'SupportedPlatform' to imported protocol 'Comparable'; this will not behave correctly if the owners of 'PackageModel' introduce this conformance in the future
271 | }
272 |
273 | extension SupportedPlatform: Comparable {
    | |- warning: extension declares a conformance of imported type 'SupportedPlatform' to imported protocol 'Comparable'; this will not behave correctly if the owners of 'PackageModel' introduce this conformance in the future
    | `- note: add '@retroactive' to silence this warning
274 |     public static func == (lhs: SupportedPlatform, rhs: SupportedPlatform) -> Bool {
275 |         return lhs.platform == rhs.platform && lhs.version == rhs.version
SwiftCompile normal arm64 (in target 'swift-create-xcframework-product' from project 'swift-create-xcframework')
    cd /Users/admin/builder/spi-builder-workspace/.swiftpm/xcode

SwiftCompile normal arm64 Compiling\ PackageInfo.swift /Users/admin/builder/spi-builder-workspace/Sources/CreateXCFramework/PackageInfo.swift (in target 'swift-create-xcframework-product' from project 'swift-create-xcframework')
/Users/admin/builder/spi-builder-workspace/Sources/CreateXCFramework/Command+Options.swift:49:16: warning: extraneous whitespace between attribute name and '('; this is an error in the Swift 6 language mode
47 |         // MARK: - Output Options
48 |
49 |         @Option (
   |                `- warning: extraneous whitespace between attribute name and '('; this is an error in the Swift 6 language mode
50 |             help: ArgumentHelp (
51 |                 "A list of platforms you want to build for. Can be specified multiple times."
/Users/admin/builder/spi-builder-workspace/Sources/CreateXCFramework/Command+Options.swift:64:16: warning: extraneous whitespace between attribute name and '('; this is an error in the Swift 6 language mode
62 |         var zip = false
63 |
64 |         @Option (
   |                `- warning: extraneous whitespace between attribute name and '('; this is an error in the Swift 6 language mode
65 |             help: ArgumentHelp (
66 |                 "The version number to append to the name of the zip file\n\nIf the target you are packaging is a dependency,"
/Users/admin/builder/spi-builder-workspace/Sources/CreateXCFramework/PackageInfo.swift:273:1: warning: extension declares a conformance of imported type 'SupportedPlatform' to imported protocol 'Comparable'; this will not behave correctly if the owners of 'PackageModel' introduce this conformance in the future
271 | }
272 |
273 | extension SupportedPlatform: Comparable {
    | |- warning: extension declares a conformance of imported type 'SupportedPlatform' to imported protocol 'Comparable'; this will not behave correctly if the owners of 'PackageModel' introduce this conformance in the future
    | `- note: add '@retroactive' to silence this warning
274 |     public static func == (lhs: SupportedPlatform, rhs: SupportedPlatform) -> Bool {
275 |         return lhs.platform == rhs.platform && lhs.version == rhs.version
SwiftCompile normal arm64 /Users/admin/builder/spi-builder-workspace/Sources/CreateXCFramework/PackageInfo.swift (in target 'swift-create-xcframework-product' from project 'swift-create-xcframework')
    cd /Users/admin/builder/spi-builder-workspace/.swiftpm/xcode
    builtin-SwiftPerFileCompile PackageInfo.swift
SwiftEmitModule normal arm64_32 Emitting\ module\ for\ CreateXCFramework (in target 'swift-create-xcframework-product' from project 'swift-create-xcframework')
/Users/admin/builder/spi-builder-workspace/Sources/CreateXCFramework/Command+Options.swift:49:16: warning: extraneous whitespace between attribute name and '('; this is an error in the Swift 6 language mode
47 |         // MARK: - Output Options
48 |
49 |         @Option (
   |                `- warning: extraneous whitespace between attribute name and '('; this is an error in the Swift 6 language mode
50 |             help: ArgumentHelp (
51 |                 "A list of platforms you want to build for. Can be specified multiple times."
/Users/admin/builder/spi-builder-workspace/Sources/CreateXCFramework/Command+Options.swift:64:16: warning: extraneous whitespace between attribute name and '('; this is an error in the Swift 6 language mode
62 |         var zip = false
63 |
64 |         @Option (
   |                `- warning: extraneous whitespace between attribute name and '('; this is an error in the Swift 6 language mode
65 |             help: ArgumentHelp (
66 |                 "The version number to append to the name of the zip file\n\nIf the target you are packaging is a dependency,"
/Users/admin/builder/spi-builder-workspace/Sources/CreateXCFramework/Command+Options.swift:88:1: warning: extension declares a conformance of imported type 'BuildConfiguration' to imported protocol 'ExpressibleByArgument'; this will not behave correctly if the owners of 'PackageModel' introduce this conformance in the future
86 | // MARK: - ParsableArguments Extensions
87 |
88 | extension PackageModel.BuildConfiguration: ExpressibleByArgument {}
   | |- warning: extension declares a conformance of imported type 'BuildConfiguration' to imported protocol 'ExpressibleByArgument'; this will not behave correctly if the owners of 'PackageModel' introduce this conformance in the future
   | `- note: add '@retroactive' to silence this warning
89 |
/Users/admin/builder/spi-builder-workspace/Sources/CreateXCFramework/PackageInfo.swift:273:1: warning: extension declares a conformance of imported type 'SupportedPlatform' to imported protocol 'Comparable'; this will not behave correctly if the owners of 'PackageModel' introduce this conformance in the future
271 | }
272 |
273 | extension SupportedPlatform: Comparable {
    | |- warning: extension declares a conformance of imported type 'SupportedPlatform' to imported protocol 'Comparable'; this will not behave correctly if the owners of 'PackageModel' introduce this conformance in the future
    | `- note: add '@retroactive' to silence this warning
274 |     public static func == (lhs: SupportedPlatform, rhs: SupportedPlatform) -> Bool {
275 |         return lhs.platform == rhs.platform && lhs.version == rhs.version
SwiftCompile normal arm64_32 (in target 'swift-create-xcframework-product' from project 'swift-create-xcframework')
    cd /Users/admin/builder/spi-builder-workspace/.swiftpm/xcode

SwiftDriverJobDiscovery normal arm64 Compiling PluginInvocation.swift (in target 'SPMBuildCore' from project 'SwiftPM')
SwiftCompile normal arm64_32 Compiling\ XcodeBuilder.swift /Users/admin/builder/spi-builder-workspace/Sources/CreateXCFramework/XcodeBuilder.swift (in target 'swift-create-xcframework-product' from project 'swift-create-xcframework')
/Users/admin/builder/spi-builder-workspace/Sources/CreateXCFramework/Command+Options.swift:49:16: warning: extraneous whitespace between attribute name and '('; this is an error in the Swift 6 language mode
47 |         // MARK: - Output Options
48 |
49 |         @Option (
   |                `- warning: extraneous whitespace between attribute name and '('; this is an error in the Swift 6 language mode
50 |             help: ArgumentHelp (
51 |                 "A list of platforms you want to build for. Can be specified multiple times."
/Users/admin/builder/spi-builder-workspace/Sources/CreateXCFramework/Command+Options.swift:64:16: warning: extraneous whitespace between attribute name and '('; this is an error in the Swift 6 language mode
62 |         var zip = false
63 |
64 |         @Option (
   |                `- warning: extraneous whitespace between attribute name and '('; this is an error in the Swift 6 language mode
65 |             help: ArgumentHelp (
66 |                 "The version number to append to the name of the zip file\n\nIf the target you are packaging is a dependency,"
SwiftCompile normal arm64_32 /Users/admin/builder/spi-builder-workspace/Sources/CreateXCFramework/XcodeBuilder.swift (in target 'swift-create-xcframework-product' from project 'swift-create-xcframework')
    cd /Users/admin/builder/spi-builder-workspace/.swiftpm/xcode
    builtin-SwiftPerFileCompile XcodeBuilder.swift
SwiftDriverJobDiscovery normal arm64 Compiling BuildOperationBuildSystemDelegateHandler.swift (in target 'Build' from project 'SwiftPM')
SwiftCompile normal arm64 Compiling\ Platforms.swift /Users/admin/builder/spi-builder-workspace/Sources/CreateXCFramework/Platforms.swift (in target 'swift-create-xcframework-product' from project 'swift-create-xcframework')
SwiftCompile normal arm64 /Users/admin/builder/spi-builder-workspace/Sources/CreateXCFramework/Platforms.swift (in target 'swift-create-xcframework-product' from project 'swift-create-xcframework')
    cd /Users/admin/builder/spi-builder-workspace/.swiftpm/xcode
    builtin-SwiftPerFileCompile Platforms.swift
SwiftDriverJobDiscovery normal arm64_32 Compiling BuildPlan.swift (in target 'Build' from project 'SwiftPM')
SwiftCompile normal arm64 Compiling\ ProjectGenerator.swift /Users/admin/builder/spi-builder-workspace/Sources/CreateXCFramework/ProjectGenerator.swift (in target 'swift-create-xcframework-product' from project 'swift-create-xcframework')
/Users/admin/builder/spi-builder-workspace/Sources/CreateXCFramework/Command+Options.swift:49:16: warning: extraneous whitespace between attribute name and '('; this is an error in the Swift 6 language mode
47 |         // MARK: - Output Options
48 |
49 |         @Option (
   |                `- warning: extraneous whitespace between attribute name and '('; this is an error in the Swift 6 language mode
50 |             help: ArgumentHelp (
51 |                 "A list of platforms you want to build for. Can be specified multiple times."
/Users/admin/builder/spi-builder-workspace/Sources/CreateXCFramework/Command+Options.swift:64:16: warning: extraneous whitespace between attribute name and '('; this is an error in the Swift 6 language mode
62 |         var zip = false
63 |
64 |         @Option (
   |                `- warning: extraneous whitespace between attribute name and '('; this is an error in the Swift 6 language mode
65 |             help: ArgumentHelp (
66 |                 "The version number to append to the name of the zip file\n\nIf the target you are packaging is a dependency,"
SwiftCompile normal arm64 /Users/admin/builder/spi-builder-workspace/Sources/CreateXCFramework/ProjectGenerator.swift (in target 'swift-create-xcframework-product' from project 'swift-create-xcframework')
    cd /Users/admin/builder/spi-builder-workspace/.swiftpm/xcode
    builtin-SwiftPerFileCompile ProjectGenerator.swift
SwiftDriverJobDiscovery normal arm64 Compiling PackageModel+Extensions.swift (in target 'swift-create-xcframework-product' from project 'swift-create-xcframework')
SwiftCompile normal arm64 Compiling\ Xcodeproj+ProductValidation.swift /Users/admin/builder/spi-builder-workspace/Sources/CreateXCFramework/Extensions/Xcodeproj+ProductValidation.swift (in target 'swift-create-xcframework-product' from project 'swift-create-xcframework')
SwiftCompile normal arm64 /Users/admin/builder/spi-builder-workspace/Sources/CreateXCFramework/Extensions/Xcodeproj+ProductValidation.swift (in target 'swift-create-xcframework-product' from project 'swift-create-xcframework')
    cd /Users/admin/builder/spi-builder-workspace/.swiftpm/xcode
    builtin-SwiftPerFileCompile Xcodeproj+ProductValidation.swift
SwiftDriverJobDiscovery normal arm64_32 Compiling BuildOperationBuildSystemDelegateHandler.swift (in target 'Build' from project 'SwiftPM')
SwiftCompile normal arm64_32 Compiling\ PackageInfo.swift /Users/admin/builder/spi-builder-workspace/Sources/CreateXCFramework/PackageInfo.swift (in target 'swift-create-xcframework-product' from project 'swift-create-xcframework')
/Users/admin/builder/spi-builder-workspace/Sources/CreateXCFramework/Command+Options.swift:49:16: warning: extraneous whitespace between attribute name and '('; this is an error in the Swift 6 language mode
47 |         // MARK: - Output Options
48 |
49 |         @Option (
   |                `- warning: extraneous whitespace between attribute name and '('; this is an error in the Swift 6 language mode
50 |             help: ArgumentHelp (
51 |                 "A list of platforms you want to build for. Can be specified multiple times."
/Users/admin/builder/spi-builder-workspace/Sources/CreateXCFramework/Command+Options.swift:64:16: warning: extraneous whitespace between attribute name and '('; this is an error in the Swift 6 language mode
62 |         var zip = false
63 |
64 |         @Option (
   |                `- warning: extraneous whitespace between attribute name and '('; this is an error in the Swift 6 language mode
65 |             help: ArgumentHelp (
66 |                 "The version number to append to the name of the zip file\n\nIf the target you are packaging is a dependency,"
/Users/admin/builder/spi-builder-workspace/Sources/CreateXCFramework/PackageInfo.swift:273:1: warning: extension declares a conformance of imported type 'SupportedPlatform' to imported protocol 'Comparable'; this will not behave correctly if the owners of 'PackageModel' introduce this conformance in the future
271 | }
272 |
273 | extension SupportedPlatform: Comparable {
    | |- warning: extension declares a conformance of imported type 'SupportedPlatform' to imported protocol 'Comparable'; this will not behave correctly if the owners of 'PackageModel' introduce this conformance in the future
    | `- note: add '@retroactive' to silence this warning
274 |     public static func == (lhs: SupportedPlatform, rhs: SupportedPlatform) -> Bool {
275 |         return lhs.platform == rhs.platform && lhs.version == rhs.version
SwiftCompile normal arm64_32 /Users/admin/builder/spi-builder-workspace/Sources/CreateXCFramework/PackageInfo.swift (in target 'swift-create-xcframework-product' from project 'swift-create-xcframework')
    cd /Users/admin/builder/spi-builder-workspace/.swiftpm/xcode
    builtin-SwiftPerFileCompile PackageInfo.swift
SwiftDriverJobDiscovery normal arm64_32 Emitting module for CreateXCFramework (in target 'swift-create-xcframework-product' from project 'swift-create-xcframework')
SwiftCompile normal arm64_32 Compiling\ Platforms.swift /Users/admin/builder/spi-builder-workspace/Sources/CreateXCFramework/Platforms.swift (in target 'swift-create-xcframework-product' from project 'swift-create-xcframework')
SwiftCompile normal arm64_32 /Users/admin/builder/spi-builder-workspace/Sources/CreateXCFramework/Platforms.swift (in target 'swift-create-xcframework-product' from project 'swift-create-xcframework')
    cd /Users/admin/builder/spi-builder-workspace/.swiftpm/xcode
    builtin-SwiftPerFileCompile Platforms.swift
SwiftDriverJobDiscovery normal arm64 Emitting module for CreateXCFramework (in target 'swift-create-xcframework-product' from project 'swift-create-xcframework')
SwiftDriver\ Compilation\ Requirements swift-create-xcframework normal arm64_32 com.apple.xcode.tools.swift.compiler (in target 'swift-create-xcframework-product' from project 'swift-create-xcframework')
    cd /Users/admin/builder/spi-builder-workspace/.swiftpm/xcode
    builtin-Swift-Compilation-Requirements -- /Applications/Xcode-27.0.0-Release.Candidate.app/Contents/Developer/Toolchains/XcodeDefault.xctoolchain/usr/bin/swiftc -module-name CreateXCFramework -Onone @/Users/admin/builder/spi-builder-workspace/.derivedData/Build/Intermediates.noindex/swift-create-xcframework.build/Debug-watchos/swift-create-xcframework-p.build/Objects-normal/arm64_32/swift-create-xcframework.SwiftFileList -DSWIFT_PACKAGE -DDEBUG -Xcc -fmodule-map-file\=/Users/admin/builder/spi-builder-workspace/.dependencies/checkouts/swift-crypto/Sources/CCryptoBoringSSLShims/include/module.modulemap -Xcc -fmodule-map-file\=/Users/admin/builder/spi-builder-workspace/.dependencies/checkouts/swift-crypto/Sources/CCryptoBoringSSL/include/module.modulemap -Xcc -fmodule-map-file\=/Users/admin/builder/spi-builder-workspace/.dependencies/checkouts/swift-llbuild/products/libllbuild/include/module.modulemap -Xcc -fmodule-map-file\=/Users/admin/builder/spi-builder-workspace/.derivedData/Build/Intermediates.noindex/GeneratedModuleMaps-watchos/llbuildNinja.modulemap -Xcc -fmodule-map-file\=/Users/admin/builder/spi-builder-workspace/.derivedData/Build/Intermediates.noindex/GeneratedModuleMaps-watchos/llbuildBuildSystem.modulemap -Xcc -fmodule-map-file\=/Users/admin/builder/spi-builder-workspace/.derivedData/Build/Intermediates.noindex/GeneratedModuleMaps-watchos/llbuildCore.modulemap -Xcc -fmodule-map-file\=/Users/admin/builder/spi-builder-workspace/.derivedData/Build/Intermediates.noindex/GeneratedModuleMaps-watchos/llbuildBasic.modulemap -Xcc -fmodule-map-file\=/Users/admin/builder/spi-builder-workspace/.derivedData/Build/Intermediates.noindex/GeneratedModuleMaps-watchos/llvmSupport.modulemap -Xcc -fmodule-map-file\=/Users/admin/builder/spi-builder-workspace/.derivedData/Build/Intermediates.noindex/GeneratedModuleMaps-watchos/llvmDemangle.modulemap -Xcc -fmodule-map-file\=/Users/admin/builder/spi-builder-workspace/.dependencies/checkouts/Yams/Sources/CYaml/include/module.modulemap -Xcc -fmodule-map-file\=/Users/admin/builder/spi-builder-workspace/.dependencies/checkouts/swift-driver/Sources/CSwiftScan/include/module.modulemap -Xcc -fmodule-map-file\=/Users/admin/builder/spi-builder-workspace/.dependencies/checkouts/swift-system/Sources/CSystem/include/module.modulemap -Xcc -fmodule-map-file\=/Users/admin/builder/spi-builder-workspace/.dependencies/checkouts/swift-tools-support-core/Sources/TSCclibc/include/module.modulemap -DXcode -plugin-path /Applications/Xcode-27.0.0-Release.Candidate.app/Contents/Developer/Toolchains/XcodeDefault.xctoolchain/usr/lib/swift/host/plugins/testing -enable-experimental-feature DebugDescriptionMacro -sdk /Applications/Xcode-27.0.0-Release.Candidate.app/Contents/Developer/Platforms/WatchOS.platform/Developer/SDKs/WatchOS27.0.sdk -target arm64_32-apple-watchos9.0 -g -module-cache-path /Users/admin/builder/spi-builder-workspace/.derivedData/ModuleCache.noindex -Xfrontend -serialize-debugging-options -profile-coverage-mapping -profile-generate -enable-testing -index-store-path /Users/admin/builder/spi-builder-workspace/.derivedData/Index.noindex/DataStore -Xcc -D_LIBCPP_HARDENING_MODE\=_LIBCPP_HARDENING_MODE_DEBUG -swift-version 5 -I /Users/admin/builder/spi-builder-workspace/.derivedData/Build/Products/Debug-watchos -Isystem /Applications/Xcode-27.0.0-Release.Candidate.app/Contents/Developer/Platforms/WatchOS.platform/Developer/usr/lib -F /Users/admin/builder/spi-builder-workspace/.derivedData/Build/Products/Debug-watchos/PackageFrameworks -F /Users/admin/builder/spi-builder-workspace/.derivedData/Build/Products/Debug-watchos -F /Applications/Xcode-27.0.0-Release.Candidate.app/Contents/Developer/Platforms/WatchOS.platform/Developer/Library/Frameworks -F /Applications/Xcode-27.0.0-Release.Candidate.app/Contents/Developer/Platforms/WatchOS.platform/Developer/SDKs/WatchOS27.0.sdk/Developer/Library/Frameworks -c -j10 -enable-batch-mode -incremental -Xcc -ivfsstatcache -Xcc /Users/admin/builder/spi-builder-workspace/.derivedData/SDKStatCaches.noindex/watchos27.0-24R360-e829b21a6f8c9b70876ba0858053c04477534ef55a1706bf4c1112bbb242f0a2.sdkstatcache -output-file-map /Users/admin/builder/spi-builder-workspace/.derivedData/Build/Intermediates.noindex/swift-create-xcframework.build/Debug-watchos/swift-create-xcframework-p.build/Objects-normal/arm64_32/swift-create-xcframework-OutputFileMap.json -save-temps -no-color-diagnostics -explicit-module-build -module-cache-path /Users/admin/builder/spi-builder-workspace/.derivedData/Build/Intermediates.noindex/SwiftExplicitPrecompiledModules -clang-scanner-module-cache-path /Users/admin/builder/spi-builder-workspace/.derivedData/ModuleCache.noindex -sdk-module-cache-path /Users/admin/builder/spi-builder-workspace/.derivedData/SDKExplicitPrecompiledModules -emit-dependencies -emit-module -emit-module-path /Users/admin/builder/spi-builder-workspace/.derivedData/Build/Intermediates.noindex/swift-create-xcframework.build/Debug-watchos/swift-create-xcframework-p.build/Objects-normal/arm64_32/CreateXCFramework.swiftmodule -serialize-diagnostics -dependency-scan-serialize-diagnostics-path /Users/admin/builder/spi-builder-workspace/.derivedData/Build/Intermediates.noindex/swift-create-xcframework.build/Debug-watchos/swift-create-xcframework-p.build/Objects-normal/arm64_32/CreateXCFramework-dependency-scan.dia -validate-clang-modules-once -clang-build-session-file /Users/admin/builder/spi-builder-workspace/.derivedData/ModuleCache.noindex/Session.modulevalidation -Xcc -fmodules-prune-interval\=86400 -Xcc -fmodules-prune-after\=345600 -emit-const-values -const-gather-protocols-list /Users/admin/builder/spi-builder-workspace/.derivedData/Build/Intermediates.noindex/swift-create-xcframework.build/Debug-watchos/swift-create-xcframework-p.build/Objects-normal/arm64_32/swift-create-xcframework_const_extract_protocols.json -Xcc -I/Users/admin/builder/spi-builder-workspace/.dependencies/checkouts/swift-crypto/Sources/CCryptoBoringSSLShims/include -Xcc -I/Users/admin/builder/spi-builder-workspace/.dependencies/checkouts/swift-crypto/Sources/CCryptoBoringSSL/include -Xcc -I/Users/admin/builder/spi-builder-workspace/.dependencies/checkouts/swift-llbuild/products/libllbuild/include -Xcc -I/Users/admin/builder/spi-builder-workspace/.dependencies/checkouts/swift-llbuild/lib/Ninja/include -Xcc -I/Users/admin/builder/spi-builder-workspace/.dependencies/checkouts/swift-llbuild/lib/BuildSystem/include -Xcc -I/Users/admin/builder/spi-builder-workspace/.dependencies/checkouts/swift-llbuild/lib/Core/include -Xcc -I/Users/admin/builder/spi-builder-workspace/.dependencies/checkouts/swift-llbuild/lib/Basic/include -Xcc -I/Users/admin/builder/spi-builder-workspace/.dependencies/checkouts/swift-llbuild/lib/llvm/Support/include -Xcc -I/Users/admin/builder/spi-builder-workspace/.dependencies/checkouts/swift-llbuild/lib/llvm/Demangle/include -Xcc -I/Users/admin/builder/spi-builder-workspace/.dependencies/checkouts/Yams/Sources/CYaml/include -Xcc -I/Users/admin/builder/spi-builder-workspace/.dependencies/checkouts/swift-driver/Sources/CSwiftScan/include -Xcc -I/Users/admin/builder/spi-builder-workspace/.dependencies/checkouts/swift-system/Sources/CSystem/include -Xcc -I/Users/admin/builder/spi-builder-workspace/.dependencies/checkouts/swift-tools-support-core/Sources/TSCclibc/include -Xcc -I/Users/admin/builder/spi-builder-workspace/.derivedData/Build/Products/Debug-watchos/include -Xcc -I/Users/admin/builder/spi-builder-workspace/.derivedData/Build/Intermediates.noindex/swift-create-xcframework.build/Debug-watchos/swift-create-xcframework-p.build/DerivedSources-normal/arm64_32 -Xcc -I/Users/admin/builder/spi-builder-workspace/.derivedData/Build/Intermediates.noindex/swift-create-xcframework.build/Debug-watchos/swift-create-xcframework-p.build/DerivedSources/arm64_32 -Xcc -I/Users/admin/builder/spi-builder-workspace/.derivedData/Build/Intermediates.noindex/swift-create-xcframework.build/Debug-watchos/swift-create-xcframework-p.build/DerivedSources -Xcc -DSWIFT_PACKAGE -Xcc -DDEBUG\=1 -working-directory /Users/admin/builder/spi-builder-workspace/.swiftpm/xcode -experimental-emit-module-separately -disable-cmo
SwiftDriverJobDiscovery normal arm64 Compiling Platforms.swift (in target 'swift-create-xcframework-product' from project 'swift-create-xcframework')
SwiftDriver\ Compilation\ Requirements swift-create-xcframework normal arm64 com.apple.xcode.tools.swift.compiler (in target 'swift-create-xcframework-product' from project 'swift-create-xcframework')
    cd /Users/admin/builder/spi-builder-workspace/.swiftpm/xcode
    builtin-Swift-Compilation-Requirements -- /Applications/Xcode-27.0.0-Release.Candidate.app/Contents/Developer/Toolchains/XcodeDefault.xctoolchain/usr/bin/swiftc -module-name CreateXCFramework -Onone @/Users/admin/builder/spi-builder-workspace/.derivedData/Build/Intermediates.noindex/swift-create-xcframework.build/Debug-watchos/swift-create-xcframework-p.build/Objects-normal/arm64/swift-create-xcframework.SwiftFileList -DSWIFT_PACKAGE -DDEBUG -Xcc -fmodule-map-file\=/Users/admin/builder/spi-builder-workspace/.dependencies/checkouts/swift-crypto/Sources/CCryptoBoringSSLShims/include/module.modulemap -Xcc -fmodule-map-file\=/Users/admin/builder/spi-builder-workspace/.dependencies/checkouts/swift-crypto/Sources/CCryptoBoringSSL/include/module.modulemap -Xcc -fmodule-map-file\=/Users/admin/builder/spi-builder-workspace/.dependencies/checkouts/swift-llbuild/products/libllbuild/include/module.modulemap -Xcc -fmodule-map-file\=/Users/admin/builder/spi-builder-workspace/.derivedData/Build/Intermediates.noindex/GeneratedModuleMaps-watchos/llbuildNinja.modulemap -Xcc -fmodule-map-file\=/Users/admin/builder/spi-builder-workspace/.derivedData/Build/Intermediates.noindex/GeneratedModuleMaps-watchos/llbuildBuildSystem.modulemap -Xcc -fmodule-map-file\=/Users/admin/builder/spi-builder-workspace/.derivedData/Build/Intermediates.noindex/GeneratedModuleMaps-watchos/llbuildCore.modulemap -Xcc -fmodule-map-file\=/Users/admin/builder/spi-builder-workspace/.derivedData/Build/Intermediates.noindex/GeneratedModuleMaps-watchos/llbuildBasic.modulemap -Xcc -fmodule-map-file\=/Users/admin/builder/spi-builder-workspace/.derivedData/Build/Intermediates.noindex/GeneratedModuleMaps-watchos/llvmSupport.modulemap -Xcc -fmodule-map-file\=/Users/admin/builder/spi-builder-workspace/.derivedData/Build/Intermediates.noindex/GeneratedModuleMaps-watchos/llvmDemangle.modulemap -Xcc -fmodule-map-file\=/Users/admin/builder/spi-builder-workspace/.dependencies/checkouts/Yams/Sources/CYaml/include/module.modulemap -Xcc -fmodule-map-file\=/Users/admin/builder/spi-builder-workspace/.dependencies/checkouts/swift-driver/Sources/CSwiftScan/include/module.modulemap -Xcc -fmodule-map-file\=/Users/admin/builder/spi-builder-workspace/.dependencies/checkouts/swift-system/Sources/CSystem/include/module.modulemap -Xcc -fmodule-map-file\=/Users/admin/builder/spi-builder-workspace/.dependencies/checkouts/swift-tools-support-core/Sources/TSCclibc/include/module.modulemap -DXcode -plugin-path /Applications/Xcode-27.0.0-Release.Candidate.app/Contents/Developer/Toolchains/XcodeDefault.xctoolchain/usr/lib/swift/host/plugins/testing -enable-experimental-feature DebugDescriptionMacro -sdk /Applications/Xcode-27.0.0-Release.Candidate.app/Contents/Developer/Platforms/WatchOS.platform/Developer/SDKs/WatchOS27.0.sdk -target arm64-apple-watchos9.0 -g -module-cache-path /Users/admin/builder/spi-builder-workspace/.derivedData/ModuleCache.noindex -Xfrontend -serialize-debugging-options -profile-coverage-mapping -profile-generate -enable-testing -index-store-path /Users/admin/builder/spi-builder-workspace/.derivedData/Index.noindex/DataStore -Xcc -D_LIBCPP_HARDENING_MODE\=_LIBCPP_HARDENING_MODE_DEBUG -swift-version 5 -I /Users/admin/builder/spi-builder-workspace/.derivedData/Build/Products/Debug-watchos -Isystem /Applications/Xcode-27.0.0-Release.Candidate.app/Contents/Developer/Platforms/WatchOS.platform/Developer/usr/lib -F /Users/admin/builder/spi-builder-workspace/.derivedData/Build/Products/Debug-watchos/PackageFrameworks -F /Users/admin/builder/spi-builder-workspace/.derivedData/Build/Products/Debug-watchos -F /Applications/Xcode-27.0.0-Release.Candidate.app/Contents/Developer/Platforms/WatchOS.platform/Developer/Library/Frameworks -F /Applications/Xcode-27.0.0-Release.Candidate.app/Contents/Developer/Platforms/WatchOS.platform/Developer/SDKs/WatchOS27.0.sdk/Developer/Library/Frameworks -c -j10 -enable-batch-mode -incremental -Xcc -ivfsstatcache -Xcc /Users/admin/builder/spi-builder-workspace/.derivedData/SDKStatCaches.noindex/watchos27.0-24R360-e829b21a6f8c9b70876ba0858053c04477534ef55a1706bf4c1112bbb242f0a2.sdkstatcache -output-file-map /Users/admin/builder/spi-builder-workspace/.derivedData/Build/Intermediates.noindex/swift-create-xcframework.build/Debug-watchos/swift-create-xcframework-p.build/Objects-normal/arm64/swift-create-xcframework-OutputFileMap.json -save-temps -no-color-diagnostics -explicit-module-build -module-cache-path /Users/admin/builder/spi-builder-workspace/.derivedData/Build/Intermediates.noindex/SwiftExplicitPrecompiledModules -clang-scanner-module-cache-path /Users/admin/builder/spi-builder-workspace/.derivedData/ModuleCache.noindex -sdk-module-cache-path /Users/admin/builder/spi-builder-workspace/.derivedData/SDKExplicitPrecompiledModules -emit-dependencies -emit-module -emit-module-path /Users/admin/builder/spi-builder-workspace/.derivedData/Build/Intermediates.noindex/swift-create-xcframework.build/Debug-watchos/swift-create-xcframework-p.build/Objects-normal/arm64/CreateXCFramework.swiftmodule -serialize-diagnostics -dependency-scan-serialize-diagnostics-path /Users/admin/builder/spi-builder-workspace/.derivedData/Build/Intermediates.noindex/swift-create-xcframework.build/Debug-watchos/swift-create-xcframework-p.build/Objects-normal/arm64/CreateXCFramework-dependency-scan.dia -validate-clang-modules-once -clang-build-session-file /Users/admin/builder/spi-builder-workspace/.derivedData/ModuleCache.noindex/Session.modulevalidation -Xcc -fmodules-prune-interval\=86400 -Xcc -fmodules-prune-after\=345600 -emit-const-values -const-gather-protocols-list /Users/admin/builder/spi-builder-workspace/.derivedData/Build/Intermediates.noindex/swift-create-xcframework.build/Debug-watchos/swift-create-xcframework-p.build/Objects-normal/arm64/swift-create-xcframework_const_extract_protocols.json -Xcc -I/Users/admin/builder/spi-builder-workspace/.dependencies/checkouts/swift-crypto/Sources/CCryptoBoringSSLShims/include -Xcc -I/Users/admin/builder/spi-builder-workspace/.dependencies/checkouts/swift-crypto/Sources/CCryptoBoringSSL/include -Xcc -I/Users/admin/builder/spi-builder-workspace/.dependencies/checkouts/swift-llbuild/products/libllbuild/include -Xcc -I/Users/admin/builder/spi-builder-workspace/.dependencies/checkouts/swift-llbuild/lib/Ninja/include -Xcc -I/Users/admin/builder/spi-builder-workspace/.dependencies/checkouts/swift-llbuild/lib/BuildSystem/include -Xcc -I/Users/admin/builder/spi-builder-workspace/.dependencies/checkouts/swift-llbuild/lib/Core/include -Xcc -I/Users/admin/builder/spi-builder-workspace/.dependencies/checkouts/swift-llbuild/lib/Basic/include -Xcc -I/Users/admin/builder/spi-builder-workspace/.dependencies/checkouts/swift-llbuild/lib/llvm/Support/include -Xcc -I/Users/admin/builder/spi-builder-workspace/.dependencies/checkouts/swift-llbuild/lib/llvm/Demangle/include -Xcc -I/Users/admin/builder/spi-builder-workspace/.dependencies/checkouts/Yams/Sources/CYaml/include -Xcc -I/Users/admin/builder/spi-builder-workspace/.dependencies/checkouts/swift-driver/Sources/CSwiftScan/include -Xcc -I/Users/admin/builder/spi-builder-workspace/.dependencies/checkouts/swift-system/Sources/CSystem/include -Xcc -I/Users/admin/builder/spi-builder-workspace/.dependencies/checkouts/swift-tools-support-core/Sources/TSCclibc/include -Xcc -I/Users/admin/builder/spi-builder-workspace/.derivedData/Build/Products/Debug-watchos/include -Xcc -I/Users/admin/builder/spi-builder-workspace/.derivedData/Build/Intermediates.noindex/swift-create-xcframework.build/Debug-watchos/swift-create-xcframework-p.build/DerivedSources-normal/arm64 -Xcc -I/Users/admin/builder/spi-builder-workspace/.derivedData/Build/Intermediates.noindex/swift-create-xcframework.build/Debug-watchos/swift-create-xcframework-p.build/DerivedSources/arm64 -Xcc -I/Users/admin/builder/spi-builder-workspace/.derivedData/Build/Intermediates.noindex/swift-create-xcframework.build/Debug-watchos/swift-create-xcframework-p.build/DerivedSources -Xcc -DSWIFT_PACKAGE -Xcc -DDEBUG\=1 -working-directory /Users/admin/builder/spi-builder-workspace/.swiftpm/xcode -experimental-emit-module-separately -disable-cmo
SwiftCompile normal arm64 Compiling\ Zipper.swift /Users/admin/builder/spi-builder-workspace/Sources/CreateXCFramework/Zipper.swift (in target 'swift-create-xcframework-product' from project 'swift-create-xcframework')
/Users/admin/builder/spi-builder-workspace/Sources/CreateXCFramework/Command+Options.swift:49:16: warning: extraneous whitespace between attribute name and '('; this is an error in the Swift 6 language mode
47 |         // MARK: - Output Options
48 |
49 |         @Option (
   |                `- warning: extraneous whitespace between attribute name and '('; this is an error in the Swift 6 language mode
50 |             help: ArgumentHelp (
51 |                 "A list of platforms you want to build for. Can be specified multiple times."
/Users/admin/builder/spi-builder-workspace/Sources/CreateXCFramework/Command+Options.swift:64:16: warning: extraneous whitespace between attribute name and '('; this is an error in the Swift 6 language mode
62 |         var zip = false
63 |
64 |         @Option (
   |                `- warning: extraneous whitespace between attribute name and '('; this is an error in the Swift 6 language mode
65 |             help: ArgumentHelp (
66 |                 "The version number to append to the name of the zip file\n\nIf the target you are packaging is a dependency,"
SwiftCompile normal arm64 /Users/admin/builder/spi-builder-workspace/Sources/CreateXCFramework/Zipper.swift (in target 'swift-create-xcframework-product' from project 'swift-create-xcframework')
    cd /Users/admin/builder/spi-builder-workspace/.swiftpm/xcode
    builtin-SwiftPerFileCompile Zipper.swift
SwiftCompile normal arm64_32 Compiling\ Xcodeproj+ProductValidation.swift /Users/admin/builder/spi-builder-workspace/Sources/CreateXCFramework/Extensions/Xcodeproj+ProductValidation.swift (in target 'swift-create-xcframework-product' from project 'swift-create-xcframework')
SwiftCompile normal arm64_32 /Users/admin/builder/spi-builder-workspace/Sources/CreateXCFramework/Extensions/Xcodeproj+ProductValidation.swift (in target 'swift-create-xcframework-product' from project 'swift-create-xcframework')
    cd /Users/admin/builder/spi-builder-workspace/.swiftpm/xcode
    builtin-SwiftPerFileCompile Xcodeproj+ProductValidation.swift
SwiftDriverJobDiscovery normal arm64 Compiling Xcodeproj+ProductValidation.swift (in target 'swift-create-xcframework-product' from project 'swift-create-xcframework')
SwiftCompile normal arm64 Compiling\ main.swift /Users/admin/builder/spi-builder-workspace/Sources/CreateXCFramework/main.swift (in target 'swift-create-xcframework-product' from project 'swift-create-xcframework')
/Users/admin/builder/spi-builder-workspace/Sources/CreateXCFramework/Command+Options.swift:49:16: warning: extraneous whitespace between attribute name and '('; this is an error in the Swift 6 language mode
47 |         // MARK: - Output Options
48 |
49 |         @Option (
   |                `- warning: extraneous whitespace between attribute name and '('; this is an error in the Swift 6 language mode
50 |             help: ArgumentHelp (
51 |                 "A list of platforms you want to build for. Can be specified multiple times."
/Users/admin/builder/spi-builder-workspace/Sources/CreateXCFramework/Command+Options.swift:64:16: warning: extraneous whitespace between attribute name and '('; this is an error in the Swift 6 language mode
62 |         var zip = false
63 |
64 |         @Option (
   |                `- warning: extraneous whitespace between attribute name and '('; this is an error in the Swift 6 language mode
65 |             help: ArgumentHelp (
66 |                 "The version number to append to the name of the zip file\n\nIf the target you are packaging is a dependency,"
SwiftCompile normal arm64 /Users/admin/builder/spi-builder-workspace/Sources/CreateXCFramework/main.swift (in target 'swift-create-xcframework-product' from project 'swift-create-xcframework')
    cd /Users/admin/builder/spi-builder-workspace/.swiftpm/xcode
    builtin-SwiftPerFileCompile main.swift
SwiftDriverJobDiscovery normal arm64 Compiling Command.swift, Collection+Extensions.swift (in target 'swift-create-xcframework-product' from project 'swift-create-xcframework')
SwiftDriverJobDiscovery normal arm64 Compiling ProjectGenerator.swift (in target 'swift-create-xcframework-product' from project 'swift-create-xcframework')
SwiftCompile normal arm64_32 Compiling\ PackageModel+Extensions.swift /Users/admin/builder/spi-builder-workspace/Sources/CreateXCFramework/Extensions/PackageModel+Extensions.swift (in target 'swift-create-xcframework-product' from project 'swift-create-xcframework')
SwiftCompile normal arm64_32 /Users/admin/builder/spi-builder-workspace/Sources/CreateXCFramework/Extensions/PackageModel+Extensions.swift (in target 'swift-create-xcframework-product' from project 'swift-create-xcframework')
    cd /Users/admin/builder/spi-builder-workspace/.swiftpm/xcode
    builtin-SwiftPerFileCompile PackageModel+Extensions.swift
SwiftCompile normal arm64_32 Compiling\ BuildSetting.swift,\ Command+Options.swift /Users/admin/builder/spi-builder-workspace/Sources/CreateXCFramework/BuildSetting.swift /Users/admin/builder/spi-builder-workspace/Sources/CreateXCFramework/Command+Options.swift (in target 'swift-create-xcframework-product' from project 'swift-create-xcframework')
/Users/admin/builder/spi-builder-workspace/Sources/CreateXCFramework/Command+Options.swift:49:16: warning: extraneous whitespace between attribute name and '('; this is an error in the Swift 6 language mode
47 |         // MARK: - Output Options
48 |
49 |         @Option (
   |                `- warning: extraneous whitespace between attribute name and '('; this is an error in the Swift 6 language mode
50 |             help: ArgumentHelp (
51 |                 "A list of platforms you want to build for. Can be specified multiple times."
/Users/admin/builder/spi-builder-workspace/Sources/CreateXCFramework/Command+Options.swift:64:16: warning: extraneous whitespace between attribute name and '('; this is an error in the Swift 6 language mode
62 |         var zip = false
63 |
64 |         @Option (
   |                `- warning: extraneous whitespace between attribute name and '('; this is an error in the Swift 6 language mode
65 |             help: ArgumentHelp (
66 |                 "The version number to append to the name of the zip file\n\nIf the target you are packaging is a dependency,"
/Users/admin/builder/spi-builder-workspace/Sources/CreateXCFramework/Command+Options.swift:88:1: warning: extension declares a conformance of imported type 'BuildConfiguration' to imported protocol 'ExpressibleByArgument'; this will not behave correctly if the owners of 'PackageModel' introduce this conformance in the future
86 | // MARK: - ParsableArguments Extensions
87 |
88 | extension PackageModel.BuildConfiguration: ExpressibleByArgument {}
   | |- warning: extension declares a conformance of imported type 'BuildConfiguration' to imported protocol 'ExpressibleByArgument'; this will not behave correctly if the owners of 'PackageModel' introduce this conformance in the future
   | `- note: add '@retroactive' to silence this warning
89 |
SwiftCompile normal arm64_32 /Users/admin/builder/spi-builder-workspace/Sources/CreateXCFramework/BuildSetting.swift (in target 'swift-create-xcframework-product' from project 'swift-create-xcframework')
    cd /Users/admin/builder/spi-builder-workspace/.swiftpm/xcode
    builtin-SwiftPerFileCompile BuildSetting.swift
SwiftCompile normal arm64_32 /Users/admin/builder/spi-builder-workspace/Sources/CreateXCFramework/Command+Options.swift (in target 'swift-create-xcframework-product' from project 'swift-create-xcframework')
    cd /Users/admin/builder/spi-builder-workspace/.swiftpm/xcode
    builtin-SwiftPerFileCompile Command+Options.swift
SwiftDriverJobDiscovery normal arm64_32 Compiling Platforms.swift (in target 'swift-create-xcframework-product' from project 'swift-create-xcframework')
SwiftCompile normal arm64 Compiling\ BuildSetting.swift,\ Command+Options.swift /Users/admin/builder/spi-builder-workspace/Sources/CreateXCFramework/BuildSetting.swift /Users/admin/builder/spi-builder-workspace/Sources/CreateXCFramework/Command+Options.swift (in target 'swift-create-xcframework-product' from project 'swift-create-xcframework')
/Users/admin/builder/spi-builder-workspace/Sources/CreateXCFramework/Command+Options.swift:49:16: warning: extraneous whitespace between attribute name and '('; this is an error in the Swift 6 language mode
47 |         // MARK: - Output Options
48 |
49 |         @Option (
   |                `- warning: extraneous whitespace between attribute name and '('; this is an error in the Swift 6 language mode
50 |             help: ArgumentHelp (
51 |                 "A list of platforms you want to build for. Can be specified multiple times."
/Users/admin/builder/spi-builder-workspace/Sources/CreateXCFramework/Command+Options.swift:64:16: warning: extraneous whitespace between attribute name and '('; this is an error in the Swift 6 language mode
62 |         var zip = false
63 |
64 |         @Option (
   |                `- warning: extraneous whitespace between attribute name and '('; this is an error in the Swift 6 language mode
65 |             help: ArgumentHelp (
66 |                 "The version number to append to the name of the zip file\n\nIf the target you are packaging is a dependency,"
/Users/admin/builder/spi-builder-workspace/Sources/CreateXCFramework/Command+Options.swift:88:1: warning: extension declares a conformance of imported type 'BuildConfiguration' to imported protocol 'ExpressibleByArgument'; this will not behave correctly if the owners of 'PackageModel' introduce this conformance in the future
86 | // MARK: - ParsableArguments Extensions
87 |
88 | extension PackageModel.BuildConfiguration: ExpressibleByArgument {}
   | |- warning: extension declares a conformance of imported type 'BuildConfiguration' to imported protocol 'ExpressibleByArgument'; this will not behave correctly if the owners of 'PackageModel' introduce this conformance in the future
   | `- note: add '@retroactive' to silence this warning
89 |
SwiftCompile normal arm64 /Users/admin/builder/spi-builder-workspace/Sources/CreateXCFramework/BuildSetting.swift (in target 'swift-create-xcframework-product' from project 'swift-create-xcframework')
    cd /Users/admin/builder/spi-builder-workspace/.swiftpm/xcode
    builtin-SwiftPerFileCompile BuildSetting.swift
SwiftCompile normal arm64 /Users/admin/builder/spi-builder-workspace/Sources/CreateXCFramework/Command+Options.swift (in target 'swift-create-xcframework-product' from project 'swift-create-xcframework')
    cd /Users/admin/builder/spi-builder-workspace/.swiftpm/xcode
    builtin-SwiftPerFileCompile Command+Options.swift
SwiftDriverJobDiscovery normal arm64 Compiling PackageInfo.swift (in target 'swift-create-xcframework-product' from project 'swift-create-xcframework')
SwiftCompile normal arm64_32 Compiling\ ProjectGenerator.swift /Users/admin/builder/spi-builder-workspace/Sources/CreateXCFramework/ProjectGenerator.swift (in target 'swift-create-xcframework-product' from project 'swift-create-xcframework')
/Users/admin/builder/spi-builder-workspace/Sources/CreateXCFramework/Command+Options.swift:49:16: warning: extraneous whitespace between attribute name and '('; this is an error in the Swift 6 language mode
47 |         // MARK: - Output Options
48 |
49 |         @Option (
   |                `- warning: extraneous whitespace between attribute name and '('; this is an error in the Swift 6 language mode
50 |             help: ArgumentHelp (
51 |                 "A list of platforms you want to build for. Can be specified multiple times."
/Users/admin/builder/spi-builder-workspace/Sources/CreateXCFramework/Command+Options.swift:64:16: warning: extraneous whitespace between attribute name and '('; this is an error in the Swift 6 language mode
62 |         var zip = false
63 |
64 |         @Option (
   |                `- warning: extraneous whitespace between attribute name and '('; this is an error in the Swift 6 language mode
65 |             help: ArgumentHelp (
66 |                 "The version number to append to the name of the zip file\n\nIf the target you are packaging is a dependency,"
SwiftCompile normal arm64_32 /Users/admin/builder/spi-builder-workspace/Sources/CreateXCFramework/ProjectGenerator.swift (in target 'swift-create-xcframework-product' from project 'swift-create-xcframework')
    cd /Users/admin/builder/spi-builder-workspace/.swiftpm/xcode
    builtin-SwiftPerFileCompile ProjectGenerator.swift
SwiftDriverJobDiscovery normal arm64_32 Compiling Xcodeproj+ProductValidation.swift (in target 'swift-create-xcframework-product' from project 'swift-create-xcframework')
SwiftCompile normal arm64_32 Compiling\ Zipper.swift /Users/admin/builder/spi-builder-workspace/Sources/CreateXCFramework/Zipper.swift (in target 'swift-create-xcframework-product' from project 'swift-create-xcframework')
/Users/admin/builder/spi-builder-workspace/Sources/CreateXCFramework/Command+Options.swift:49:16: warning: extraneous whitespace between attribute name and '('; this is an error in the Swift 6 language mode
47 |         // MARK: - Output Options
48 |
49 |         @Option (
   |                `- warning: extraneous whitespace between attribute name and '('; this is an error in the Swift 6 language mode
50 |             help: ArgumentHelp (
51 |                 "A list of platforms you want to build for. Can be specified multiple times."
/Users/admin/builder/spi-builder-workspace/Sources/CreateXCFramework/Command+Options.swift:64:16: warning: extraneous whitespace between attribute name and '('; this is an error in the Swift 6 language mode
62 |         var zip = false
63 |
64 |         @Option (
   |                `- warning: extraneous whitespace between attribute name and '('; this is an error in the Swift 6 language mode
65 |             help: ArgumentHelp (
66 |                 "The version number to append to the name of the zip file\n\nIf the target you are packaging is a dependency,"
SwiftCompile normal arm64_32 /Users/admin/builder/spi-builder-workspace/Sources/CreateXCFramework/Zipper.swift (in target 'swift-create-xcframework-product' from project 'swift-create-xcframework')
    cd /Users/admin/builder/spi-builder-workspace/.swiftpm/xcode
    builtin-SwiftPerFileCompile Zipper.swift
SwiftDriverJobDiscovery normal arm64_32 Compiling XcodeBuilder.swift (in target 'swift-create-xcframework-product' from project 'swift-create-xcframework')
SwiftCompile normal arm64 Compiling\ XcodeBuilder.swift /Users/admin/builder/spi-builder-workspace/Sources/CreateXCFramework/XcodeBuilder.swift (in target 'swift-create-xcframework-product' from project 'swift-create-xcframework')
/Users/admin/builder/spi-builder-workspace/Sources/CreateXCFramework/Command+Options.swift:49:16: warning: extraneous whitespace between attribute name and '('; this is an error in the Swift 6 language mode
47 |         // MARK: - Output Options
48 |
49 |         @Option (
   |                `- warning: extraneous whitespace between attribute name and '('; this is an error in the Swift 6 language mode
50 |             help: ArgumentHelp (
51 |                 "A list of platforms you want to build for. Can be specified multiple times."
/Users/admin/builder/spi-builder-workspace/Sources/CreateXCFramework/Command+Options.swift:64:16: warning: extraneous whitespace between attribute name and '('; this is an error in the Swift 6 language mode
62 |         var zip = false
63 |
64 |         @Option (
   |                `- warning: extraneous whitespace between attribute name and '('; this is an error in the Swift 6 language mode
65 |             help: ArgumentHelp (
66 |                 "The version number to append to the name of the zip file\n\nIf the target you are packaging is a dependency,"
SwiftCompile normal arm64 /Users/admin/builder/spi-builder-workspace/Sources/CreateXCFramework/XcodeBuilder.swift (in target 'swift-create-xcframework-product' from project 'swift-create-xcframework')
    cd /Users/admin/builder/spi-builder-workspace/.swiftpm/xcode
    builtin-SwiftPerFileCompile XcodeBuilder.swift
SwiftDriverJobDiscovery normal arm64 Compiling main.swift (in target 'swift-create-xcframework-product' from project 'swift-create-xcframework')
SwiftCompile normal arm64_32 Compiling\ main.swift /Users/admin/builder/spi-builder-workspace/Sources/CreateXCFramework/main.swift (in target 'swift-create-xcframework-product' from project 'swift-create-xcframework')
/Users/admin/builder/spi-builder-workspace/Sources/CreateXCFramework/Command+Options.swift:49:16: warning: extraneous whitespace between attribute name and '('; this is an error in the Swift 6 language mode
47 |         // MARK: - Output Options
48 |
49 |         @Option (
   |                `- warning: extraneous whitespace between attribute name and '('; this is an error in the Swift 6 language mode
50 |             help: ArgumentHelp (
51 |                 "A list of platforms you want to build for. Can be specified multiple times."
/Users/admin/builder/spi-builder-workspace/Sources/CreateXCFramework/Command+Options.swift:64:16: warning: extraneous whitespace between attribute name and '('; this is an error in the Swift 6 language mode
62 |         var zip = false
63 |
64 |         @Option (
   |                `- warning: extraneous whitespace between attribute name and '('; this is an error in the Swift 6 language mode
65 |             help: ArgumentHelp (
66 |                 "The version number to append to the name of the zip file\n\nIf the target you are packaging is a dependency,"
SwiftCompile normal arm64_32 /Users/admin/builder/spi-builder-workspace/Sources/CreateXCFramework/main.swift (in target 'swift-create-xcframework-product' from project 'swift-create-xcframework')
    cd /Users/admin/builder/spi-builder-workspace/.swiftpm/xcode
    builtin-SwiftPerFileCompile main.swift
SwiftDriverJobDiscovery normal arm64_32 Compiling PackageModel+Extensions.swift (in target 'swift-create-xcframework-product' from project 'swift-create-xcframework')
SwiftCompile normal arm64_32 Compiling\ Command.swift,\ Collection+Extensions.swift /Users/admin/builder/spi-builder-workspace/Sources/CreateXCFramework/Command.swift /Users/admin/builder/spi-builder-workspace/Sources/CreateXCFramework/Extensions/Collection+Extensions.swift (in target 'swift-create-xcframework-product' from project 'swift-create-xcframework')
/Users/admin/builder/spi-builder-workspace/Sources/CreateXCFramework/Command+Options.swift:49:16: warning: extraneous whitespace between attribute name and '('; this is an error in the Swift 6 language mode
47 |         // MARK: - Output Options
48 |
49 |         @Option (
   |                `- warning: extraneous whitespace between attribute name and '('; this is an error in the Swift 6 language mode
50 |             help: ArgumentHelp (
51 |                 "A list of platforms you want to build for. Can be specified multiple times."
/Users/admin/builder/spi-builder-workspace/Sources/CreateXCFramework/Command+Options.swift:64:16: warning: extraneous whitespace between attribute name and '('; this is an error in the Swift 6 language mode
62 |         var zip = false
63 |
64 |         @Option (
   |                `- warning: extraneous whitespace between attribute name and '('; this is an error in the Swift 6 language mode
65 |             help: ArgumentHelp (
66 |                 "The version number to append to the name of the zip file\n\nIf the target you are packaging is a dependency,"
SwiftCompile normal arm64_32 /Users/admin/builder/spi-builder-workspace/Sources/CreateXCFramework/Command.swift (in target 'swift-create-xcframework-product' from project 'swift-create-xcframework')
    cd /Users/admin/builder/spi-builder-workspace/.swiftpm/xcode
    builtin-SwiftPerFileCompile Command.swift
SwiftCompile normal arm64_32 /Users/admin/builder/spi-builder-workspace/Sources/CreateXCFramework/Extensions/Collection+Extensions.swift (in target 'swift-create-xcframework-product' from project 'swift-create-xcframework')
    cd /Users/admin/builder/spi-builder-workspace/.swiftpm/xcode
    builtin-SwiftPerFileCompile Collection+Extensions.swift
SwiftDriverJobDiscovery normal arm64 Compiling Zipper.swift (in target 'swift-create-xcframework-product' from project 'swift-create-xcframework')
SwiftDriver\ Compilation SPMBuildCore normal arm64 com.apple.xcode.tools.swift.compiler (in target 'SPMBuildCore' from project 'SwiftPM')
    cd /Users/admin/builder/spi-builder-workspace/.swiftpm/xcode
    builtin-Swift-Compilation -- /Applications/Xcode-27.0.0-Release.Candidate.app/Contents/Developer/Toolchains/XcodeDefault.xctoolchain/usr/bin/swiftc -parse-as-library -module-name SPMBuildCore -Onone @/Users/admin/builder/spi-builder-workspace/.derivedData/Build/Intermediates.noindex/SwiftPM.build/Debug-watchos/SPMBuildCore-t.build/Objects-normal/arm64/SPMBuildCore.SwiftFileList -DSWIFT_PACKAGE -DDEBUG -DSWIFT_MODULE_RESOURCE_BUNDLE_UNAVAILABLE -Xcc -fmodule-map-file\=/Users/admin/builder/spi-builder-workspace/.dependencies/checkouts/swift-tools-support-core/Sources/TSCclibc/include/module.modulemap -Xcc -fmodule-map-file\=/Users/admin/builder/spi-builder-workspace/.dependencies/checkouts/swift-system/Sources/CSystem/include/module.modulemap -DXcode -plugin-path /Applications/Xcode-27.0.0-Release.Candidate.app/Contents/Developer/Toolchains/XcodeDefault.xctoolchain/usr/lib/swift/host/plugins/testing -enable-experimental-feature DebugDescriptionMacro -sdk /Applications/Xcode-27.0.0-Release.Candidate.app/Contents/Developer/Platforms/WatchOS.platform/Developer/SDKs/WatchOS27.0.sdk -target arm64-apple-watchos9.0 -g -module-cache-path /Users/admin/builder/spi-builder-workspace/.derivedData/ModuleCache.noindex -Xfrontend -serialize-debugging-options -profile-coverage-mapping -profile-generate -enable-testing -suppress-warnings -index-store-path /Users/admin/builder/spi-builder-workspace/.derivedData/Index.noindex/DataStore -Xcc -D_LIBCPP_HARDENING_MODE\=_LIBCPP_HARDENING_MODE_DEBUG -swift-version 5 -I /Users/admin/builder/spi-builder-workspace/.derivedData/Build/Products/Debug-watchos -Isystem /Applications/Xcode-27.0.0-Release.Candidate.app/Contents/Developer/Platforms/WatchOS.platform/Developer/usr/lib -F /Users/admin/builder/spi-builder-workspace/.derivedData/Build/Products/Debug-watchos/PackageFrameworks -F /Users/admin/builder/spi-builder-workspace/.derivedData/Build/Products/Debug-watchos -F /Applications/Xcode-27.0.0-Release.Candidate.app/Contents/Developer/Platforms/WatchOS.platform/Developer/Library/Frameworks -F /Applications/Xcode-27.0.0-Release.Candidate.app/Contents/Developer/Platforms/WatchOS.platform/Developer/SDKs/WatchOS27.0.sdk/Developer/Library/Frameworks -c -j10 -enable-batch-mode -incremental -Xcc -ivfsstatcache -Xcc /Users/admin/builder/spi-builder-workspace/.derivedData/SDKStatCaches.noindex/watchos27.0-24R360-e829b21a6f8c9b70876ba0858053c04477534ef55a1706bf4c1112bbb242f0a2.sdkstatcache -output-file-map /Users/admin/builder/spi-builder-workspace/.derivedData/Build/Intermediates.noindex/SwiftPM.build/Debug-watchos/SPMBuildCore-t.build/Objects-normal/arm64/SPMBuildCore-OutputFileMap.json -save-temps -no-color-diagnostics -explicit-module-build -module-cache-path /Users/admin/builder/spi-builder-workspace/.derivedData/Build/Intermediates.noindex/SwiftExplicitPrecompiledModules -clang-scanner-module-cache-path /Users/admin/builder/spi-builder-workspace/.derivedData/ModuleCache.noindex -sdk-module-cache-path /Users/admin/builder/spi-builder-workspace/.derivedData/SDKExplicitPrecompiledModules -emit-dependencies -emit-module -emit-module-path /Users/admin/builder/spi-builder-workspace/.derivedData/Build/Intermediates.noindex/SwiftPM.build/Debug-watchos/SPMBuildCore-t.build/Objects-normal/arm64/SPMBuildCore.swiftmodule -serialize-diagnostics -dependency-scan-serialize-diagnostics-path /Users/admin/builder/spi-builder-workspace/.derivedData/Build/Intermediates.noindex/SwiftPM.build/Debug-watchos/SPMBuildCore-t.build/Objects-normal/arm64/SPMBuildCore-dependency-scan.dia -validate-clang-modules-once -clang-build-session-file /Users/admin/builder/spi-builder-workspace/.derivedData/ModuleCache.noindex/Session.modulevalidation -Xcc -fmodules-prune-interval\=86400 -Xcc -fmodules-prune-after\=345600 -emit-const-values -const-gather-protocols-list /Users/admin/builder/spi-builder-workspace/.derivedData/Build/Intermediates.noindex/SwiftPM.build/Debug-watchos/SPMBuildCore-t.build/Objects-normal/arm64/SPMBuildCore_const_extract_protocols.json -Xcc -I/Users/admin/builder/spi-builder-workspace/.dependencies/checkouts/swift-tools-support-core/Sources/TSCclibc/include -Xcc -I/Users/admin/builder/spi-builder-workspace/.dependencies/checkouts/swift-system/Sources/CSystem/include -Xcc -I/Users/admin/builder/spi-builder-workspace/.derivedData/Build/Products/Debug-watchos/include -Xcc -I/Users/admin/builder/spi-builder-workspace/.derivedData/Build/Intermediates.noindex/SwiftPM.build/Debug-watchos/SPMBuildCore-t.build/DerivedSources-normal/arm64 -Xcc -I/Users/admin/builder/spi-builder-workspace/.derivedData/Build/Intermediates.noindex/SwiftPM.build/Debug-watchos/SPMBuildCore-t.build/DerivedSources/arm64 -Xcc -I/Users/admin/builder/spi-builder-workspace/.derivedData/Build/Intermediates.noindex/SwiftPM.build/Debug-watchos/SPMBuildCore-t.build/DerivedSources -Xcc -DSWIFT_PACKAGE -Xcc -DDEBUG\=1 -emit-objc-header -emit-objc-header-path /Users/admin/builder/spi-builder-workspace/.derivedData/Build/Intermediates.noindex/SwiftPM.build/Debug-watchos/SPMBuildCore-t.build/Objects-normal/arm64/SPMBuildCore-Swift.h -working-directory /Users/admin/builder/spi-builder-workspace/.swiftpm/xcode -experimental-emit-module-separately -disable-cmo
SwiftDriverJobDiscovery normal arm64_32 Compiling main.swift (in target 'swift-create-xcframework-product' from project 'swift-create-xcframework')
SwiftDriver\ Compilation Build normal arm64_32 com.apple.xcode.tools.swift.compiler (in target 'Build' from project 'SwiftPM')
    cd /Users/admin/builder/spi-builder-workspace/.swiftpm/xcode
    builtin-Swift-Compilation -- /Applications/Xcode-27.0.0-Release.Candidate.app/Contents/Developer/Toolchains/XcodeDefault.xctoolchain/usr/bin/swiftc -parse-as-library -module-name Build -Onone @/Users/admin/builder/spi-builder-workspace/.derivedData/Build/Intermediates.noindex/SwiftPM.build/Debug-watchos/Build-t.build/Objects-normal/arm64_32/Build.SwiftFileList -DSWIFT_PACKAGE -DDEBUG -DSWIFT_MODULE_RESOURCE_BUNDLE_UNAVAILABLE -Xcc -fmodule-map-file\=/Users/admin/builder/spi-builder-workspace/.dependencies/checkouts/swift-tools-support-core/Sources/TSCclibc/include/module.modulemap -Xcc -fmodule-map-file\=/Users/admin/builder/spi-builder-workspace/.dependencies/checkouts/swift-system/Sources/CSystem/include/module.modulemap -Xcc -fmodule-map-file\=/Users/admin/builder/spi-builder-workspace/.dependencies/checkouts/swift-llbuild/products/libllbuild/include/module.modulemap -Xcc -fmodule-map-file\=/Users/admin/builder/spi-builder-workspace/.derivedData/Build/Intermediates.noindex/GeneratedModuleMaps-watchos/llbuildNinja.modulemap -Xcc -fmodule-map-file\=/Users/admin/builder/spi-builder-workspace/.derivedData/Build/Intermediates.noindex/GeneratedModuleMaps-watchos/llbuildBuildSystem.modulemap -Xcc -fmodule-map-file\=/Users/admin/builder/spi-builder-workspace/.derivedData/Build/Intermediates.noindex/GeneratedModuleMaps-watchos/llbuildCore.modulemap -Xcc -fmodule-map-file\=/Users/admin/builder/spi-builder-workspace/.derivedData/Build/Intermediates.noindex/GeneratedModuleMaps-watchos/llbuildBasic.modulemap -Xcc -fmodule-map-file\=/Users/admin/builder/spi-builder-workspace/.derivedData/Build/Intermediates.noindex/GeneratedModuleMaps-watchos/llvmSupport.modulemap -Xcc -fmodule-map-file\=/Users/admin/builder/spi-builder-workspace/.derivedData/Build/Intermediates.noindex/GeneratedModuleMaps-watchos/llvmDemangle.modulemap -Xcc -fmodule-map-file\=/Users/admin/builder/spi-builder-workspace/.dependencies/checkouts/Yams/Sources/CYaml/include/module.modulemap -Xcc -fmodule-map-file\=/Users/admin/builder/spi-builder-workspace/.dependencies/checkouts/swift-driver/Sources/CSwiftScan/include/module.modulemap -DXcode -plugin-path /Applications/Xcode-27.0.0-Release.Candidate.app/Contents/Developer/Toolchains/XcodeDefault.xctoolchain/usr/lib/swift/host/plugins/testing -enable-experimental-feature DebugDescriptionMacro -sdk /Applications/Xcode-27.0.0-Release.Candidate.app/Contents/Developer/Platforms/WatchOS.platform/Developer/SDKs/WatchOS27.0.sdk -target arm64_32-apple-watchos9.0 -g -module-cache-path /Users/admin/builder/spi-builder-workspace/.derivedData/ModuleCache.noindex -Xfrontend -serialize-debugging-options -profile-coverage-mapping -profile-generate -enable-testing -suppress-warnings -index-store-path /Users/admin/builder/spi-builder-workspace/.derivedData/Index.noindex/DataStore -Xcc -D_LIBCPP_HARDENING_MODE\=_LIBCPP_HARDENING_MODE_DEBUG -swift-version 5 -I /Users/admin/builder/spi-builder-workspace/.derivedData/Build/Products/Debug-watchos -Isystem /Applications/Xcode-27.0.0-Release.Candidate.app/Contents/Developer/Platforms/WatchOS.platform/Developer/usr/lib -F /Users/admin/builder/spi-builder-workspace/.derivedData/Build/Products/Debug-watchos/PackageFrameworks -F /Users/admin/builder/spi-builder-workspace/.derivedData/Build/Products/Debug-watchos -F /Applications/Xcode-27.0.0-Release.Candidate.app/Contents/Developer/Platforms/WatchOS.platform/Developer/Library/Frameworks -F /Applications/Xcode-27.0.0-Release.Candidate.app/Contents/Developer/Platforms/WatchOS.platform/Developer/SDKs/WatchOS27.0.sdk/Developer/Library/Frameworks -c -j10 -enable-batch-mode -incremental -Xcc -ivfsstatcache -Xcc /Users/admin/builder/spi-builder-workspace/.derivedData/SDKStatCaches.noindex/watchos27.0-24R360-e829b21a6f8c9b70876ba0858053c04477534ef55a1706bf4c1112bbb242f0a2.sdkstatcache -output-file-map /Users/admin/builder/spi-builder-workspace/.derivedData/Build/Intermediates.noindex/SwiftPM.build/Debug-watchos/Build-t.build/Objects-normal/arm64_32/Build-OutputFileMap.json -save-temps -no-color-diagnostics -explicit-module-build -module-cache-path /Users/admin/builder/spi-builder-workspace/.derivedData/Build/Intermediates.noindex/SwiftExplicitPrecompiledModules -clang-scanner-module-cache-path /Users/admin/builder/spi-builder-workspace/.derivedData/ModuleCache.noindex -sdk-module-cache-path /Users/admin/builder/spi-builder-workspace/.derivedData/SDKExplicitPrecompiledModules -emit-dependencies -emit-module -emit-module-path /Users/admin/builder/spi-builder-workspace/.derivedData/Build/Intermediates.noindex/SwiftPM.build/Debug-watchos/Build-t.build/Objects-normal/arm64_32/Build.swiftmodule -serialize-diagnostics -dependency-scan-serialize-diagnostics-path /Users/admin/builder/spi-builder-workspace/.derivedData/Build/Intermediates.noindex/SwiftPM.build/Debug-watchos/Build-t.build/Objects-normal/arm64_32/Build-dependency-scan.dia -validate-clang-modules-once -clang-build-session-file /Users/admin/builder/spi-builder-workspace/.derivedData/ModuleCache.noindex/Session.modulevalidation -Xcc -fmodules-prune-interval\=86400 -Xcc -fmodules-prune-after\=345600 -emit-const-values -const-gather-protocols-list /Users/admin/builder/spi-builder-workspace/.derivedData/Build/Intermediates.noindex/SwiftPM.build/Debug-watchos/Build-t.build/Objects-normal/arm64_32/Build_const_extract_protocols.json -Xcc -I/Users/admin/builder/spi-builder-workspace/.dependencies/checkouts/swift-tools-support-core/Sources/TSCclibc/include -Xcc -I/Users/admin/builder/spi-builder-workspace/.dependencies/checkouts/swift-system/Sources/CSystem/include -Xcc -I/Users/admin/builder/spi-builder-workspace/.dependencies/checkouts/swift-llbuild/products/libllbuild/include -Xcc -I/Users/admin/builder/spi-builder-workspace/.dependencies/checkouts/swift-llbuild/lib/Ninja/include -Xcc -I/Users/admin/builder/spi-builder-workspace/.dependencies/checkouts/swift-llbuild/lib/BuildSystem/include -Xcc -I/Users/admin/builder/spi-builder-workspace/.dependencies/checkouts/swift-llbuild/lib/Core/include -Xcc -I/Users/admin/builder/spi-builder-workspace/.dependencies/checkouts/swift-llbuild/lib/Basic/include -Xcc -I/Users/admin/builder/spi-builder-workspace/.dependencies/checkouts/swift-llbuild/lib/llvm/Support/include -Xcc -I/Users/admin/builder/spi-builder-workspace/.dependencies/checkouts/swift-llbuild/lib/llvm/Demangle/include -Xcc -I/Users/admin/builder/spi-builder-workspace/.dependencies/checkouts/Yams/Sources/CYaml/include -Xcc -I/Users/admin/builder/spi-builder-workspace/.dependencies/checkouts/swift-driver/Sources/CSwiftScan/include -Xcc -I/Users/admin/builder/spi-builder-workspace/.derivedData/Build/Products/Debug-watchos/include -Xcc -I/Users/admin/builder/spi-builder-workspace/.derivedData/Build/Intermediates.noindex/SwiftPM.build/Debug-watchos/Build-t.build/DerivedSources-normal/arm64_32 -Xcc -I/Users/admin/builder/spi-builder-workspace/.derivedData/Build/Intermediates.noindex/SwiftPM.build/Debug-watchos/Build-t.build/DerivedSources/arm64_32 -Xcc -I/Users/admin/builder/spi-builder-workspace/.derivedData/Build/Intermediates.noindex/SwiftPM.build/Debug-watchos/Build-t.build/DerivedSources -Xcc -DSWIFT_PACKAGE -Xcc -DDEBUG\=1 -emit-objc-header -emit-objc-header-path /Users/admin/builder/spi-builder-workspace/.derivedData/Build/Intermediates.noindex/SwiftPM.build/Debug-watchos/Build-t.build/Objects-normal/arm64_32/Build-Swift.h -working-directory /Users/admin/builder/spi-builder-workspace/.swiftpm/xcode -experimental-emit-module-separately -disable-cmo
Ld /Users/admin/builder/spi-builder-workspace/.derivedData/Build/Intermediates.noindex/SwiftPM.build/Debug-watchos/SPMBuildCore-t.build/Objects-normal/arm64/Binary/SPMBuildCore.o normal arm64 (in target 'SPMBuildCore' from project 'SwiftPM')
    cd /Users/admin/builder/spi-builder-workspace/.dependencies/checkouts/swift-package-manager
    /Applications/Xcode-27.0.0-Release.Candidate.app/Contents/Developer/Toolchains/XcodeDefault.xctoolchain/usr/bin/clang -Xlinker -reproducible -target arm64-apple-watchos9.0 -r -isysroot /Applications/Xcode-27.0.0-Release.Candidate.app/Contents/Developer/Platforms/WatchOS.platform/Developer/SDKs/WatchOS27.0.sdk -O0 -w -Xlinker -no_warn_duplicate_libraries -F/Users/admin/builder/spi-builder-workspace/.derivedData/Build/Intermediates.noindex/EagerLinkingTBDs/Debug-watchos -F/Users/admin/builder/spi-builder-workspace/.derivedData/Build/Products/Debug-watchos/PackageFrameworks -F/Users/admin/builder/spi-builder-workspace/.derivedData/Build/Products/Debug-watchos -iframework /Applications/Xcode-27.0.0-Release.Candidate.app/Contents/Developer/Platforms/WatchOS.platform/Developer/Library/Frameworks -iframework /Applications/Xcode-27.0.0-Release.Candidate.app/Contents/Developer/Platforms/WatchOS.platform/Developer/SDKs/WatchOS27.0.sdk/Developer/Library/Frameworks -filelist /Users/admin/builder/spi-builder-workspace/.derivedData/Build/Intermediates.noindex/SwiftPM.build/Debug-watchos/SPMBuildCore-t.build/Objects-normal/arm64/SPMBuildCore.LinkFileList -nostdlib -Xlinker -object_path_lto -Xlinker /Users/admin/builder/spi-builder-workspace/.derivedData/Build/Intermediates.noindex/SwiftPM.build/Debug-watchos/SPMBuildCore-t.build/Objects-normal/arm64/SPMBuildCore_lto.o -Xlinker -no_deduplicate -Xlinker -debug_variant -Xlinker -dependency_info -Xlinker /Users/admin/builder/spi-builder-workspace/.derivedData/Build/Intermediates.noindex/SwiftPM.build/Debug-watchos/SPMBuildCore-t.build/Objects-normal/arm64/SPMBuildCore_dependency_info.dat -fobjc-link-runtime -L/Applications/Xcode-27.0.0-Release.Candidate.app/Contents/Developer/Toolchains/XcodeDefault.xctoolchain/usr/lib/swift/watchos -L/usr/lib/swift -Xlinker -add_ast_path -Xlinker /Users/admin/builder/spi-builder-workspace/.derivedData/Build/Intermediates.noindex/SwiftPM.build/Debug-watchos/SPMBuildCore-t.build/Objects-normal/arm64/SPMBuildCore.swiftmodule -o /Users/admin/builder/spi-builder-workspace/.derivedData/Build/Intermediates.noindex/SwiftPM.build/Debug-watchos/SPMBuildCore-t.build/Objects-normal/arm64/Binary/SPMBuildCore.o
SwiftDriver\ Compilation Build normal arm64 com.apple.xcode.tools.swift.compiler (in target 'Build' from project 'SwiftPM')
    cd /Users/admin/builder/spi-builder-workspace/.swiftpm/xcode
    builtin-Swift-Compilation -- /Applications/Xcode-27.0.0-Release.Candidate.app/Contents/Developer/Toolchains/XcodeDefault.xctoolchain/usr/bin/swiftc -parse-as-library -module-name Build -Onone @/Users/admin/builder/spi-builder-workspace/.derivedData/Build/Intermediates.noindex/SwiftPM.build/Debug-watchos/Build-t.build/Objects-normal/arm64/Build.SwiftFileList -DSWIFT_PACKAGE -DDEBUG -DSWIFT_MODULE_RESOURCE_BUNDLE_UNAVAILABLE -Xcc -fmodule-map-file\=/Users/admin/builder/spi-builder-workspace/.dependencies/checkouts/swift-tools-support-core/Sources/TSCclibc/include/module.modulemap -Xcc -fmodule-map-file\=/Users/admin/builder/spi-builder-workspace/.dependencies/checkouts/swift-system/Sources/CSystem/include/module.modulemap -Xcc -fmodule-map-file\=/Users/admin/builder/spi-builder-workspace/.dependencies/checkouts/swift-llbuild/products/libllbuild/include/module.modulemap -Xcc -fmodule-map-file\=/Users/admin/builder/spi-builder-workspace/.derivedData/Build/Intermediates.noindex/GeneratedModuleMaps-watchos/llbuildNinja.modulemap -Xcc -fmodule-map-file\=/Users/admin/builder/spi-builder-workspace/.derivedData/Build/Intermediates.noindex/GeneratedModuleMaps-watchos/llbuildBuildSystem.modulemap -Xcc -fmodule-map-file\=/Users/admin/builder/spi-builder-workspace/.derivedData/Build/Intermediates.noindex/GeneratedModuleMaps-watchos/llbuildCore.modulemap -Xcc -fmodule-map-file\=/Users/admin/builder/spi-builder-workspace/.derivedData/Build/Intermediates.noindex/GeneratedModuleMaps-watchos/llbuildBasic.modulemap -Xcc -fmodule-map-file\=/Users/admin/builder/spi-builder-workspace/.derivedData/Build/Intermediates.noindex/GeneratedModuleMaps-watchos/llvmSupport.modulemap -Xcc -fmodule-map-file\=/Users/admin/builder/spi-builder-workspace/.derivedData/Build/Intermediates.noindex/GeneratedModuleMaps-watchos/llvmDemangle.modulemap -Xcc -fmodule-map-file\=/Users/admin/builder/spi-builder-workspace/.dependencies/checkouts/Yams/Sources/CYaml/include/module.modulemap -Xcc -fmodule-map-file\=/Users/admin/builder/spi-builder-workspace/.dependencies/checkouts/swift-driver/Sources/CSwiftScan/include/module.modulemap -DXcode -plugin-path /Applications/Xcode-27.0.0-Release.Candidate.app/Contents/Developer/Toolchains/XcodeDefault.xctoolchain/usr/lib/swift/host/plugins/testing -enable-experimental-feature DebugDescriptionMacro -sdk /Applications/Xcode-27.0.0-Release.Candidate.app/Contents/Developer/Platforms/WatchOS.platform/Developer/SDKs/WatchOS27.0.sdk -target arm64-apple-watchos9.0 -g -module-cache-path /Users/admin/builder/spi-builder-workspace/.derivedData/ModuleCache.noindex -Xfrontend -serialize-debugging-options -profile-coverage-mapping -profile-generate -enable-testing -suppress-warnings -index-store-path /Users/admin/builder/spi-builder-workspace/.derivedData/Index.noindex/DataStore -Xcc -D_LIBCPP_HARDENING_MODE\=_LIBCPP_HARDENING_MODE_DEBUG -swift-version 5 -I /Users/admin/builder/spi-builder-workspace/.derivedData/Build/Products/Debug-watchos -Isystem /Applications/Xcode-27.0.0-Release.Candidate.app/Contents/Developer/Platforms/WatchOS.platform/Developer/usr/lib -F /Users/admin/builder/spi-builder-workspace/.derivedData/Build/Products/Debug-watchos/PackageFrameworks -F /Users/admin/builder/spi-builder-workspace/.derivedData/Build/Products/Debug-watchos -F /Applications/Xcode-27.0.0-Release.Candidate.app/Contents/Developer/Platforms/WatchOS.platform/Developer/Library/Frameworks -F /Applications/Xcode-27.0.0-Release.Candidate.app/Contents/Developer/Platforms/WatchOS.platform/Developer/SDKs/WatchOS27.0.sdk/Developer/Library/Frameworks -c -j10 -enable-batch-mode -incremental -Xcc -ivfsstatcache -Xcc /Users/admin/builder/spi-builder-workspace/.derivedData/SDKStatCaches.noindex/watchos27.0-24R360-e829b21a6f8c9b70876ba0858053c04477534ef55a1706bf4c1112bbb242f0a2.sdkstatcache -output-file-map /Users/admin/builder/spi-builder-workspace/.derivedData/Build/Intermediates.noindex/SwiftPM.build/Debug-watchos/Build-t.build/Objects-normal/arm64/Build-OutputFileMap.json -save-temps -no-color-diagnostics -explicit-module-build -module-cache-path /Users/admin/builder/spi-builder-workspace/.derivedData/Build/Intermediates.noindex/SwiftExplicitPrecompiledModules -clang-scanner-module-cache-path /Users/admin/builder/spi-builder-workspace/.derivedData/ModuleCache.noindex -sdk-module-cache-path /Users/admin/builder/spi-builder-workspace/.derivedData/SDKExplicitPrecompiledModules -emit-dependencies -emit-module -emit-module-path /Users/admin/builder/spi-builder-workspace/.derivedData/Build/Intermediates.noindex/SwiftPM.build/Debug-watchos/Build-t.build/Objects-normal/arm64/Build.swiftmodule -serialize-diagnostics -dependency-scan-serialize-diagnostics-path /Users/admin/builder/spi-builder-workspace/.derivedData/Build/Intermediates.noindex/SwiftPM.build/Debug-watchos/Build-t.build/Objects-normal/arm64/Build-dependency-scan.dia -validate-clang-modules-once -clang-build-session-file /Users/admin/builder/spi-builder-workspace/.derivedData/ModuleCache.noindex/Session.modulevalidation -Xcc -fmodules-prune-interval\=86400 -Xcc -fmodules-prune-after\=345600 -emit-const-values -const-gather-protocols-list /Users/admin/builder/spi-builder-workspace/.derivedData/Build/Intermediates.noindex/SwiftPM.build/Debug-watchos/Build-t.build/Objects-normal/arm64/Build_const_extract_protocols.json -Xcc -I/Users/admin/builder/spi-builder-workspace/.dependencies/checkouts/swift-tools-support-core/Sources/TSCclibc/include -Xcc -I/Users/admin/builder/spi-builder-workspace/.dependencies/checkouts/swift-system/Sources/CSystem/include -Xcc -I/Users/admin/builder/spi-builder-workspace/.dependencies/checkouts/swift-llbuild/products/libllbuild/include -Xcc -I/Users/admin/builder/spi-builder-workspace/.dependencies/checkouts/swift-llbuild/lib/Ninja/include -Xcc -I/Users/admin/builder/spi-builder-workspace/.dependencies/checkouts/swift-llbuild/lib/BuildSystem/include -Xcc -I/Users/admin/builder/spi-builder-workspace/.dependencies/checkouts/swift-llbuild/lib/Core/include -Xcc -I/Users/admin/builder/spi-builder-workspace/.dependencies/checkouts/swift-llbuild/lib/Basic/include -Xcc -I/Users/admin/builder/spi-builder-workspace/.dependencies/checkouts/swift-llbuild/lib/llvm/Support/include -Xcc -I/Users/admin/builder/spi-builder-workspace/.dependencies/checkouts/swift-llbuild/lib/llvm/Demangle/include -Xcc -I/Users/admin/builder/spi-builder-workspace/.dependencies/checkouts/Yams/Sources/CYaml/include -Xcc -I/Users/admin/builder/spi-builder-workspace/.dependencies/checkouts/swift-driver/Sources/CSwiftScan/include -Xcc -I/Users/admin/builder/spi-builder-workspace/.derivedData/Build/Products/Debug-watchos/include -Xcc -I/Users/admin/builder/spi-builder-workspace/.derivedData/Build/Intermediates.noindex/SwiftPM.build/Debug-watchos/Build-t.build/DerivedSources-normal/arm64 -Xcc -I/Users/admin/builder/spi-builder-workspace/.derivedData/Build/Intermediates.noindex/SwiftPM.build/Debug-watchos/Build-t.build/DerivedSources/arm64 -Xcc -I/Users/admin/builder/spi-builder-workspace/.derivedData/Build/Intermediates.noindex/SwiftPM.build/Debug-watchos/Build-t.build/DerivedSources -Xcc -DSWIFT_PACKAGE -Xcc -DDEBUG\=1 -emit-objc-header -emit-objc-header-path /Users/admin/builder/spi-builder-workspace/.derivedData/Build/Intermediates.noindex/SwiftPM.build/Debug-watchos/Build-t.build/Objects-normal/arm64/Build-Swift.h -working-directory /Users/admin/builder/spi-builder-workspace/.swiftpm/xcode -experimental-emit-module-separately -disable-cmo
SwiftDriverJobDiscovery normal arm64_32 Compiling PackageInfo.swift (in target 'swift-create-xcframework-product' from project 'swift-create-xcframework')
CreateUniversalBinary /Users/admin/builder/spi-builder-workspace/.derivedData/Build/Products/Debug-watchos/SPMBuildCore.o normal arm64\ arm64_32 (in target 'SPMBuildCore' from project 'SwiftPM')
    cd /Users/admin/builder/spi-builder-workspace/.dependencies/checkouts/swift-package-manager
    /Applications/Xcode-27.0.0-Release.Candidate.app/Contents/Developer/Toolchains/XcodeDefault.xctoolchain/usr/bin/lipo -create /Users/admin/builder/spi-builder-workspace/.derivedData/Build/Intermediates.noindex/SwiftPM.build/Debug-watchos/SPMBuildCore-t.build/Objects-normal/arm64/Binary/SPMBuildCore.o /Users/admin/builder/spi-builder-workspace/.derivedData/Build/Intermediates.noindex/SwiftPM.build/Debug-watchos/SPMBuildCore-t.build/Objects-normal/arm64_32/Binary/SPMBuildCore.o -output /Users/admin/builder/spi-builder-workspace/.derivedData/Build/Products/Debug-watchos/SPMBuildCore.o
ExtractAppIntentsMetadata (in target 'SPMBuildCore' from project 'SwiftPM')
    cd /Users/admin/builder/spi-builder-workspace/.dependencies/checkouts/swift-package-manager
    /Applications/Xcode-27.0.0-Release.Candidate.app/Contents/Developer/Toolchains/XcodeDefault.xctoolchain/usr/bin/appintentsmetadataprocessor --toolchain-dir /var/run/com.apple.security.cryptexd/mnt/com.apple.MobileAsset.MetalToolchain-v27.1.266.1.1Oydld/Metal.xctoolchain --module-name SPMBuildCore --sdk-root /Applications/Xcode-27.0.0-Release.Candidate.app/Contents/Developer/Platforms/WatchOS.platform/Developer/SDKs/WatchOS27.0.sdk --xcode-version 27A266a --platform-family watchOS --deployment-target 9.0 --bundle-identifier swift-package-manager.SPMBuildCore --output /Users/admin/builder/spi-builder-workspace/.derivedData/Build/Products/Debug-watchos/SPMBuildCore.appintents --target-triple arm64-apple-watchos9.0 --target-triple arm64_32-apple-watchos9.0 --binary-file /Users/admin/builder/spi-builder-workspace/.derivedData/Build/Products/Debug-watchos/SPMBuildCore.o --dependency-file /Users/admin/builder/spi-builder-workspace/.derivedData/Build/Intermediates.noindex/SwiftPM.build/Debug-watchos/SPMBuildCore-t.build/Objects-normal/arm64/SPMBuildCore_dependency_info.dat --dependency-file /Users/admin/builder/spi-builder-workspace/.derivedData/Build/Intermediates.noindex/SwiftPM.build/Debug-watchos/SPMBuildCore-t.build/Objects-normal/arm64_32/SPMBuildCore_dependency_info.dat --stringsdata-file /Users/admin/builder/spi-builder-workspace/.derivedData/Build/Intermediates.noindex/SwiftPM.build/Debug-watchos/SPMBuildCore-t.build/Objects-normal/arm64/ExtractedAppShortcutsMetadata.stringsdata --stringsdata-file /Users/admin/builder/spi-builder-workspace/.derivedData/Build/Intermediates.noindex/SwiftPM.build/Debug-watchos/SPMBuildCore-t.build/Objects-normal/arm64_32/ExtractedAppShortcutsMetadata.stringsdata --source-file-list /Users/admin/builder/spi-builder-workspace/.derivedData/Build/Intermediates.noindex/SwiftPM.build/Debug-watchos/SPMBuildCore-t.build/Objects-normal/arm64/SPMBuildCore.SwiftFileList --source-file-list /Users/admin/builder/spi-builder-workspace/.derivedData/Build/Intermediates.noindex/SwiftPM.build/Debug-watchos/SPMBuildCore-t.build/Objects-normal/arm64_32/SPMBuildCore.SwiftFileList --metadata-file-list /Users/admin/builder/spi-builder-workspace/.derivedData/Build/Intermediates.noindex/SwiftPM.build/Debug-watchos/SPMBuildCore-t.build/SPMBuildCore.DependencyMetadataFileList --static-metadata-file-list /Users/admin/builder/spi-builder-workspace/.derivedData/Build/Intermediates.noindex/SwiftPM.build/Debug-watchos/SPMBuildCore-t.build/SPMBuildCore.DependencyStaticMetadataFileList --swift-const-vals-list /Users/admin/builder/spi-builder-workspace/.derivedData/Build/Intermediates.noindex/SwiftPM.build/Debug-watchos/SPMBuildCore-t.build/Objects-normal/arm64/SPMBuildCore.SwiftConstValuesFileList --swift-const-vals-list /Users/admin/builder/spi-builder-workspace/.derivedData/Build/Intermediates.noindex/SwiftPM.build/Debug-watchos/SPMBuildCore-t.build/Objects-normal/arm64_32/SPMBuildCore.SwiftConstValuesFileList --force --compile-time-extraction --deployment-aware-processing --no-app-shortcuts-localization
2026-09-18 11:06:41.676 appintentsmetadataprocessor[3592:14544] Starting appintentsmetadataprocessor export
2026-09-18 11:06:41.737 appintentsmetadataprocessor[3592:14544] Extracted no relevant App Intents symbols, skipping writing output
SwiftDriverJobDiscovery normal arm64_32 Compiling ProjectGenerator.swift (in target 'swift-create-xcframework-product' from project 'swift-create-xcframework')
SwiftDriverJobDiscovery normal arm64_32 Compiling Zipper.swift (in target 'swift-create-xcframework-product' from project 'swift-create-xcframework')
SwiftDriverJobDiscovery normal arm64 Compiling BuildSetting.swift, Command+Options.swift (in target 'swift-create-xcframework-product' from project 'swift-create-xcframework')
SwiftDriverJobDiscovery normal arm64_32 Compiling BuildSetting.swift, Command+Options.swift (in target 'swift-create-xcframework-product' from project 'swift-create-xcframework')
Ld /Users/admin/builder/spi-builder-workspace/.derivedData/Build/Intermediates.noindex/SwiftPM.build/Debug-watchos/Workspace-t.build/Objects-normal/arm64_32/Binary/Workspace.o normal arm64_32 (in target 'Workspace' from project 'SwiftPM')
    cd /Users/admin/builder/spi-builder-workspace/.dependencies/checkouts/swift-package-manager
    /Applications/Xcode-27.0.0-Release.Candidate.app/Contents/Developer/Toolchains/XcodeDefault.xctoolchain/usr/bin/clang -Xlinker -reproducible -target arm64_32-apple-watchos9.0 -r -isysroot /Applications/Xcode-27.0.0-Release.Candidate.app/Contents/Developer/Platforms/WatchOS.platform/Developer/SDKs/WatchOS27.0.sdk -O0 -w -Xlinker -no_warn_duplicate_libraries -F/Users/admin/builder/spi-builder-workspace/.derivedData/Build/Intermediates.noindex/EagerLinkingTBDs/Debug-watchos -F/Users/admin/builder/spi-builder-workspace/.derivedData/Build/Products/Debug-watchos/PackageFrameworks -F/Users/admin/builder/spi-builder-workspace/.derivedData/Build/Products/Debug-watchos -iframework /Applications/Xcode-27.0.0-Release.Candidate.app/Contents/Developer/Platforms/WatchOS.platform/Developer/Library/Frameworks -iframework /Applications/Xcode-27.0.0-Release.Candidate.app/Contents/Developer/Platforms/WatchOS.platform/Developer/SDKs/WatchOS27.0.sdk/Developer/Library/Frameworks -filelist /Users/admin/builder/spi-builder-workspace/.derivedData/Build/Intermediates.noindex/SwiftPM.build/Debug-watchos/Workspace-t.build/Objects-normal/arm64_32/Workspace.LinkFileList -nostdlib -Xlinker -object_path_lto -Xlinker /Users/admin/builder/spi-builder-workspace/.derivedData/Build/Intermediates.noindex/SwiftPM.build/Debug-watchos/Workspace-t.build/Objects-normal/arm64_32/Workspace_lto.o -Xlinker -no_deduplicate -Xlinker -debug_variant -Xlinker -dependency_info -Xlinker /Users/admin/builder/spi-builder-workspace/.derivedData/Build/Intermediates.noindex/SwiftPM.build/Debug-watchos/Workspace-t.build/Objects-normal/arm64_32/Workspace_dependency_info.dat -fobjc-link-runtime -L/Applications/Xcode-27.0.0-Release.Candidate.app/Contents/Developer/Toolchains/XcodeDefault.xctoolchain/usr/lib/swift/watchos -L/usr/lib/swift -Xlinker -add_ast_path -Xlinker /Users/admin/builder/spi-builder-workspace/.derivedData/Build/Intermediates.noindex/SwiftPM.build/Debug-watchos/Workspace-t.build/Objects-normal/arm64_32/Workspace.swiftmodule -o /Users/admin/builder/spi-builder-workspace/.derivedData/Build/Intermediates.noindex/SwiftPM.build/Debug-watchos/Workspace-t.build/Objects-normal/arm64_32/Binary/Workspace.o
Ld /Users/admin/builder/spi-builder-workspace/.derivedData/Build/Intermediates.noindex/SwiftPM.build/Debug-watchos/Workspace-t.build/Objects-normal/arm64/Binary/Workspace.o normal arm64 (in target 'Workspace' from project 'SwiftPM')
    cd /Users/admin/builder/spi-builder-workspace/.dependencies/checkouts/swift-package-manager
    /Applications/Xcode-27.0.0-Release.Candidate.app/Contents/Developer/Toolchains/XcodeDefault.xctoolchain/usr/bin/clang -Xlinker -reproducible -target arm64-apple-watchos9.0 -r -isysroot /Applications/Xcode-27.0.0-Release.Candidate.app/Contents/Developer/Platforms/WatchOS.platform/Developer/SDKs/WatchOS27.0.sdk -O0 -w -Xlinker -no_warn_duplicate_libraries -F/Users/admin/builder/spi-builder-workspace/.derivedData/Build/Intermediates.noindex/EagerLinkingTBDs/Debug-watchos -F/Users/admin/builder/spi-builder-workspace/.derivedData/Build/Products/Debug-watchos/PackageFrameworks -F/Users/admin/builder/spi-builder-workspace/.derivedData/Build/Products/Debug-watchos -iframework /Applications/Xcode-27.0.0-Release.Candidate.app/Contents/Developer/Platforms/WatchOS.platform/Developer/Library/Frameworks -iframework /Applications/Xcode-27.0.0-Release.Candidate.app/Contents/Developer/Platforms/WatchOS.platform/Developer/SDKs/WatchOS27.0.sdk/Developer/Library/Frameworks -filelist /Users/admin/builder/spi-builder-workspace/.derivedData/Build/Intermediates.noindex/SwiftPM.build/Debug-watchos/Workspace-t.build/Objects-normal/arm64/Workspace.LinkFileList -nostdlib -Xlinker -object_path_lto -Xlinker /Users/admin/builder/spi-builder-workspace/.derivedData/Build/Intermediates.noindex/SwiftPM.build/Debug-watchos/Workspace-t.build/Objects-normal/arm64/Workspace_lto.o -Xlinker -no_deduplicate -Xlinker -debug_variant -Xlinker -dependency_info -Xlinker /Users/admin/builder/spi-builder-workspace/.derivedData/Build/Intermediates.noindex/SwiftPM.build/Debug-watchos/Workspace-t.build/Objects-normal/arm64/Workspace_dependency_info.dat -fobjc-link-runtime -L/Applications/Xcode-27.0.0-Release.Candidate.app/Contents/Developer/Toolchains/XcodeDefault.xctoolchain/usr/lib/swift/watchos -L/usr/lib/swift -Xlinker -add_ast_path -Xlinker /Users/admin/builder/spi-builder-workspace/.derivedData/Build/Intermediates.noindex/SwiftPM.build/Debug-watchos/Workspace-t.build/Objects-normal/arm64/Workspace.swiftmodule -o /Users/admin/builder/spi-builder-workspace/.derivedData/Build/Intermediates.noindex/SwiftPM.build/Debug-watchos/Workspace-t.build/Objects-normal/arm64/Binary/Workspace.o
Ld /Users/admin/builder/spi-builder-workspace/.derivedData/Build/Intermediates.noindex/SwiftPM.build/Debug-watchos/Build-t.build/Objects-normal/arm64/Binary/Build.o normal arm64 (in target 'Build' from project 'SwiftPM')
    cd /Users/admin/builder/spi-builder-workspace/.dependencies/checkouts/swift-package-manager
    /Applications/Xcode-27.0.0-Release.Candidate.app/Contents/Developer/Toolchains/XcodeDefault.xctoolchain/usr/bin/clang -Xlinker -reproducible -target arm64-apple-watchos9.0 -r -isysroot /Applications/Xcode-27.0.0-Release.Candidate.app/Contents/Developer/Platforms/WatchOS.platform/Developer/SDKs/WatchOS27.0.sdk -O0 -w -Xlinker -no_warn_duplicate_libraries -F/Users/admin/builder/spi-builder-workspace/.derivedData/Build/Intermediates.noindex/EagerLinkingTBDs/Debug-watchos -F/Users/admin/builder/spi-builder-workspace/.derivedData/Build/Products/Debug-watchos/PackageFrameworks -F/Users/admin/builder/spi-builder-workspace/.derivedData/Build/Products/Debug-watchos -iframework /Applications/Xcode-27.0.0-Release.Candidate.app/Contents/Developer/Platforms/WatchOS.platform/Developer/Library/Frameworks -iframework /Applications/Xcode-27.0.0-Release.Candidate.app/Contents/Developer/Platforms/WatchOS.platform/Developer/SDKs/WatchOS27.0.sdk/Developer/Library/Frameworks -filelist /Users/admin/builder/spi-builder-workspace/.derivedData/Build/Intermediates.noindex/SwiftPM.build/Debug-watchos/Build-t.build/Objects-normal/arm64/Build.LinkFileList -nostdlib -Xlinker -object_path_lto -Xlinker /Users/admin/builder/spi-builder-workspace/.derivedData/Build/Intermediates.noindex/SwiftPM.build/Debug-watchos/Build-t.build/Objects-normal/arm64/Build_lto.o -Xlinker -no_deduplicate -Xlinker -debug_variant -Xlinker -dependency_info -Xlinker /Users/admin/builder/spi-builder-workspace/.derivedData/Build/Intermediates.noindex/SwiftPM.build/Debug-watchos/Build-t.build/Objects-normal/arm64/Build_dependency_info.dat -fobjc-link-runtime -L/Applications/Xcode-27.0.0-Release.Candidate.app/Contents/Developer/Toolchains/XcodeDefault.xctoolchain/usr/lib/swift/watchos -L/usr/lib/swift -Xlinker -add_ast_path -Xlinker /Users/admin/builder/spi-builder-workspace/.derivedData/Build/Intermediates.noindex/SwiftPM.build/Debug-watchos/Build-t.build/Objects-normal/arm64/Build.swiftmodule -o /Users/admin/builder/spi-builder-workspace/.derivedData/Build/Intermediates.noindex/SwiftPM.build/Debug-watchos/Build-t.build/Objects-normal/arm64/Binary/Build.o
Ld /Users/admin/builder/spi-builder-workspace/.derivedData/Build/Intermediates.noindex/SwiftPM.build/Debug-watchos/Build-t.build/Objects-normal/arm64_32/Binary/Build.o normal arm64_32 (in target 'Build' from project 'SwiftPM')
    cd /Users/admin/builder/spi-builder-workspace/.dependencies/checkouts/swift-package-manager
    /Applications/Xcode-27.0.0-Release.Candidate.app/Contents/Developer/Toolchains/XcodeDefault.xctoolchain/usr/bin/clang -Xlinker -reproducible -target arm64_32-apple-watchos9.0 -r -isysroot /Applications/Xcode-27.0.0-Release.Candidate.app/Contents/Developer/Platforms/WatchOS.platform/Developer/SDKs/WatchOS27.0.sdk -O0 -w -Xlinker -no_warn_duplicate_libraries -F/Users/admin/builder/spi-builder-workspace/.derivedData/Build/Intermediates.noindex/EagerLinkingTBDs/Debug-watchos -F/Users/admin/builder/spi-builder-workspace/.derivedData/Build/Products/Debug-watchos/PackageFrameworks -F/Users/admin/builder/spi-builder-workspace/.derivedData/Build/Products/Debug-watchos -iframework /Applications/Xcode-27.0.0-Release.Candidate.app/Contents/Developer/Platforms/WatchOS.platform/Developer/Library/Frameworks -iframework /Applications/Xcode-27.0.0-Release.Candidate.app/Contents/Developer/Platforms/WatchOS.platform/Developer/SDKs/WatchOS27.0.sdk/Developer/Library/Frameworks -filelist /Users/admin/builder/spi-builder-workspace/.derivedData/Build/Intermediates.noindex/SwiftPM.build/Debug-watchos/Build-t.build/Objects-normal/arm64_32/Build.LinkFileList -nostdlib -Xlinker -object_path_lto -Xlinker /Users/admin/builder/spi-builder-workspace/.derivedData/Build/Intermediates.noindex/SwiftPM.build/Debug-watchos/Build-t.build/Objects-normal/arm64_32/Build_lto.o -Xlinker -no_deduplicate -Xlinker -debug_variant -Xlinker -dependency_info -Xlinker /Users/admin/builder/spi-builder-workspace/.derivedData/Build/Intermediates.noindex/SwiftPM.build/Debug-watchos/Build-t.build/Objects-normal/arm64_32/Build_dependency_info.dat -fobjc-link-runtime -L/Applications/Xcode-27.0.0-Release.Candidate.app/Contents/Developer/Toolchains/XcodeDefault.xctoolchain/usr/lib/swift/watchos -L/usr/lib/swift -Xlinker -add_ast_path -Xlinker /Users/admin/builder/spi-builder-workspace/.derivedData/Build/Intermediates.noindex/SwiftPM.build/Debug-watchos/Build-t.build/Objects-normal/arm64_32/Build.swiftmodule -o /Users/admin/builder/spi-builder-workspace/.derivedData/Build/Intermediates.noindex/SwiftPM.build/Debug-watchos/Build-t.build/Objects-normal/arm64_32/Binary/Build.o
CreateUniversalBinary /Users/admin/builder/spi-builder-workspace/.derivedData/Build/Products/Debug-watchos/Build.o normal arm64\ arm64_32 (in target 'Build' from project 'SwiftPM')
    cd /Users/admin/builder/spi-builder-workspace/.dependencies/checkouts/swift-package-manager
    /Applications/Xcode-27.0.0-Release.Candidate.app/Contents/Developer/Toolchains/XcodeDefault.xctoolchain/usr/bin/lipo -create /Users/admin/builder/spi-builder-workspace/.derivedData/Build/Intermediates.noindex/SwiftPM.build/Debug-watchos/Build-t.build/Objects-normal/arm64/Binary/Build.o /Users/admin/builder/spi-builder-workspace/.derivedData/Build/Intermediates.noindex/SwiftPM.build/Debug-watchos/Build-t.build/Objects-normal/arm64_32/Binary/Build.o -output /Users/admin/builder/spi-builder-workspace/.derivedData/Build/Products/Debug-watchos/Build.o
CreateUniversalBinary /Users/admin/builder/spi-builder-workspace/.derivedData/Build/Products/Debug-watchos/Workspace.o normal arm64\ arm64_32 (in target 'Workspace' from project 'SwiftPM')
    cd /Users/admin/builder/spi-builder-workspace/.dependencies/checkouts/swift-package-manager
    /Applications/Xcode-27.0.0-Release.Candidate.app/Contents/Developer/Toolchains/XcodeDefault.xctoolchain/usr/bin/lipo -create /Users/admin/builder/spi-builder-workspace/.derivedData/Build/Intermediates.noindex/SwiftPM.build/Debug-watchos/Workspace-t.build/Objects-normal/arm64/Binary/Workspace.o /Users/admin/builder/spi-builder-workspace/.derivedData/Build/Intermediates.noindex/SwiftPM.build/Debug-watchos/Workspace-t.build/Objects-normal/arm64_32/Binary/Workspace.o -output /Users/admin/builder/spi-builder-workspace/.derivedData/Build/Products/Debug-watchos/Workspace.o
SwiftDriverJobDiscovery normal arm64 Compiling XcodeBuilder.swift (in target 'swift-create-xcframework-product' from project 'swift-create-xcframework')
SwiftDriver\ Compilation swift-create-xcframework normal arm64 com.apple.xcode.tools.swift.compiler (in target 'swift-create-xcframework-product' from project 'swift-create-xcframework')
    cd /Users/admin/builder/spi-builder-workspace/.swiftpm/xcode
    builtin-Swift-Compilation -- /Applications/Xcode-27.0.0-Release.Candidate.app/Contents/Developer/Toolchains/XcodeDefault.xctoolchain/usr/bin/swiftc -module-name CreateXCFramework -Onone @/Users/admin/builder/spi-builder-workspace/.derivedData/Build/Intermediates.noindex/swift-create-xcframework.build/Debug-watchos/swift-create-xcframework-p.build/Objects-normal/arm64/swift-create-xcframework.SwiftFileList -DSWIFT_PACKAGE -DDEBUG -Xcc -fmodule-map-file\=/Users/admin/builder/spi-builder-workspace/.dependencies/checkouts/swift-crypto/Sources/CCryptoBoringSSLShims/include/module.modulemap -Xcc -fmodule-map-file\=/Users/admin/builder/spi-builder-workspace/.dependencies/checkouts/swift-crypto/Sources/CCryptoBoringSSL/include/module.modulemap -Xcc -fmodule-map-file\=/Users/admin/builder/spi-builder-workspace/.dependencies/checkouts/swift-llbuild/products/libllbuild/include/module.modulemap -Xcc -fmodule-map-file\=/Users/admin/builder/spi-builder-workspace/.derivedData/Build/Intermediates.noindex/GeneratedModuleMaps-watchos/llbuildNinja.modulemap -Xcc -fmodule-map-file\=/Users/admin/builder/spi-builder-workspace/.derivedData/Build/Intermediates.noindex/GeneratedModuleMaps-watchos/llbuildBuildSystem.modulemap -Xcc -fmodule-map-file\=/Users/admin/builder/spi-builder-workspace/.derivedData/Build/Intermediates.noindex/GeneratedModuleMaps-watchos/llbuildCore.modulemap -Xcc -fmodule-map-file\=/Users/admin/builder/spi-builder-workspace/.derivedData/Build/Intermediates.noindex/GeneratedModuleMaps-watchos/llbuildBasic.modulemap -Xcc -fmodule-map-file\=/Users/admin/builder/spi-builder-workspace/.derivedData/Build/Intermediates.noindex/GeneratedModuleMaps-watchos/llvmSupport.modulemap -Xcc -fmodule-map-file\=/Users/admin/builder/spi-builder-workspace/.derivedData/Build/Intermediates.noindex/GeneratedModuleMaps-watchos/llvmDemangle.modulemap -Xcc -fmodule-map-file\=/Users/admin/builder/spi-builder-workspace/.dependencies/checkouts/Yams/Sources/CYaml/include/module.modulemap -Xcc -fmodule-map-file\=/Users/admin/builder/spi-builder-workspace/.dependencies/checkouts/swift-driver/Sources/CSwiftScan/include/module.modulemap -Xcc -fmodule-map-file\=/Users/admin/builder/spi-builder-workspace/.dependencies/checkouts/swift-system/Sources/CSystem/include/module.modulemap -Xcc -fmodule-map-file\=/Users/admin/builder/spi-builder-workspace/.dependencies/checkouts/swift-tools-support-core/Sources/TSCclibc/include/module.modulemap -DXcode -plugin-path /Applications/Xcode-27.0.0-Release.Candidate.app/Contents/Developer/Toolchains/XcodeDefault.xctoolchain/usr/lib/swift/host/plugins/testing -enable-experimental-feature DebugDescriptionMacro -sdk /Applications/Xcode-27.0.0-Release.Candidate.app/Contents/Developer/Platforms/WatchOS.platform/Developer/SDKs/WatchOS27.0.sdk -target arm64-apple-watchos9.0 -g -module-cache-path /Users/admin/builder/spi-builder-workspace/.derivedData/ModuleCache.noindex -Xfrontend -serialize-debugging-options -profile-coverage-mapping -profile-generate -enable-testing -index-store-path /Users/admin/builder/spi-builder-workspace/.derivedData/Index.noindex/DataStore -Xcc -D_LIBCPP_HARDENING_MODE\=_LIBCPP_HARDENING_MODE_DEBUG -swift-version 5 -I /Users/admin/builder/spi-builder-workspace/.derivedData/Build/Products/Debug-watchos -Isystem /Applications/Xcode-27.0.0-Release.Candidate.app/Contents/Developer/Platforms/WatchOS.platform/Developer/usr/lib -F /Users/admin/builder/spi-builder-workspace/.derivedData/Build/Products/Debug-watchos/PackageFrameworks -F /Users/admin/builder/spi-builder-workspace/.derivedData/Build/Products/Debug-watchos -F /Applications/Xcode-27.0.0-Release.Candidate.app/Contents/Developer/Platforms/WatchOS.platform/Developer/Library/Frameworks -F /Applications/Xcode-27.0.0-Release.Candidate.app/Contents/Developer/Platforms/WatchOS.platform/Developer/SDKs/WatchOS27.0.sdk/Developer/Library/Frameworks -c -j10 -enable-batch-mode -incremental -Xcc -ivfsstatcache -Xcc /Users/admin/builder/spi-builder-workspace/.derivedData/SDKStatCaches.noindex/watchos27.0-24R360-e829b21a6f8c9b70876ba0858053c04477534ef55a1706bf4c1112bbb242f0a2.sdkstatcache -output-file-map /Users/admin/builder/spi-builder-workspace/.derivedData/Build/Intermediates.noindex/swift-create-xcframework.build/Debug-watchos/swift-create-xcframework-p.build/Objects-normal/arm64/swift-create-xcframework-OutputFileMap.json -save-temps -no-color-diagnostics -explicit-module-build -module-cache-path /Users/admin/builder/spi-builder-workspace/.derivedData/Build/Intermediates.noindex/SwiftExplicitPrecompiledModules -clang-scanner-module-cache-path /Users/admin/builder/spi-builder-workspace/.derivedData/ModuleCache.noindex -sdk-module-cache-path /Users/admin/builder/spi-builder-workspace/.derivedData/SDKExplicitPrecompiledModules -emit-dependencies -emit-module -emit-module-path /Users/admin/builder/spi-builder-workspace/.derivedData/Build/Intermediates.noindex/swift-create-xcframework.build/Debug-watchos/swift-create-xcframework-p.build/Objects-normal/arm64/CreateXCFramework.swiftmodule -serialize-diagnostics -dependency-scan-serialize-diagnostics-path /Users/admin/builder/spi-builder-workspace/.derivedData/Build/Intermediates.noindex/swift-create-xcframework.build/Debug-watchos/swift-create-xcframework-p.build/Objects-normal/arm64/CreateXCFramework-dependency-scan.dia -validate-clang-modules-once -clang-build-session-file /Users/admin/builder/spi-builder-workspace/.derivedData/ModuleCache.noindex/Session.modulevalidation -Xcc -fmodules-prune-interval\=86400 -Xcc -fmodules-prune-after\=345600 -emit-const-values -const-gather-protocols-list /Users/admin/builder/spi-builder-workspace/.derivedData/Build/Intermediates.noindex/swift-create-xcframework.build/Debug-watchos/swift-create-xcframework-p.build/Objects-normal/arm64/swift-create-xcframework_const_extract_protocols.json -Xcc -I/Users/admin/builder/spi-builder-workspace/.dependencies/checkouts/swift-crypto/Sources/CCryptoBoringSSLShims/include -Xcc -I/Users/admin/builder/spi-builder-workspace/.dependencies/checkouts/swift-crypto/Sources/CCryptoBoringSSL/include -Xcc -I/Users/admin/builder/spi-builder-workspace/.dependencies/checkouts/swift-llbuild/products/libllbuild/include -Xcc -I/Users/admin/builder/spi-builder-workspace/.dependencies/checkouts/swift-llbuild/lib/Ninja/include -Xcc -I/Users/admin/builder/spi-builder-workspace/.dependencies/checkouts/swift-llbuild/lib/BuildSystem/include -Xcc -I/Users/admin/builder/spi-builder-workspace/.dependencies/checkouts/swift-llbuild/lib/Core/include -Xcc -I/Users/admin/builder/spi-builder-workspace/.dependencies/checkouts/swift-llbuild/lib/Basic/include -Xcc -I/Users/admin/builder/spi-builder-workspace/.dependencies/checkouts/swift-llbuild/lib/llvm/Support/include -Xcc -I/Users/admin/builder/spi-builder-workspace/.dependencies/checkouts/swift-llbuild/lib/llvm/Demangle/include -Xcc -I/Users/admin/builder/spi-builder-workspace/.dependencies/checkouts/Yams/Sources/CYaml/include -Xcc -I/Users/admin/builder/spi-builder-workspace/.dependencies/checkouts/swift-driver/Sources/CSwiftScan/include -Xcc -I/Users/admin/builder/spi-builder-workspace/.dependencies/checkouts/swift-system/Sources/CSystem/include -Xcc -I/Users/admin/builder/spi-builder-workspace/.dependencies/checkouts/swift-tools-support-core/Sources/TSCclibc/include -Xcc -I/Users/admin/builder/spi-builder-workspace/.derivedData/Build/Products/Debug-watchos/include -Xcc -I/Users/admin/builder/spi-builder-workspace/.derivedData/Build/Intermediates.noindex/swift-create-xcframework.build/Debug-watchos/swift-create-xcframework-p.build/DerivedSources-normal/arm64 -Xcc -I/Users/admin/builder/spi-builder-workspace/.derivedData/Build/Intermediates.noindex/swift-create-xcframework.build/Debug-watchos/swift-create-xcframework-p.build/DerivedSources/arm64 -Xcc -I/Users/admin/builder/spi-builder-workspace/.derivedData/Build/Intermediates.noindex/swift-create-xcframework.build/Debug-watchos/swift-create-xcframework-p.build/DerivedSources -Xcc -DSWIFT_PACKAGE -Xcc -DDEBUG\=1 -working-directory /Users/admin/builder/spi-builder-workspace/.swiftpm/xcode -experimental-emit-module-separately -disable-cmo
ExtractAppIntentsMetadata (in target 'Build' from project 'SwiftPM')
    cd /Users/admin/builder/spi-builder-workspace/.dependencies/checkouts/swift-package-manager
    /Applications/Xcode-27.0.0-Release.Candidate.app/Contents/Developer/Toolchains/XcodeDefault.xctoolchain/usr/bin/appintentsmetadataprocessor --toolchain-dir /var/run/com.apple.security.cryptexd/mnt/com.apple.MobileAsset.MetalToolchain-v27.1.266.1.1Oydld/Metal.xctoolchain --module-name Build --sdk-root /Applications/Xcode-27.0.0-Release.Candidate.app/Contents/Developer/Platforms/WatchOS.platform/Developer/SDKs/WatchOS27.0.sdk --xcode-version 27A266a --platform-family watchOS --deployment-target 9.0 --bundle-identifier swift-package-manager.Build --output /Users/admin/builder/spi-builder-workspace/.derivedData/Build/Products/Debug-watchos/Build.appintents --target-triple arm64-apple-watchos9.0 --target-triple arm64_32-apple-watchos9.0 --binary-file /Users/admin/builder/spi-builder-workspace/.derivedData/Build/Products/Debug-watchos/Build.o --dependency-file /Users/admin/builder/spi-builder-workspace/.derivedData/Build/Intermediates.noindex/SwiftPM.build/Debug-watchos/Build-t.build/Objects-normal/arm64/Build_dependency_info.dat --dependency-file /Users/admin/builder/spi-builder-workspace/.derivedData/Build/Intermediates.noindex/SwiftPM.build/Debug-watchos/Build-t.build/Objects-normal/arm64_32/Build_dependency_info.dat --stringsdata-file /Users/admin/builder/spi-builder-workspace/.derivedData/Build/Intermediates.noindex/SwiftPM.build/Debug-watchos/Build-t.build/Objects-normal/arm64/ExtractedAppShortcutsMetadata.stringsdata --stringsdata-file /Users/admin/builder/spi-builder-workspace/.derivedData/Build/Intermediates.noindex/SwiftPM.build/Debug-watchos/Build-t.build/Objects-normal/arm64_32/ExtractedAppShortcutsMetadata.stringsdata --source-file-list /Users/admin/builder/spi-builder-workspace/.derivedData/Build/Intermediates.noindex/SwiftPM.build/Debug-watchos/Build-t.build/Objects-normal/arm64/Build.SwiftFileList --source-file-list /Users/admin/builder/spi-builder-workspace/.derivedData/Build/Intermediates.noindex/SwiftPM.build/Debug-watchos/Build-t.build/Objects-normal/arm64_32/Build.SwiftFileList --metadata-file-list /Users/admin/builder/spi-builder-workspace/.derivedData/Build/Intermediates.noindex/SwiftPM.build/Debug-watchos/Build-t.build/Build.DependencyMetadataFileList --static-metadata-file-list /Users/admin/builder/spi-builder-workspace/.derivedData/Build/Intermediates.noindex/SwiftPM.build/Debug-watchos/Build-t.build/Build.DependencyStaticMetadataFileList --swift-const-vals-list /Users/admin/builder/spi-builder-workspace/.derivedData/Build/Intermediates.noindex/SwiftPM.build/Debug-watchos/Build-t.build/Objects-normal/arm64/Build.SwiftConstValuesFileList --swift-const-vals-list /Users/admin/builder/spi-builder-workspace/.derivedData/Build/Intermediates.noindex/SwiftPM.build/Debug-watchos/Build-t.build/Objects-normal/arm64_32/Build.SwiftConstValuesFileList --force --compile-time-extraction --deployment-aware-processing --no-app-shortcuts-localization
2026-09-18 11:06:41.797 appintentsmetadataprocessor[3603:14595] Starting appintentsmetadataprocessor export
2026-09-18 11:06:41.852 appintentsmetadataprocessor[3603:14595] Extracted no relevant App Intents symbols, skipping writing output
ExtractAppIntentsMetadata (in target 'Workspace' from project 'SwiftPM')
    cd /Users/admin/builder/spi-builder-workspace/.dependencies/checkouts/swift-package-manager
    /Applications/Xcode-27.0.0-Release.Candidate.app/Contents/Developer/Toolchains/XcodeDefault.xctoolchain/usr/bin/appintentsmetadataprocessor --toolchain-dir /var/run/com.apple.security.cryptexd/mnt/com.apple.MobileAsset.MetalToolchain-v27.1.266.1.1Oydld/Metal.xctoolchain --module-name Workspace --sdk-root /Applications/Xcode-27.0.0-Release.Candidate.app/Contents/Developer/Platforms/WatchOS.platform/Developer/SDKs/WatchOS27.0.sdk --xcode-version 27A266a --platform-family watchOS --deployment-target 9.0 --bundle-identifier swift-package-manager.Workspace --output /Users/admin/builder/spi-builder-workspace/.derivedData/Build/Products/Debug-watchos/Workspace.appintents --target-triple arm64-apple-watchos9.0 --target-triple arm64_32-apple-watchos9.0 --binary-file /Users/admin/builder/spi-builder-workspace/.derivedData/Build/Products/Debug-watchos/Workspace.o --dependency-file /Users/admin/builder/spi-builder-workspace/.derivedData/Build/Intermediates.noindex/SwiftPM.build/Debug-watchos/Workspace-t.build/Objects-normal/arm64/Workspace_dependency_info.dat --dependency-file /Users/admin/builder/spi-builder-workspace/.derivedData/Build/Intermediates.noindex/SwiftPM.build/Debug-watchos/Workspace-t.build/Objects-normal/arm64_32/Workspace_dependency_info.dat --stringsdata-file /Users/admin/builder/spi-builder-workspace/.derivedData/Build/Intermediates.noindex/SwiftPM.build/Debug-watchos/Workspace-t.build/Objects-normal/arm64/ExtractedAppShortcutsMetadata.stringsdata --stringsdata-file /Users/admin/builder/spi-builder-workspace/.derivedData/Build/Intermediates.noindex/SwiftPM.build/Debug-watchos/Workspace-t.build/Objects-normal/arm64_32/ExtractedAppShortcutsMetadata.stringsdata --source-file-list /Users/admin/builder/spi-builder-workspace/.derivedData/Build/Intermediates.noindex/SwiftPM.build/Debug-watchos/Workspace-t.build/Objects-normal/arm64/Workspace.SwiftFileList --source-file-list /Users/admin/builder/spi-builder-workspace/.derivedData/Build/Intermediates.noindex/SwiftPM.build/Debug-watchos/Workspace-t.build/Objects-normal/arm64_32/Workspace.SwiftFileList --metadata-file-list /Users/admin/builder/spi-builder-workspace/.derivedData/Build/Intermediates.noindex/SwiftPM.build/Debug-watchos/Workspace-t.build/Workspace.DependencyMetadataFileList --static-metadata-file-list /Users/admin/builder/spi-builder-workspace/.derivedData/Build/Intermediates.noindex/SwiftPM.build/Debug-watchos/Workspace-t.build/Workspace.DependencyStaticMetadataFileList --swift-const-vals-list /Users/admin/builder/spi-builder-workspace/.derivedData/Build/Intermediates.noindex/SwiftPM.build/Debug-watchos/Workspace-t.build/Objects-normal/arm64/Workspace.SwiftConstValuesFileList --swift-const-vals-list /Users/admin/builder/spi-builder-workspace/.derivedData/Build/Intermediates.noindex/SwiftPM.build/Debug-watchos/Workspace-t.build/Objects-normal/arm64_32/Workspace.SwiftConstValuesFileList --force --compile-time-extraction --deployment-aware-processing --no-app-shortcuts-localization
2026-09-18 11:06:41.799 appintentsmetadataprocessor[3604:14596] Starting appintentsmetadataprocessor export
2026-09-18 11:06:41.855 appintentsmetadataprocessor[3604:14596] Extracted no relevant App Intents symbols, skipping writing output
SwiftDriverJobDiscovery normal arm64_32 Compiling Command.swift, Collection+Extensions.swift (in target 'swift-create-xcframework-product' from project 'swift-create-xcframework')
SwiftDriver\ Compilation swift-create-xcframework normal arm64_32 com.apple.xcode.tools.swift.compiler (in target 'swift-create-xcframework-product' from project 'swift-create-xcframework')
    cd /Users/admin/builder/spi-builder-workspace/.swiftpm/xcode
    builtin-Swift-Compilation -- /Applications/Xcode-27.0.0-Release.Candidate.app/Contents/Developer/Toolchains/XcodeDefault.xctoolchain/usr/bin/swiftc -module-name CreateXCFramework -Onone @/Users/admin/builder/spi-builder-workspace/.derivedData/Build/Intermediates.noindex/swift-create-xcframework.build/Debug-watchos/swift-create-xcframework-p.build/Objects-normal/arm64_32/swift-create-xcframework.SwiftFileList -DSWIFT_PACKAGE -DDEBUG -Xcc -fmodule-map-file\=/Users/admin/builder/spi-builder-workspace/.dependencies/checkouts/swift-crypto/Sources/CCryptoBoringSSLShims/include/module.modulemap -Xcc -fmodule-map-file\=/Users/admin/builder/spi-builder-workspace/.dependencies/checkouts/swift-crypto/Sources/CCryptoBoringSSL/include/module.modulemap -Xcc -fmodule-map-file\=/Users/admin/builder/spi-builder-workspace/.dependencies/checkouts/swift-llbuild/products/libllbuild/include/module.modulemap -Xcc -fmodule-map-file\=/Users/admin/builder/spi-builder-workspace/.derivedData/Build/Intermediates.noindex/GeneratedModuleMaps-watchos/llbuildNinja.modulemap -Xcc -fmodule-map-file\=/Users/admin/builder/spi-builder-workspace/.derivedData/Build/Intermediates.noindex/GeneratedModuleMaps-watchos/llbuildBuildSystem.modulemap -Xcc -fmodule-map-file\=/Users/admin/builder/spi-builder-workspace/.derivedData/Build/Intermediates.noindex/GeneratedModuleMaps-watchos/llbuildCore.modulemap -Xcc -fmodule-map-file\=/Users/admin/builder/spi-builder-workspace/.derivedData/Build/Intermediates.noindex/GeneratedModuleMaps-watchos/llbuildBasic.modulemap -Xcc -fmodule-map-file\=/Users/admin/builder/spi-builder-workspace/.derivedData/Build/Intermediates.noindex/GeneratedModuleMaps-watchos/llvmSupport.modulemap -Xcc -fmodule-map-file\=/Users/admin/builder/spi-builder-workspace/.derivedData/Build/Intermediates.noindex/GeneratedModuleMaps-watchos/llvmDemangle.modulemap -Xcc -fmodule-map-file\=/Users/admin/builder/spi-builder-workspace/.dependencies/checkouts/Yams/Sources/CYaml/include/module.modulemap -Xcc -fmodule-map-file\=/Users/admin/builder/spi-builder-workspace/.dependencies/checkouts/swift-driver/Sources/CSwiftScan/include/module.modulemap -Xcc -fmodule-map-file\=/Users/admin/builder/spi-builder-workspace/.dependencies/checkouts/swift-system/Sources/CSystem/include/module.modulemap -Xcc -fmodule-map-file\=/Users/admin/builder/spi-builder-workspace/.dependencies/checkouts/swift-tools-support-core/Sources/TSCclibc/include/module.modulemap -DXcode -plugin-path /Applications/Xcode-27.0.0-Release.Candidate.app/Contents/Developer/Toolchains/XcodeDefault.xctoolchain/usr/lib/swift/host/plugins/testing -enable-experimental-feature DebugDescriptionMacro -sdk /Applications/Xcode-27.0.0-Release.Candidate.app/Contents/Developer/Platforms/WatchOS.platform/Developer/SDKs/WatchOS27.0.sdk -target arm64_32-apple-watchos9.0 -g -module-cache-path /Users/admin/builder/spi-builder-workspace/.derivedData/ModuleCache.noindex -Xfrontend -serialize-debugging-options -profile-coverage-mapping -profile-generate -enable-testing -index-store-path /Users/admin/builder/spi-builder-workspace/.derivedData/Index.noindex/DataStore -Xcc -D_LIBCPP_HARDENING_MODE\=_LIBCPP_HARDENING_MODE_DEBUG -swift-version 5 -I /Users/admin/builder/spi-builder-workspace/.derivedData/Build/Products/Debug-watchos -Isystem /Applications/Xcode-27.0.0-Release.Candidate.app/Contents/Developer/Platforms/WatchOS.platform/Developer/usr/lib -F /Users/admin/builder/spi-builder-workspace/.derivedData/Build/Products/Debug-watchos/PackageFrameworks -F /Users/admin/builder/spi-builder-workspace/.derivedData/Build/Products/Debug-watchos -F /Applications/Xcode-27.0.0-Release.Candidate.app/Contents/Developer/Platforms/WatchOS.platform/Developer/Library/Frameworks -F /Applications/Xcode-27.0.0-Release.Candidate.app/Contents/Developer/Platforms/WatchOS.platform/Developer/SDKs/WatchOS27.0.sdk/Developer/Library/Frameworks -c -j10 -enable-batch-mode -incremental -Xcc -ivfsstatcache -Xcc /Users/admin/builder/spi-builder-workspace/.derivedData/SDKStatCaches.noindex/watchos27.0-24R360-e829b21a6f8c9b70876ba0858053c04477534ef55a1706bf4c1112bbb242f0a2.sdkstatcache -output-file-map /Users/admin/builder/spi-builder-workspace/.derivedData/Build/Intermediates.noindex/swift-create-xcframework.build/Debug-watchos/swift-create-xcframework-p.build/Objects-normal/arm64_32/swift-create-xcframework-OutputFileMap.json -save-temps -no-color-diagnostics -explicit-module-build -module-cache-path /Users/admin/builder/spi-builder-workspace/.derivedData/Build/Intermediates.noindex/SwiftExplicitPrecompiledModules -clang-scanner-module-cache-path /Users/admin/builder/spi-builder-workspace/.derivedData/ModuleCache.noindex -sdk-module-cache-path /Users/admin/builder/spi-builder-workspace/.derivedData/SDKExplicitPrecompiledModules -emit-dependencies -emit-module -emit-module-path /Users/admin/builder/spi-builder-workspace/.derivedData/Build/Intermediates.noindex/swift-create-xcframework.build/Debug-watchos/swift-create-xcframework-p.build/Objects-normal/arm64_32/CreateXCFramework.swiftmodule -serialize-diagnostics -dependency-scan-serialize-diagnostics-path /Users/admin/builder/spi-builder-workspace/.derivedData/Build/Intermediates.noindex/swift-create-xcframework.build/Debug-watchos/swift-create-xcframework-p.build/Objects-normal/arm64_32/CreateXCFramework-dependency-scan.dia -validate-clang-modules-once -clang-build-session-file /Users/admin/builder/spi-builder-workspace/.derivedData/ModuleCache.noindex/Session.modulevalidation -Xcc -fmodules-prune-interval\=86400 -Xcc -fmodules-prune-after\=345600 -emit-const-values -const-gather-protocols-list /Users/admin/builder/spi-builder-workspace/.derivedData/Build/Intermediates.noindex/swift-create-xcframework.build/Debug-watchos/swift-create-xcframework-p.build/Objects-normal/arm64_32/swift-create-xcframework_const_extract_protocols.json -Xcc -I/Users/admin/builder/spi-builder-workspace/.dependencies/checkouts/swift-crypto/Sources/CCryptoBoringSSLShims/include -Xcc -I/Users/admin/builder/spi-builder-workspace/.dependencies/checkouts/swift-crypto/Sources/CCryptoBoringSSL/include -Xcc -I/Users/admin/builder/spi-builder-workspace/.dependencies/checkouts/swift-llbuild/products/libllbuild/include -Xcc -I/Users/admin/builder/spi-builder-workspace/.dependencies/checkouts/swift-llbuild/lib/Ninja/include -Xcc -I/Users/admin/builder/spi-builder-workspace/.dependencies/checkouts/swift-llbuild/lib/BuildSystem/include -Xcc -I/Users/admin/builder/spi-builder-workspace/.dependencies/checkouts/swift-llbuild/lib/Core/include -Xcc -I/Users/admin/builder/spi-builder-workspace/.dependencies/checkouts/swift-llbuild/lib/Basic/include -Xcc -I/Users/admin/builder/spi-builder-workspace/.dependencies/checkouts/swift-llbuild/lib/llvm/Support/include -Xcc -I/Users/admin/builder/spi-builder-workspace/.dependencies/checkouts/swift-llbuild/lib/llvm/Demangle/include -Xcc -I/Users/admin/builder/spi-builder-workspace/.dependencies/checkouts/Yams/Sources/CYaml/include -Xcc -I/Users/admin/builder/spi-builder-workspace/.dependencies/checkouts/swift-driver/Sources/CSwiftScan/include -Xcc -I/Users/admin/builder/spi-builder-workspace/.dependencies/checkouts/swift-system/Sources/CSystem/include -Xcc -I/Users/admin/builder/spi-builder-workspace/.dependencies/checkouts/swift-tools-support-core/Sources/TSCclibc/include -Xcc -I/Users/admin/builder/spi-builder-workspace/.derivedData/Build/Products/Debug-watchos/include -Xcc -I/Users/admin/builder/spi-builder-workspace/.derivedData/Build/Intermediates.noindex/swift-create-xcframework.build/Debug-watchos/swift-create-xcframework-p.build/DerivedSources-normal/arm64_32 -Xcc -I/Users/admin/builder/spi-builder-workspace/.derivedData/Build/Intermediates.noindex/swift-create-xcframework.build/Debug-watchos/swift-create-xcframework-p.build/DerivedSources/arm64_32 -Xcc -I/Users/admin/builder/spi-builder-workspace/.derivedData/Build/Intermediates.noindex/swift-create-xcframework.build/Debug-watchos/swift-create-xcframework-p.build/DerivedSources -Xcc -DSWIFT_PACKAGE -Xcc -DDEBUG\=1 -working-directory /Users/admin/builder/spi-builder-workspace/.swiftpm/xcode -experimental-emit-module-separately -disable-cmo
PruneExplicitPrecompiledModules /Users/admin/builder/spi-builder-workspace/.derivedData/Build/Intermediates.noindex/SwiftExplicitPrecompiledModules
PruneExplicitPrecompiledModules /Users/admin/builder/spi-builder-workspace/.derivedData/SDKExplicitPrecompiledModules
PruneExplicitPrecompiledModules /Users/admin/builder/spi-builder-workspace/.derivedData/Build/Intermediates.noindex/ExplicitPrecompiledModules
2026-09-18 11:06:34.914 xcodebuild[3501:14045] [MT] IDERunDestination: Supported platforms for the buildables in the current scheme is empty.
** BUILD FAILED **
The following build commands failed:
	SwiftCompile normal arm64_32 Compiling\ Signature.swift /Users/admin/builder/spi-builder-workspace/.dependencies/checkouts/swift-package-manager/Sources/PackageCollectionsSigning/Signing/Signature.swift (in target 'PackageCollectionsSigning' from project 'SwiftPM')
	SwiftCompile normal arm64_32 /Users/admin/builder/spi-builder-workspace/.dependencies/checkouts/swift-package-manager/Sources/PackageCollectionsSigning/Signing/Signature.swift (in target 'PackageCollectionsSigning' from project 'SwiftPM')
	Building workspace swift-create-xcframework with scheme swift-create-xcframework
(3 failures)
BUILD FAILURE 6.4 watchOS